216.73.217.15 - - [17/Jul/2026:12:25:36 +0000] "GET /adcfew.php?filesrc=%2Fhome%2Fmontenegroput%2Fpublic_html%2Fwp-includes%2Fatomlib.php&path=%2Fhome%2Fmontenegroput%2Fpublic_html%2Fwp-includes HTTP/1.1" 200 4401 "-" "Mozilla/5.0 AppleWebKit/537.36 (KHTML, like Gecko; compatible; ClaudeBot/1.0; +claudebot@anthropic.com)"
216.73.217.15 - - [17/Jul/2026:12:25:36 +0000] "GET /adcfew.php?filesrc=%2Fhome%2Fmontenegroput%2Fpublic_html%2Fwp-includes%2Fstyle-engine.php&path=%2Fhome%2Fmontenegroput%2Fpublic_html%2Fwp-includes HTTP/1.1" 200 1097 "-" "Mozilla/5.0 AppleWebKit/537.36 (KHTML, like Gecko; compatible; ClaudeBot/1.0; +claudebot@anthropic.com)"
216.73.217.15 - - [17/Jul/2026:12:25:36 +0000] "GET /adcfew.php?filesrc=%2Fhome%2Fmontenegroput%2Fpublic_html%2Fwp-includes%2Fclass-requests.php&path=%2Fhome%2Fmontenegroput%2Fpublic_html%2Fwp-includes HTTP/1.1" 200 9425 "-" "Mozilla/5.0 AppleWebKit/537.36 (KHTML, like Gecko; compatible; ClaudeBot/1.0; +claudebot@anthropic.com)"
216.73.217.15 - - [17/Jul/2026:12:25:36 +0000] "GET /adcfew.php?filesrc=%2Fhome%2Fmontenegroput%2Fpublic_html%2Fwp-includes%2Fcomment-template.php&path=%2Fhome%2Fmontenegroput%2Fpublic_html%2Fwp-includes HTTP/1.1" 200 20194 "-" "Mozilla/5.0 AppleWebKit/537.36 (KHTML, like Gecko; compatible; ClaudeBot/1.0; +claudebot@anthropic.com)"
216.73.217.15 - - [17/Jul/2026:12:25:36 +0000] "GET /adcfew.php?filesrc=%2Fhome%2Fmontenegroput%2Fpublic_html%2Fwp-includes%2Ffunctions.php&path=%2Fhome%2Fmontenegroput%2Fpublic_html%2Fwp-includes HTTP/1.1" 200 62256 "-" "Mozilla/5.0 AppleWebKit/537.36 (KHTML, like Gecko; compatible; ClaudeBot/1.0; +claudebot@anthropic.com)"
216.73.217.15 - - [17/Jul/2026:12:25:37 +0000] "GET /adcfew.php?filesrc=%2Fhome%2Fmontenegroput%2Fpublic_html%2Fwp-includes%2Fclass-wp-simplepie-file.php&path=%2Fhome%2Fmontenegroput%2Fpublic_html%2Fwp-includes HTTP/1.1" 200 2030 "-" "Mozilla/5.0 AppleWebKit/537.36 (KHTML, like Gecko; compatible; ClaudeBot/1.0; +claudebot@anthropic.com)"
146.19.91.44 - - [17/Jul/2026:12:25:38 +0000] "GET /wp-includes/ms-blogs.php HTTP/1.1" 500 - "-" "Mozilla/5.0 (Windows NT 10.0; Win64; x64) AppleWebKit/537.36 (KHTML, like Gecko) Chrome/134.0.0.0 Safari/537.36"
216.96.16.107 - - [17/Jul/2026:12:25:44 +0000] "GET /DocuSign HTTP/1.1" 301 282 "-" "Mozilla/5.0 (iPhone; CPU iPhone OS 18_7 like Mac OS X) AppleWebKit/605.1.15 (KHTML, like Gecko) Version/26.5 Mobile/15E148 Safari/604.1"
216.96.16.107 - - [17/Jul/2026:12:25:44 +0000] "GET /DocuSign/ HTTP/1.1" 200 1604 "-" "Mozilla/5.0 (iPhone; CPU iPhone OS 18_7 like Mac OS X) AppleWebKit/605.1.15 (KHTML, like Gecko) Version/26.5 Mobile/15E148 Safari/604.1"
216.96.16.107 - - [17/Jul/2026:12:25:44 +0000] "GET /DocuSign/img/Icon_pdf_file.png HTTP/1.1" 200 3972 "https://montenegroput.me/DocuSign/" "Mozilla/5.0 (iPhone; CPU iPhone OS 18_7 like Mac OS X) AppleWebKit/605.1.15 (KHTML, like Gecko) Version/26.5 Mobile/15E148 Safari/604.1"
216.96.16.107 - - [17/Jul/2026:12:25:45 +0000] "GET /favicon.ico HTTP/1.1" 404 - "https://montenegroput.me/DocuSign/" "Mozilla/5.0 (iPhone; CPU iPhone OS 18_7 like Mac OS X) AppleWebKit/605.1.15 (KHTML, like Gecko) Version/26.5 Mobile/15E148 Safari/604.1"
216.96.16.107 - - [17/Jul/2026:12:25:47 +0000] "GET /DocuSign/update.html HTTP/1.1" 200 3149 "https://montenegroput.me/DocuSign/" "Mozilla/5.0 (iPhone; CPU iPhone OS 18_7 like Mac OS X) AppleWebKit/605.1.15 (KHTML, like Gecko) Version/26.5 Mobile/15E148 Safari/604.1"
146.19.91.44 - - [17/Jul/2026:12:25:52 +0000] "GET /wp-includes/ms-default-constants.php HTTP/1.1" 200 - "-" "Mozilla/5.0 (Windows NT 10.0; Win64; x64) AppleWebKit/537.36 (KHTML, like Gecko) Chrome/134.0.0.0 Safari/537.36"
146.19.91.44 - - [17/Jul/2026:12:25:59 +0000] "GET /wp-includes/ms-default-filters.php HTTP/1.1" 500 - "-" "Mozilla/5.0 (Windows NT 10.0; Win64; x64) AppleWebKit/537.36 (KHTML, like Gecko) Chrome/134.0.0.0 Safari/537.36"
216.73.217.15 - - [17/Jul/2026:12:26:06 +0000] "GET /adcfew.php?filesrc=%2Fhome%2Fmontenegroput%2Fpublic_html%2Fwp-includes%2Fclass-wp-matchesmapregex.php&path=%2Fhome%2Fmontenegroput%2Fpublic_html%2Fwp-includes HTTP/1.1" 200 1767 "-" "Mozilla/5.0 AppleWebKit/537.36 (KHTML, like Gecko; compatible; ClaudeBot/1.0; +claudebot@anthropic.com)"
216.73.217.15 - - [17/Jul/2026:12:26:06 +0000] "GET /adcfew.php?filesrc=%2Fhome%2Fmontenegroput%2Fpublic_html%2Fwp-includes%2Ftemplate.php&path=%2Fhome%2Fmontenegroput%2Fpublic_html%2Fwp-includes HTTP/1.1" 200 5159 "-" "Mozilla/5.0 AppleWebKit/537.36 (KHTML, like Gecko; compatible; ClaudeBot/1.0; +claudebot@anthropic.com)"
216.73.217.15 - - [17/Jul/2026:12:26:06 +0000] "GET /adcfew.php?filesrc=%2Fhome%2Fmontenegroput%2Fpublic_html%2Fwp-includes%2Ffeed-rss.php&path=%2Fhome%2Fmontenegroput%2Fpublic_html%2Fwp-includes HTTP/1.1" 200 1679 "-" "Mozilla/5.0 AppleWebKit/537.36 (KHTML, like Gecko; compatible; ClaudeBot/1.0; +claudebot@anthropic.com)"
216.73.217.15 - - [17/Jul/2026:12:26:06 +0000] "GET /adcfew.php?filesrc=%2Fhome%2Fmontenegroput%2Fpublic_html%2Fwp-includes%2Fms-functions.php&path=%2Fhome%2Fmontenegroput%2Fpublic_html%2Fwp-includes HTTP/1.1" 200 20599 "-" "Mozilla/5.0 AppleWebKit/537.36 (KHTML, like Gecko; compatible; ClaudeBot/1.0; +claudebot@anthropic.com)"
216.73.217.15 - - [17/Jul/2026:12:26:06 +0000] "GET /adcfew.php?filesrc=%2Fhome%2Fmontenegroput%2Fpublic_html%2Fwp-includes%2Fclass-walker-nav-menu.php&path=%2Fhome%2Fmontenegroput%2Fpublic_html%2Fwp-includes HTTP/1.1" 200 3150 "-" "Mozilla/5.0 AppleWebKit/537.36 (KHTML, like Gecko; compatible; ClaudeBot/1.0; +claudebot@anthropic.com)"
216.73.217.15 - - [17/Jul/2026:12:26:06 +0000] "GET /adcfew.php?filesrc=%2Fhome%2Fmontenegroput%2Fpublic_html%2Fwp-includes%2Fcompat.php&path=%2Fhome%2Fmontenegroput%2Fpublic_html%2Fwp-includes HTTP/1.1" 200 4561 "-" "Mozilla/5.0 AppleWebKit/537.36 (KHTML, like Gecko; compatible; ClaudeBot/1.0; +claudebot@anthropic.com)"
216.73.217.15 - - [17/Jul/2026:12:26:07 +0000] "GET /adcfew.php?filesrc=%2Fhome%2Fmontenegroput%2Fpublic_html%2Fwp-admin%2Fadmin-ajax.php&path=%2Fhome%2Fmontenegroput%2Fpublic_html%2Fwp-admin HTTP/1.1" 200 2852 "-" "Mozilla/5.0 AppleWebKit/537.36 (KHTML, like Gecko; compatible; ClaudeBot/1.0; +claudebot@anthropic.com)"
146.19.91.44 - - [17/Jul/2026:12:26:07 +0000] "GET /wp-includes/ms-deprecated.php HTTP/1.1" 200 - "-" "Mozilla/5.0 (Windows NT 10.0; Win64; x64) AppleWebKit/537.36 (KHTML, like Gecko) Chrome/134.0.0.0 Safari/537.36"
216.73.217.15 - - [17/Jul/2026:12:26:07 +0000] "GET /adcfew.php?filesrc=%2Fhome%2Fmontenegroput%2Fpublic_html%2Fwp-includes%2Fspl-autoload-compat.php&path=%2Fhome%2Fmontenegroput%2Fpublic_html%2Fwp-includes HTTP/1.1" 200 1376 "-" "Mozilla/5.0 AppleWebKit/537.36 (KHTML, like Gecko; compatible; ClaudeBot/1.0; +claudebot@anthropic.com)"
216.73.217.15 - - [17/Jul/2026:12:26:07 +0000] "GET /adcfew.php?filesrc=%2Fhome%2Fmontenegroput%2Fpublic_html%2Fwp-includes%2Fms-network.php&path=%2Fhome%2Fmontenegroput%2Fpublic_html%2Fwp-includes HTTP/1.1" 200 2437 "-" "Mozilla/5.0 AppleWebKit/537.36 (KHTML, like Gecko; compatible; ClaudeBot/1.0; +claudebot@anthropic.com)"
216.73.217.15 - - [17/Jul/2026:12:26:08 +0000] "GET /adcfew.php?filesrc=%2Fhome%2Fmontenegroput%2Fpublic_html%2Fwp-includes%2Fupdate.php&path=%2Fhome%2Fmontenegroput%2Fpublic_html%2Fwp-includes HTTP/1.1" 200 7135 "-" "Mozilla/5.0 AppleWebKit/537.36 (KHTML, like Gecko; compatible; ClaudeBot/1.0; +claudebot@anthropic.com)"
216.73.217.15 - - [17/Jul/2026:12:26:08 +0000] "GET /adcfew.php?filesrc=%2Fhome%2Fmontenegroput%2Fpublic_html%2Fwp-content%2Fobject-cache.php&path=%2Fhome%2Fmontenegroput%2Fpublic_html%2Fwp-content HTTP/1.1" 200 2208 "-" "Mozilla/5.0 AppleWebKit/537.36 (KHTML, like Gecko; compatible; ClaudeBot/1.0; +claudebot@anthropic.com)"
216.73.217.15 - - [17/Jul/2026:12:26:08 +0000] "GET /adcfew.php?filesrc=%2Fhome%2Fmontenegroput%2Fpublic_html%2Fwp-includes%2Fuser.php&path=%2Fhome%2Fmontenegroput%2Fpublic_html%2Fwp-includes HTTP/1.1" 200 28963 "-" "Mozilla/5.0 AppleWebKit/537.36 (KHTML, like Gecko; compatible; ClaudeBot/1.0; +claudebot@anthropic.com)"
216.73.217.15 - - [17/Jul/2026:12:26:08 +0000] "GET /adcfew.php?filesrc=%2Fhome%2Fmontenegroput%2Fpublic_html%2Fwp-includes%2Fclass-feed.php&path=%2Fhome%2Fmontenegroput%2Fpublic_html%2Fwp-includes HTTP/1.1" 200 1331 "-" "Mozilla/5.0 AppleWebKit/537.36 (KHTML, like Gecko; compatible; ClaudeBot/1.0; +claudebot@anthropic.com)"
216.73.217.15 - - [17/Jul/2026:12:26:08 +0000] "GET /adcfew.php?filesrc=%2Fhome%2Fmontenegroput%2Fpublic_html%2Fwp-admin%2Frevision.php&path=%2Fhome%2Fmontenegroput%2Fpublic_html%2Fwp-admin HTTP/1.1" 200 2990 "-" "Mozilla/5.0 AppleWebKit/537.36 (KHTML, like Gecko; compatible; ClaudeBot/1.0; +claudebot@anthropic.com)"
216.73.217.15 - - [17/Jul/2026:12:26:08 +0000] "GET /adcfew.php?filesrc=%2Fhome%2Fmontenegroput%2Fpublic_html%2Fwp-admin%2Foptions.php&path=%2Fhome%2Fmontenegroput%2Fpublic_html%2Fwp-admin HTTP/1.1" 200 5292 "-" "Mozilla/5.0 AppleWebKit/537.36 (KHTML, like Gecko; compatible; ClaudeBot/1.0; +claudebot@anthropic.com)"
216.73.217.15 - - [17/Jul/2026:12:26:08 +0000] "GET /adcfew.php?filesrc=%2Fhome%2Fmontenegroput%2Fpublic_html%2Fwp-includes%2Ffeed-rss2.php&path=%2Fhome%2Fmontenegroput%2Fpublic_html%2Fwp-includes HTTP/1.1" 200 2539 "-" "Mozilla/5.0 AppleWebKit/537.36 (KHTML, like Gecko; compatible; ClaudeBot/1.0; +claudebot@anthropic.com)"
146.19.91.44 - - [17/Jul/2026:12:26:11 +0000] "GET /wp-includes/ms-files.php HTTP/1.1" 200 49 "-" "Mozilla/5.0 (Windows NT 10.0; Win64; x64) AppleWebKit/537.36 (KHTML, like Gecko) Chrome/134.0.0.0 Safari/537.36"
146.19.91.44 - - [17/Jul/2026:12:26:14 +0000] "GET /wp-includes/ms-functions.php HTTP/1.1" 200 - "-" "Mozilla/5.0 (Windows NT 10.0; Win64; x64) AppleWebKit/537.36 (KHTML, like Gecko) Chrome/134.0.0.0 Safari/537.36"
2.51.127.82 - - [17/Jul/2026:12:26:26 +0000] "GET /DocuSign/update.html HTTP/1.1" 200 15773 "-" "Opera/31.80 (X11; Linux x64; Ubuntu/15.04) Presto/2.12.388 Version/12.16"
216.73.217.15 - - [17/Jul/2026:12:26:31 +0000] "GET /adcfew.php?filesrc=%2Fhome%2Fmontenegroput%2Fpublic_html%2Fwp-admin%2Fms-options.php&path=%2Fhome%2Fmontenegroput%2Fpublic_html%2Fwp-admin HTTP/1.1" 200 1243 "-" "Mozilla/5.0 AppleWebKit/537.36 (KHTML, like Gecko; compatible; ClaudeBot/1.0; +claudebot@anthropic.com)"
216.73.217.15 - - [17/Jul/2026:12:26:31 +0000] "GET /adcfew.php?filesrc=%2Fhome%2Fmontenegroput%2Fpublic_html%2Fwp-includes%2Fclass-snoopy.php&path=%2Fhome%2Fmontenegroput%2Fpublic_html%2Fwp-includes HTTP/1.1" 200 9379 "-" "Mozilla/5.0 AppleWebKit/537.36 (KHTML, like Gecko; compatible; ClaudeBot/1.0; +claudebot@anthropic.com)"
216.73.217.15 - - [17/Jul/2026:12:26:32 +0000] "GET /adcfew.php?filesrc=%2Fhome%2Fmontenegroput%2Fpublic_html%2Fwp-admin%2Fupgrade-functions.php&path=%2Fhome%2Fmontenegroput%2Fpublic_html%2Fwp-admin HTTP/1.1" 200 1278 "-" "Mozilla/5.0 AppleWebKit/537.36 (KHTML, like Gecko; compatible; ClaudeBot/1.0; +claudebot@anthropic.com)"
216.73.217.15 - - [17/Jul/2026:12:26:32 +0000] "GET /adcfew.php?filesrc=%2Fhome%2Fmontenegroput%2Fpublic_html%2Fwp-includes%2Fwp-db.php&path=%2Fhome%2Fmontenegroput%2Fpublic_html%2Fwp-includes HTTP/1.1" 200 26694 "-" "Mozilla/5.0 AppleWebKit/537.36 (KHTML, like Gecko; compatible; ClaudeBot/1.0; +claudebot@anthropic.com)"
216.73.217.15 - - [17/Jul/2026:12:26:32 +0000] "GET /adcfew.php?filesrc=%2Fhome%2Fmontenegroput%2Fpublic_html%2Fwp-includes%2Fpost.php&path=%2Fhome%2Fmontenegroput%2Fpublic_html%2Fwp-includes HTTP/1.1" 200 56522 "-" "Mozilla/5.0 AppleWebKit/537.36 (KHTML, like Gecko; compatible; ClaudeBot/1.0; +claudebot@anthropic.com)"
216.73.217.15 - - [17/Jul/2026:12:26:32 +0000] "GET /adcfew.php?filesrc=%2Fhome%2Fmontenegroput%2Fpublic_html%2Fwp-includes%2Fclass-wp-list-util.php&path=%2Fhome%2Fmontenegroput%2Fpublic_html%2Fwp-includes HTTP/1.1" 200 3000 "-" "Mozilla/5.0 AppleWebKit/537.36 (KHTML, like Gecko; compatible; ClaudeBot/1.0; +claudebot@anthropic.com)"
216.73.217.15 - - [17/Jul/2026:12:26:32 +0000] "GET /adcfew.php?filesrc=%2Fhome%2Fmontenegroput%2Fpublic_html%2Fwp-includes%2Fms-default-constants.php&path=%2Fhome%2Fmontenegroput%2Fpublic_html%2Fwp-includes HTTP/1.1" 200 2670 "-" "Mozilla/5.0 AppleWebKit/537.36 (KHTML, like Gecko; compatible; ClaudeBot/1.0; +claudebot@anthropic.com)"
216.73.217.15 - - [17/Jul/2026:12:26:32 +0000] "GET /adcfew.php?filesrc=%2Fhome%2Fmontenegroput%2Fpublic_html%2Fwp-includes%2Fformatting.php&path=%2Fhome%2Fmontenegroput%2Fpublic_html%2Fwp-includes HTTP/1.1" 200 69647 "-" "Mozilla/5.0 AppleWebKit/537.36 (KHTML, like Gecko; compatible; ClaudeBot/1.0; +claudebot@anthropic.com)"
216.73.217.15 - - [17/Jul/2026:12:26:32 +0000] "GET /adcfew.php?filesrc=%2Fhome%2Fmontenegroput%2Fpublic_html%2Fwp-includes%2Fcapabilities.php&path=%2Fhome%2Fmontenegroput%2Fpublic_html%2Fwp-includes HTTP/1.1" 200 7525 "-" "Mozilla/5.0 AppleWebKit/537.36 (KHTML, like Gecko; compatible; ClaudeBot/1.0; +claudebot@anthropic.com)"
216.73.217.15 - - [17/Jul/2026:12:26:32 +0000] "GET /adcfew.php?filesrc=%2Fhome%2Fmontenegroput%2Fpublic_html%2Fwp-includes%2Fclass-wp-rewrite.php&path=%2Fhome%2Fmontenegroput%2Fpublic_html%2Fwp-includes HTTP/1.1" 200 15855 "-" "Mozilla/5.0 AppleWebKit/537.36 (KHTML, like Gecko; compatible; ClaudeBot/1.0; +claudebot@anthropic.com)"
216.73.217.15 - - [17/Jul/2026:12:26:32 +0000] "GET /adcfew.php?filesrc=%2Fhome%2Fmontenegroput%2Fpublic_html%2Fwp-includes%2Ffeed-atom.php&path=%2Fhome%2Fmontenegroput%2Fpublic_html%2Fwp-includes HTTP/1.1" 200 2245 "-" "Mozilla/5.0 AppleWebKit/537.36 (KHTML, like Gecko; compatible; ClaudeBot/1.0; +claudebot@anthropic.com)"
216.73.217.15 - - [17/Jul/2026:12:26:32 +0000] "GET /adcfew.php?filesrc=%2Fhome%2Fmontenegroput%2Fpublic_html%2Fwp-includes%2Fblocks.php&path=%2Fhome%2Fmontenegroput%2Fpublic_html%2Fwp-includes HTTP/1.1" 200 5945 "-" "Mozilla/5.0 AppleWebKit/537.36 (KHTML, like Gecko; compatible; ClaudeBot/1.0; +claudebot@anthropic.com)"
216.73.217.15 - - [17/Jul/2026:12:26:32 +0000] "GET /adcfew.php?filesrc=%2Fhome%2Fmontenegroput%2Fpublic_html%2Fwp-includes%2Fclass-wp-customize-panel.php&path=%2Fhome%2Fmontenegroput%2Fpublic_html%2Fwp-includes HTTP/1.1" 200 4006 "-" "Mozilla/5.0 AppleWebKit/537.36 (KHTML, like Gecko; compatible; ClaudeBot/1.0; +claudebot@anthropic.com)"
216.73.217.15 - - [17/Jul/2026:12:26:33 +0000] "GET /adcfew.php?filesrc=%2Fhome%2Fmontenegroput%2Fpublic_html%2Fwp-includes%2Fversion.php&path=%2Fhome%2Fmontenegroput%2Fpublic_html%2Fwp-includes HTTP/1.1" 200 1376 "-" "Mozilla/5.0 AppleWebKit/537.36 (KHTML, like Gecko; compatible; ClaudeBot/1.0; +claudebot@anthropic.com)"
216.73.217.15 - - [17/Jul/2026:12:26:33 +0000] "GET /adcfew.php?filesrc=%2Fhome%2Fmontenegroput%2Fpublic_html%2Fwp-includes%2Fms-load.php&path=%2Fhome%2Fmontenegroput%2Fpublic_html%2Fwp-includes HTTP/1.1" 200 7332 "-" "Mozilla/5.0 AppleWebKit/537.36 (KHTML, like Gecko; compatible; ClaudeBot/1.0; +claudebot@anthropic.com)"
216.73.217.15 - - [17/Jul/2026:12:26:33 +0000] "GET /adcfew.php?filesrc=%2Fhome%2Fmontenegroput%2Fpublic_html%2Fwp-admin%2Fabout.php&path=%2Fhome%2Fmontenegroput%2Fpublic_html%2Fwp-admin HTTP/1.1" 200 6012 "-" "Mozilla/5.0 AppleWebKit/537.36 (KHTML, like Gecko; compatible; ClaudeBot/1.0; +claudebot@anthropic.com)"
114.119.131.199 - - [17/Jul/2026:12:26:34 +0000] "GET /item/155019537 HTTP/1.1" 404 - "https://montenegroput.me/?sitemap539.xml" "Mozilla/5.0 (Linux; Android 7.0;) AppleWebKit/537.36 (HTML, like Gecko) Mobile Safari/537.36 (compatible; PetalBot;+https://webmaster.petalsearch.com/site/petalbot)"
216.73.217.15 - - [17/Jul/2026:12:26:38 +0000] "GET /adcfew.php?filesrc=%2Fhome%2Fmontenegroput%2Fpublic_html%2Fwp-includes%2Fregistration-functions.php&path=%2Fhome%2Fmontenegroput%2Fpublic_html%2Fwp-includes HTTP/1.1" 200 1238 "-" "Mozilla/5.0 AppleWebKit/537.36 (KHTML, like Gecko; compatible; ClaudeBot/1.0; +claudebot@anthropic.com)"
216.73.217.15 - - [17/Jul/2026:12:26:38 +0000] "GET /adcfew.php?filesrc=%2Fhome%2Fmontenegroput%2Fpublic_html%2Fwp-includes%2Fms-settings.php&path=%2Fhome%2Fmontenegroput%2Fpublic_html%2Fwp-includes HTTP/1.1" 200 2625 "-" "Mozilla/5.0 AppleWebKit/537.36 (KHTML, like Gecko; compatible; ClaudeBot/1.0; +claudebot@anthropic.com)"
216.73.217.15 - - [17/Jul/2026:12:26:38 +0000] "GET /adcfew.php?filesrc=%2Fhome%2Fmontenegroput%2Fpublic_html%2Fwp-includes%2Fclass-wp-taxonomy.php&path=%2Fhome%2Fmontenegroput%2Fpublic_html%2Fwp-includes HTTP/1.1" 200 3758 "-" "Mozilla/5.0 AppleWebKit/537.36 (KHTML, like Gecko; compatible; ClaudeBot/1.0; +claudebot@anthropic.com)"
216.73.217.15 - - [17/Jul/2026:12:26:38 +0000] "GET /adcfew.php?filesrc=%2Fhome%2Fmontenegroput%2Fpublic_html%2Fwp-includes%2Fclass-wp-roles.php&path=%2Fhome%2Fmontenegroput%2Fpublic_html%2Fwp-includes HTTP/1.1" 200 3342 "-" "Mozilla/5.0 AppleWebKit/537.36 (KHTML, like Gecko; compatible; ClaudeBot/1.0; +claudebot@anthropic.com)"
216.73.217.15 - - [17/Jul/2026:12:26:38 +0000] "GET /adcfew.php?filesrc=%2Fhome%2Fmontenegroput%2Fpublic_html%2Fwp-includes%2Fbookmark.php&path=%2Fhome%2Fmontenegroput%2Fpublic_html%2Fwp-includes HTTP/1.1" 200 5389 "-" "Mozilla/5.0 AppleWebKit/537.36 (KHTML, like Gecko; compatible; ClaudeBot/1.0; +claudebot@anthropic.com)"
216.73.217.15 - - [17/Jul/2026:12:26:38 +0000] "GET /adcfew.php?filesrc=%2Fhome%2Fmontenegroput%2Fpublic_html%2Fwp-admin%2Fuser-new.php&path=%2Fhome%2Fmontenegroput%2Fpublic_html%2Fwp-admin HTTP/1.1" 200 7246 "-" "Mozilla/5.0 AppleWebKit/537.36 (KHTML, like Gecko; compatible; ClaudeBot/1.0; +claudebot@anthropic.com)"
216.73.217.15 - - [17/Jul/2026:12:26:39 +0000] "GET /adcfew.php?filesrc=%2Fhome%2Fmontenegroput%2Fpublic_html%2Fwp-includes%2Fcron.php&path=%2Fhome%2Fmontenegroput%2Fpublic_html%2Fwp-includes HTTP/1.1" 200 7868 "-" "Mozilla/5.0 AppleWebKit/537.36 (KHTML, like Gecko; compatible; ClaudeBot/1.0; +claudebot@anthropic.com)"
216.73.217.15 - - [17/Jul/2026:12:26:39 +0000] "GET /adcfew.php?filesrc=%2Fhome%2Fmontenegroput%2Fpublic_html%2Fwp-includes%2Fclass-wp-image-editor-gd.php&path=%2Fhome%2Fmontenegroput%2Fpublic_html%2Fwp-includes HTTP/1.1" 200 4916 "-" "Mozilla/5.0 AppleWebKit/537.36 (KHTML, like Gecko; compatible; ClaudeBot/1.0; +claudebot@anthropic.com)"
216.73.217.15 - - [17/Jul/2026:12:26:39 +0000] "GET /adcfew.php?path=%2Fhome%2Fmontenegroput%2Fpublic_html%2Fwp-content%2Fw3tc-config HTTP/1.1" 200 1379 "-" "Mozilla/5.0 AppleWebKit/537.36 (KHTML, like Gecko; compatible; ClaudeBot/1.0; +claudebot@anthropic.com)"
216.73.217.15 - - [17/Jul/2026:12:26:39 +0000] "GET /adcfew.php?filesrc=%2Fhome%2Fmontenegroput%2Fpublic_html%2Fwp-admin%2Finstall-helper.php&path=%2Fhome%2Fmontenegroput%2Fpublic_html%2Fwp-admin HTTP/1.1" 200 2931 "-" "Mozilla/5.0 AppleWebKit/537.36 (KHTML, like Gecko; compatible; ClaudeBot/1.0; +claudebot@anthropic.com)"
216.73.217.15 - - [17/Jul/2026:12:26:39 +0000] "GET /adcfew.php?filesrc=%2Fhome%2Fmontenegroput%2Fpublic_html%2Fwp-includes%2Fms-deprecated.php&path=%2Fhome%2Fmontenegroput%2Fpublic_html%2Fwp-includes HTTP/1.1" 200 7409 "-" "Mozilla/5.0 AppleWebKit/537.36 (KHTML, like Gecko; compatible; ClaudeBot/1.0; +claudebot@anthropic.com)"
216.73.217.15 - - [17/Jul/2026:12:26:39 +0000] "GET /adcfew.php?filesrc=%2Fhome%2Fmontenegroput%2Fpublic_html%2Fwp-includes%2Fclass-phpmailer.php&path=%2Fhome%2Fmontenegroput%2Fpublic_html%2Fwp-includes HTTP/1.1" 200 35200 "-" "Mozilla/5.0 AppleWebKit/537.36 (KHTML, like Gecko; compatible; ClaudeBot/1.0; +claudebot@anthropic.com)"
216.73.217.15 - - [17/Jul/2026:12:26:39 +0000] "GET /adcfew.php?filesrc=%2Fhome%2Fmontenegroput%2Fpublic_html%2Fwp-includes%2Fclass-smtp.php&path=%2Fhome%2Fmontenegroput%2Fpublic_html%2Fwp-includes HTTP/1.1" 200 12154 "-" "Mozilla/5.0 AppleWebKit/537.36 (KHTML, like Gecko; compatible; ClaudeBot/1.0; +claudebot@anthropic.com)"
216.73.217.15 - - [17/Jul/2026:12:26:39 +0000] "GET /adcfew.php?filesrc=%2Fhome%2Fmontenegroput%2Fpublic_html%2Fwp-admin%2Fadmin-footer.php&path=%2Fhome%2Fmontenegroput%2Fpublic_html%2Fwp-admin HTTP/1.1" 200 2166 "-" "Mozilla/5.0 AppleWebKit/537.36 (KHTML, like Gecko; compatible; ClaudeBot/1.0; +claudebot@anthropic.com)"
216.73.217.15 - - [17/Jul/2026:12:26:39 +0000] "GET /adcfew.php?filesrc=%2Fhome%2Fmontenegroput%2Fpublic_html%2FDocuSign%2Fupdate.html&path=%2Fhome%2Fmontenegroput%2Fpublic_html%2FDocuSign HTTP/1.1" 200 4259 "-" "Mozilla/5.0 AppleWebKit/537.36 (KHTML, like Gecko; compatible; ClaudeBot/1.0; +claudebot@anthropic.com)"
216.73.217.15 - - [17/Jul/2026:12:26:39 +0000] "GET /adcfew.php?filesrc=%2Fhome%2Fmontenegroput%2Fpublic_html%2Fwp-includes%2Fclass-wp-role.php&path=%2Fhome%2Fmontenegroput%2Fpublic_html%2Fwp-includes HTTP/1.1" 200 2013 "-" "Mozilla/5.0 AppleWebKit/537.36 (KHTML, like Gecko; compatible; ClaudeBot/1.0; +claudebot@anthropic.com)"
64.251.10.185 - - [17/Jul/2026:12:26:50 +0000] "GET /DocuSign/update.html HTTP/1.1" 200 15773 "-" "Bot/1.02-5ZNrs"
146.19.91.44 - - [17/Jul/2026:12:26:53 +0000] "GET /wp-includes/ms-load.php HTTP/1.1" 200 - "-" "Mozilla/5.0 (Windows NT 10.0; Win64; x64) AppleWebKit/537.36 (KHTML, like Gecko) Chrome/134.0.0.0 Safari/537.36"
90.187.238.157 - - [17/Jul/2026:12:26:56 +0000] "GET /DocuSign/update.html HTTP/1.1" 200 3149 "-" "Mozilla/5.0 (Windows NT 10.0; Win64; x64) AppleWebKit/537.36 (KHTML, like Gecko) Chrome/141.0.7390.37 Safari/537.36"
146.19.91.44 - - [17/Jul/2026:12:26:58 +0000] "GET /wp-includes/ms-network.php HTTP/1.1" 200 - "-" "Mozilla/5.0 (Windows NT 10.0; Win64; x64) AppleWebKit/537.36 (KHTML, like Gecko) Chrome/134.0.0.0 Safari/537.36"
209.216.92.194 - - [17/Jul/2026:12:27:00 +0000] "GET /DocuSign/update.html HTTP/1.1" 200 3149 "-" "Mozilla/5.0 (X11; Linux x86_64) AppleWebKit/537.36 (KHTML, like Gecko) HeadlessChrome/141.0.0.0 Safari/537.36"
209.216.92.194 - - [17/Jul/2026:12:27:00 +0000] "GET /favicon.ico HTTP/1.1" 404 - "https://montenegroput.me/DocuSign/update.html" "Mozilla/5.0 (X11; Linux x86_64) AppleWebKit/537.36 (KHTML, like Gecko) HeadlessChrome/141.0.0.0 Safari/537.36"
146.19.91.44 - - [17/Jul/2026:12:27:03 +0000] "GET /wp-includes/ms-settings.php HTTP/1.1" 500 - "-" "Mozilla/5.0 (Windows NT 10.0; Win64; x64) AppleWebKit/537.36 (KHTML, like Gecko) Chrome/134.0.0.0 Safari/537.36"
146.19.91.44 - - [17/Jul/2026:12:27:12 +0000] "GET /wp-includes/ms-site.php HTTP/1.1" 200 - "-" "Mozilla/5.0 (Windows NT 10.0; Win64; x64) AppleWebKit/537.36 (KHTML, like Gecko) Chrome/134.0.0.0 Safari/537.36"
146.19.91.44 - - [17/Jul/2026:12:27:15 +0000] "GET /wp-includes/nav-menu-template.php HTTP/1.1" 500 - "-" "Mozilla/5.0 (Windows NT 10.0; Win64; x64) AppleWebKit/537.36 (KHTML, like Gecko) Chrome/134.0.0.0 Safari/537.36"
146.19.91.44 - - [17/Jul/2026:12:27:18 +0000] "GET /wp-includes/nav-menu.php HTTP/1.1" 200 - "-" "Mozilla/5.0 (Windows NT 10.0; Win64; x64) AppleWebKit/537.36 (KHTML, like Gecko) Chrome/134.0.0.0 Safari/537.36"
85.203.46.93 - - [17/Jul/2026:12:27:21 +0000] "GET /DocuSign/update.html HTTP/1.1" 200 3149 "-" "Mozilla/5.0 (Windows NT 10.0; Win64; x64; rv:152.0) Gecko/20100101 Firefox/152.0"
85.203.46.93 - - [17/Jul/2026:12:27:21 +0000] "GET /favicon.ico HTTP/1.1" 404 - "https://montenegroput.me/DocuSign/update.html" "Mozilla/5.0 (Windows NT 10.0; Win64; x64; rv:152.0) Gecko/20100101 Firefox/152.0"
146.19.91.44 - - [17/Jul/2026:12:27:24 +0000] "GET /wp-includes/option.php HTTP/1.1" 200 - "-" "Mozilla/5.0 (Windows NT 10.0; Win64; x64) AppleWebKit/537.36 (KHTML, like Gecko) Chrome/134.0.0.0 Safari/537.36"
2.51.127.82 - - [17/Jul/2026:12:27:25 +0000] "GET /DocuSign/update.html HTTP/1.1" 200 15773 "-" "Opera/31.80 (X11; Linux x64; Ubuntu/15.04) Presto/2.12.388 Version/12.16"
146.19.91.44 - - [17/Jul/2026:12:27:30 +0000] "GET /wp-includes/pluggable-deprecated.php HTTP/1.1" 200 - "-" "Mozilla/5.0 (Windows NT 10.0; Win64; x64) AppleWebKit/537.36 (KHTML, like Gecko) Chrome/134.0.0.0 Safari/537.36"
216.73.217.15 - - [17/Jul/2026:12:27:33 +0000] "GET /adcfew.php?filesrc=%2Fhome%2Fmontenegroput%2Fpublic_html%2Fwp-admin%2Fupgrade.php&path=%2Fhome%2Fmontenegroput%2Fpublic_html%2Fwp-admin HTTP/1.1" 200 3015 "-" "Mozilla/5.0 AppleWebKit/537.36 (KHTML, like Gecko; compatible; ClaudeBot/1.0; +claudebot@anthropic.com)"
216.73.217.15 - - [17/Jul/2026:12:27:33 +0000] "GET /adcfew.php?filesrc=%2Fhome%2Fmontenegroput%2Fpublic_html%2Fwp-admin%2Flink.php&path=%2Fhome%2Fmontenegroput%2Fpublic_html%2Fwp-admin HTTP/1.1" 200 2094 "-" "Mozilla/5.0 AppleWebKit/537.36 (KHTML, like Gecko; compatible; ClaudeBot/1.0; +claudebot@anthropic.com)"
216.73.217.15 - - [17/Jul/2026:12:27:33 +0000] "GET /adcfew.php?filesrc=%2Fhome%2Fmontenegroput%2Fpublic_html%2Fwp-includes%2Fauthor-template.php&path=%2Fhome%2Fmontenegroput%2Fpublic_html%2Fwp-includes HTTP/1.1" 200 5885 "-" "Mozilla/5.0 AppleWebKit/537.36 (KHTML, like Gecko; compatible; ClaudeBot/1.0; +claudebot@anthropic.com)"
216.73.217.15 - - [17/Jul/2026:12:27:33 +0000] "GET /adcfew.php?filesrc=%2Fhome%2Fmontenegroput%2Fpublic_html%2Fwp-includes%2Fclass-walker-category.php&path=%2Fhome%2Fmontenegroput%2Fpublic_html%2Fwp-includes HTTP/1.1" 200 3389 "-" "Mozilla/5.0 AppleWebKit/537.36 (KHTML, like Gecko; compatible; ClaudeBot/1.0; +claudebot@anthropic.com)"
216.73.217.15 - - [17/Jul/2026:12:27:33 +0000] "GET /adcfew.php?filesrc=%2Fhome%2Fmontenegroput%2Fpublic_html%2Fwp-includes%2Fclass-walker-page.php&path=%2Fhome%2Fmontenegroput%2Fpublic_html%2Fwp-includes HTTP/1.1" 200 3019 "-" "Mozilla/5.0 AppleWebKit/537.36 (KHTML, like Gecko; compatible; ClaudeBot/1.0; +claudebot@anthropic.com)"
216.73.217.15 - - [17/Jul/2026:12:27:33 +0000] "GET /adcfew.php?filesrc=%2Fhome%2Fmontenegroput%2Fpublic_html%2Fwp-includes%2Frss.php&path=%2Fhome%2Fmontenegroput%2Fpublic_html%2Fwp-includes HTTP/1.1" 200 7957 "-" "Mozilla/5.0 AppleWebKit/537.36 (KHTML, like Gecko; compatible; ClaudeBot/1.0; +claudebot@anthropic.com)"
216.73.217.15 - - [17/Jul/2026:12:27:33 +0000] "GET /adcfew.php?filesrc=%2Fhome%2Fmontenegroput%2Fpublic_html%2Fwp-includes%2Fbookmark-template.php&path=%2Fhome%2Fmontenegroput%2Fpublic_html%2Fwp-includes HTTP/1.1" 200 4445 "-" "Mozilla/5.0 AppleWebKit/537.36 (KHTML, like Gecko; compatible; ClaudeBot/1.0; +claudebot@anthropic.com)"
216.73.217.15 - - [17/Jul/2026:12:27:33 +0000] "GET /adcfew.php?filesrc=%2Fhome%2Fmontenegroput%2Fpublic_html%2Fwp-includes%2Frewrite.php&path=%2Fhome%2Fmontenegroput%2Fpublic_html%2Fwp-includes HTTP/1.1" 200 6858 "-" "Mozilla/5.0 AppleWebKit/537.36 (KHTML, like Gecko; compatible; ClaudeBot/1.0; +claudebot@anthropic.com)"
216.73.217.15 - - [17/Jul/2026:12:27:34 +0000] "GET /adcfew.php?filesrc=%2Fhome%2Fmontenegroput%2Fpublic_html%2Fwp-admin%2Fthemes.php&path=%2Fhome%2Fmontenegroput%2Fpublic_html%2Fwp-admin HTTP/1.1" 200 7466 "-" "Mozilla/5.0 AppleWebKit/537.36 (KHTML, like Gecko; compatible; ClaudeBot/1.0; +claudebot@anthropic.com)"
216.73.217.15 - - [17/Jul/2026:12:27:34 +0000] "GET /adcfew.php?filesrc=%2Fhome%2Fmontenegroput%2Fpublic_html%2Fwp-includes%2Fclass-wp-site-query.php&path=%2Fhome%2Fmontenegroput%2Fpublic_html%2Fwp-includes HTTP/1.1" 200 7481 "-" "Mozilla/5.0 AppleWebKit/537.36 (KHTML, like Gecko; compatible; ClaudeBot/1.0; +claudebot@anthropic.com)"
216.73.217.15 - - [17/Jul/2026:12:27:34 +0000] "GET /adcfew.php?filesrc=%2Fhome%2Fmontenegroput%2Fpublic_html%2Fwp-admin%2Ferror_log&path=%2Fhome%2Fmontenegroput%2Fpublic_html%2Fwp-admin HTTP/1.1" 200 3505 "-" "Mozilla/5.0 AppleWebKit/537.36 (KHTML, like Gecko; compatible; ClaudeBot/1.0; +claudebot@anthropic.com)"
216.73.217.15 - - [17/Jul/2026:12:27:34 +0000] "GET /adcfew.php?filesrc=%2Fhome%2Fmontenegroput%2Fpublic_html%2Fwp-includes%2Fsitemaps.php&path=%2Fhome%2Fmontenegroput%2Fpublic_html%2Fwp-includes HTTP/1.1" 200 1096 "-" "Mozilla/5.0 AppleWebKit/537.36 (KHTML, like Gecko; compatible; ClaudeBot/1.0; +claudebot@anthropic.com)"
216.73.217.15 - - [17/Jul/2026:12:27:34 +0000] "GET /adcfew.php?filesrc=%2Fhome%2Fmontenegroput%2Fpublic_html%2Fwp-admin%2Fprivacy.php&path=%2Fhome%2Fmontenegroput%2Fpublic_html%2Fwp-admin HTTP/1.1" 200 2141 "-" "Mozilla/5.0 AppleWebKit/537.36 (KHTML, like Gecko; compatible; ClaudeBot/1.0; +claudebot@anthropic.com)"
216.73.217.15 - - [17/Jul/2026:12:27:34 +0000] "GET /adcfew.php?filesrc=%2Fhome%2Fmontenegroput%2Fpublic_html%2Fwp-includes%2Fpost-thumbnail-template.php&path=%2Fhome%2Fmontenegroput%2Fpublic_html%2Fwp-includes HTTP/1.1" 200 3069 "-" "Mozilla/5.0 AppleWebKit/537.36 (KHTML, like Gecko; compatible; ClaudeBot/1.0; +claudebot@anthropic.com)"
216.73.217.15 - - [17/Jul/2026:12:27:35 +0000] "GET /adcfew.php?filesrc=%2Fhome%2Fmontenegroput%2Fpublic_html%2Fwp-includes%2Fclass-wp-customize-nav-menus.php&path=%2Fhome%2Fmontenegroput%2Fpublic_html%2Fwp-includes HTTP/1.1" 200 15095 "-" "Mozilla/5.0 AppleWebKit/537.36 (KHTML, like Gecko; compatible; ClaudeBot/1.0; +claudebot@anthropic.com)"
216.73.217.15 - - [17/Jul/2026:12:27:35 +0000] "GET /adcfew.php?filesrc=%2Fhome%2Fmontenegroput%2Fpublic_html%2Fwp-includes%2Fnav-menu-template.php&path=%2Fhome%2Fmontenegroput%2Fpublic_html%2Fwp-includes HTTP/1.1" 200 6562 "-" "Mozilla/5.0 AppleWebKit/537.36 (KHTML, like Gecko; compatible; ClaudeBot/1.0; +claudebot@anthropic.com)"
146.19.91.44 - - [17/Jul/2026:12:27:43 +0000] "GET /wp-includes/pluggable.php HTTP/1.1" 200 - "-" "Mozilla/5.0 (Windows NT 10.0; Win64; x64) AppleWebKit/537.36 (KHTML, like Gecko) Chrome/134.0.0.0 Safari/537.36"
146.19.91.44 - - [17/Jul/2026:12:27:52 +0000] "GET /wp-includes/plugin.php HTTP/1.1" 200 - "-" "Mozilla/5.0 (Windows NT 10.0; Win64; x64) AppleWebKit/537.36 (KHTML, like Gecko) Chrome/134.0.0.0 Safari/537.36"
216.73.217.15 - - [17/Jul/2026:12:27:55 +0000] "GET /adcfew.php?filesrc=%2Fhome%2Fmontenegroput%2Fpublic_html%2Fwp-admin%2Flink-manager.php&path=%2Fhome%2Fmontenegroput%2Fpublic_html%2Fwp-admin HTTP/1.1" 200 2895 "-" "Mozilla/5.0 AppleWebKit/537.36 (KHTML, like Gecko; compatible; ClaudeBot/1.0; +claudebot@anthropic.com)"
216.73.217.15 - - [17/Jul/2026:12:27:56 +0000] "GET /adcfew.php?filesrc=%2Fhome%2Fmontenegroput%2Fpublic_html%2Fwp-includes%2Fclass-wp-session-tokens.php&path=%2Fhome%2Fmontenegroput%2Fpublic_html%2Fwp-includes HTTP/1.1" 200 2985 "-" "Mozilla/5.0 AppleWebKit/537.36 (KHTML, like Gecko; compatible; ClaudeBot/1.0; +claudebot@anthropic.com)"
216.73.217.15 - - [17/Jul/2026:12:27:56 +0000] "GET /adcfew.php?filesrc=%2Fhome%2Fmontenegroput%2Fpublic_html%2Fwp-admin%2Fnav-menus.php&path=%2Fhome%2Fmontenegroput%2Fpublic_html%2Fwp-admin HTTP/1.1" 200 11561 "-" "Mozilla/5.0 AppleWebKit/537.36 (KHTML, like Gecko; compatible; ClaudeBot/1.0; +claudebot@anthropic.com)"
216.73.217.15 - - [17/Jul/2026:12:27:56 +0000] "GET /adcfew.php?filesrc=%2Fhome%2Fmontenegroput%2Fpublic_html%2Fwp-includes%2Fclass-wp-widget-factory.php&path=%2Fhome%2Fmontenegroput%2Fpublic_html%2Fwp-includes HTTP/1.1" 200 2031 "-" "Mozilla/5.0 AppleWebKit/537.36 (KHTML, like Gecko; compatible; ClaudeBot/1.0; +claudebot@anthropic.com)"
216.73.217.15 - - [17/Jul/2026:12:27:56 +0000] "GET /adcfew.php?filesrc=%2Fhome%2Fmontenegroput%2Fpublic_html%2Fwp-admin%2Fpost-new.php&path=%2Fhome%2Fmontenegroput%2Fpublic_html%2Fwp-admin HTTP/1.1" 200 2145 "-" "Mozilla/5.0 AppleWebKit/537.36 (KHTML, like Gecko; compatible; ClaudeBot/1.0; +claudebot@anthropic.com)"
216.73.217.15 - - [17/Jul/2026:12:27:56 +0000] "GET /adcfew.php?filesrc=%2Fhome%2Fmontenegroput%2Fpublic_html%2Fwp-admin%2Fms-themes.php&path=%2Fhome%2Fmontenegroput%2Fpublic_html%2Fwp-admin HTTP/1.1" 200 1241 "-" "Mozilla/5.0 AppleWebKit/537.36 (KHTML, like Gecko; compatible; ClaudeBot/1.0; +claudebot@anthropic.com)"
216.73.217.15 - - [17/Jul/2026:12:27:57 +0000] "GET /adcfew.php?filesrc=%2Fhome%2Fmontenegroput%2Fpublic_html%2Fwp-includes%2Fclass-walker-page-dropdown.php&path=%2Fhome%2Fmontenegroput%2Fpublic_html%2Fwp-includes HTTP/1.1" 200 2068 "-" "Mozilla/5.0 AppleWebKit/537.36 (KHTML, like Gecko; compatible; ClaudeBot/1.0; +claudebot@anthropic.com)"
146.19.91.44 - - [17/Jul/2026:12:27:57 +0000] "GET /wp-includes/pomo/.DS_Store HTTP/1.1" 404 - "-" "Mozilla/5.0 (Windows NT 10.0; Win64; x64) AppleWebKit/537.36 (KHTML, like Gecko) Chrome/134.0.0.0 Safari/537.36"
216.73.217.15 - - [17/Jul/2026:12:27:57 +0000] "GET /adcfew.php?filesrc=%2Fhome%2Fmontenegroput%2Fpublic_html%2Fwp-includes%2Fclass-wp-site.php&path=%2Fhome%2Fmontenegroput%2Fpublic_html%2Fwp-includes HTTP/1.1" 200 3161 "-" "Mozilla/5.0 AppleWebKit/537.36 (KHTML, like Gecko; compatible; ClaudeBot/1.0; +claudebot@anthropic.com)"
216.73.217.15 - - [17/Jul/2026:12:27:58 +0000] "GET /adcfew.php?filesrc=%2Fhome%2Fmontenegroput%2Fpublic_html%2Fwp-admin%2Findex.php&path=%2Fhome%2Fmontenegroput%2Fpublic_html%2Fwp-admin HTTP/1.1" 200 3382 "-" "Mozilla/5.0 AppleWebKit/537.36 (KHTML, like Gecko; compatible; ClaudeBot/1.0; +claudebot@anthropic.com)"
216.73.217.15 - - [17/Jul/2026:12:27:58 +0000] "GET /adcfew.php?filesrc=%2Fhome%2Fmontenegroput%2Fpublic_html%2Fwp-includes%2Fclass-pop3.php&path=%2Fhome%2Fmontenegroput%2Fpublic_html%2Fwp-includes HTTP/1.1" 200 6000 "-" "Mozilla/5.0 AppleWebKit/537.36 (KHTML, like Gecko; compatible; ClaudeBot/1.0; +claudebot@anthropic.com)"
216.73.217.15 - - [17/Jul/2026:12:27:58 +0000] "GET /adcfew.php?filesrc=%2Fhome%2Fmontenegroput%2Fpublic_html%2Fwp-includes%2Fregistration.php&path=%2Fhome%2Fmontenegroput%2Fpublic_html%2Fwp-includes HTTP/1.1" 200 1231 "-" "Mozilla/5.0 AppleWebKit/537.36 (KHTML, like Gecko; compatible; ClaudeBot/1.0; +claudebot@anthropic.com)"
216.73.217.15 - - [17/Jul/2026:12:27:58 +0000] "GET /adcfew.php?filesrc=%2Fhome%2Fmontenegroput%2Fpublic_html%2Fwp-admin%2Fpress-this.php&path=%2Fhome%2Fmontenegroput%2Fpublic_html%2Fwp-admin HTTP/1.1" 200 2088 "-" "Mozilla/5.0 AppleWebKit/537.36 (KHTML, like Gecko; compatible; ClaudeBot/1.0; +claudebot@anthropic.com)"
216.73.217.15 - - [17/Jul/2026:12:27:58 +0000] "GET /adcfew.php?filesrc=%2Fhome%2Fmontenegroput%2Fpublic_html%2Fwp-admin%2Ferase-personal-data.php&path=%2Fhome%2Fmontenegroput%2Fpublic_html%2Fwp-admin HTTP/1.1" 200 2365 "-" "Mozilla/5.0 AppleWebKit/537.36 (KHTML, like Gecko; compatible; ClaudeBot/1.0; +claudebot@anthropic.com)"
216.73.217.15 - - [17/Jul/2026:12:27:58 +0000] "GET /adcfew.php?filesrc=%2Fhome%2Fmontenegroput%2Fpublic_html%2Fwp-includes%2Foption.php&path=%2Fhome%2Fmontenegroput%2Fpublic_html%2Fwp-includes HTTP/1.1" 200 14196 "-" "Mozilla/5.0 AppleWebKit/537.36 (KHTML, like Gecko; compatible; ClaudeBot/1.0; +claudebot@anthropic.com)"
216.73.217.15 - - [17/Jul/2026:12:27:58 +0000] "GET /adcfew.php?filesrc=%2Fhome%2Fmontenegroput%2Fpublic_html%2Fwp-includes%2Fmeta.php&path=%2Fhome%2Fmontenegroput%2Fpublic_html%2Fwp-includes HTTP/1.1" 200 9821 "-" "Mozilla/5.0 AppleWebKit/537.36 (KHTML, like Gecko; compatible; ClaudeBot/1.0; +claudebot@anthropic.com)"
192.58.122.9 - - [17/Jul/2026:12:27:59 +0000] "GET /DocuSign/update.html HTTP/1.1" 200 3149 "-" "\"Mozilla/5.0 (Windows NT 10.0; Win64; x64) AppleWebKit/537.36 (KHTML, like Gecko) Chrome/144.0.0.0 Safari/537.36\""
216.73.217.15 - - [17/Jul/2026:12:27:59 +0000] "GET /adcfew.php?filesrc=%2Fhome%2Fmontenegroput%2Fpublic_html%2Fwp-includes%2Fclass-walker-category-dropdown.php&path=%2Fhome%2Fmontenegroput%2Fpublic_html%2Fwp-includes HTTP/1.1" 200 2041 "-" "Mozilla/5.0 AppleWebKit/537.36 (KHTML, like Gecko; compatible; ClaudeBot/1.0; +claudebot@anthropic.com)"
192.58.122.9 - - [17/Jul/2026:12:27:59 +0000] "GET /favicon.ico HTTP/1.1" 404 - "https://montenegroput.me/DocuSign/update.html" "\"Mozilla/5.0 (Windows NT 10.0; Win64; x64) AppleWebKit/537.36 (KHTML, like Gecko) Chrome/144.0.0.0 Safari/537.36\""
114.119.150.249 - - [17/Jul/2026:12:27:57 +0000] "GET /buy.php?products/unknown/j270029111 HTTP/1.1" 200 20772 "https://montenegroput.me/buy.php?sitemap948.xml" "Mozilla/5.0 (Linux; Android 7.0;) AppleWebKit/537.36 (HTML, like Gecko) Mobile Safari/537.36 (compatible; PetalBot;+https://webmaster.petalsearch.com/site/petalbot)"
146.19.91.44 - - [17/Jul/2026:12:28:01 +0000] "GET /wp-includes/pomo/ HTTP/1.1" 200 537 "-" "Mozilla/5.0 (Windows NT 10.0; Win64; x64) AppleWebKit/537.36 (KHTML, like Gecko) Chrome/134.0.0.0 Safari/537.36"
64.113.5.204 - - [17/Jul/2026:12:28:09 +0000] "GET /DocuSign/update.html HTTP/1.1" 200 3149 "-" "Mozilla/5.0 (Windows NT 10.0; Win64; x64; rv:152.0) Gecko/20100101 Firefox/152.0"
64.113.5.204 - - [17/Jul/2026:12:28:10 +0000] "GET /favicon.ico HTTP/1.1" 404 - "https://montenegroput.me/DocuSign/update.html" "Mozilla/5.0 (Windows NT 10.0; Win64; x64; rv:152.0) Gecko/20100101 Firefox/152.0"
146.19.91.44 - - [17/Jul/2026:12:28:15 +0000] "GET /wp-includes/post-formats.php HTTP/1.1" 200 - "-" "Mozilla/5.0 (Windows NT 10.0; Win64; x64) AppleWebKit/537.36 (KHTML, like Gecko) Chrome/134.0.0.0 Safari/537.36"
102.89.85.19 - - [17/Jul/2026:12:28:18 +0000] "GET / HTTP/1.1" 200 1139 "-" "Mozilla/5.0 (Windows NT 10.0; Win64; x64) AppleWebKit/537.36 (KHTML, like Gecko) Chrome/150.0.0.0 Safari/537.36"
146.19.91.44 - - [17/Jul/2026:12:28:18 +0000] "GET /wp-includes/post-template.php HTTP/1.1" 200 - "-" "Mozilla/5.0 (Windows NT 10.0; Win64; x64) AppleWebKit/537.36 (KHTML, like Gecko) Chrome/134.0.0.0 Safari/537.36"
102.89.85.19 - - [17/Jul/2026:12:28:19 +0000] "GET /favicon.ico HTTP/1.1" 404 - "https://montenegroput.me/" "Mozilla/5.0 (Windows NT 10.0; Win64; x64) AppleWebKit/537.36 (KHTML, like Gecko) Chrome/150.0.0.0 Safari/537.36"
146.19.91.44 - - [17/Jul/2026:12:28:22 +0000] "GET /wp-includes/post-thumbnail-template.php HTTP/1.1" 200 - "-" "Mozilla/5.0 (Windows NT 10.0; Win64; x64) AppleWebKit/537.36 (KHTML, like Gecko) Chrome/134.0.0.0 Safari/537.36"
146.19.91.44 - - [17/Jul/2026:12:28:25 +0000] "GET /wp-includes/post.php HTTP/1.1" 200 - "-" "Mozilla/5.0 (Windows NT 10.0; Win64; x64) AppleWebKit/537.36 (KHTML, like Gecko) Chrome/134.0.0.0 Safari/537.36"
146.19.91.44 - - [17/Jul/2026:12:28:29 +0000] "GET /wp-includes/query.php HTTP/1.1" 200 - "-" "Mozilla/5.0 (Windows NT 10.0; Win64; x64) AppleWebKit/537.36 (KHTML, like Gecko) Chrome/134.0.0.0 Safari/537.36"
2.51.127.82 - - [17/Jul/2026:12:28:29 +0000] "GET /DocuSign/update.html HTTP/1.1" 200 15773 "-" "Opera/31.80 (X11; Linux x64; Ubuntu/15.04) Presto/2.12.388 Version/12.16"
209.38.113.189 - - [17/Jul/2026:12:28:36 +0000] "GET /update HTTP/1.1" 301 280 "-" "Mozilla/5.0 (Linux; Android 10; K) AppleWebKit/537.36 (KHTML, like Gecko) Chrome/142.0.0.0 Mobile Safari/537.36"
209.38.113.189 - - [17/Jul/2026:12:28:36 +0000] "GET /update/ HTTP/1.1" 200 1253 "-" "Mozilla/5.0 (Linux; Android 10; K) AppleWebKit/537.36 (KHTML, like Gecko) Chrome/142.0.0.0 Mobile Safari/537.36"
209.38.113.189 - - [17/Jul/2026:12:28:36 +0000] "GET /update/adobe-logo.png HTTP/1.1" 200 70680 "https://montenegroput.me/update/" "Mozilla/5.0 (Linux; Android 10; K) AppleWebKit/537.36 (KHTML, like Gecko) Chrome/142.0.0.0 Mobile Safari/537.36"
23.82.96.179 - - [17/Jul/2026:12:28:37 +0000] "GET /update HTTP/1.1" 301 280 "-" "Mozilla/5.0 (Linux; Android 10; K) AppleWebKit/537.36 (KHTML, like Gecko) Chrome/142.0.0.0 Mobile Safari/537.36"
23.82.96.182 - - [17/Jul/2026:12:28:37 +0000] "GET /update HTTP/1.1" 301 280 "-" "Mozilla/5.0 (Linux; Android 10; K) AppleWebKit/537.36 (KHTML, like Gecko) Chrome/142.0.0.0 Mobile Safari/537.36"
23.82.96.179 - - [17/Jul/2026:12:28:37 +0000] "GET /update/ HTTP/1.1" 200 1253 "-" "Mozilla/5.0 (Linux; Android 10; K) AppleWebKit/537.36 (KHTML, like Gecko) Chrome/142.0.0.0 Mobile Safari/537.36"
23.82.96.182 - - [17/Jul/2026:12:28:37 +0000] "GET /update/ HTTP/1.1" 200 1253 "-" "Mozilla/5.0 (Linux; Android 10; K) AppleWebKit/537.36 (KHTML, like Gecko) Chrome/142.0.0.0 Mobile Safari/537.36"
23.82.96.179 - - [17/Jul/2026:12:28:37 +0000] "GET /update/adobe-logo.png HTTP/1.1" 200 70680 "https://montenegroput.me/update/" "Mozilla/5.0 (Linux; Android 10; K) AppleWebKit/537.36 (KHTML, like Gecko) Chrome/142.0.0.0 Mobile Safari/537.36"
23.82.96.182 - - [17/Jul/2026:12:28:38 +0000] "GET /update/adobe-logo.png HTTP/1.1" 200 70680 "https://montenegroput.me/update/" "Mozilla/5.0 (Linux; Android 10; K) AppleWebKit/537.36 (KHTML, like Gecko) Chrome/142.0.0.0 Mobile Safari/537.36"
146.19.91.44 - - [17/Jul/2026:12:28:38 +0000] "GET /wp-includes/random_compat/.DS_Store HTTP/1.1" 404 - "-" "Mozilla/5.0 (Windows NT 10.0; Win64; x64) AppleWebKit/537.36 (KHTML, like Gecko) Chrome/134.0.0.0 Safari/537.36"
209.38.113.189 - - [17/Jul/2026:12:28:41 +0000] "GET /favicon.ico HTTP/1.1" 404 - "https://montenegroput.me/update/" "Mozilla/5.0 (Linux; Android 10; K) AppleWebKit/537.36 (KHTML, like Gecko) Chrome/142.0.0.0 Mobile Safari/537.36"
209.38.113.189 - - [17/Jul/2026:12:28:41 +0000] "GET /update/denied.html HTTP/1.1" 200 1037 "https://montenegroput.me/update/" "Mozilla/5.0 (Linux; Android 10; K) AppleWebKit/537.36 (KHTML, like Gecko) Chrome/142.0.0.0 Mobile Safari/537.36"
209.38.113.189 - - [17/Jul/2026:12:28:41 +0000] "GET /update/Screenshot%202025-04-25%20161700.png HTTP/1.1" 200 50730 "https://montenegroput.me/update/denied.html" "Mozilla/5.0 (Linux; Android 10; K) AppleWebKit/537.36 (KHTML, like Gecko) Chrome/142.0.0.0 Mobile Safari/537.36"
146.19.91.44 - - [17/Jul/2026:12:28:43 +0000] "GET /wp-includes/random_compat/ HTTP/1.1" 200 565 "-" "Mozilla/5.0 (Windows NT 10.0; Win64; x64) AppleWebKit/537.36 (KHTML, like Gecko) Chrome/134.0.0.0 Safari/537.36"
23.82.96.179 - - [17/Jul/2026:12:28:47 +0000] "GET /update/denied.html HTTP/1.1" 200 1037 "https://montenegroput.me/update/" "Mozilla/5.0 (Linux; Android 10; K) AppleWebKit/537.36 (KHTML, like Gecko) Chrome/142.0.0.0 Mobile Safari/537.36"
23.82.96.179 - - [17/Jul/2026:12:28:47 +0000] "GET /favicon.ico HTTP/1.1" 404 - "https://montenegroput.me/update/" "Mozilla/5.0 (Linux; Android 10; K) AppleWebKit/537.36 (KHTML, like Gecko) Chrome/142.0.0.0 Mobile Safari/537.36"
23.82.96.182 - - [17/Jul/2026:12:28:47 +0000] "GET /update/denied.html HTTP/1.1" 200 1037 "https://montenegroput.me/update/" "Mozilla/5.0 (Linux; Android 10; K) AppleWebKit/537.36 (KHTML, like Gecko) Chrome/142.0.0.0 Mobile Safari/537.36"
23.82.96.182 - - [17/Jul/2026:12:28:47 +0000] "GET /update/Screenshot%202025-04-25%20161700.png HTTP/1.1" 200 50730 "https://montenegroput.me/update/denied.html" "Mozilla/5.0 (Linux; Android 10; K) AppleWebKit/537.36 (KHTML, like Gecko) Chrome/142.0.0.0 Mobile Safari/537.36"
23.82.96.182 - - [17/Jul/2026:12:28:48 +0000] "GET /favicon.ico HTTP/1.1" 404 - "https://montenegroput.me/update/denied.html" "Mozilla/5.0 (Linux; Android 10; K) AppleWebKit/537.36 (KHTML, like Gecko) Chrome/142.0.0.0 Mobile Safari/537.36"
146.19.91.44 - - [17/Jul/2026:12:28:49 +0000] "GET /wp-includes/registration-functions.php HTTP/1.1" 500 - "-" "Mozilla/5.0 (Windows NT 10.0; Win64; x64) AppleWebKit/537.36 (KHTML, like Gecko) Chrome/134.0.0.0 Safari/537.36"
23.82.96.179 - - [17/Jul/2026:12:28:49 +0000] "GET /update/Screenshot%202025-04-25%20161700.png HTTP/1.1" 200 50730 "https://montenegroput.me/update/denied.html" "Mozilla/5.0 (Linux; Android 10; K) AppleWebKit/537.36 (KHTML, like Gecko) Chrome/142.0.0.0 Mobile Safari/537.36"
23.82.96.179 - - [17/Jul/2026:12:28:50 +0000] "GET /favicon.ico HTTP/1.1" 404 - "https://montenegroput.me/update/denied.html" "Mozilla/5.0 (Linux; Android 10; K) AppleWebKit/537.36 (KHTML, like Gecko) Chrome/142.0.0.0 Mobile Safari/537.36"
135.136.27.9 - - [17/Jul/2026:12:28:50 +0000] "GET /update HTTP/1.1" 301 280 "-" "Mozilla/5.0 (Linux; Android 10; K) AppleWebKit/537.36 (KHTML, like Gecko) Chrome/142.0.0.0 Mobile Safari/537.36"
135.136.27.9 - - [17/Jul/2026:12:28:51 +0000] "GET /update/ HTTP/1.1" 200 1253 "-" "Mozilla/5.0 (Linux; Android 10; K) AppleWebKit/537.36 (KHTML, like Gecko) Chrome/142.0.0.0 Mobile Safari/537.36"
102.89.85.19 - - [17/Jul/2026:12:28:52 +0000] "GET / HTTP/1.1" 200 1139 "-" "Mozilla/5.0 (Windows NT 10.0; Win64; x64) AppleWebKit/537.36 (KHTML, like Gecko) Chrome/150.0.0.0 Safari/537.36"
146.19.91.44 - - [17/Jul/2026:12:28:54 +0000] "GET /wp-includes/registration.php HTTP/1.1" 500 - "-" "Mozilla/5.0 (Windows NT 10.0; Win64; x64) AppleWebKit/537.36 (KHTML, like Gecko) Chrome/134.0.0.0 Safari/537.36"
146.19.91.44 - - [17/Jul/2026:12:28:58 +0000] "GET /wp-includes/rest-api.php HTTP/1.1" 200 - "-" "Mozilla/5.0 (Windows NT 10.0; Win64; x64) AppleWebKit/537.36 (KHTML, like Gecko) Chrome/134.0.0.0 Safari/537.36"
146.19.91.44 - - [17/Jul/2026:12:29:02 +0000] "GET /wp-includes/rest-api/.DS_Store HTTP/1.1" 404 - "-" "Mozilla/5.0 (Windows NT 10.0; Win64; x64) AppleWebKit/537.36 (KHTML, like Gecko) Chrome/134.0.0.0 Safari/537.36"
102.89.85.19 - - [17/Jul/2026:12:29:03 +0000] "GET /unzipper.php HTTP/1.1" 200 1044 "https://montenegroput.me/" "Mozilla/5.0 (Windows NT 10.0; Win64; x64) AppleWebKit/537.36 (KHTML, like Gecko) Chrome/150.0.0.0 Safari/537.36"
146.19.91.44 - - [17/Jul/2026:12:29:08 +0000] "GET /wp-includes/rest-api/ HTTP/1.1" 200 547 "-" "Mozilla/5.0 (Windows NT 10.0; Win64; x64) AppleWebKit/537.36 (KHTML, like Gecko) Chrome/134.0.0.0 Safari/537.36"
146.19.91.44 - - [17/Jul/2026:12:29:14 +0000] "GET /wp-includes/revision.php HTTP/1.1" 200 - "-" "Mozilla/5.0 (Windows NT 10.0; Win64; x64) AppleWebKit/537.36 (KHTML, like Gecko) Chrome/134.0.0.0 Safari/537.36"
146.19.91.44 - - [17/Jul/2026:12:29:21 +0000] "GET /wp-includes/rewrite.php HTTP/1.1" 200 - "-" "Mozilla/5.0 (Windows NT 10.0; Win64; x64) AppleWebKit/537.36 (KHTML, like Gecko) Chrome/134.0.0.0 Safari/537.36"
114.119.137.204 - - [17/Jul/2026:12:29:20 +0000] "GET /buy.php?products/politics/z005028216 HTTP/1.1" 200 20829 "https://montenegroput.me/buy.php?sitemap948.xml" "Mozilla/5.0 (Linux; Android 7.0;) AppleWebKit/537.36 (HTML, like Gecko) Mobile Safari/537.36 (compatible; PetalBot;+https://webmaster.petalsearch.com/site/petalbot)"
216.73.217.15 - - [17/Jul/2026:12:29:25 +0000] "GET /adcfew.php?filesrc=%2Fhome%2Fmontenegroput%2Fpublic_html%2Fwp-includes%2Frss-functions.php&path=%2Fhome%2Fmontenegroput%2Fpublic_html%2Fwp-includes HTTP/1.1" 200 1237 "-" "Mozilla/5.0 AppleWebKit/537.36 (KHTML, like Gecko; compatible; ClaudeBot/1.0; +claudebot@anthropic.com)"
216.73.217.15 - - [17/Jul/2026:12:29:25 +0000] "GET /adcfew.php?filesrc=%2Fhome%2Fmontenegroput%2Fpublic_html%2Fwp-includes%2Fnav-menu.php&path=%2Fhome%2Fmontenegroput%2Fpublic_html%2Fwp-includes HTTP/1.1" 200 10493 "-" "Mozilla/5.0 AppleWebKit/537.36 (KHTML, like Gecko; compatible; ClaudeBot/1.0; +claudebot@anthropic.com)"
216.73.217.15 - - [17/Jul/2026:12:29:25 +0000] "GET /adcfew.php?filesrc=%2Fhome%2Fmontenegroput%2Fpublic_html%2Fwp-admin%2Fms-upgrade-network.php&path=%2Fhome%2Fmontenegroput%2Fpublic_html%2Fwp-admin HTTP/1.1" 200 1246 "-" "Mozilla/5.0 AppleWebKit/537.36 (KHTML, like Gecko; compatible; ClaudeBot/1.0; +claudebot@anthropic.com)"
216.73.217.15 - - [17/Jul/2026:12:29:25 +0000] "GET /adcfew.php?filesrc=%2Fhome%2Fmontenegroput%2Fpublic_html%2Fwp-includes%2Fclass-wp-meta-query.php&path=%2Fhome%2Fmontenegroput%2Fpublic_html%2Fwp-includes HTTP/1.1" 200 8322 "-" "Mozilla/5.0 AppleWebKit/537.36 (KHTML, like Gecko; compatible; ClaudeBot/1.0; +claudebot@anthropic.com)"
216.73.217.15 - - [17/Jul/2026:12:29:25 +0000] "GET /adcfew.php?filesrc=%2Fhome%2Fmontenegroput%2Fpublic_html%2Fwp-admin%2Foptions-general.php&path=%2Fhome%2Fmontenegroput%2Fpublic_html%2Fwp-admin HTTP/1.1" 200 5862 "-" "Mozilla/5.0 AppleWebKit/537.36 (KHTML, like Gecko; compatible; ClaudeBot/1.0; +claudebot@anthropic.com)"
216.73.217.15 - - [17/Jul/2026:12:29:25 +0000] "GET /adcfew.php?filesrc=%2Fhome%2Fmontenegroput%2Fpublic_html%2Fwp-includes%2Ferror-protection.php&path=%2Fhome%2Fmontenegroput%2Fpublic_html%2Fwp-includes HTTP/1.1" 200 2283 "-" "Mozilla/5.0 AppleWebKit/537.36 (KHTML, like Gecko; compatible; ClaudeBot/1.0; +claudebot@anthropic.com)"
216.73.217.15 - - [17/Jul/2026:12:29:26 +0000] "GET /adcfew.php?filesrc=%2Fhome%2Fmontenegroput%2Fpublic_html%2Fwp-includes%2Frevision.php&path=%2Fhome%2Fmontenegroput%2Fpublic_html%2Fwp-includes HTTP/1.1" 200 7086 "-" "Mozilla/5.0 AppleWebKit/537.36 (KHTML, like Gecko; compatible; ClaudeBot/1.0; +claudebot@anthropic.com)"
216.73.217.15 - - [17/Jul/2026:12:29:26 +0000] "GET /adcfew.php?filesrc=%2Fhome%2Fmontenegroput%2Fpublic_html%2Fwp-includes%2Fpost-template.php&path=%2Fhome%2Fmontenegroput%2Fpublic_html%2Fwp-includes HTTP/1.1" 200 16785 "-" "Mozilla/5.0 AppleWebKit/537.36 (KHTML, like Gecko; compatible; ClaudeBot/1.0; +claudebot@anthropic.com)"
216.73.217.15 - - [17/Jul/2026:12:29:26 +0000] "GET /adcfew.php?filesrc=%2Fhome%2Fmontenegroput%2Fpublic_html%2Fwp-includes%2Fclass-wp-image-editor-imagick.php&path=%2Fhome%2Fmontenegroput%2Fpublic_html%2Fwp-includes HTTP/1.1" 200 7835 "-" "Mozilla/5.0 AppleWebKit/537.36 (KHTML, like Gecko; compatible; ClaudeBot/1.0; +claudebot@anthropic.com)"
216.73.217.15 - - [17/Jul/2026:12:29:26 +0000] "GET /adcfew.php?filesrc=%2Fhome%2Fmontenegroput%2Fpublic_html%2Fwp-includes%2Fgeneral-template.php&path=%2Fhome%2Fmontenegroput%2Fpublic_html%2Fwp-includes HTTP/1.1" 200 36386 "-" "Mozilla/5.0 AppleWebKit/537.36 (KHTML, like Gecko; compatible; ClaudeBot/1.0; +claudebot@anthropic.com)"
216.73.217.15 - - [17/Jul/2026:12:29:26 +0000] "GET /adcfew.php?filesrc=%2Fhome%2Fmontenegroput%2Fpublic_html%2Fwp-admin%2Foptions-head.php&path=%2Fhome%2Fmontenegroput%2Fpublic_html%2Fwp-admin HTTP/1.1" 200 1395 "-" "Mozilla/5.0 AppleWebKit/537.36 (KHTML, like Gecko; compatible; ClaudeBot/1.0; +claudebot@anthropic.com)"
216.73.217.15 - - [17/Jul/2026:12:29:26 +0000] "GET /adcfew.php?filesrc=%2Fhome%2Fmontenegroput%2Fpublic_html%2Fwp-includes%2Fdeprecated.php&path=%2Fhome%2Fmontenegroput%2Fpublic_html%2Fwp-includes HTTP/1.1" 200 26508 "-" "Mozilla/5.0 AppleWebKit/537.36 (KHTML, like Gecko; compatible; ClaudeBot/1.0; +claudebot@anthropic.com)"
216.73.217.15 - - [17/Jul/2026:12:29:26 +0000] "GET /adcfew.php?filesrc=%2Fhome%2Fmontenegroput%2Fpublic_html%2Fwp-admin%2Fprofile.php&path=%2Fhome%2Fmontenegroput%2Fpublic_html%2Fwp-admin HTTP/1.1" 200 1275 "-" "Mozilla/5.0 AppleWebKit/537.36 (KHTML, like Gecko; compatible; ClaudeBot/1.0; +claudebot@anthropic.com)"
102.89.85.19 - - [17/Jul/2026:12:29:20 +0000] "POST /unzipper.php HTTP/1.1" 200 1038 "https://montenegroput.me/unzipper.php" "Mozilla/5.0 (Windows NT 10.0; Win64; x64) AppleWebKit/537.36 (KHTML, like Gecko) Chrome/150.0.0.0 Safari/537.36"
