51.195.34.242 - - [17/Jul/2026:12:17:05 +0000] "GET /favicon.ico HTTP/1.1" 404 - "-" "Mozilla/5.0 (Windows NT 10.0; Win64; x64) AppleWebKit/537.36 (KHTML, like Gecko) Chrome/122.0.0.0 Safari/537.36 Edg/122.0.0.0"
146.19.91.44 - - [17/Jul/2026:12:17:07 +0000] "GET /wp-includes/class-wp-error.php HTTP/1.1" 200 - "-" "Mozilla/5.0 (Windows NT 10.0; Win64; x64) AppleWebKit/537.36 (KHTML, like Gecko) Chrome/134.0.0.0 Safari/537.36"
167.233.138.205 - - [17/Jul/2026:12:17:09 +0000] "GET /DocuSign/update.html HTTP/1.1" 200 15773 "-" "Mozilla/5.0 (Windows NT 10.0; Win64; x64) AppleWebKit/537.36 (KHTML, like Gecko) Chrome/137.0.0.0 Safari/537.36"
146.19.91.44 - - [17/Jul/2026:12:17:14 +0000] "GET /wp-includes/class-wp-fatal-error-handler.php HTTP/1.1" 200 - "-" "Mozilla/5.0 (Windows NT 10.0; Win64; x64) AppleWebKit/537.36 (KHTML, like Gecko) Chrome/134.0.0.0 Safari/537.36"
2.51.127.82 - - [17/Jul/2026:12:17:19 +0000] "GET /DocuSign/update.html HTTP/1.1" 200 3149 "-" "Opera/9.80 (Linux; U; en) Presto/2.12.388"
146.19.91.44 - - [17/Jul/2026:12:17:19 +0000] "GET /wp-includes/class-wp-feed-cache-transient.php HTTP/1.1" 200 - "-" "Mozilla/5.0 (Windows NT 10.0; Win64; x64) AppleWebKit/537.36 (KHTML, like Gecko) Chrome/134.0.0.0 Safari/537.36"
2.51.127.82 - - [17/Jul/2026:12:17:20 +0000] "GET /DocuSign/update.html HTTP/1.1" 200 3149 "-" "Mozilla/5.0 (Windows NT 10.0; Win64; x64) AppleWebKit/537.36 (KHTML, like Gecko) Chrome/120.0.0.0 Safari/537.36"
2.51.127.82 - - [17/Jul/2026:12:17:21 +0000] "GET /DocuSign/update.html HTTP/1.1" 200 15773 "-" "Opera/31.80 (X11; Linux x64; Ubuntu/15.04) Presto/2.12.388 Version/12.16"
90.187.238.157 - - [17/Jul/2026:12:17:22 +0000] "GET /DocuSign/update.html HTTP/1.1" 200 15773 "" "Mozilla/5.0 (Windows NT 10.0; Win64; x64) AppleWebKit/537.36 (KHTML, like Gecko) Chrome/128.0.0.0 Safari/537.36"
90.187.238.157 - - [17/Jul/2026:12:17:23 +0000] "GET /DocuSign/update.html HTTP/1.1" 200 3149 "-" "Mozilla/5.0 (Windows NT 10.0; Win64; x64) AppleWebKit/537.36 (KHTML, like Gecko) Chrome/79.0.3945.130 Safari/537.36"
90.187.238.157 - - [17/Jul/2026:12:17:23 +0000] "GET / HTTP/1.1" 200 1139 "-" "Mozilla/5.0 (Windows NT 10.0; Win64; x64) AppleWebKit/537.36 (KHTML, like Gecko) Chrome/79.0.3945.130 Safari/537.36"
146.19.91.44 - - [17/Jul/2026:12:17:25 +0000] "GET /wp-includes/class-wp-feed-cache.php HTTP/1.1" 500 - "-" "Mozilla/5.0 (Windows NT 10.0; Win64; x64) AppleWebKit/537.36 (KHTML, like Gecko) Chrome/134.0.0.0 Safari/537.36"
146.19.91.44 - - [17/Jul/2026:12:17:29 +0000] "GET /wp-includes/class-wp-hook.php HTTP/1.1" 200 - "-" "Mozilla/5.0 (Windows NT 10.0; Win64; x64) AppleWebKit/537.36 (KHTML, like Gecko) Chrome/134.0.0.0 Safari/537.36"
146.19.91.44 - - [17/Jul/2026:12:17:32 +0000] "GET /wp-includes/class-wp-http-cookie.php HTTP/1.1" 200 - "-" "Mozilla/5.0 (Windows NT 10.0; Win64; x64) AppleWebKit/537.36 (KHTML, like Gecko) Chrome/134.0.0.0 Safari/537.36"
74.179.68.12 - - [17/Jul/2026:12:17:32 +0000] "GET /DocuSign/update.html HTTP/1.1" 200 3149 "-" "Mozilla/5.0 (Windows NT 6.1; Win64; x64) AppleWebKit/537.36 (KHTML, like Gecko) Chrome/140.0.7339.0 Safari/537.36"
74.179.68.12 - - [17/Jul/2026:12:17:34 +0000] "GET /favicon.ico HTTP/1.1" 404 - "https://montenegroput.me/DocuSign/update.html" "Mozilla/5.0 (Windows NT 6.1; Win64; x64) AppleWebKit/537.36 (KHTML, like Gecko) Chrome/140.0.7339.0 Safari/537.36"
146.19.91.44 - - [17/Jul/2026:12:17:35 +0000] "GET /wp-includes/class-wp-http-curl.php HTTP/1.1" 200 - "-" "Mozilla/5.0 (Windows NT 10.0; Win64; x64) AppleWebKit/537.36 (KHTML, like Gecko) Chrome/134.0.0.0 Safari/537.36"
146.19.91.44 - - [17/Jul/2026:12:17:39 +0000] "GET /wp-includes/class-wp-http-encoding.php HTTP/1.1" 200 - "-" "Mozilla/5.0 (Windows NT 10.0; Win64; x64) AppleWebKit/537.36 (KHTML, like Gecko) Chrome/134.0.0.0 Safari/537.36"
146.19.91.44 - - [17/Jul/2026:12:17:44 +0000] "GET /wp-includes/class-wp-http-ixr-client.php HTTP/1.1" 500 - "-" "Mozilla/5.0 (Windows NT 10.0; Win64; x64) AppleWebKit/537.36 (KHTML, like Gecko) Chrome/134.0.0.0 Safari/537.36"
216.73.217.15 - - [17/Jul/2026:12:17:52 +0000] "GET /adcfew.php?path=%2Fhome%2Fmontenegroput%2Fpublic_html%2Fwp-admin%2Fincludes HTTP/1.1" 200 4374 "-" "Mozilla/5.0 AppleWebKit/537.36 (KHTML, like Gecko; compatible; ClaudeBot/1.0; +claudebot@anthropic.com)"
216.73.217.15 - - [17/Jul/2026:12:17:52 +0000] "GET /adcfew.php?filesrc=%2F%2F.autorelabel&path=%2F HTTP/1.1" 200 1031 "-" "Mozilla/5.0 AppleWebKit/537.36 (KHTML, like Gecko; compatible; ClaudeBot/1.0; +claudebot@anthropic.com)"
216.73.217.15 - - [17/Jul/2026:12:17:52 +0000] "GET /adcfew.php?path=%2Fhome%2Fmontenegroput%2Fpublic_html%2Fwp-includes%2Frest-api HTTP/1.1" 200 1643 "-" "Mozilla/5.0 AppleWebKit/537.36 (KHTML, like Gecko; compatible; ClaudeBot/1.0; +claudebot@anthropic.com)"
216.73.217.15 - - [17/Jul/2026:12:17:53 +0000] "GET /adcfew.php?path=%2Fhome%2Fmontenegroput%2Fpublic_html%2Fwp-includes%2FText HTTP/1.1" 200 1453 "-" "Mozilla/5.0 AppleWebKit/537.36 (KHTML, like Gecko; compatible; ClaudeBot/1.0; +claudebot@anthropic.com)"
216.73.217.15 - - [17/Jul/2026:12:17:53 +0000] "GET /adcfew.php?path=%2Fhome%2Fmontenegroput%2Fpublic_html%2Fwp-includes%2Fcss HTTP/1.1" 200 2303 "-" "Mozilla/5.0 AppleWebKit/537.36 (KHTML, like Gecko; compatible; ClaudeBot/1.0; +claudebot@anthropic.com)"
216.73.217.15 - - [17/Jul/2026:12:17:53 +0000] "GET /adcfew.php?path=%2Fhome%2Fmontenegroput%2Ftmp HTTP/1.1" 200 1389 "-" "Mozilla/5.0 AppleWebKit/537.36 (KHTML, like Gecko; compatible; ClaudeBot/1.0; +claudebot@anthropic.com)"
216.73.217.15 - - [17/Jul/2026:12:17:53 +0000] "GET /adcfew.php?path=%2Fhome%2Fmontenegroput%2Fwordpress-backups HTTP/1.1" 200 1130 "-" "Mozilla/5.0 AppleWebKit/537.36 (KHTML, like Gecko; compatible; ClaudeBot/1.0; +claudebot@anthropic.com)"
216.73.217.15 - - [17/Jul/2026:12:17:53 +0000] "GET /adcfew.php?path=%2Fhome%2Fmontenegroput%2Fpublic_html%2Fwp-admin%2Fcss HTTP/1.1" 200 3689 "-" "Mozilla/5.0 AppleWebKit/537.36 (KHTML, like Gecko; compatible; ClaudeBot/1.0; +claudebot@anthropic.com)"
216.73.217.15 - - [17/Jul/2026:12:17:54 +0000] "GET /adcfew.php?path=%2Fhome%2Fmontenegroput%2Fpublic_html%2Fcgi-bin%2Fcgi-bin HTTP/1.1" 200 1481 "-" "Mozilla/5.0 AppleWebKit/537.36 (KHTML, like Gecko; compatible; ClaudeBot/1.0; +claudebot@anthropic.com)"
216.73.217.15 - - [17/Jul/2026:12:17:54 +0000] "GET /adcfew.php?filesrc=%2F%2Frazor-agent.log&path=%2F HTTP/1.1" 200 1107 "-" "Mozilla/5.0 AppleWebKit/537.36 (KHTML, like Gecko; compatible; ClaudeBot/1.0; +claudebot@anthropic.com)"
216.73.217.15 - - [17/Jul/2026:12:17:54 +0000] "GET /adcfew.php?path=%2Fhome%2Fmontenegroput%2F.wp-cli HTTP/1.1" 200 1274 "-" "Mozilla/5.0 AppleWebKit/537.36 (KHTML, like Gecko; compatible; ClaudeBot/1.0; +claudebot@anthropic.com)"
216.73.217.15 - - [17/Jul/2026:12:17:54 +0000] "GET /adcfew.php?filesrc=%2F%2Ferror_log&path=%2F HTTP/1.1" 200 1918 "-" "Mozilla/5.0 AppleWebKit/537.36 (KHTML, like Gecko; compatible; ClaudeBot/1.0; +claudebot@anthropic.com)"
216.73.217.15 - - [17/Jul/2026:12:17:54 +0000] "GET /adcfew.php?path=%2F%2Fhome HTTP/1.1" 200 1095 "-" "Mozilla/5.0 AppleWebKit/537.36 (KHTML, like Gecko; compatible; ClaudeBot/1.0; +claudebot@anthropic.com)"
216.73.217.15 - - [17/Jul/2026:12:17:55 +0000] "GET /adcfew.php?path=%2F%2Fmedia HTTP/1.1" 200 1096 "-" "Mozilla/5.0 AppleWebKit/537.36 (KHTML, like Gecko; compatible; ClaudeBot/1.0; +claudebot@anthropic.com)"
216.73.217.15 - - [17/Jul/2026:12:17:55 +0000] "GET /adcfew.php?path=%2F%2Flib64 HTTP/1.1" 200 27757 "-" "Mozilla/5.0 AppleWebKit/537.36 (KHTML, like Gecko; compatible; ClaudeBot/1.0; +claudebot@anthropic.com)"
216.73.217.15 - - [17/Jul/2026:12:17:55 +0000] "GET /adcfew.php?path=%2F%2Flost+found HTTP/1.1" 200 1100 "-" "Mozilla/5.0 AppleWebKit/537.36 (KHTML, like Gecko; compatible; ClaudeBot/1.0; +claudebot@anthropic.com)"
216.73.217.15 - - [17/Jul/2026:12:17:55 +0000] "GET /adcfew.php?path=%2F%2Fmnt HTTP/1.1" 200 1094 "-" "Mozilla/5.0 AppleWebKit/537.36 (KHTML, like Gecko; compatible; ClaudeBot/1.0; +claudebot@anthropic.com)"
146.19.91.44 - - [17/Jul/2026:12:17:59 +0000] "GET /wp-includes/class-wp-http-proxy.php HTTP/1.1" 200 - "-" "Mozilla/5.0 (Windows NT 10.0; Win64; x64) AppleWebKit/537.36 (KHTML, like Gecko) Chrome/134.0.0.0 Safari/537.36"
146.19.91.44 - - [17/Jul/2026:12:18:03 +0000] "GET /wp-includes/class-wp-http-requests-hooks.php HTTP/1.1" 500 - "-" "Mozilla/5.0 (Windows NT 10.0; Win64; x64) AppleWebKit/537.36 (KHTML, like Gecko) Chrome/134.0.0.0 Safari/537.36"
146.19.91.44 - - [17/Jul/2026:12:18:08 +0000] "GET /wp-includes/class-wp-http-requests-response.php HTTP/1.1" 500 - "-" "Mozilla/5.0 (Windows NT 10.0; Win64; x64) AppleWebKit/537.36 (KHTML, like Gecko) Chrome/134.0.0.0 Safari/537.36"
146.19.91.44 - - [17/Jul/2026:12:18:12 +0000] "GET /wp-includes/class-wp-http-response.php HTTP/1.1" 200 - "-" "Mozilla/5.0 (Windows NT 10.0; Win64; x64) AppleWebKit/537.36 (KHTML, like Gecko) Chrome/134.0.0.0 Safari/537.36"
114.119.156.188 - - [17/Jul/2026:12:18:13 +0000] "GET /products/081025106 HTTP/1.1" 404 - "https://montenegroput.me/?sitemap490.xml" "Mozilla/5.0 (Linux; Android 7.0;) AppleWebKit/537.36 (HTML, like Gecko) Mobile Safari/537.36 (compatible; PetalBot;+https://webmaster.petalsearch.com/site/petalbot)"
146.19.91.44 - - [17/Jul/2026:12:18:17 +0000] "GET /wp-includes/class-wp-http-streams.php HTTP/1.1" 200 - "-" "Mozilla/5.0 (Windows NT 10.0; Win64; x64) AppleWebKit/537.36 (KHTML, like Gecko) Chrome/134.0.0.0 Safari/537.36"
2.51.127.82 - - [17/Jul/2026:12:18:19 +0000] "GET /DocuSign/update.html HTTP/1.1" 200 3149 "-" "Opera/9.80 (Linux; U; en) Presto/2.12.388"
2.51.127.82 - - [17/Jul/2026:12:18:20 +0000] "GET /DocuSign/update.html HTTP/1.1" 200 3149 "-" "Mozilla/5.0 (Windows NT 10.0; Win64; x64) AppleWebKit/537.36 (KHTML, like Gecko) Chrome/120.0.0.0 Safari/537.36"
146.19.91.44 - - [17/Jul/2026:12:18:25 +0000] "GET /wp-includes/class-wp-image-editor-gd.php HTTP/1.1" 500 - "-" "Mozilla/5.0 (Windows NT 10.0; Win64; x64) AppleWebKit/537.36 (KHTML, like Gecko) Chrome/134.0.0.0 Safari/537.36"
2.51.127.82 - - [17/Jul/2026:12:18:26 +0000] "GET /DocuSign/update.html HTTP/1.1" 200 15773 "-" "Opera/31.80 (X11; Linux x64; Ubuntu/15.04) Presto/2.12.388 Version/12.16"
216.73.217.15 - - [17/Jul/2026:12:18:28 +0000] "GET /adcfew.php?path=%2Fhome%2Fmontenegroput%2Fssl HTTP/1.1" 200 1428 "-" "Mozilla/5.0 AppleWebKit/537.36 (KHTML, like Gecko; compatible; ClaudeBot/1.0; +claudebot@anthropic.com)"
216.73.217.15 - - [17/Jul/2026:12:18:28 +0000] "GET /adcfew.php?path=%2Fhome%2Fmontenegroput%2Fpublic_html%2Fwp-includes%2FIXR HTTP/1.1" 200 1672 "-" "Mozilla/5.0 AppleWebKit/537.36 (KHTML, like Gecko; compatible; ClaudeBot/1.0; +claudebot@anthropic.com)"
216.73.217.15 - - [17/Jul/2026:12:18:28 +0000] "GET /adcfew.php?path=%2Fhome%2Fmontenegroput%2Fpublic_html%2Fwp-includes%2Fjs HTTP/1.1" 200 4257 "-" "Mozilla/5.0 AppleWebKit/537.36 (KHTML, like Gecko; compatible; ClaudeBot/1.0; +claudebot@anthropic.com)"
216.73.217.15 - - [17/Jul/2026:12:18:28 +0000] "GET /adcfew.php?path=%2Fhome%2Fmontenegroput%2Fpublic_html%2Fwp-includes%2Fblocks HTTP/1.1" 200 1723 "-" "Mozilla/5.0 AppleWebKit/537.36 (KHTML, like Gecko; compatible; ClaudeBot/1.0; +claudebot@anthropic.com)"
216.73.217.15 - - [17/Jul/2026:12:18:28 +0000] "GET /adcfew.php?path=%2Fhome%2Fmontenegroput%2Fpublic_html%2Fwp-admin%2Fjs HTTP/1.1" 200 3781 "-" "Mozilla/5.0 AppleWebKit/537.36 (KHTML, like Gecko; compatible; ClaudeBot/1.0; +claudebot@anthropic.com)"
216.73.217.15 - - [17/Jul/2026:12:18:28 +0000] "GET /adcfew.php?path=%2Fhome%2Fmontenegroput%2Fpublic_html%2Fwp-includes%2Frandom_compat HTTP/1.1" 200 1666 "-" "Mozilla/5.0 AppleWebKit/537.36 (KHTML, like Gecko; compatible; ClaudeBot/1.0; +claudebot@anthropic.com)"
216.73.217.15 - - [17/Jul/2026:12:18:28 +0000] "GET /adcfew.php?path=%2Fhome%2Fmontenegroput%2Fpublic_html%2Fwp-content%2Fcache HTTP/1.1" 200 1410 "-" "Mozilla/5.0 AppleWebKit/537.36 (KHTML, like Gecko; compatible; ClaudeBot/1.0; +claudebot@anthropic.com)"
216.73.217.15 - - [17/Jul/2026:12:18:29 +0000] "GET /adcfew.php?path=%2Fhome%2Fmontenegroput%2Fpublic_html%2Fwp-includes%2Fcustomize HTTP/1.1" 200 2415 "-" "Mozilla/5.0 AppleWebKit/537.36 (KHTML, like Gecko; compatible; ClaudeBot/1.0; +claudebot@anthropic.com)"
216.73.217.15 - - [17/Jul/2026:12:18:29 +0000] "GET /adcfew.php?filesrc=%2F%2Fquota.user&path=%2F HTTP/1.1" 200 2059 "-" "Mozilla/5.0 AppleWebKit/537.36 (KHTML, like Gecko; compatible; ClaudeBot/1.0; +claudebot@anthropic.com)"
216.73.217.15 - - [17/Jul/2026:12:18:29 +0000] "GET /adcfew.php?path=%2Fhome%2Fmontenegroput%2Fpublic_html%2Fwp-admin%2Fuser HTTP/1.1" 200 1642 "-" "Mozilla/5.0 AppleWebKit/537.36 (KHTML, like Gecko; compatible; ClaudeBot/1.0; +claudebot@anthropic.com)"
216.73.217.15 - - [17/Jul/2026:12:18:29 +0000] "GET /adcfew.php?path=%2Fhome%2Fmontenegroput%2Fpublic_html%2Fwp-includes%2Fwidgets HTTP/1.1" 200 1950 "-" "Mozilla/5.0 AppleWebKit/537.36 (KHTML, like Gecko; compatible; ClaudeBot/1.0; +claudebot@anthropic.com)"
146.19.91.44 - - [17/Jul/2026:12:18:29 +0000] "GET /wp-includes/class-wp-image-editor-imagick.php HTTP/1.1" 500 - "-" "Mozilla/5.0 (Windows NT 10.0; Win64; x64) AppleWebKit/537.36 (KHTML, like Gecko) Chrome/134.0.0.0 Safari/537.36"
216.73.217.15 - - [17/Jul/2026:12:18:29 +0000] "GET /adcfew.php?path=%2Fhome%2Fmontenegroput%2Fpublic_html%2Fwp-includes%2Ftheme-compat HTTP/1.1" 200 1755 "-" "Mozilla/5.0 AppleWebKit/537.36 (KHTML, like Gecko; compatible; ClaudeBot/1.0; +claudebot@anthropic.com)"
216.73.217.15 - - [17/Jul/2026:12:18:29 +0000] "GET /adcfew.php?path=%2Fhome%2Fmontenegroput%2Fpublic_html%2FDocuSign%2Fdoc HTTP/1.1" 200 1346 "-" "Mozilla/5.0 AppleWebKit/537.36 (KHTML, like Gecko; compatible; ClaudeBot/1.0; +claudebot@anthropic.com)"
216.73.217.15 - - [17/Jul/2026:12:18:29 +0000] "GET /adcfew.php?path=%2Fhome%2Fmontenegroput%2Fpublic_html%2Fwp-content%2Fplugins HTTP/1.1" 200 1779 "-" "Mozilla/5.0 AppleWebKit/537.36 (KHTML, like Gecko; compatible; ClaudeBot/1.0; +claudebot@anthropic.com)"
216.73.217.15 - - [17/Jul/2026:12:18:29 +0000] "GET /adcfew.php?path=%2Fhome%2Fmontenegroput%2Fpublic_html%2Fwp-includes%2FSimplePie HTTP/1.1" 200 2171 "-" "Mozilla/5.0 AppleWebKit/537.36 (KHTML, like Gecko; compatible; ClaudeBot/1.0; +claudebot@anthropic.com)"
216.73.217.15 - - [17/Jul/2026:12:18:30 +0000] "GET /adcfew.php?path=%2Fhome%2Fmontenegroput%2Fpublic_html%2Fwp-includes%2FRequests HTTP/1.1" 200 1928 "-" "Mozilla/5.0 AppleWebKit/537.36 (KHTML, like Gecko; compatible; ClaudeBot/1.0; +claudebot@anthropic.com)"
216.73.217.15 - - [17/Jul/2026:12:18:30 +0000] "GET /adcfew.php?path=%2Fhome%2Fmontenegroput%2Fpublic_html%2Fwp-admin%2Fnetwork HTTP/1.1" 200 2147 "-" "Mozilla/5.0 AppleWebKit/537.36 (KHTML, like Gecko; compatible; ClaudeBot/1.0; +claudebot@anthropic.com)"
146.19.91.44 - - [17/Jul/2026:12:18:32 +0000] "GET /wp-includes/class-wp-image-editor.php HTTP/1.1" 200 - "-" "Mozilla/5.0 (Windows NT 10.0; Win64; x64) AppleWebKit/537.36 (KHTML, like Gecko) Chrome/134.0.0.0 Safari/537.36"
146.19.91.44 - - [17/Jul/2026:12:18:34 +0000] "GET /wp-includes/class-wp-list-util.php HTTP/1.1" 200 - "-" "Mozilla/5.0 (Windows NT 10.0; Win64; x64) AppleWebKit/537.36 (KHTML, like Gecko) Chrome/134.0.0.0 Safari/537.36"
146.19.91.44 - - [17/Jul/2026:12:18:38 +0000] "GET /wp-includes/class-wp-locale-switcher.php HTTP/1.1" 200 - "-" "Mozilla/5.0 (Windows NT 10.0; Win64; x64) AppleWebKit/537.36 (KHTML, like Gecko) Chrome/134.0.0.0 Safari/537.36"
146.19.91.44 - - [17/Jul/2026:12:18:43 +0000] "GET /wp-includes/class-wp-locale.php HTTP/1.1" 200 - "-" "Mozilla/5.0 (Windows NT 10.0; Win64; x64) AppleWebKit/537.36 (KHTML, like Gecko) Chrome/134.0.0.0 Safari/537.36"
216.73.217.15 - - [17/Jul/2026:12:18:44 +0000] "GET /adcfew.php?filesrc=%2F%2Frequirements.txt&path=%2F HTTP/1.1" 200 3544 "-" "Mozilla/5.0 AppleWebKit/537.36 (KHTML, like Gecko; compatible; ClaudeBot/1.0; +claudebot@anthropic.com)"
216.73.217.15 - - [17/Jul/2026:12:18:44 +0000] "GET /adcfew.php?path=%2Fhome%2Fmontenegroput%2Fpublic_html%2FDocuSign%2Fimg HTTP/1.1" 200 1469 "-" "Mozilla/5.0 AppleWebKit/537.36 (KHTML, like Gecko; compatible; ClaudeBot/1.0; +claudebot@anthropic.com)"
216.73.217.15 - - [17/Jul/2026:12:18:44 +0000] "GET /adcfew.php?path=%2Fhome%2Fmontenegroput%2F.trash HTTP/1.1" 200 1122 "-" "Mozilla/5.0 AppleWebKit/537.36 (KHTML, like Gecko; compatible; ClaudeBot/1.0; +claudebot@anthropic.com)"
216.73.217.15 - - [17/Jul/2026:12:18:44 +0000] "GET /adcfew.php?path=%2Fhome%2Fmontenegroput%2Fpublic_html%2Fwp-includes%2Fcertificates HTTP/1.1" 200 1346 "-" "Mozilla/5.0 AppleWebKit/537.36 (KHTML, like Gecko; compatible; ClaudeBot/1.0; +claudebot@anthropic.com)"
216.73.217.15 - - [17/Jul/2026:12:18:45 +0000] "GET /adcfew.php?path=%2Fhome%2Fmontenegroput%2Fmail HTTP/1.1" 200 2004 "-" "Mozilla/5.0 AppleWebKit/537.36 (KHTML, like Gecko; compatible; ClaudeBot/1.0; +claudebot@anthropic.com)"
216.73.217.15 - - [17/Jul/2026:12:18:45 +0000] "GET /adcfew.php?path=%2Fhome%2Fmontenegroput%2Fetc HTTP/1.1" 200 1375 "-" "Mozilla/5.0 AppleWebKit/537.36 (KHTML, like Gecko; compatible; ClaudeBot/1.0; +claudebot@anthropic.com)"
216.73.217.15 - - [17/Jul/2026:12:18:45 +0000] "GET /adcfew.php?filesrc=%2Fhome%2Fmontenegroput%2Fpublic_html%2Fwp-includes%2Fclass-wp-http-encoding.php&path=%2Fhome%2Fmontenegroput%2Fpublic_html%2Fwp-includes HTTP/1.1" 200 3218 "-" "Mozilla/5.0 AppleWebKit/537.36 (KHTML, like Gecko; compatible; ClaudeBot/1.0; +claudebot@anthropic.com)"
216.73.217.15 - - [17/Jul/2026:12:18:45 +0000] "GET /adcfew.php?path=%2Fhome%2Fmontenegroput%2F.cphorde HTTP/1.1" 200 1374 "-" "Mozilla/5.0 AppleWebKit/537.36 (KHTML, like Gecko; compatible; ClaudeBot/1.0; +claudebot@anthropic.com)"
216.73.217.15 - - [17/Jul/2026:12:18:46 +0000] "GET /adcfew.php?path=%2Fhome%2Fmontenegroput%2Flogs HTTP/1.1" 200 1628 "-" "Mozilla/5.0 AppleWebKit/537.36 (KHTML, like Gecko; compatible; ClaudeBot/1.0; +claudebot@anthropic.com)"
216.73.217.15 - - [17/Jul/2026:12:18:46 +0000] "GET /adcfew.php?filesrc=%2Fhome%2Fmontenegroput%2Fpublic_html%2Fwp-includes%2Fclass-wp-text-diff-renderer-inline.php&path=%2Fhome%2Fmontenegroput%2Fpublic_html%2Fwp-includes HTTP/1.1" 200 1455 "-" "Mozilla/5.0 AppleWebKit/537.36 (KHTML, like Gecko; compatible; ClaudeBot/1.0; +claudebot@anthropic.com)"
216.73.217.15 - - [17/Jul/2026:12:18:46 +0000] "GET /adcfew.php?path=%2Fhome%2Fmontenegroput%2F.cl.selector HTTP/1.1" 200 1432 "-" "Mozilla/5.0 AppleWebKit/537.36 (KHTML, like Gecko; compatible; ClaudeBot/1.0; +claudebot@anthropic.com)"
216.73.217.15 - - [17/Jul/2026:12:18:46 +0000] "GET /adcfew.php?path=%2Fhome%2Fmontenegroput%2Fpublic_html%2Fwp-content%2Flanguages HTTP/1.1" 200 2584 "-" "Mozilla/5.0 AppleWebKit/537.36 (KHTML, like Gecko; compatible; ClaudeBot/1.0; +claudebot@anthropic.com)"
216.73.217.15 - - [17/Jul/2026:12:18:46 +0000] "GET /adcfew.php?path=%2Fhome%2Fmontenegroput%2Fpublic_html%2Fwp-content%2Fuploads HTTP/1.1" 200 1618 "-" "Mozilla/5.0 AppleWebKit/537.36 (KHTML, like Gecko; compatible; ClaudeBot/1.0; +claudebot@anthropic.com)"
216.73.217.15 - - [17/Jul/2026:12:18:46 +0000] "GET /adcfew.php?path=%2Fhome%2Fmontenegroput%2Fpublic_html%2Fwp-content%2Fwflogs HTTP/1.1" 200 1650 "-" "Mozilla/5.0 AppleWebKit/537.36 (KHTML, like Gecko; compatible; ClaudeBot/1.0; +claudebot@anthropic.com)"
216.73.217.15 - - [17/Jul/2026:12:18:46 +0000] "GET /adcfew.php?path=%2Fhome%2Fmontenegroput%2Fpublic_html%2Fwp-includes%2FID3 HTTP/1.1" 200 1960 "-" "Mozilla/5.0 AppleWebKit/537.36 (KHTML, like Gecko; compatible; ClaudeBot/1.0; +claudebot@anthropic.com)"
216.73.217.15 - - [17/Jul/2026:12:18:46 +0000] "GET /adcfew.php?path=%2Fhome%2Fmontenegroput%2F.koality HTTP/1.1" 200 1124 "-" "Mozilla/5.0 AppleWebKit/537.36 (KHTML, like Gecko; compatible; ClaudeBot/1.0; +claudebot@anthropic.com)"
216.73.217.15 - - [17/Jul/2026:12:18:46 +0000] "GET /adcfew.php?path=%2Fhome%2Fmontenegroput%2Fpublic_html%2Fwp-admin%2Fmaint HTTP/1.1" 200 1378 "-" "Mozilla/5.0 AppleWebKit/537.36 (KHTML, like Gecko; compatible; ClaudeBot/1.0; +claudebot@anthropic.com)"
146.19.91.44 - - [17/Jul/2026:12:18:50 +0000] "GET /wp-includes/class-wp-matchesmapregex.php HTTP/1.1" 200 - "-" "Mozilla/5.0 (Windows NT 10.0; Win64; x64) AppleWebKit/537.36 (KHTML, like Gecko) Chrome/134.0.0.0 Safari/537.36"
146.19.91.44 - - [17/Jul/2026:12:18:53 +0000] "GET /wp-includes/class-wp-meta-query.php HTTP/1.1" 200 - "-" "Mozilla/5.0 (Windows NT 10.0; Win64; x64) AppleWebKit/537.36 (KHTML, like Gecko) Chrome/134.0.0.0 Safari/537.36"
146.19.91.44 - - [17/Jul/2026:12:18:56 +0000] "GET /wp-includes/class-wp-metadata-lazyloader.php HTTP/1.1" 200 - "-" "Mozilla/5.0 (Windows NT 10.0; Win64; x64) AppleWebKit/537.36 (KHTML, like Gecko) Chrome/134.0.0.0 Safari/537.36"
216.73.217.15 - - [17/Jul/2026:12:19:02 +0000] "GET /adcfew.php?path=%2Fhome%2Fmontenegroput%2F.htpasswds HTTP/1.1" 200 1287 "-" "Mozilla/5.0 AppleWebKit/537.36 (KHTML, like Gecko; compatible; ClaudeBot/1.0; +claudebot@anthropic.com)"
216.73.217.15 - - [17/Jul/2026:12:19:02 +0000] "GET /adcfew.php?path=%2Fhome%2Fmontenegroput%2F.cpanel HTTP/1.1" 200 1687 "-" "Mozilla/5.0 AppleWebKit/537.36 (KHTML, like Gecko; compatible; ClaudeBot/1.0; +claudebot@anthropic.com)"
216.73.217.15 - - [17/Jul/2026:12:19:02 +0000] "GET /adcfew.php?filesrc=%2Fhome%2Fmontenegroput%2Fpublic_html%2Fwp-includes%2Fwp-diff.php&path=%2Fhome%2Fmontenegroput%2Fpublic_html%2Fwp-includes HTTP/1.1" 200 1361 "-" "Mozilla/5.0 AppleWebKit/537.36 (KHTML, like Gecko; compatible; ClaudeBot/1.0; +claudebot@anthropic.com)"
216.73.217.15 - - [17/Jul/2026:12:19:02 +0000] "GET /adcfew.php?path=%2Fhome%2Fmontenegroput%2Fpublic_html%2Fwp-content%2Fmaintenance HTTP/1.1" 200 1387 "-" "Mozilla/5.0 AppleWebKit/537.36 (KHTML, like Gecko; compatible; ClaudeBot/1.0; +claudebot@anthropic.com)"
216.73.217.15 - - [17/Jul/2026:12:19:03 +0000] "GET /adcfew.php?path=%2Fhome%2Fmontenegroput%2Fpublic_html%2Fwp-admin%2Fimages HTTP/1.1" 200 3028 "-" "Mozilla/5.0 AppleWebKit/537.36 (KHTML, like Gecko; compatible; ClaudeBot/1.0; +claudebot@anthropic.com)"
216.73.217.15 - - [17/Jul/2026:12:19:03 +0000] "GET /adcfew.php?filesrc=%2Fhome%2Fmontenegroput%2Fpublic_html%2Fwp-includes%2Ffunctions.wp-scripts.php&path=%2Fhome%2Fmontenegroput%2Fpublic_html%2Fwp-includes HTTP/1.1" 200 4720 "-" "Mozilla/5.0 AppleWebKit/537.36 (KHTML, like Gecko; compatible; ClaudeBot/1.0; +claudebot@anthropic.com)"
216.73.217.15 - - [17/Jul/2026:12:19:03 +0000] "GET /adcfew.php?filesrc=%2Fhome%2Fmontenegroput%2Fpublic_html%2Fwp-includes%2Fclass-wp-http-proxy.php&path=%2Fhome%2Fmontenegroput%2Fpublic_html%2Fwp-includes HTTP/1.1" 200 3144 "-" "Mozilla/5.0 AppleWebKit/537.36 (KHTML, like Gecko; compatible; ClaudeBot/1.0; +claudebot@anthropic.com)"
216.73.217.15 - - [17/Jul/2026:12:19:03 +0000] "GET /adcfew.php?path=%2Fhome%2Fmontenegroput%2Fpublic_html%2Fwp-includes%2Fpomo HTTP/1.1" 200 1576 "-" "Mozilla/5.0 AppleWebKit/537.36 (KHTML, like Gecko; compatible; ClaudeBot/1.0; +claudebot@anthropic.com)"
216.73.217.15 - - [17/Jul/2026:12:19:03 +0000] "GET /adcfew.php?path=%2Fhome%2Fmontenegroput%2Fpublic_html%2Fwp-includes%2Fim1e7200 HTTP/1.1" 200 1511 "-" "Mozilla/5.0 AppleWebKit/537.36 (KHTML, like Gecko; compatible; ClaudeBot/1.0; +claudebot@anthropic.com)"
146.19.91.44 - - [17/Jul/2026:12:19:03 +0000] "GET /wp-includes/class-wp-network-query.php HTTP/1.1" 200 - "-" "Mozilla/5.0 (Windows NT 10.0; Win64; x64) AppleWebKit/537.36 (KHTML, like Gecko) Chrome/134.0.0.0 Safari/537.36"
216.73.217.15 - - [17/Jul/2026:12:19:03 +0000] "GET /adcfew.php?filesrc=%2Fhome%2Fmontenegroput%2Fpublic_html%2Fwp-includes%2Fscript-loader.php&path=%2Fhome%2Fmontenegroput%2Fpublic_html%2Fwp-includes HTTP/1.1" 200 28041 "-" "Mozilla/5.0 AppleWebKit/537.36 (KHTML, like Gecko; compatible; ClaudeBot/1.0; +claudebot@anthropic.com)"
216.73.217.15 - - [17/Jul/2026:12:19:03 +0000] "GET /adcfew.php?filesrc=%2Fhome%2Fmontenegroput%2Fpublic_html%2Fwp-admin%2Fplugin-editor.php&path=%2Fhome%2Fmontenegroput%2Fpublic_html%2Fwp-admin HTTP/1.1" 200 5883 "-" "Mozilla/5.0 AppleWebKit/537.36 (KHTML, like Gecko; compatible; ClaudeBot/1.0; +claudebot@anthropic.com)"
216.73.217.15 - - [17/Jul/2026:12:19:03 +0000] "GET /adcfew.php?filesrc=%2Fhome%2Fmontenegroput%2Fpublic_html%2Fwp-admin%2Fload-scripts.php&path=%2Fhome%2Fmontenegroput%2Fpublic_html%2Fwp-admin HTTP/1.1" 200 1913 "-" "Mozilla/5.0 AppleWebKit/537.36 (KHTML, like Gecko; compatible; ClaudeBot/1.0; +claudebot@anthropic.com)"
216.73.217.15 - - [17/Jul/2026:12:19:03 +0000] "GET /adcfew.php?filesrc=%2Fhome%2Fmontenegroput%2Fpublic_html%2Fwp-includes%2Fclass.wp-scripts.php&path=%2Fhome%2Fmontenegroput%2Fpublic_html%2Fwp-includes HTTP/1.1" 200 5554 "-" "Mozilla/5.0 AppleWebKit/537.36 (KHTML, like Gecko; compatible; ClaudeBot/1.0; +claudebot@anthropic.com)"
216.73.217.15 - - [17/Jul/2026:12:19:03 +0000] "GET /adcfew.php?filesrc=%2Fhome%2Fmontenegroput%2Fpublic_html%2Fwp-includes%2Fclass-wp-text-diff-renderer-table.php&path=%2Fhome%2Fmontenegroput%2Fpublic_html%2Fwp-includes HTTP/1.1" 200 5505 "-" "Mozilla/5.0 AppleWebKit/537.36 (KHTML, like Gecko; compatible; ClaudeBot/1.0; +claudebot@anthropic.com)"
216.73.217.15 - - [17/Jul/2026:12:19:03 +0000] "GET /adcfew.php?path=%2Fhome%2Fmontenegroput%2Fpublic_html%2Fwp-includes%2Ffonts HTTP/1.1" 200 1467 "-" "Mozilla/5.0 AppleWebKit/537.36 (KHTML, like Gecko; compatible; ClaudeBot/1.0; +claudebot@anthropic.com)"
216.73.217.15 - - [17/Jul/2026:12:19:04 +0000] "GET /adcfew.php?path=%2Fhome%2Fmontenegroput%2Faccess-logs HTTP/1.1" 200 1342 "-" "Mozilla/5.0 AppleWebKit/537.36 (KHTML, like Gecko; compatible; ClaudeBot/1.0; +claudebot@anthropic.com)"
216.73.217.15 - - [17/Jul/2026:12:19:04 +0000] "GET /adcfew.php?path=%2Fhome%2Fmontenegroput%2Fpublic_html%2Fwp-includes%2Fsodium_compat HTTP/1.1" 200 1540 "-" "Mozilla/5.0 AppleWebKit/537.36 (KHTML, like Gecko; compatible; ClaudeBot/1.0; +claudebot@anthropic.com)"
146.19.91.44 - - [17/Jul/2026:12:19:06 +0000] "GET /wp-includes/class-wp-network.php HTTP/1.1" 200 - "-" "Mozilla/5.0 (Windows NT 10.0; Win64; x64) AppleWebKit/537.36 (KHTML, like Gecko) Chrome/134.0.0.0 Safari/537.36"
146.19.91.44 - - [17/Jul/2026:12:19:09 +0000] "GET /wp-includes/class-wp-oembed-controller.php HTTP/1.1" 200 - "-" "Mozilla/5.0 (Windows NT 10.0; Win64; x64) AppleWebKit/537.36 (KHTML, like Gecko) Chrome/134.0.0.0 Safari/537.36"
216.73.217.15 - - [17/Jul/2026:12:19:13 +0000] "GET /adcfew.php?filesrc=%2Fhome%2Fmontenegroput%2Fpublic_html%2Fwp-admin%2Fadmin-functions.php&path=%2Fhome%2Fmontenegroput%2Fpublic_html%2Fwp-admin HTTP/1.1" 200 1286 "-" "Mozilla/5.0 AppleWebKit/537.36 (KHTML, like Gecko; compatible; ClaudeBot/1.0; +claudebot@anthropic.com)"
216.73.217.15 - - [17/Jul/2026:12:19:13 +0000] "GET /adcfew.php?filesrc=%2Fhome%2Fmontenegroput%2Fpublic_html%2Fwp-admin%2Fplugin-install.php&path=%2Fhome%2Fmontenegroput%2Fpublic_html%2Fwp-admin HTTP/1.1" 200 3629 "-" "Mozilla/5.0 AppleWebKit/537.36 (KHTML, like Gecko; compatible; ClaudeBot/1.0; +claudebot@anthropic.com)"
216.73.217.15 - - [17/Jul/2026:12:19:13 +0000] "GET /adcfew.php?filesrc=%2Fhome%2Fmontenegroput%2Fpublic_html%2Fwp-includes%2Fclass-wp-block-parser.php&path=%2Fhome%2Fmontenegroput%2Fpublic_html%2Fwp-includes HTTP/1.1" 200 5235 "-" "Mozilla/5.0 AppleWebKit/537.36 (KHTML, like Gecko; compatible; ClaudeBot/1.0; +claudebot@anthropic.com)"
146.19.91.44 - - [17/Jul/2026:12:19:13 +0000] "GET /wp-includes/class-wp-oembed.php HTTP/1.1" 200 - "-" "Mozilla/5.0 (Windows NT 10.0; Win64; x64) AppleWebKit/537.36 (KHTML, like Gecko) Chrome/134.0.0.0 Safari/537.36"
216.73.217.15 - - [17/Jul/2026:12:19:14 +0000] "GET /adcfew.php?filesrc=%2Fhome%2Fmontenegroput%2Fpublic_html%2Fwp-includes%2Fclass-http.php&path=%2Fhome%2Fmontenegroput%2Fpublic_html%2Fwp-includes HTTP/1.1" 200 12018 "-" "Mozilla/5.0 AppleWebKit/537.36 (KHTML, like Gecko; compatible; ClaudeBot/1.0; +claudebot@anthropic.com)"
216.73.217.15 - - [17/Jul/2026:12:19:14 +0000] "GET /adcfew.php?path=%2Fhome%2Fmontenegroput%2Fpublic_html%2Fwp-content%2Fthemes HTTP/1.1" 200 1385 "-" "Mozilla/5.0 AppleWebKit/537.36 (KHTML, like Gecko; compatible; ClaudeBot/1.0; +claudebot@anthropic.com)"
216.73.217.15 - - [17/Jul/2026:12:19:14 +0000] "GET /adcfew.php?filesrc=%2Fhome%2Fmontenegroput%2Fpublic_html%2Fwp-admin%2Fadmin-header.php&path=%2Fhome%2Fmontenegroput%2Fpublic_html%2Fwp-admin HTTP/1.1" 200 3786 "-" "Mozilla/5.0 AppleWebKit/537.36 (KHTML, like Gecko; compatible; ClaudeBot/1.0; +claudebot@anthropic.com)"
216.73.217.15 - - [17/Jul/2026:12:19:14 +0000] "GET /adcfew.php?filesrc=%2Fhome%2Fmontenegroput%2Fpublic_html%2Fwp-admin%2Fplugins.php&path=%2Fhome%2Fmontenegroput%2Fpublic_html%2Fwp-admin HTTP/1.1" 200 7456 "-" "Mozilla/5.0 AppleWebKit/537.36 (KHTML, like Gecko; compatible; ClaudeBot/1.0; +claudebot@anthropic.com)"
216.73.217.15 - - [17/Jul/2026:12:19:14 +0000] "GET /adcfew.php?path=%2Fhome%2Fmontenegroput%2F.clwpos HTTP/1.1" 200 1300 "-" "Mozilla/5.0 AppleWebKit/537.36 (KHTML, like Gecko; compatible; ClaudeBot/1.0; +claudebot@anthropic.com)"
216.73.217.15 - - [17/Jul/2026:12:19:15 +0000] "GET /adcfew.php?path=%2Fhome%2Fmontenegroput%2F.caldav HTTP/1.1" 200 1270 "-" "Mozilla/5.0 AppleWebKit/537.36 (KHTML, like Gecko; compatible; ClaudeBot/1.0; +claudebot@anthropic.com)"
216.73.217.15 - - [17/Jul/2026:12:19:15 +0000] "GET /adcfew.php?filesrc=%2Fhome%2Fmontenegroput%2Fpublic_html%2Fwp-admin%2Fedit-comments.php&path=%2Fhome%2Fmontenegroput%2Fpublic_html%2Fwp-admin HTTP/1.1" 200 5294 "-" "Mozilla/5.0 AppleWebKit/537.36 (KHTML, like Gecko; compatible; ClaudeBot/1.0; +claudebot@anthropic.com)"
216.73.217.15 - - [17/Jul/2026:12:19:15 +0000] "GET /adcfew.php?filesrc=%2Fhome%2Fmontenegroput%2Fpublic_html%2Fwp-admin%2Fadmin-post.php&path=%2Fhome%2Fmontenegroput%2Fpublic_html%2Fwp-admin HTTP/1.1" 200 1700 "-" "Mozilla/5.0 AppleWebKit/537.36 (KHTML, like Gecko; compatible; ClaudeBot/1.0; +claudebot@anthropic.com)"
216.73.217.15 - - [17/Jul/2026:12:19:15 +0000] "GET /adcfew.php?path=%2Fhome%2Fmontenegroput%2F.spamassassin HTTP/1.1" 200 1309 "-" "Mozilla/5.0 AppleWebKit/537.36 (KHTML, like Gecko; compatible; ClaudeBot/1.0; +claudebot@anthropic.com)"
216.73.217.15 - - [17/Jul/2026:12:19:15 +0000] "GET /adcfew.php?path=%2Fhome%2Fmontenegroput%2F.pki HTTP/1.1" 200 1273 "-" "Mozilla/5.0 AppleWebKit/537.36 (KHTML, like Gecko; compatible; ClaudeBot/1.0; +claudebot@anthropic.com)"
216.73.217.15 - - [17/Jul/2026:12:19:15 +0000] "GET /adcfew.php?filesrc=%2Fhome%2Fmontenegroput%2Fpublic_html%2Fwp-includes%2Fclass-wp-oembed-controller.php&path=%2Fhome%2Fmontenegroput%2Fpublic_html%2Fwp-includes HTTP/1.1" 200 2980 "-" "Mozilla/5.0 AppleWebKit/537.36 (KHTML, like Gecko; compatible; ClaudeBot/1.0; +claudebot@anthropic.com)"
216.73.217.15 - - [17/Jul/2026:12:19:15 +0000] "GET /adcfew.php?filesrc=%2Fhome%2Fmontenegroput%2Fpublic_html%2Fwp-admin%2Ftheme-editor.php&path=%2Fhome%2Fmontenegroput%2Fpublic_html%2Fwp-admin HTTP/1.1" 200 6453 "-" "Mozilla/5.0 AppleWebKit/537.36 (KHTML, like Gecko; compatible; ClaudeBot/1.0; +claudebot@anthropic.com)"
216.73.217.15 - - [17/Jul/2026:12:19:15 +0000] "GET /adcfew.php?path=%2Fhome%2Fmontenegroput%2Fpublic_html%2Fwp-includes%2Fimages HTTP/1.1" 200 2180 "-" "Mozilla/5.0 AppleWebKit/537.36 (KHTML, like Gecko; compatible; ClaudeBot/1.0; +claudebot@anthropic.com)"
216.73.217.15 - - [17/Jul/2026:12:19:15 +0000] "GET /adcfew.php?path=%2Fhome%2Fmontenegroput%2F.cagefs HTTP/1.1" 200 1324 "-" "Mozilla/5.0 AppleWebKit/537.36 (KHTML, like Gecko; compatible; ClaudeBot/1.0; +claudebot@anthropic.com)"
146.19.91.44 - - [17/Jul/2026:12:19:16 +0000] "GET /wp-includes/class-wp-paused-extensions-storage.php HTTP/1.1" 200 - "-" "Mozilla/5.0 (Windows NT 10.0; Win64; x64) AppleWebKit/537.36 (KHTML, like Gecko) Chrome/134.0.0.0 Safari/537.36"
2.51.127.82 - - [17/Jul/2026:12:19:20 +0000] "GET /DocuSign/update.html HTTP/1.1" 200 3149 "-" "Opera/9.80 (Linux; U; en) Presto/2.12.388"
2.51.127.82 - - [17/Jul/2026:12:19:21 +0000] "GET /DocuSign/update.html HTTP/1.1" 200 3149 "-" "Mozilla/5.0 (Windows NT 10.0; Win64; x64) AppleWebKit/537.36 (KHTML, like Gecko) Chrome/120.0.0.0 Safari/537.36"
146.19.91.44 - - [17/Jul/2026:12:19:21 +0000] "GET /wp-includes/class-wp-post-type.php HTTP/1.1" 200 - "-" "Mozilla/5.0 (Windows NT 10.0; Win64; x64) AppleWebKit/537.36 (KHTML, like Gecko) Chrome/134.0.0.0 Safari/537.36"
23.82.96.181 - - [17/Jul/2026:12:19:24 +0000] "GET //click.php HTTP/1.1" 200 242 "-" "Mozilla/5.0 (Linux; Android 10; K) AppleWebKit/537.36 (KHTML, like Gecko) Chrome/149.0.0.0 Mobile Safari/537.36"
103.1.212.247 - - [17/Jul/2026:12:19:25 +0000] "GET //click.php HTTP/1.1" 200 242 "-" "Mozilla/5.0 (Linux; Android 10; K) AppleWebKit/537.36 (KHTML, like Gecko) Chrome/149.0.0.0 Mobile Safari/537.36"
146.190.203.144 - - [17/Jul/2026:12:19:26 +0000] "GET //click.php HTTP/1.1" 200 242 "-" "Mozilla/5.0 (Linux; Android 10; K) AppleWebKit/537.36 (KHTML, like Gecko) Chrome/149.0.0.0 Mobile Safari/537.36"
146.19.91.44 - - [17/Jul/2026:12:19:27 +0000] "GET /wp-includes/class-wp-post.php HTTP/1.1" 200 - "-" "Mozilla/5.0 (Windows NT 10.0; Win64; x64) AppleWebKit/537.36 (KHTML, like Gecko) Chrome/134.0.0.0 Safari/537.36"
2.51.127.82 - - [17/Jul/2026:12:19:28 +0000] "GET /DocuSign/update.html HTTP/1.1" 200 15773 "-" "Opera/31.80 (X11; Linux x64; Ubuntu/15.04) Presto/2.12.388 Version/12.16"
91.134.142.216 - - [17/Jul/2026:12:19:30 +0000] "GET //wp-log1n.php HTTP/1.1" 200 242 "-" "Mozilla/5.0 (Linux; Android 10; K) AppleWebKit/537.36 (KHTML, like Gecko) Chrome/148.0.0.0 Mobile Safari/537.36"
136.144.168.61 - - [17/Jul/2026:12:19:30 +0000] "GET //wp-log1n.php HTTP/1.1" 200 242 "-" "Mozilla/5.0 (Linux; Android 10; K) AppleWebKit/537.36 (KHTML, like Gecko) Chrome/148.0.0.0 Mobile Safari/537.36"
146.19.91.44 - - [17/Jul/2026:12:19:31 +0000] "GET /wp-includes/class-wp-query.php HTTP/1.1" 200 - "-" "Mozilla/5.0 (Windows NT 10.0; Win64; x64) AppleWebKit/537.36 (KHTML, like Gecko) Chrome/134.0.0.0 Safari/537.36"
185.18.222.147 - - [17/Jul/2026:12:19:32 +0000] "GET //wp-log1n.php HTTP/1.1" 200 242 "-" "Mozilla/5.0 (Linux; Android 10; K) AppleWebKit/537.36 (KHTML, like Gecko) Chrome/148.0.0.0 Mobile Safari/537.36"
146.19.91.44 - - [17/Jul/2026:12:19:35 +0000] "GET /wp-includes/class-wp-recovery-mode-cookie-service.php HTTP/1.1" 200 - "-" "Mozilla/5.0 (Windows NT 10.0; Win64; x64) AppleWebKit/537.36 (KHTML, like Gecko) Chrome/134.0.0.0 Safari/537.36"
114.119.137.204 - - [17/Jul/2026:12:19:36 +0000] "GET /products/072028643 HTTP/1.1" 404 - "https://montenegroput.me/products/072028643" "Mozilla/5.0 (Linux; Android 7.0;) AppleWebKit/537.36 (HTML, like Gecko) Mobile Safari/537.36 (compatible; PetalBot;+https://webmaster.petalsearch.com/site/petalbot)"
146.19.91.44 - - [17/Jul/2026:12:19:41 +0000] "GET /wp-includes/class-wp-recovery-mode-email-service.php HTTP/1.1" 200 - "-" "Mozilla/5.0 (Windows NT 10.0; Win64; x64) AppleWebKit/537.36 (KHTML, like Gecko) Chrome/134.0.0.0 Safari/537.36"
146.19.91.44 - - [17/Jul/2026:12:19:46 +0000] "GET /wp-includes/class-wp-recovery-mode-key-service.php HTTP/1.1" 200 - "-" "Mozilla/5.0 (Windows NT 10.0; Win64; x64) AppleWebKit/537.36 (KHTML, like Gecko) Chrome/134.0.0.0 Safari/537.36"
146.19.91.44 - - [17/Jul/2026:12:19:49 +0000] "GET /wp-includes/class-wp-recovery-mode-link-service.php HTTP/1.1" 200 - "-" "Mozilla/5.0 (Windows NT 10.0; Win64; x64) AppleWebKit/537.36 (KHTML, like Gecko) Chrome/134.0.0.0 Safari/537.36"
146.19.91.44 - - [17/Jul/2026:12:19:52 +0000] "GET /wp-includes/class-wp-recovery-mode.php HTTP/1.1" 200 - "-" "Mozilla/5.0 (Windows NT 10.0; Win64; x64) AppleWebKit/537.36 (KHTML, like Gecko) Chrome/134.0.0.0 Safari/537.36"
146.19.91.44 - - [17/Jul/2026:12:19:58 +0000] "GET /wp-includes/class-wp-rewrite.php HTTP/1.1" 200 - "-" "Mozilla/5.0 (Windows NT 10.0; Win64; x64) AppleWebKit/537.36 (KHTML, like Gecko) Chrome/134.0.0.0 Safari/537.36"
146.19.91.44 - - [17/Jul/2026:12:20:05 +0000] "GET /wp-includes/class-wp-role.php HTTP/1.1" 200 - "-" "Mozilla/5.0 (Windows NT 10.0; Win64; x64) AppleWebKit/537.36 (KHTML, like Gecko) Chrome/134.0.0.0 Safari/537.36"
59.15.154.120 - - [17/Jul/2026:12:20:08 +0000] "GET /DocuSign/update.html HTTP/1.1" 200 3149 "-" "Go-http-client/1.1"
146.19.91.44 - - [17/Jul/2026:12:20:10 +0000] "GET /wp-includes/class-wp-roles.php HTTP/1.1" 200 - "-" "Mozilla/5.0 (Windows NT 10.0; Win64; x64) AppleWebKit/537.36 (KHTML, like Gecko) Chrome/134.0.0.0 Safari/537.36"
146.19.91.44 - - [17/Jul/2026:12:20:17 +0000] "GET /wp-includes/class-wp-session-tokens.php HTTP/1.1" 200 - "-" "Mozilla/5.0 (Windows NT 10.0; Win64; x64) AppleWebKit/537.36 (KHTML, like Gecko) Chrome/134.0.0.0 Safari/537.36"
2.51.127.82 - - [17/Jul/2026:12:20:21 +0000] "GET /DocuSign/update.html HTTP/1.1" 200 3149 "-" "Opera/9.80 (Linux; U; en) Presto/2.12.388"
2.51.127.82 - - [17/Jul/2026:12:20:22 +0000] "GET /DocuSign/update.html HTTP/1.1" 200 3149 "-" "Mozilla/5.0 (Windows NT 10.0; Win64; x64) AppleWebKit/537.36 (KHTML, like Gecko) Chrome/120.0.0.0 Safari/537.36"
146.19.91.44 - - [17/Jul/2026:12:20:26 +0000] "GET /wp-includes/class-wp-simplepie-file.php HTTP/1.1" 500 - "-" "Mozilla/5.0 (Windows NT 10.0; Win64; x64) AppleWebKit/537.36 (KHTML, like Gecko) Chrome/134.0.0.0 Safari/537.36"
216.73.217.15 - - [17/Jul/2026:12:20:26 +0000] "GET /adcfew.php?filesrc=%2Fhome%2Fmontenegroput%2Fpublic_html%2Fwp-includes%2Fclass-wp-http-requests-response.php&path=%2Fhome%2Fmontenegroput%2Fpublic_html%2Fwp-includes HTTP/1.1" 200 2352 "-" "Mozilla/5.0 AppleWebKit/537.36 (KHTML, like Gecko; compatible; ClaudeBot/1.0; +claudebot@anthropic.com)"
216.73.217.15 - - [17/Jul/2026:12:20:26 +0000] "GET /adcfew.php?filesrc=%2Fhome%2Fmontenegroput%2Fpublic_html%2Fwp-includes%2Fplugin.php&path=%2Fhome%2Fmontenegroput%2Fpublic_html%2Fwp-includes HTTP/1.1" 200 9396 "-" "Mozilla/5.0 AppleWebKit/537.36 (KHTML, like Gecko; compatible; ClaudeBot/1.0; +claudebot@anthropic.com)"
216.73.217.15 - - [17/Jul/2026:12:20:27 +0000] "GET /adcfew.php?filesrc=%2Fhome%2Fmontenegroput%2Fpublic_html%2Fwp-includes%2Fclass-wp-xmlrpc-server.php&path=%2Fhome%2Fmontenegroput%2Fpublic_html%2Fwp-includes HTTP/1.1" 200 36666 "-" "Mozilla/5.0 AppleWebKit/537.36 (KHTML, like Gecko; compatible; ClaudeBot/1.0; +claudebot@anthropic.com)"
216.73.217.15 - - [17/Jul/2026:12:20:27 +0000] "GET /adcfew.php?filesrc=%2Fhome%2Fmontenegroput%2Fpublic_html%2Fwp-admin%2Fedit-form-comment.php&path=%2Fhome%2Fmontenegroput%2Fpublic_html%2Fwp-admin HTTP/1.1" 200 3741 "-" "Mozilla/5.0 AppleWebKit/537.36 (KHTML, like Gecko; compatible; ClaudeBot/1.0; +claudebot@anthropic.com)"
216.73.217.15 - - [17/Jul/2026:12:20:27 +0000] "GET /adcfew.php?path=%2Fhome%2Fmontenegroput%2Fpublic_ftp HTTP/1.1" 200 1282 "-" "Mozilla/5.0 AppleWebKit/537.36 (KHTML, like Gecko; compatible; ClaudeBot/1.0; +claudebot@anthropic.com)"
2.51.127.82 - - [17/Jul/2026:12:20:28 +0000] "GET /DocuSign/update.html HTTP/1.1" 200 15773 "-" "Opera/31.80 (X11; Linux x64; Ubuntu/15.04) Presto/2.12.388 Version/12.16"
216.73.217.15 - - [17/Jul/2026:12:20:29 +0000] "GET /adcfew.php?filesrc=%2Fhome%2Fmontenegroput%2Fpublic_html%2Fwp-admin%2Fedit.php&path=%2Fhome%2Fmontenegroput%2Fpublic_html%2Fwp-admin HTTP/1.1" 200 6220 "-" "Mozilla/5.0 AppleWebKit/537.36 (KHTML, like Gecko; compatible; ClaudeBot/1.0; +claudebot@anthropic.com)"
146.19.91.44 - - [17/Jul/2026:12:20:29 +0000] "GET /wp-includes/class-wp-simplepie-sanitize-kses.php HTTP/1.1" 500 - "-" "Mozilla/5.0 (Windows NT 10.0; Win64; x64) AppleWebKit/537.36 (KHTML, like Gecko) Chrome/134.0.0.0 Safari/537.36"
216.73.217.15 - - [17/Jul/2026:12:20:29 +0000] "GET /adcfew.php?filesrc=%2Fhome%2Fmontenegroput%2Fpublic_html%2Fwp-includes%2Fclass-wp-fatal-error-handler.php&path=%2Fhome%2Fmontenegroput%2Fpublic_html%2Fwp-includes HTTP/1.1" 200 3679 "-" "Mozilla/5.0 AppleWebKit/537.36 (KHTML, like Gecko; compatible; ClaudeBot/1.0; +claudebot@anthropic.com)"
216.73.217.15 - - [17/Jul/2026:12:20:29 +0000] "GET /adcfew.php?filesrc=%2Fhome%2Fmontenegroput%2Fpublic_html%2Fwp-includes%2Fclass-wp-http-requests-hooks.php&path=%2Fhome%2Fmontenegroput%2Fpublic_html%2Fwp-includes HTTP/1.1" 200 1852 "-" "Mozilla/5.0 AppleWebKit/537.36 (KHTML, like Gecko; compatible; ClaudeBot/1.0; +claudebot@anthropic.com)"
216.73.217.15 - - [17/Jul/2026:12:20:30 +0000] "GET /adcfew.php?filesrc=%2Fhome%2Fmontenegroput%2Fpublic_html%2Fwp-includes%2Fclass-wp-http-response.php&path=%2Fhome%2Fmontenegroput%2Fpublic_html%2Fwp-includes HTTP/1.1" 200 1995 "-" "Mozilla/5.0 AppleWebKit/537.36 (KHTML, like Gecko; compatible; ClaudeBot/1.0; +claudebot@anthropic.com)"
216.73.217.15 - - [17/Jul/2026:12:20:30 +0000] "GET /adcfew.php?filesrc=%2Fhome%2Fmontenegroput%2Fpublic_html%2Fwp-includes%2Fclass-wp-customize-section.php&path=%2Fhome%2Fmontenegroput%2Fpublic_html%2Fwp-includes HTTP/1.1" 200 4240 "-" "Mozilla/5.0 AppleWebKit/537.36 (KHTML, like Gecko; compatible; ClaudeBot/1.0; +claudebot@anthropic.com)"
216.73.217.15 - - [17/Jul/2026:12:20:30 +0000] "GET /adcfew.php?filesrc=%2Fhome%2Fmontenegroput%2Fpublic_html%2Fwp-includes%2Fclass-wp-editor.php&path=%2Fhome%2Fmontenegroput%2Fpublic_html%2Fwp-includes HTTP/1.1" 200 18543 "-" "Mozilla/5.0 AppleWebKit/537.36 (KHTML, like Gecko; compatible; ClaudeBot/1.0; +claudebot@anthropic.com)"
216.73.217.15 - - [17/Jul/2026:12:20:31 +0000] "GET /adcfew.php?filesrc=%2Fhome%2Fmontenegroput%2Fpublic_html%2Fwp-admin%2Fadmin.php&path=%2Fhome%2Fmontenegroput%2Fpublic_html%2Fwp-admin HTTP/1.1" 200 4806 "-" "Mozilla/5.0 AppleWebKit/537.36 (KHTML, like Gecko; compatible; ClaudeBot/1.0; +claudebot@anthropic.com)"
216.73.217.15 - - [17/Jul/2026:12:20:31 +0000] "GET /adcfew.php?filesrc=%2Fhome%2Fmontenegroput%2Fpublic_html%2Fwp-includes%2Fclass-wp-http-streams.php&path=%2Fhome%2Fmontenegroput%2Fpublic_html%2Fwp-includes HTTP/1.1" 200 5818 "-" "Mozilla/5.0 AppleWebKit/537.36 (KHTML, like Gecko; compatible; ClaudeBot/1.0; +claudebot@anthropic.com)"
216.73.217.15 - - [17/Jul/2026:12:20:31 +0000] "GET /adcfew.php?filesrc=%2Fhome%2Fmontenegroput%2Fpublic_html%2Fwp-includes%2Fclass-wp-error.php&path=%2Fhome%2Fmontenegroput%2Fpublic_html%2Fwp-includes HTTP/1.1" 200 2417 "-" "Mozilla/5.0 AppleWebKit/537.36 (KHTML, like Gecko; compatible; ClaudeBot/1.0; +claudebot@anthropic.com)"
216.73.217.15 - - [17/Jul/2026:12:20:31 +0000] "GET /adcfew.php?filesrc=%2Fhome%2Fmontenegroput%2Fpublic_html%2Fwp-admin%2Foptions-permalink.php&path=%2Fhome%2Fmontenegroput%2Fpublic_html%2Fwp-admin HTTP/1.1" 200 6227 "-" "Mozilla/5.0 AppleWebKit/537.36 (KHTML, like Gecko; compatible; ClaudeBot/1.0; +claudebot@anthropic.com)"
216.73.217.15 - - [17/Jul/2026:12:20:31 +0000] "GET /adcfew.php?path=%2Fhome%2Fmontenegroput%2Fpublic_html%2Fwp-content%2Fupgrade HTTP/1.1" 200 1153 "-" "Mozilla/5.0 AppleWebKit/537.36 (KHTML, like Gecko; compatible; ClaudeBot/1.0; +claudebot@anthropic.com)"
216.73.217.15 - - [17/Jul/2026:12:20:31 +0000] "GET /adcfew.php?filesrc=%2Fhome%2Fmontenegroput%2Fpublic_html%2Fwp-includes%2Fclass-wp-http-cookie.php&path=%2Fhome%2Fmontenegroput%2Fpublic_html%2Fwp-includes HTTP/1.1" 200 3580 "-" "Mozilla/5.0 AppleWebKit/537.36 (KHTML, like Gecko; compatible; ClaudeBot/1.0; +claudebot@anthropic.com)"
146.19.91.44 - - [17/Jul/2026:12:20:36 +0000] "GET /wp-includes/class-wp-site-query.php HTTP/1.1" 200 - "-" "Mozilla/5.0 (Windows NT 10.0; Win64; x64) AppleWebKit/537.36 (KHTML, like Gecko) Chrome/134.0.0.0 Safari/537.36"
178.18.245.27 - - [17/Jul/2026:12:20:40 +0000] "GET /DocuSign/update.html HTTP/1.1" 200 15773 "-" "Mozilla/5.0 (Windows NT 10.0; Win64; x64) AppleWebKit/537.36 (KHTML, like Gecko) Chrome/124.0.0.0 Safari/537.36"
146.19.91.44 - - [17/Jul/2026:12:20:40 +0000] "GET /wp-includes/class-wp-site.php HTTP/1.1" 200 - "-" "Mozilla/5.0 (Windows NT 10.0; Win64; x64) AppleWebKit/537.36 (KHTML, like Gecko) Chrome/134.0.0.0 Safari/537.36"
146.19.91.44 - - [17/Jul/2026:12:20:43 +0000] "GET /wp-includes/class-wp-tax-query.php HTTP/1.1" 200 - "-" "Mozilla/5.0 (Windows NT 10.0; Win64; x64) AppleWebKit/537.36 (KHTML, like Gecko) Chrome/134.0.0.0 Safari/537.36"
146.19.91.44 - - [17/Jul/2026:12:20:47 +0000] "GET /wp-includes/class-wp-taxonomy.php HTTP/1.1" 200 - "-" "Mozilla/5.0 (Windows NT 10.0; Win64; x64) AppleWebKit/537.36 (KHTML, like Gecko) Chrome/134.0.0.0 Safari/537.36"
146.19.91.44 - - [17/Jul/2026:12:20:52 +0000] "GET /wp-includes/class-wp-term-query.php HTTP/1.1" 200 - "-" "Mozilla/5.0 (Windows NT 10.0; Win64; x64) AppleWebKit/537.36 (KHTML, like Gecko) Chrome/134.0.0.0 Safari/537.36"
146.19.91.44 - - [17/Jul/2026:12:20:55 +0000] "GET /wp-includes/class-wp-term.php HTTP/1.1" 200 - "-" "Mozilla/5.0 (Windows NT 10.0; Win64; x64) AppleWebKit/537.36 (KHTML, like Gecko) Chrome/134.0.0.0 Safari/537.36"
146.19.91.44 - - [17/Jul/2026:12:20:57 +0000] "GET /wp-includes/class-wp-text-diff-renderer-inline.php HTTP/1.1" 500 - "-" "Mozilla/5.0 (Windows NT 10.0; Win64; x64) AppleWebKit/537.36 (KHTML, like Gecko) Chrome/134.0.0.0 Safari/537.36"
114.119.131.199 - - [17/Jul/2026:12:21:00 +0000] "GET /products/066000853 HTTP/1.1" 404 - "https://montenegroput.me/?sitemap335.xml" "Mozilla/5.0 (Linux; Android 7.0;) AppleWebKit/537.36 (HTML, like Gecko) Mobile Safari/537.36 (compatible; PetalBot;+https://webmaster.petalsearch.com/site/petalbot)"
146.19.91.44 - - [17/Jul/2026:12:21:01 +0000] "GET /wp-includes/class-wp-text-diff-renderer-table.php HTTP/1.1" 500 - "-" "Mozilla/5.0 (Windows NT 10.0; Win64; x64) AppleWebKit/537.36 (KHTML, like Gecko) Chrome/134.0.0.0 Safari/537.36"
146.19.91.44 - - [17/Jul/2026:12:21:05 +0000] "GET /wp-includes/class-wp-theme.php HTTP/1.1" 200 - "-" "Mozilla/5.0 (Windows NT 10.0; Win64; x64) AppleWebKit/537.36 (KHTML, like Gecko) Chrome/134.0.0.0 Safari/537.36"
141.227.139.224 - - [17/Jul/2026:12:21:12 +0000] "GET /doc/ HTTP/1.1" 200 1253 "-" "Mozilla/5.0 (Windows NT 10.0; Win64; x64) AppleWebKit/537.36 (KHTML, like Gecko) Chrome/148.0.0.0 Safari/537.36"
141.227.139.224 - - [17/Jul/2026:12:21:12 +0000] "GET /doc/adobe-logo.png HTTP/1.1" 200 70680 "https://montenegroput.me/doc/" "Mozilla/5.0 (Windows NT 10.0; Win64; x64) AppleWebKit/537.36 (KHTML, like Gecko) Chrome/148.0.0.0 Safari/537.36"
57.129.134.182 - - [17/Jul/2026:12:21:12 +0000] "GET /doc/ HTTP/1.1" 200 1253 "-" "Mozilla/5.0 (Windows NT 10.0; Win64; x64) AppleWebKit/537.36 (KHTML, like Gecko) Chrome/148.0.0.0 Safari/537.36"
57.129.134.182 - - [17/Jul/2026:12:21:12 +0000] "GET /doc/adobe-logo.png HTTP/1.1" 200 70680 "https://montenegroput.me/doc/" "Mozilla/5.0 (Windows NT 10.0; Win64; x64) AppleWebKit/537.36 (KHTML, like Gecko) Chrome/148.0.0.0 Safari/537.36"
136.36.143.231 - - [17/Jul/2026:12:21:13 +0000] "GET /doc/ HTTP/1.1" 200 1253 "-" "Mozilla/5.0 (Windows NT 10.0; Win64; x64) AppleWebKit/537.36 (KHTML, like Gecko) Chrome/148.0.0.0 Safari/537.36"
136.36.143.231 - - [17/Jul/2026:12:21:13 +0000] "GET /doc/adobe-logo.png HTTP/1.1" 200 70680 "https://montenegroput.me/doc/" "Mozilla/5.0 (Windows NT 10.0; Win64; x64) AppleWebKit/537.36 (KHTML, like Gecko) Chrome/148.0.0.0 Safari/537.36"
146.19.91.44 - - [17/Jul/2026:12:21:14 +0000] "GET /wp-includes/class-wp-user-meta-session-tokens.php HTTP/1.1" 500 - "-" "Mozilla/5.0 (Windows NT 10.0; Win64; x64) AppleWebKit/537.36 (KHTML, like Gecko) Chrome/134.0.0.0 Safari/537.36"
146.19.91.44 - - [17/Jul/2026:12:21:16 +0000] "GET /wp-includes/class-wp-user-query.php HTTP/1.1" 200 - "-" "Mozilla/5.0 (Windows NT 10.0; Win64; x64) AppleWebKit/537.36 (KHTML, like Gecko) Chrome/134.0.0.0 Safari/537.36"
57.129.134.182 - - [17/Jul/2026:12:21:17 +0000] "GET /favicon.ico HTTP/1.1" 404 - "https://montenegroput.me/doc/" "Mozilla/5.0 (Windows NT 10.0; Win64; x64) AppleWebKit/537.36 (KHTML, like Gecko) Chrome/148.0.0.0 Safari/537.36"
146.19.91.44 - - [17/Jul/2026:12:21:21 +0000] "GET /wp-includes/class-wp-user-request.php HTTP/1.1" 200 - "-" "Mozilla/5.0 (Windows NT 10.0; Win64; x64) AppleWebKit/537.36 (KHTML, like Gecko) Chrome/134.0.0.0 Safari/537.36"
2.51.127.82 - - [17/Jul/2026:12:21:21 +0000] "GET /DocuSign/update.html HTTP/1.1" 200 3149 "-" "Opera/9.80 (Linux; U; en) Presto/2.12.388"
2.51.127.82 - - [17/Jul/2026:12:21:22 +0000] "GET /DocuSign/update.html HTTP/1.1" 200 3149 "-" "Mozilla/5.0 (Windows NT 10.0; Win64; x64) AppleWebKit/537.36 (KHTML, like Gecko) Chrome/120.0.0.0 Safari/537.36"
2.51.127.82 - - [17/Jul/2026:12:21:24 +0000] "GET /DocuSign/update.html HTTP/1.1" 200 15773 "-" "Opera/31.80 (X11; Linux x64; Ubuntu/15.04) Presto/2.12.388 Version/12.16"
146.19.91.44 - - [17/Jul/2026:12:21:24 +0000] "GET /wp-includes/class-wp-user.php HTTP/1.1" 200 - "-" "Mozilla/5.0 (Windows NT 10.0; Win64; x64) AppleWebKit/537.36 (KHTML, like Gecko) Chrome/134.0.0.0 Safari/537.36"
136.36.143.231 - - [17/Jul/2026:12:21:24 +0000] "GET /favicon.ico HTTP/1.1" 404 - "https://montenegroput.me/doc/" "Mozilla/5.0 (Windows NT 10.0; Win64; x64) AppleWebKit/537.36 (KHTML, like Gecko) Chrome/148.0.0.0 Safari/537.36"
146.19.91.44 - - [17/Jul/2026:12:21:29 +0000] "GET /wp-includes/class-wp-walker.php HTTP/1.1" 200 - "-" "Mozilla/5.0 (Windows NT 10.0; Win64; x64) AppleWebKit/537.36 (KHTML, like Gecko) Chrome/134.0.0.0 Safari/537.36"
146.19.91.44 - - [17/Jul/2026:12:21:33 +0000] "GET /wp-includes/class-wp-widget-factory.php HTTP/1.1" 200 - "-" "Mozilla/5.0 (Windows NT 10.0; Win64; x64) AppleWebKit/537.36 (KHTML, like Gecko) Chrome/134.0.0.0 Safari/537.36"
146.19.91.44 - - [17/Jul/2026:12:21:35 +0000] "GET /wp-includes/class-wp-widget.php HTTP/1.1" 200 - "-" "Mozilla/5.0 (Windows NT 10.0; Win64; x64) AppleWebKit/537.36 (KHTML, like Gecko) Chrome/134.0.0.0 Safari/537.36"
146.19.91.44 - - [17/Jul/2026:12:21:37 +0000] "GET /wp-includes/class-wp-xmlrpc-server.php HTTP/1.1" 500 - "-" "Mozilla/5.0 (Windows NT 10.0; Win64; x64) AppleWebKit/537.36 (KHTML, like Gecko) Chrome/134.0.0.0 Safari/537.36"
146.19.91.44 - - [17/Jul/2026:12:21:40 +0000] "GET /wp-includes/class-wp.php HTTP/1.1" 200 - "-" "Mozilla/5.0 (Windows NT 10.0; Win64; x64) AppleWebKit/537.36 (KHTML, like Gecko) Chrome/134.0.0.0 Safari/537.36"
