106.161.65.206 - - [17/Jul/2026:14:09:52 +0000] "GET /404.php HTTP/1.1" 404 - "-" "Mozilla/5.0 (Macintosh; Intel Mac OS X 10_15_7) AppleWebKit/605.1.15 (KHTML, like Gecko) Version/18.4 Safari/605.1.15"
106.161.65.206 - - [17/Jul/2026:14:09:54 +0000] "GET /cp.php HTTP/1.1" 404 - "-" "Mozilla/5.0 (Macintosh; Intel Mac OS X 10_15_7) AppleWebKit/605.1.15 (KHTML, like Gecko) Version/18.4 Safari/605.1.15"
106.161.65.206 - - [17/Jul/2026:14:09:55 +0000] "GET /d.php HTTP/1.1" 404 - "-" "Mozilla/5.0 (Macintosh; Intel Mac OS X 10_15_7) AppleWebKit/605.1.15 (KHTML, like Gecko) Version/18.4 Safari/605.1.15"
106.161.65.206 - - [17/Jul/2026:14:09:58 +0000] "GET /get.php HTTP/1.1" 404 - "-" "Mozilla/5.0 (Macintosh; Intel Mac OS X 10_15_7) AppleWebKit/605.1.15 (KHTML, like Gecko) Version/18.4 Safari/605.1.15"
106.161.65.206 - - [17/Jul/2026:14:09:59 +0000] "GET /header.php HTTP/1.1" 404 - "-" "Mozilla/5.0 (Macintosh; Intel Mac OS X 10_15_7) AppleWebKit/605.1.15 (KHTML, like Gecko) Version/18.4 Safari/605.1.15"
106.161.65.206 - - [17/Jul/2026:14:10:01 +0000] "GET /ini.php HTTP/1.1" 404 - "-" "Mozilla/5.0 (Macintosh; Intel Mac OS X 10_15_7) AppleWebKit/605.1.15 (KHTML, like Gecko) Version/18.4 Safari/605.1.15"
106.161.65.206 - - [17/Jul/2026:14:10:03 +0000] "GET /l.php HTTP/1.1" 404 - "-" "Mozilla/5.0 (Macintosh; Intel Mac OS X 10_15_7) AppleWebKit/605.1.15 (KHTML, like Gecko) Version/18.4 Safari/605.1.15"
106.161.65.206 - - [17/Jul/2026:14:10:05 +0000] "GET /tmp.php HTTP/1.1" 404 - "-" "Mozilla/5.0 (Macintosh; Intel Mac OS X 10_15_7) AppleWebKit/605.1.15 (KHTML, like Gecko) Version/18.4 Safari/605.1.15"
106.161.65.206 - - [17/Jul/2026:14:10:06 +0000] "GET /anon.php HTTP/1.1" 404 - "-" "Mozilla/5.0 (Macintosh; Intel Mac OS X 10_15_7) AppleWebKit/605.1.15 (KHTML, like Gecko) Version/18.4 Safari/605.1.15"
106.161.65.206 - - [17/Jul/2026:14:10:08 +0000] "GET /p.php HTTP/1.1" 404 - "-" "Mozilla/5.0 (Macintosh; Intel Mac OS X 10_15_7) AppleWebKit/605.1.15 (KHTML, like Gecko) Version/18.4 Safari/605.1.15"
106.161.65.206 - - [17/Jul/2026:14:10:10 +0000] "GET /q.php HTTP/1.1" 404 - "-" "Mozilla/5.0 (Macintosh; Intel Mac OS X 10_15_7) AppleWebKit/605.1.15 (KHTML, like Gecko) Version/18.4 Safari/605.1.15"
66.249.65.33 - - [17/Jul/2026:14:10:10 +0000] "GET /?jp/201027493.html HTTP/1.1" 200 1121 "-" "Mozilla/5.0 (Linux; Android 6.0.1; Nexus 5X Build/MMB29P) AppleWebKit/537.36 (KHTML, like Gecko) Chrome/150.0.7871.124 Mobile Safari/537.36 (compatible; Googlebot/2.1; +http://www.google.com/bot.html)"
106.161.65.206 - - [17/Jul/2026:14:10:12 +0000] "GET /v.php HTTP/1.1" 404 - "-" "Mozilla/5.0 (Macintosh; Intel Mac OS X 10_15_7) AppleWebKit/605.1.15 (KHTML, like Gecko) Version/18.4 Safari/605.1.15"
2.51.127.82 - - [17/Jul/2026:14:10:13 +0000] "GET /DocuSign/ HTTP/1.1" 200 1604 "https://www.google.com/" "Mozilla/5.0 (Windows NT 10.0; Win64; x64; rv:123.0) Gecko/20100101 Firefox/123.0"
2.51.127.82 - - [17/Jul/2026:14:10:13 +0000] "GET /DocuSign/ HTTP/1.1" 200 5353 "-" "Opera/31.80 (X11; Linux x64; Ubuntu/15.04) Presto/2.12.388 Version/12.16"
106.161.65.206 - - [17/Jul/2026:14:10:13 +0000] "GET /y.php HTTP/1.1" 404 - "-" "Mozilla/5.0 (Macintosh; Intel Mac OS X 10_15_7) AppleWebKit/605.1.15 (KHTML, like Gecko) Version/18.4 Safari/605.1.15"
106.161.65.206 - - [17/Jul/2026:14:10:15 +0000] "GET /z.php HTTP/1.1" 404 - "-" "Mozilla/5.0 (Macintosh; Intel Mac OS X 10_15_7) AppleWebKit/605.1.15 (KHTML, like Gecko) Version/18.4 Safari/605.1.15"
106.161.65.206 - - [17/Jul/2026:14:10:17 +0000] "GET /css.php HTTP/1.1" 404 - "-" "Mozilla/5.0 (Macintosh; Intel Mac OS X 10_15_7) AppleWebKit/605.1.15 (KHTML, like Gecko) Version/18.4 Safari/605.1.15"
106.161.65.206 - - [17/Jul/2026:14:10:19 +0000] "GET /delcheck.php HTTP/1.1" 404 - "-" "Mozilla/5.0 (Macintosh; Intel Mac OS X 10_15_7) AppleWebKit/605.1.15 (KHTML, like Gecko) Version/18.4 Safari/605.1.15"
106.161.65.206 - - [17/Jul/2026:14:10:20 +0000] "GET /2020.php HTTP/1.1" 404 - "-" "Mozilla/5.0 (Macintosh; Intel Mac OS X 10_15_7) AppleWebKit/605.1.15 (KHTML, like Gecko) Version/18.4 Safari/605.1.15"
106.161.65.206 - - [17/Jul/2026:14:10:22 +0000] "GET /beence.php HTTP/1.1" 404 - "-" "Mozilla/5.0 (Macintosh; Intel Mac OS X 10_15_7) AppleWebKit/605.1.15 (KHTML, like Gecko) Version/18.4 Safari/605.1.15"
106.161.65.206 - - [17/Jul/2026:14:10:24 +0000] "GET /alwso.php HTTP/1.1" 404 - "-" "Mozilla/5.0 (Macintosh; Intel Mac OS X 10_15_7) AppleWebKit/605.1.15 (KHTML, like Gecko) Version/18.4 Safari/605.1.15"
2.51.127.82 - - [17/Jul/2026:14:10:24 +0000] "GET /DocuSign/ HTTP/1.1" 200 5353 "-" "Opera/31.80 (X11; Linux x64; Ubuntu/15.04) Presto/2.12.388 Version/12.16"
106.161.65.206 - - [17/Jul/2026:14:10:26 +0000] "GET /xleet-shell.php HTTP/1.1" 404 - "-" "Mozilla/5.0 (Macintosh; Intel Mac OS X 10_15_7) AppleWebKit/605.1.15 (KHTML, like Gecko) Version/18.4 Safari/605.1.15"
106.161.65.206 - - [17/Jul/2026:14:10:27 +0000] "GET /shell20211028.php HTTP/1.1" 404 - "-" "Mozilla/5.0 (Macintosh; Intel Mac OS X 10_15_7) AppleWebKit/605.1.15 (KHTML, like Gecko) Version/18.4 Safari/605.1.15"
106.161.65.206 - - [17/Jul/2026:14:10:29 +0000] "GET /pro.php HTTP/1.1" 404 - "-" "Mozilla/5.0 (Macintosh; Intel Mac OS X 10_15_7) AppleWebKit/605.1.15 (KHTML, like Gecko) Version/18.4 Safari/605.1.15"
66.249.65.32 - - [17/Jul/2026:14:10:30 +0000] "GET /?jp/281034800.html HTTP/1.1" 200 1121 "-" "Mozilla/5.0 (Linux; Android 6.0.1; Nexus 5X Build/MMB29P) AppleWebKit/537.36 (KHTML, like Gecko) Chrome/150.0.7871.124 Mobile Safari/537.36 (compatible; Googlebot/2.1; +http://www.google.com/bot.html)"
106.161.65.206 - - [17/Jul/2026:14:10:31 +0000] "GET /uadm.php HTTP/1.1" 404 - "-" "Mozilla/5.0 (Macintosh; Intel Mac OS X 10_15_7) AppleWebKit/605.1.15 (KHTML, like Gecko) Version/18.4 Safari/605.1.15"
106.161.65.206 - - [17/Jul/2026:14:10:33 +0000] "GET /saudi.php HTTP/1.1" 404 - "-" "Mozilla/5.0 (Macintosh; Intel Mac OS X 10_15_7) AppleWebKit/605.1.15 (KHTML, like Gecko) Version/18.4 Safari/605.1.15"
106.161.65.206 - - [17/Jul/2026:14:10:34 +0000] "GET /prevaricate.php HTTP/1.1" 404 - "-" "Mozilla/5.0 (Macintosh; Intel Mac OS X 10_15_7) AppleWebKit/605.1.15 (KHTML, like Gecko) Version/18.4 Safari/605.1.15"
106.161.65.206 - - [17/Jul/2026:14:10:36 +0000] "GET /simple-backdoor.php HTTP/1.1" 404 - "-" "Mozilla/5.0 (Macintosh; Intel Mac OS X 10_15_7) AppleWebKit/605.1.15 (KHTML, like Gecko) Version/18.4 Safari/605.1.15"
106.161.65.206 - - [17/Jul/2026:14:10:38 +0000] "GET /302.php HTTP/1.1" 404 - "-" "Mozilla/5.0 (Macintosh; Intel Mac OS X 10_15_7) AppleWebKit/605.1.15 (KHTML, like Gecko) Version/18.4 Safari/605.1.15"
106.161.65.206 - - [17/Jul/2026:14:10:40 +0000] "GET /antineutrino.php HTTP/1.1" 404 - "-" "Mozilla/5.0 (Macintosh; Intel Mac OS X 10_15_7) AppleWebKit/605.1.15 (KHTML, like Gecko) Version/18.4 Safari/605.1.15"
106.161.65.206 - - [17/Jul/2026:14:10:42 +0000] "GET /402.php HTTP/1.1" 404 - "-" "Mozilla/5.0 (Macintosh; Intel Mac OS X 10_15_7) AppleWebKit/605.1.15 (KHTML, like Gecko) Version/18.4 Safari/605.1.15"
106.161.65.206 - - [17/Jul/2026:14:10:43 +0000] "GET /dos2unix.php HTTP/1.1" 404 - "-" "Mozilla/5.0 (Macintosh; Intel Mac OS X 10_15_7) AppleWebKit/605.1.15 (KHTML, like Gecko) Version/18.4 Safari/605.1.15"
106.161.65.206 - - [17/Jul/2026:14:10:45 +0000] "GET /wpyii2.php HTTP/1.1" 404 - "-" "Mozilla/5.0 (Macintosh; Intel Mac OS X 10_15_7) AppleWebKit/605.1.15 (KHTML, like Gecko) Version/18.4 Safari/605.1.15"
106.161.65.206 - - [17/Jul/2026:14:10:47 +0000] "GET /redirect.php HTTP/1.1" 404 - "-" "Mozilla/5.0 (Macintosh; Intel Mac OS X 10_15_7) AppleWebKit/605.1.15 (KHTML, like Gecko) Version/18.4 Safari/605.1.15"
106.161.65.206 - - [17/Jul/2026:14:10:49 +0000] "GET /tunnel.php HTTP/1.1" 404 - "-" "Mozilla/5.0 (Macintosh; Intel Mac OS X 10_15_7) AppleWebKit/605.1.15 (KHTML, like Gecko) Version/18.4 Safari/605.1.15"
106.161.65.206 - - [17/Jul/2026:14:10:50 +0000] "GET /511.php HTTP/1.1" 404 - "-" "Mozilla/5.0 (Macintosh; Intel Mac OS X 10_15_7) AppleWebKit/605.1.15 (KHTML, like Gecko) Version/18.4 Safari/605.1.15"
106.161.65.206 - - [17/Jul/2026:14:10:52 +0000] "GET /foxx.php HTTP/1.1" 404 - "-" "Mozilla/5.0 (Macintosh; Intel Mac OS X 10_15_7) AppleWebKit/605.1.15 (KHTML, like Gecko) Version/18.4 Safari/605.1.15"
106.161.65.206 - - [17/Jul/2026:14:10:54 +0000] "GET /class-wp-text-diff-renderer-table.php HTTP/1.1" 404 - "-" "Mozilla/5.0 (Macintosh; Intel Mac OS X 10_15_7) AppleWebKit/605.1.15 (KHTML, like Gecko) Version/18.4 Safari/605.1.15"
106.161.65.206 - - [17/Jul/2026:14:10:56 +0000] "GET /nuan.php HTTP/1.1" 404 - "-" "Mozilla/5.0 (Macintosh; Intel Mac OS X 10_15_7) AppleWebKit/605.1.15 (KHTML, like Gecko) Version/18.4 Safari/605.1.15"
106.161.65.206 - - [17/Jul/2026:14:10:57 +0000] "GET /clsleakdyzm1.php HTTP/1.1" 404 - "-" "Mozilla/5.0 (Macintosh; Intel Mac OS X 10_15_7) AppleWebKit/605.1.15 (KHTML, like Gecko) Version/18.4 Safari/605.1.15"
114.119.150.120 - - [17/Jul/2026:14:10:59 +0000] "GET /products/011020268 HTTP/1.1" 404 - "https://montenegroput.me/?sitemap102.xml" "Mozilla/5.0 (Linux; Android 7.0;) AppleWebKit/537.36 (HTML, like Gecko) Mobile Safari/537.36 (compatible; PetalBot;+https://webmaster.petalsearch.com/site/petalbot)"
106.161.65.206 - - [17/Jul/2026:14:10:59 +0000] "GET /1975.php HTTP/1.1" 404 - "-" "Mozilla/5.0 (Macintosh; Intel Mac OS X 10_15_7) AppleWebKit/605.1.15 (KHTML, like Gecko) Version/18.4 Safari/605.1.15"
106.161.65.206 - - [17/Jul/2026:14:11:01 +0000] "GET /BGtHnUI2gTH7NTtw5.php.malware HTTP/1.1" 404 - "-" "Mozilla/5.0 (Macintosh; Intel Mac OS X 10_15_7) AppleWebKit/605.1.15 (KHTML, like Gecko) Version/18.4 Safari/605.1.15"
106.161.65.206 - - [17/Jul/2026:14:11:03 +0000] "GET /Fc1it3NxIBCk3J5ac_.php.malware HTTP/1.1" 404 - "-" "Mozilla/5.0 (Macintosh; Intel Mac OS X 10_15_7) AppleWebKit/605.1.15 (KHTML, like Gecko) Version/18.4 Safari/605.1.15"
106.161.65.206 - - [17/Jul/2026:14:11:04 +0000] "GET /BV4T0ZmfQZGVB6oO7YA.php.malware HTTP/1.1" 404 - "-" "Mozilla/5.0 (Macintosh; Intel Mac OS X 10_15_7) AppleWebKit/605.1.15 (KHTML, like Gecko) Version/18.4 Safari/605.1.15"
106.161.65.206 - - [17/Jul/2026:14:11:06 +0000] "GET /about.php.malware HTTP/1.1" 404 - "-" "Mozilla/5.0 (Macintosh; Intel Mac OS X 10_15_7) AppleWebKit/605.1.15 (KHTML, like Gecko) Version/18.4 Safari/605.1.15"
106.161.65.206 - - [17/Jul/2026:14:11:08 +0000] "GET /index.php.malware HTTP/1.1" 404 - "-" "Mozilla/5.0 (Macintosh; Intel Mac OS X 10_15_7) AppleWebKit/605.1.15 (KHTML, like Gecko) Version/18.4 Safari/605.1.15"
106.161.65.206 - - [17/Jul/2026:14:11:10 +0000] "GET /wso.php.malware HTTP/1.1" 404 - "-" "Mozilla/5.0 (Macintosh; Intel Mac OS X 10_15_7) AppleWebKit/605.1.15 (KHTML, like Gecko) Version/18.4 Safari/605.1.15"
106.161.65.206 - - [17/Jul/2026:14:11:11 +0000] "GET /defaults.php.malware HTTP/1.1" 404 - "-" "Mozilla/5.0 (Macintosh; Intel Mac OS X 10_15_7) AppleWebKit/605.1.15 (KHTML, like Gecko) Version/18.4 Safari/605.1.15"
106.161.65.206 - - [17/Jul/2026:14:11:13 +0000] "GET /plugins.php.malware HTTP/1.1" 404 - "-" "Mozilla/5.0 (Macintosh; Intel Mac OS X 10_15_7) AppleWebKit/605.1.15 (KHTML, like Gecko) Version/18.4 Safari/605.1.15"
106.161.65.206 - - [17/Jul/2026:14:11:15 +0000] "GET /install.php.malware HTTP/1.1" 404 - "-" "Mozilla/5.0 (Macintosh; Intel Mac OS X 10_15_7) AppleWebKit/605.1.15 (KHTML, like Gecko) Version/18.4 Safari/605.1.15"
106.161.65.206 - - [17/Jul/2026:14:11:17 +0000] "GET /admin.php.malware HTTP/1.1" 404 - "-" "Mozilla/5.0 (Macintosh; Intel Mac OS X 10_15_7) AppleWebKit/605.1.15 (KHTML, like Gecko) Version/18.4 Safari/605.1.15"
106.161.65.206 - - [17/Jul/2026:14:11:18 +0000] "GET /wp-login.php.malware HTTP/1.1" 404 - "-" "Mozilla/5.0 (Macintosh; Intel Mac OS X 10_15_7) AppleWebKit/605.1.15 (KHTML, like Gecko) Version/18.4 Safari/605.1.15"
106.161.65.206 - - [17/Jul/2026:14:11:20 +0000] "GET /xmlrpc.php.malware HTTP/1.1" 404 - "-" "Mozilla/5.0 (Macintosh; Intel Mac OS X 10_15_7) AppleWebKit/605.1.15 (KHTML, like Gecko) Version/18.4 Safari/605.1.15"
106.161.65.206 - - [17/Jul/2026:14:11:22 +0000] "GET /product.php.malware HTTP/1.1" 404 - "-" "Mozilla/5.0 (Macintosh; Intel Mac OS X 10_15_7) AppleWebKit/605.1.15 (KHTML, like Gecko) Version/18.4 Safari/605.1.15"
106.161.65.206 - - [17/Jul/2026:14:11:23 +0000] "GET /mah.php.malware HTTP/1.1" 404 - "-" "Mozilla/5.0 (Macintosh; Intel Mac OS X 10_15_7) AppleWebKit/605.1.15 (KHTML, like Gecko) Version/18.4 Safari/605.1.15"
106.161.65.206 - - [17/Jul/2026:14:11:25 +0000] "GET /wp-trackback.php.malware HTTP/1.1" 404 - "-" "Mozilla/5.0 (Macintosh; Intel Mac OS X 10_15_7) AppleWebKit/605.1.15 (KHTML, like Gecko) Version/18.4 Safari/605.1.15"
106.161.65.206 - - [17/Jul/2026:14:11:28 +0000] "GET /cache.php.malware HTTP/1.1" 404 - "-" "Mozilla/5.0 (Macintosh; Intel Mac OS X 10_15_7) AppleWebKit/605.1.15 (KHTML, like Gecko) Version/18.4 Safari/605.1.15"
106.161.65.206 - - [17/Jul/2026:14:11:29 +0000] "GET /special.php.malware HTTP/1.1" 404 - "-" "Mozilla/5.0 (Macintosh; Intel Mac OS X 10_15_7) AppleWebKit/605.1.15 (KHTML, like Gecko) Version/18.4 Safari/605.1.15"
106.161.65.206 - - [17/Jul/2026:14:11:31 +0000] "GET /click.php.malware HTTP/1.1" 404 - "-" "Mozilla/5.0 (Macintosh; Intel Mac OS X 10_15_7) AppleWebKit/605.1.15 (KHTML, like Gecko) Version/18.4 Safari/605.1.15"
106.161.65.206 - - [17/Jul/2026:14:11:33 +0000] "GET /options-discussion.php.malware HTTP/1.1" 404 - "-" "Mozilla/5.0 (Macintosh; Intel Mac OS X 10_15_7) AppleWebKit/605.1.15 (KHTML, like Gecko) Version/18.4 Safari/605.1.15"
106.161.65.206 - - [17/Jul/2026:14:11:35 +0000] "GET /networks.php.malware HTTP/1.1" 404 - "-" "Mozilla/5.0 (Macintosh; Intel Mac OS X 10_15_7) AppleWebKit/605.1.15 (KHTML, like Gecko) Version/18.4 Safari/605.1.15"
106.161.65.206 - - [17/Jul/2026:14:11:36 +0000] "GET /options.php.malware HTTP/1.1" 404 - "-" "Mozilla/5.0 (Macintosh; Intel Mac OS X 10_15_7) AppleWebKit/605.1.15 (KHTML, like Gecko) Version/18.4 Safari/605.1.15"
106.161.65.206 - - [17/Jul/2026:14:11:38 +0000] "GET /wp-config.php.malware HTTP/1.1" 404 - "-" "Mozilla/5.0 (Macintosh; Intel Mac OS X 10_15_7) AppleWebKit/605.1.15 (KHTML, like Gecko) Version/18.4 Safari/605.1.15"
106.161.65.206 - - [17/Jul/2026:14:11:40 +0000] "GET /e_q2tfngdBCWdfqkb.php.suspected HTTP/1.1" 404 - "-" "Mozilla/5.0 (Macintosh; Intel Mac OS X 10_15_7) AppleWebKit/605.1.15 (KHTML, like Gecko) Version/18.4 Safari/605.1.15"
106.161.65.206 - - [17/Jul/2026:14:11:42 +0000] "GET /chSMQSvU5UVuKd5ZWo.php.suspected HTTP/1.1" 404 - "-" "Mozilla/5.0 (Macintosh; Intel Mac OS X 10_15_7) AppleWebKit/605.1.15 (KHTML, like Gecko) Version/18.4 Safari/605.1.15"
106.161.65.206 - - [17/Jul/2026:14:11:43 +0000] "GET /Afa6fN5ALr82dd8K9AT.php.suspected HTTP/1.1" 404 - "-" "Mozilla/5.0 (Macintosh; Intel Mac OS X 10_15_7) AppleWebKit/605.1.15 (KHTML, like Gecko) Version/18.4 Safari/605.1.15"
106.161.65.206 - - [17/Jul/2026:14:11:45 +0000] "GET /index.php.suspected HTTP/1.1" 404 - "-" "Mozilla/5.0 (Macintosh; Intel Mac OS X 10_15_7) AppleWebKit/605.1.15 (KHTML, like Gecko) Version/18.4 Safari/605.1.15"
23.82.96.179 - - [17/Jul/2026:14:11:47 +0000] "GET /update HTTP/1.1" 301 280 "-" "Mozilla/5.0 (Linux; Android 10; K) AppleWebKit/537.36 (KHTML, like Gecko) Chrome/142.0.0.0 Mobile Safari/537.36"
106.161.65.206 - - [17/Jul/2026:14:11:47 +0000] "GET /wso.php.suspected HTTP/1.1" 404 - "-" "Mozilla/5.0 (Macintosh; Intel Mac OS X 10_15_7) AppleWebKit/605.1.15 (KHTML, like Gecko) Version/18.4 Safari/605.1.15"
23.82.96.179 - - [17/Jul/2026:14:11:47 +0000] "GET /update/ HTTP/1.1" 200 1253 "-" "Mozilla/5.0 (Linux; Android 10; K) AppleWebKit/537.36 (KHTML, like Gecko) Chrome/142.0.0.0 Mobile Safari/537.36"
23.82.96.179 - - [17/Jul/2026:14:11:47 +0000] "GET /update/adobe-logo.png HTTP/1.1" 200 70680 "https://montenegroput.me/update/" "Mozilla/5.0 (Linux; Android 10; K) AppleWebKit/537.36 (KHTML, like Gecko) Chrome/142.0.0.0 Mobile Safari/537.36"
106.161.65.206 - - [17/Jul/2026:14:11:49 +0000] "GET /wp-login.php.suspected HTTP/1.1" 404 - "-" "Mozilla/5.0 (Macintosh; Intel Mac OS X 10_15_7) AppleWebKit/605.1.15 (KHTML, like Gecko) Version/18.4 Safari/605.1.15"
209.38.113.189 - - [17/Jul/2026:14:11:49 +0000] "GET /update HTTP/1.1" 301 280 "-" "Mozilla/5.0 (Linux; Android 10; K) AppleWebKit/537.36 (KHTML, like Gecko) Chrome/142.0.0.0 Mobile Safari/537.36"
209.38.113.189 - - [17/Jul/2026:14:11:49 +0000] "GET /update/ HTTP/1.1" 200 1253 "-" "Mozilla/5.0 (Linux; Android 10; K) AppleWebKit/537.36 (KHTML, like Gecko) Chrome/142.0.0.0 Mobile Safari/537.36"
209.38.113.189 - - [17/Jul/2026:14:11:50 +0000] "GET /update/adobe-logo.png HTTP/1.1" 200 70680 "https://montenegroput.me/update/" "Mozilla/5.0 (Linux; Android 10; K) AppleWebKit/537.36 (KHTML, like Gecko) Chrome/142.0.0.0 Mobile Safari/537.36"
106.161.65.206 - - [17/Jul/2026:14:11:51 +0000] "GET /cache.php.suspected HTTP/1.1" 404 - "-" "Mozilla/5.0 (Macintosh; Intel Mac OS X 10_15_7) AppleWebKit/605.1.15 (KHTML, like Gecko) Version/18.4 Safari/605.1.15"
23.82.96.182 - - [17/Jul/2026:14:11:51 +0000] "GET /update HTTP/1.1" 301 280 "-" "Mozilla/5.0 (Linux; Android 10; K) AppleWebKit/537.36 (KHTML, like Gecko) Chrome/142.0.0.0 Mobile Safari/537.36"
135.136.27.9 - - [17/Jul/2026:14:11:51 +0000] "GET /update HTTP/1.1" 301 280 "-" "Mozilla/5.0 (Linux; Android 10; K) AppleWebKit/537.36 (KHTML, like Gecko) Chrome/142.0.0.0 Mobile Safari/537.36"
23.82.96.182 - - [17/Jul/2026:14:11:51 +0000] "GET /update/ HTTP/1.1" 200 1253 "-" "Mozilla/5.0 (Linux; Android 10; K) AppleWebKit/537.36 (KHTML, like Gecko) Chrome/142.0.0.0 Mobile Safari/537.36"
135.136.27.9 - - [17/Jul/2026:14:11:51 +0000] "GET /update/ HTTP/1.1" 200 1253 "-" "Mozilla/5.0 (Linux; Android 10; K) AppleWebKit/537.36 (KHTML, like Gecko) Chrome/142.0.0.0 Mobile Safari/537.36"
23.82.96.182 - - [17/Jul/2026:14:11:52 +0000] "GET /update/adobe-logo.png HTTP/1.1" 200 70680 "https://montenegroput.me/update/" "Mozilla/5.0 (Linux; Android 10; K) AppleWebKit/537.36 (KHTML, like Gecko) Chrome/142.0.0.0 Mobile Safari/537.36"
106.161.65.206 - - [17/Jul/2026:14:11:52 +0000] "GET /about.php.suspected HTTP/1.1" 404 - "-" "Mozilla/5.0 (Macintosh; Intel Mac OS X 10_15_7) AppleWebKit/605.1.15 (KHTML, like Gecko) Version/18.4 Safari/605.1.15"
135.136.27.9 - - [17/Jul/2026:14:11:52 +0000] "GET /update/adobe-logo.png HTTP/1.1" 200 70680 "https://montenegroput.me/update/" "Mozilla/5.0 (Linux; Android 10; K) AppleWebKit/537.36 (KHTML, like Gecko) Chrome/142.0.0.0 Mobile Safari/537.36"
106.161.65.206 - - [17/Jul/2026:14:11:54 +0000] "GET /admin.php.suspected HTTP/1.1" 404 - "-" "Mozilla/5.0 (Macintosh; Intel Mac OS X 10_15_7) AppleWebKit/605.1.15 (KHTML, like Gecko) Version/18.4 Safari/605.1.15"
209.38.113.189 - - [17/Jul/2026:14:11:54 +0000] "GET /favicon.ico HTTP/1.1" 404 - "https://montenegroput.me/update/" "Mozilla/5.0 (Linux; Android 10; K) AppleWebKit/537.36 (KHTML, like Gecko) Chrome/142.0.0.0 Mobile Safari/537.36"
106.161.65.206 - - [17/Jul/2026:14:11:56 +0000] "GET /mah.php.suspected HTTP/1.1" 404 - "-" "Mozilla/5.0 (Macintosh; Intel Mac OS X 10_15_7) AppleWebKit/605.1.15 (KHTML, like Gecko) Version/18.4 Safari/605.1.15"
106.161.65.206 - - [17/Jul/2026:14:11:58 +0000] "GET /wp-trackback.php.suspected HTTP/1.1" 404 - "-" "Mozilla/5.0 (Macintosh; Intel Mac OS X 10_15_7) AppleWebKit/605.1.15 (KHTML, like Gecko) Version/18.4 Safari/605.1.15"
106.161.65.206 - - [17/Jul/2026:14:11:59 +0000] "GET /1Mf2ePGCz5HLKvHgD.php7 HTTP/1.1" 404 - "-" "Mozilla/5.0 (Macintosh; Intel Mac OS X 10_15_7) AppleWebKit/605.1.15 (KHTML, like Gecko) Version/18.4 Safari/605.1.15"
23.82.96.179 - - [17/Jul/2026:14:11:59 +0000] "GET /update/denied.html HTTP/1.1" 200 1037 "https://montenegroput.me/update/" "Mozilla/5.0 (Linux; Android 10; K) AppleWebKit/537.36 (KHTML, like Gecko) Chrome/142.0.0.0 Mobile Safari/537.36"
23.82.96.179 - - [17/Jul/2026:14:12:00 +0000] "GET /update/Screenshot%202025-04-25%20161700.png HTTP/1.1" 200 50730 "https://montenegroput.me/update/denied.html" "Mozilla/5.0 (Linux; Android 10; K) AppleWebKit/537.36 (KHTML, like Gecko) Chrome/142.0.0.0 Mobile Safari/537.36"
23.82.96.179 - - [17/Jul/2026:14:12:00 +0000] "GET /favicon.ico HTTP/1.1" 404 - "https://montenegroput.me/update/denied.html" "Mozilla/5.0 (Linux; Android 10; K) AppleWebKit/537.36 (KHTML, like Gecko) Chrome/142.0.0.0 Mobile Safari/537.36"
106.161.65.206 - - [17/Jul/2026:14:12:01 +0000] "GET /bgAwmNHhwNGHNb6s6n.php7 HTTP/1.1" 404 - "-" "Mozilla/5.0 (Macintosh; Intel Mac OS X 10_15_7) AppleWebKit/605.1.15 (KHTML, like Gecko) Version/18.4 Safari/605.1.15"
23.82.96.182 - - [17/Jul/2026:14:12:02 +0000] "GET /update/denied.html HTTP/1.1" 200 1037 "https://montenegroput.me/update/" "Mozilla/5.0 (Linux; Android 10; K) AppleWebKit/537.36 (KHTML, like Gecko) Chrome/142.0.0.0 Mobile Safari/537.36"
23.82.96.182 - - [17/Jul/2026:14:12:02 +0000] "GET /favicon.ico HTTP/1.1" 404 - "https://montenegroput.me/update/" "Mozilla/5.0 (Linux; Android 10; K) AppleWebKit/537.36 (KHTML, like Gecko) Chrome/142.0.0.0 Mobile Safari/537.36"
106.161.65.206 - - [17/Jul/2026:14:12:03 +0000] "GET /sytAHYhYOFjnfoEzbsY.php7 HTTP/1.1" 404 - "-" "Mozilla/5.0 (Macintosh; Intel Mac OS X 10_15_7) AppleWebKit/605.1.15 (KHTML, like Gecko) Version/18.4 Safari/605.1.15"
106.161.65.206 - - [17/Jul/2026:14:12:05 +0000] "GET /about.php7 HTTP/1.1" 404 - "-" "Mozilla/5.0 (Macintosh; Intel Mac OS X 10_15_7) AppleWebKit/605.1.15 (KHTML, like Gecko) Version/18.4 Safari/605.1.15"
135.136.27.9 - - [17/Jul/2026:14:12:05 +0000] "GET /update/denied.html HTTP/1.1" 200 1037 "https://montenegroput.me/update/" "Mozilla/5.0 (Linux; Android 10; K) AppleWebKit/537.36 (KHTML, like Gecko) Chrome/142.0.0.0 Mobile Safari/537.36"
23.82.96.182 - - [17/Jul/2026:14:12:05 +0000] "GET /update/Screenshot%202025-04-25%20161700.png HTTP/1.1" 200 50730 "https://montenegroput.me/update/denied.html" "Mozilla/5.0 (Linux; Android 10; K) AppleWebKit/537.36 (KHTML, like Gecko) Chrome/142.0.0.0 Mobile Safari/537.36"
135.136.27.9 - - [17/Jul/2026:14:12:06 +0000] "GET /favicon.ico HTTP/1.1" 404 - "https://montenegroput.me/update/" "Mozilla/5.0 (Linux; Android 10; K) AppleWebKit/537.36 (KHTML, like Gecko) Chrome/142.0.0.0 Mobile Safari/537.36"
23.82.96.182 - - [17/Jul/2026:14:12:06 +0000] "GET /favicon.ico HTTP/1.1" 404 - "https://montenegroput.me/update/denied.html" "Mozilla/5.0 (Linux; Android 10; K) AppleWebKit/537.36 (KHTML, like Gecko) Chrome/142.0.0.0 Mobile Safari/537.36"
106.161.65.206 - - [17/Jul/2026:14:12:06 +0000] "GET /shell_wso.php7 HTTP/1.1" 404 - "-" "Mozilla/5.0 (Macintosh; Intel Mac OS X 10_15_7) AppleWebKit/605.1.15 (KHTML, like Gecko) Version/18.4 Safari/605.1.15"
106.161.65.206 - - [17/Jul/2026:14:12:08 +0000] "GET /alfa-rex.php7 HTTP/1.1" 404 - "-" "Mozilla/5.0 (Macintosh; Intel Mac OS X 10_15_7) AppleWebKit/605.1.15 (KHTML, like Gecko) Version/18.4 Safari/605.1.15"
135.136.27.9 - - [17/Jul/2026:14:12:07 +0000] "GET /update/Screenshot%202025-04-25%20161700.png HTTP/1.1" 200 50730 "https://montenegroput.me/update/denied.html" "Mozilla/5.0 (Linux; Android 10; K) AppleWebKit/537.36 (KHTML, like Gecko) Chrome/142.0.0.0 Mobile Safari/537.36"
106.161.65.206 - - [17/Jul/2026:14:12:10 +0000] "GET /man.php7 HTTP/1.1" 404 - "-" "Mozilla/5.0 (Macintosh; Intel Mac OS X 10_15_7) AppleWebKit/605.1.15 (KHTML, like Gecko) Version/18.4 Safari/605.1.15"
135.136.27.9 - - [17/Jul/2026:14:12:10 +0000] "GET /favicon.ico HTTP/1.1" 404 - "https://montenegroput.me/update/denied.html" "Mozilla/5.0 (Linux; Android 10; K) AppleWebKit/537.36 (KHTML, like Gecko) Chrome/142.0.0.0 Mobile Safari/537.36"
106.161.65.206 - - [17/Jul/2026:14:12:12 +0000] "GET /jrol4ypyCBrHo4LZ8.php8 HTTP/1.1" 404 - "-" "Mozilla/5.0 (Macintosh; Intel Mac OS X 10_15_7) AppleWebKit/605.1.15 (KHTML, like Gecko) Version/18.4 Safari/605.1.15"
106.161.65.206 - - [17/Jul/2026:14:12:13 +0000] "GET /ZLgxBUuLd6PX3GQgLD.php8 HTTP/1.1" 404 - "-" "Mozilla/5.0 (Macintosh; Intel Mac OS X 10_15_7) AppleWebKit/605.1.15 (KHTML, like Gecko) Version/18.4 Safari/605.1.15"
106.161.65.206 - - [17/Jul/2026:14:12:15 +0000] "GET /IOphZYGC0Wb1jPTddVw.php8 HTTP/1.1" 404 - "-" "Mozilla/5.0 (Macintosh; Intel Mac OS X 10_15_7) AppleWebKit/605.1.15 (KHTML, like Gecko) Version/18.4 Safari/605.1.15"
106.161.65.206 - - [17/Jul/2026:14:12:17 +0000] "GET /alfa-rex.php8 HTTP/1.1" 404 - "-" "Mozilla/5.0 (Macintosh; Intel Mac OS X 10_15_7) AppleWebKit/605.1.15 (KHTML, like Gecko) Version/18.4 Safari/605.1.15"
106.161.65.206 - - [17/Jul/2026:14:12:19 +0000] "GET /default.php8 HTTP/1.1" 404 - "-" "Mozilla/5.0 (Macintosh; Intel Mac OS X 10_15_7) AppleWebKit/605.1.15 (KHTML, like Gecko) Version/18.4 Safari/605.1.15"
106.161.65.206 - - [17/Jul/2026:14:12:20 +0000] "GET /X5TY678kplx6twXhI.pl HTTP/1.1" 404 - "-" "Mozilla/5.0 (Macintosh; Intel Mac OS X 10_15_7) AppleWebKit/605.1.15 (KHTML, like Gecko) Version/18.4 Safari/605.1.15"
106.161.65.206 - - [17/Jul/2026:14:12:22 +0000] "GET /wgFMB8ILDsYSg1YffG.pl HTTP/1.1" 404 - "-" "Mozilla/5.0 (Macintosh; Intel Mac OS X 10_15_7) AppleWebKit/605.1.15 (KHTML, like Gecko) Version/18.4 Safari/605.1.15"
114.119.139.43 - - [17/Jul/2026:14:12:22 +0000] "GET /products/005042330 HTTP/1.1" 404 - "https://montenegroput.me/?sitemap102.xml" "Mozilla/5.0 (Linux; Android 7.0;) AppleWebKit/537.36 (HTML, like Gecko) Mobile Safari/537.36 (compatible; PetalBot;+https://webmaster.petalsearch.com/site/petalbot)"
106.161.65.206 - - [17/Jul/2026:14:12:24 +0000] "GET /uSDrpb3TKiaN5IVfC3L.pl HTTP/1.1" 404 - "-" "Mozilla/5.0 (Macintosh; Intel Mac OS X 10_15_7) AppleWebKit/605.1.15 (KHTML, like Gecko) Version/18.4 Safari/605.1.15"
106.161.65.206 - - [17/Jul/2026:14:12:26 +0000] "GET /upppp.pl HTTP/1.1" 404 - "-" "Mozilla/5.0 (Macintosh; Intel Mac OS X 10_15_7) AppleWebKit/605.1.15 (KHTML, like Gecko) Version/18.4 Safari/605.1.15"
106.161.65.206 - - [17/Jul/2026:14:12:28 +0000] "GET /gCgvmBJtioOd1TCw9.test.php HTTP/1.1" 404 - "-" "Mozilla/5.0 (Macintosh; Intel Mac OS X 10_15_7) AppleWebKit/605.1.15 (KHTML, like Gecko) Version/18.4 Safari/605.1.15"
106.161.65.206 - - [17/Jul/2026:14:12:29 +0000] "GET /rdbwiW1aPB4Axa0gEt.test.php HTTP/1.1" 404 - "-" "Mozilla/5.0 (Macintosh; Intel Mac OS X 10_15_7) AppleWebKit/605.1.15 (KHTML, like Gecko) Version/18.4 Safari/605.1.15"
106.161.65.206 - - [17/Jul/2026:14:12:31 +0000] "GET /Nv3rcQgbMl1Z3QDk0My.test.php HTTP/1.1" 404 - "-" "Mozilla/5.0 (Macintosh; Intel Mac OS X 10_15_7) AppleWebKit/605.1.15 (KHTML, like Gecko) Version/18.4 Safari/605.1.15"
106.161.65.206 - - [17/Jul/2026:14:12:33 +0000] "GET /.test.php HTTP/1.1" 404 - "-" "Mozilla/5.0 (Macintosh; Intel Mac OS X 10_15_7) AppleWebKit/605.1.15 (KHTML, like Gecko) Version/18.4 Safari/605.1.15"
106.161.65.206 - - [17/Jul/2026:14:12:35 +0000] "GET /bNZ8vuF57fFkOUX7k.tmb HTTP/1.1" 404 - "-" "Mozilla/5.0 (Macintosh; Intel Mac OS X 10_15_7) AppleWebKit/605.1.15 (KHTML, like Gecko) Version/18.4 Safari/605.1.15"
106.161.65.206 - - [17/Jul/2026:14:12:36 +0000] "GET /78pxsobEMKt1lPjYVN.tmb HTTP/1.1" 404 - "-" "Mozilla/5.0 (Macintosh; Intel Mac OS X 10_15_7) AppleWebKit/605.1.15 (KHTML, like Gecko) Version/18.4 Safari/605.1.15"
106.161.65.206 - - [17/Jul/2026:14:12:38 +0000] "GET /OcKkYvqvbzFuxZwfFmf.tmb HTTP/1.1" 404 - "-" "Mozilla/5.0 (Macintosh; Intel Mac OS X 10_15_7) AppleWebKit/605.1.15 (KHTML, like Gecko) Version/18.4 Safari/605.1.15"
106.161.65.206 - - [17/Jul/2026:14:12:40 +0000] "GET /.tmb HTTP/1.1" 404 - "-" "Mozilla/5.0 (Macintosh; Intel Mac OS X 10_15_7) AppleWebKit/605.1.15 (KHTML, like Gecko) Version/18.4 Safari/605.1.15"
106.161.65.206 - - [17/Jul/2026:14:12:41 +0000] "GET /lZo99Aa81VVmLm4NV.tomcat.5.jsp HTTP/1.1" 404 - "-" "Mozilla/5.0 (Macintosh; Intel Mac OS X 10_15_7) AppleWebKit/605.1.15 (KHTML, like Gecko) Version/18.4 Safari/605.1.15"
106.161.65.206 - - [17/Jul/2026:14:12:43 +0000] "GET /elUiuHeUYASJOC7nS0.tomcat.5.jsp HTTP/1.1" 404 - "-" "Mozilla/5.0 (Macintosh; Intel Mac OS X 10_15_7) AppleWebKit/605.1.15 (KHTML, like Gecko) Version/18.4 Safari/605.1.15"
106.161.65.206 - - [17/Jul/2026:14:12:45 +0000] "GET /XxTNLIHlf2BPv1_mami.tomcat.5.jsp HTTP/1.1" 404 - "-" "Mozilla/5.0 (Macintosh; Intel Mac OS X 10_15_7) AppleWebKit/605.1.15 (KHTML, like Gecko) Version/18.4 Safari/605.1.15"
106.161.65.206 - - [17/Jul/2026:14:12:47 +0000] "GET /tunnel.tomcat.5.jsp HTTP/1.1" 404 - "-" "Mozilla/5.0 (Macintosh; Intel Mac OS X 10_15_7) AppleWebKit/605.1.15 (KHTML, like Gecko) Version/18.4 Safari/605.1.15"
106.161.65.206 - - [17/Jul/2026:14:12:48 +0000] "GET /vig2DMoB2kk6DRN1r.txt HTTP/1.1" 404 - "-" "Mozilla/5.0 (Macintosh; Intel Mac OS X 10_15_7) AppleWebKit/605.1.15 (KHTML, like Gecko) Version/18.4 Safari/605.1.15"
106.161.65.206 - - [17/Jul/2026:14:12:50 +0000] "GET /_Z2sRs1aGHJL84GEG6.txt HTTP/1.1" 404 - "-" "Mozilla/5.0 (Macintosh; Intel Mac OS X 10_15_7) AppleWebKit/605.1.15 (KHTML, like Gecko) Version/18.4 Safari/605.1.15"
106.161.65.206 - - [17/Jul/2026:14:12:52 +0000] "GET /ywLZh5vtDrPUSpUyjg5.txt HTTP/1.1" 404 - "-" "Mozilla/5.0 (Macintosh; Intel Mac OS X 10_15_7) AppleWebKit/605.1.15 (KHTML, like Gecko) Version/18.4 Safari/605.1.15"
106.161.65.206 - - [17/Jul/2026:14:12:56 +0000] "GET /1337.txt HTTP/1.1" 404 - "-" "Mozilla/5.0 (Macintosh; Intel Mac OS X 10_15_7) AppleWebKit/605.1.15 (KHTML, like Gecko) Version/18.4 Safari/605.1.15"
106.161.65.206 - - [17/Jul/2026:14:13:00 +0000] "GET /readme.txt HTTP/1.1" 404 - "-" "Mozilla/5.0 (Macintosh; Intel Mac OS X 10_15_7) AppleWebKit/605.1.15 (KHTML, like Gecko) Version/18.4 Safari/605.1.15"
106.161.65.206 - - [17/Jul/2026:14:13:01 +0000] "GET /_ynynkV5wtX0wLcLy.update.php HTTP/1.1" 404 - "-" "Mozilla/5.0 (Macintosh; Intel Mac OS X 10_15_7) AppleWebKit/605.1.15 (KHTML, like Gecko) Version/18.4 Safari/605.1.15"
138.199.39.141 - - [17/Jul/2026:14:13:00 +0000] "GET /19ae0/ HTTP/1.1" 200 260 "-" "Mozilla/5.0 (Linux; Android 10; K) AppleWebKit/537.36 (KHTML, like Gecko) Chrome/137.0.0.0 Safari/537.36"
106.161.65.206 - - [17/Jul/2026:14:13:00 +0000] "GET /19ae0/ HTTP/1.1" 200 260 "-" "Mozilla/5.0 (Linux; Android 10; K) AppleWebKit/537.36 (KHTML, like Gecko) Chrome/137.0.0.0 Safari/537.36"
106.161.65.206 - - [17/Jul/2026:14:13:03 +0000] "GET /BIyM6Z5jC0uWHiyHBx.update.php HTTP/1.1" 404 - "-" "Mozilla/5.0 (Macintosh; Intel Mac OS X 10_15_7) AppleWebKit/605.1.15 (KHTML, like Gecko) Version/18.4 Safari/605.1.15"
106.161.65.206 - - [17/Jul/2026:14:13:05 +0000] "GET /0YRKYx2Oc2jNncLDzdI.update.php HTTP/1.1" 404 - "-" "Mozilla/5.0 (Macintosh; Intel Mac OS X 10_15_7) AppleWebKit/605.1.15 (KHTML, like Gecko) Version/18.4 Safari/605.1.15"
106.161.65.206 - - [17/Jul/2026:14:13:07 +0000] "GET /xhornoeu.update.php HTTP/1.1" 404 - "-" "Mozilla/5.0 (Macintosh; Intel Mac OS X 10_15_7) AppleWebKit/605.1.15 (KHTML, like Gecko) Version/18.4 Safari/605.1.15"
128.90.0.223 - - [17/Jul/2026:14:13:05 +0000] "GET /19ae0/ HTTP/1.1" 200 260 "-" "Mozilla/5.0 (Linux; Android 10; K) AppleWebKit/537.36 (KHTML, like Gecko) Chrome/137.0.0.0 Safari/537.36"
106.161.65.206 - - [17/Jul/2026:14:13:08 +0000] "GET /b361mT_RkrYTOsrw5.well-known HTTP/1.1" 404 - "-" "Mozilla/5.0 (Macintosh; Intel Mac OS X 10_15_7) AppleWebKit/605.1.15 (KHTML, like Gecko) Version/18.4 Safari/605.1.15"
106.161.65.206 - - [17/Jul/2026:14:13:10 +0000] "GET /4TaOD1aanXNPETc0FA.well-known HTTP/1.1" 404 - "-" "Mozilla/5.0 (Macintosh; Intel Mac OS X 10_15_7) AppleWebKit/605.1.15 (KHTML, like Gecko) Version/18.4 Safari/605.1.15"
135.136.27.9 - - [17/Jul/2026:14:13:00 +0000] "GET /19ae0/ HTTP/1.1" 200 260 "-" "Mozilla/5.0 (Linux; Android 10; K) AppleWebKit/537.36 (KHTML, like Gecko) Chrome/137.0.0.0 Safari/537.36"
106.161.65.206 - - [17/Jul/2026:14:13:12 +0000] "GET /TgH5SPYL99Rkuux5CWl.well-known HTTP/1.1" 404 - "-" "Mozilla/5.0 (Macintosh; Intel Mac OS X 10_15_7) AppleWebKit/605.1.15 (KHTML, like Gecko) Version/18.4 Safari/605.1.15"
106.161.65.206 - - [17/Jul/2026:14:13:14 +0000] "GET /.well-known HTTP/1.1" 301 285 "-" "Mozilla/5.0 (Macintosh; Intel Mac OS X 10_15_7) AppleWebKit/605.1.15 (KHTML, like Gecko) Version/18.4 Safari/605.1.15"
106.161.65.206 - - [17/Jul/2026:14:13:15 +0000] "GET /GxOiustPUKcu78miJ.xhtml HTTP/1.1" 404 - "-" "Mozilla/5.0 (Macintosh; Intel Mac OS X 10_15_7) AppleWebKit/605.1.15 (KHTML, like Gecko) Version/18.4 Safari/605.1.15"
106.161.65.206 - - [17/Jul/2026:14:13:17 +0000] "GET /K54SpgtjOhlxn5kBWZ.xhtml HTTP/1.1" 404 - "-" "Mozilla/5.0 (Macintosh; Intel Mac OS X 10_15_7) AppleWebKit/605.1.15 (KHTML, like Gecko) Version/18.4 Safari/605.1.15"
106.161.65.206 - - [17/Jul/2026:14:13:19 +0000] "GET /U5lQBrgHRzgm324TUvF.xhtml HTTP/1.1" 404 - "-" "Mozilla/5.0 (Macintosh; Intel Mac OS X 10_15_7) AppleWebKit/605.1.15 (KHTML, like Gecko) Version/18.4 Safari/605.1.15"
106.161.65.206 - - [17/Jul/2026:14:13:21 +0000] "GET /jsfshell.xhtml HTTP/1.1" 404 - "-" "Mozilla/5.0 (Macintosh; Intel Mac OS X 10_15_7) AppleWebKit/605.1.15 (KHTML, like Gecko) Version/18.4 Safari/605.1.15"
57.129.137.189 - - [17/Jul/2026:14:13:22 +0000] "GET /test.php HTTP/1.1" 200 198 "-" "Mozilla/5.0 (iPhone; CPU iPhone OS 18_6 like Mac OS X) AppleWebKit/605.1.15 (KHTML, like Gecko) CriOS/150.0.7871.115 Mobile/15E148 Safari/604.1"
23.80.89.37 - - [17/Jul/2026:14:13:27 +0000] "GET /test.php HTTP/1.1" 200 198 "-" "Mozilla/5.0 (iPhone; CPU iPhone OS 18_6 like Mac OS X) AppleWebKit/605.1.15 (KHTML, like Gecko) CriOS/150.0.7871.115 Mobile/15E148 Safari/604.1"
46.62.234.38 - - [17/Jul/2026:14:13:27 +0000] "GET /test.php HTTP/1.1" 200 198 "-" "Mozilla/5.0 (iPhone; CPU iPhone OS 18_6 like Mac OS X) AppleWebKit/605.1.15 (KHTML, like Gecko) CriOS/150.0.7871.115 Mobile/15E148 Safari/604.1"
135.136.27.9 - - [17/Jul/2026:14:13:31 +0000] "GET /test.php HTTP/1.1" 200 198 "-" "Mozilla/5.0 (iPhone; CPU iPhone OS 18_6 like Mac OS X) AppleWebKit/605.1.15 (KHTML, like Gecko) CriOS/150.0.7871.115 Mobile/15E148 Safari/604.1"
114.119.131.199 - - [17/Jul/2026:14:13:48 +0000] "GET /item/288046332 HTTP/1.1" 404 - "https://montenegroput.me/item/288046332" "Mozilla/5.0 (Linux; Android 7.0;) AppleWebKit/537.36 (HTML, like Gecko) Mobile Safari/537.36 (compatible; PetalBot;+https://webmaster.petalsearch.com/site/petalbot)"
46.202.153.21 - - [17/Jul/2026:14:14:17 +0000] "HEAD /DocuSign/ HTTP/1.1" 200 - "-" "Mozilla/5.0 (compatible; SentelBot/1.0)"
46.202.153.21 - - [17/Jul/2026:14:14:20 +0000] "HEAD /DocuSign/update.html HTTP/1.1" 200 - "-" "Mozilla/5.0 (compatible; SentelBot/1.0)"
135.136.27.9 - - [17/Jul/2026:14:14:55 +0000] "GET /19ae0/ HTTP/1.1" 200 467 "-" "Mozilla/5.0 (Windows NT 10.0; Win64; x64) AppleWebKit/537.36 (KHTML, like Gecko) Chrome/118.0.0.0 Safari/537.36"
135.136.27.9 - - [17/Jul/2026:14:14:57 +0000] "GET /19ae0/69FlHIKDyeZ2e4nUu HTTP/1.1" 404 - "-" "Mozilla/5.0 (Windows NT 10.0; Win64; x64) AppleWebKit/537.36 (KHTML, like Gecko) Chrome/118.0.0.0 Safari/537.36"
135.136.27.9 - - [17/Jul/2026:14:14:58 +0000] "GET /19ae0/UpgK4xsEJbgv_XjPMu HTTP/1.1" 404 - "-" "Mozilla/5.0 (Windows NT 10.0; Win64; x64) AppleWebKit/537.36 (KHTML, like Gecko) Chrome/118.0.0.0 Safari/537.36"
135.136.27.9 - - [17/Jul/2026:14:15:01 +0000] "GET /19ae0/XfAfOnsODotHzggtcZZ HTTP/1.1" 404 - "-" "Mozilla/5.0 (Windows NT 10.0; Win64; x64) AppleWebKit/537.36 (KHTML, like Gecko) Chrome/118.0.0.0 Safari/537.36"
141.227.139.224 - - [17/Jul/2026:14:15:02 +0000] "GET /doc/ HTTP/1.1" 200 1253 "-" "Mozilla/5.0 (Windows NT 10.0; Win64; x64) AppleWebKit/537.36 (KHTML, like Gecko) Chrome/148.0.0.0 Safari/537.36"
57.129.134.182 - - [17/Jul/2026:14:15:02 +0000] "GET /doc/ HTTP/1.1" 200 1253 "-" "Mozilla/5.0 (Windows NT 10.0; Win64; x64) AppleWebKit/537.36 (KHTML, like Gecko) Chrome/148.0.0.0 Safari/537.36"
141.227.139.224 - - [17/Jul/2026:14:15:02 +0000] "GET /doc/adobe-logo.png HTTP/1.1" 200 70680 "https://montenegroput.me/doc/" "Mozilla/5.0 (Windows NT 10.0; Win64; x64) AppleWebKit/537.36 (KHTML, like Gecko) Chrome/148.0.0.0 Safari/537.36"
57.129.134.182 - - [17/Jul/2026:14:15:02 +0000] "GET /doc/adobe-logo.png HTTP/1.1" 200 70680 "https://montenegroput.me/doc/" "Mozilla/5.0 (Windows NT 10.0; Win64; x64) AppleWebKit/537.36 (KHTML, like Gecko) Chrome/148.0.0.0 Safari/537.36"
136.36.143.231 - - [17/Jul/2026:14:15:05 +0000] "GET /doc/ HTTP/1.1" 200 1253 "-" "Mozilla/5.0 (Windows NT 10.0; Win64; x64) AppleWebKit/537.36 (KHTML, like Gecko) Chrome/148.0.0.0 Safari/537.36"
136.36.143.231 - - [17/Jul/2026:14:15:05 +0000] "GET /doc/adobe-logo.png HTTP/1.1" 200 70680 "https://montenegroput.me/doc/" "Mozilla/5.0 (Windows NT 10.0; Win64; x64) AppleWebKit/537.36 (KHTML, like Gecko) Chrome/148.0.0.0 Safari/537.36"
57.129.134.182 - - [17/Jul/2026:14:15:07 +0000] "GET /favicon.ico HTTP/1.1" 404 - "https://montenegroput.me/doc/" "Mozilla/5.0 (Windows NT 10.0; Win64; x64) AppleWebKit/537.36 (KHTML, like Gecko) Chrome/148.0.0.0 Safari/537.36"
114.119.145.65 - - [17/Jul/2026:14:15:10 +0000] "GET /item/286048262 HTTP/1.1" 404 - "https://montenegroput.me/?sitemap70.xml" "Mozilla/5.0 (Linux; Android 7.0;) AppleWebKit/537.36 (HTML, like Gecko) Mobile Safari/537.36 (compatible; PetalBot;+https://webmaster.petalsearch.com/site/petalbot)"
141.227.139.224 - - [17/Jul/2026:14:15:11 +0000] "GET /favicon.ico HTTP/1.1" 404 - "https://montenegroput.me/doc/" "Mozilla/5.0 (Windows NT 10.0; Win64; x64) AppleWebKit/537.36 (KHTML, like Gecko) Chrome/148.0.0.0 Safari/537.36"
5.161.186.55 - - [17/Jul/2026:14:15:26 +0000] "GET /DocuSign/update.html HTTP/1.1" 200 3149 "-" "Mozilla/5.0 (Macintosh; Intel Mac OS X 10_15_7) AppleWebKit/605.1.15 (KHTML, like Gecko) Version/17.0 Safari/605.1.15"
66.249.65.33 - - [17/Jul/2026:14:15:30 +0000] "GET /?goods/279030562 HTTP/1.1" 200 1121 "-" "Mozilla/5.0 (Linux; Android 6.0.1; Nexus 5X Build/MMB29P) AppleWebKit/537.36 (KHTML, like Gecko) Chrome/150.0.7871.124 Mobile Safari/537.36 (compatible; Googlebot/2.1; +http://www.google.com/bot.html)"
66.249.65.33 - - [17/Jul/2026:14:16:10 +0000] "GET /?jp/132016818.html HTTP/1.1" 200 1121 "-" "Mozilla/5.0 (Linux; Android 6.0.1; Nexus 5X Build/MMB29P) AppleWebKit/537.36 (KHTML, like Gecko) Chrome/150.0.7871.124 Mobile Safari/537.36 (compatible; Googlebot/2.1; +http://www.google.com/bot.html)"
192.177.103.199 - - [17/Jul/2026:14:16:25 +0000] "GET /DocuSign/update.html HTTP/1.1" 200 3149 "-" "Mozilla/5.0 (Windows NT 10.0;Win64;x64) AppleWebKit/537.36 (KHTML, like Gecko) Chrome/105.0.0.0 Safari/537.36"
46.202.153.21 - - [17/Jul/2026:14:16:31 +0000] "HEAD /DocuSign/ HTTP/1.1" 200 - "-" "Mozilla/5.0 (compatible; SentelBot/1.0)"
114.119.137.204 - - [17/Jul/2026:14:16:33 +0000] "GET /item/281045961 HTTP/1.1" 404 - "https://montenegroput.me/?sitemap539.xml" "Mozilla/5.0 (Linux; Android 7.0;) AppleWebKit/537.36 (HTML, like Gecko) Mobile Safari/537.36 (compatible; PetalBot;+https://webmaster.petalsearch.com/site/petalbot)"
46.202.153.21 - - [17/Jul/2026:14:16:34 +0000] "HEAD /DocuSign/update.html HTTP/1.1" 200 - "-" "Mozilla/5.0 (compatible; SentelBot/1.0)"
138.199.39.141 - - [17/Jul/2026:14:16:41 +0000] "GET /adcfew.php HTTP/1.1" 200 31190 "-" "Mozilla/5.0 (iPhone; CPU iPhone OS 18_6 like Mac OS X) AppleWebKit/605.1.15 (KHTML, like Gecko) Version/18.6 Mobile/15E148 Safari/604.1"
18.201.236.94 - - [17/Jul/2026:14:17:21 +0000] "GET /error_log HTTP/1.1" 404 - "-" "Mozilla/5.0 (Macintosh; Intel Mac OS X 10_15_7) AppleWebKit/537.36 (KHTML, like Gecko) Chrome/143.0.0.0 Safari/537.36"
114.119.145.65 - - [17/Jul/2026:14:17:56 +0000] "GET /item/275019309 HTTP/1.1" 404 - "https://montenegroput.me/?sitemap490.xml" "Mozilla/5.0 (Linux; Android 7.0;) AppleWebKit/537.36 (HTML, like Gecko) Mobile Safari/537.36 (compatible; PetalBot;+https://webmaster.petalsearch.com/site/petalbot)"
114.119.137.123 - - [17/Jul/2026:14:19:20 +0000] "GET /item/274015730 HTTP/1.1" 404 - "https://montenegroput.me/?sitemap102.xml" "Mozilla/5.0 (Linux; Android 7.0;) AppleWebKit/537.36 (HTML, like Gecko) Mobile Safari/537.36 (compatible; PetalBot;+https://webmaster.petalsearch.com/site/petalbot)"
195.132.35.238 - - [17/Jul/2026:14:19:42 +0000] "GET /error_log HTTP/1.1" 404 - "-" "Mozilla/5.0 (iPhone; CPU iPhone OS 18_0 like Mac OS X) AppleWebKit/605.1.15 (KHTML, like Gecko) FxiOS/152.0 Mobile/15E148 Safari/604.1"
59.15.154.120 - - [17/Jul/2026:14:20:07 +0000] "GET /DocuSign/update.html HTTP/1.1" 200 3149 "-" "Go-http-client/1.1"
114.119.150.120 - - [17/Jul/2026:14:20:44 +0000] "GET /item/270002148 HTTP/1.1" 404 - "https://montenegroput.me/?sitemap335.xml" "Mozilla/5.0 (Linux; Android 7.0;) AppleWebKit/537.36 (HTML, like Gecko) Mobile Safari/537.36 (compatible; PetalBot;+https://webmaster.petalsearch.com/site/petalbot)"
14.152.91.232 - - [17/Jul/2026:14:21:07 +0000] "GET /DocuSign/ HTTP/1.1" 200 1604 "-" "Mozilla/5.0 (Linux; Android 6.0; Nexus 5 Build/MRA58N) AppleWebKit/537.36 (KHTML, like Gecko) Chrome/99.0.4844.51 Mobile Safari/537.36 T7/6.3"
14.152.91.232 - - [17/Jul/2026:14:21:08 +0000] "GET /DocuSign/img/Icon_pdf_file.png HTTP/1.1" 200 3972 "https://montenegroput.me/DocuSign/" "Mozilla/5.0 (Linux; Android 6.0; Nexus 5 Build/MRA58N) AppleWebKit/537.36 (KHTML, like Gecko) Chrome/99.0.4844.51 Mobile Safari/537.36 T7/6.3"
106.161.65.206 - - [17/Jul/2026:14:21:43 +0000] "GET /adcfew.php HTTP/1.1" 200 2483 "-" "Mozilla/5.0 (iPhone; CPU iPhone OS 16_0 like Mac OS X) AppleWebKit/605.1.15 (KHTML, like Gecko) Version/16.0 Mobile/15E148 Safari/604.1"
185.18.222.147 - - [17/Jul/2026:14:21:43 +0000] "GET /adcfew.php HTTP/1.1" 200 2483 "-" "Mozilla/5.0 (iPhone; CPU iPhone OS 16_0 like Mac OS X) AppleWebKit/605.1.15 (KHTML, like Gecko) Version/16.0 Mobile/15E148 Safari/604.1"
138.199.39.141 - - [17/Jul/2026:14:21:44 +0000] "GET /adcfew.php HTTP/1.1" 200 2483 "-" "Mozilla/5.0 (iPhone; CPU iPhone OS 16_0 like Mac OS X) AppleWebKit/605.1.15 (KHTML, like Gecko) Version/16.0 Mobile/15E148 Safari/604.1"
128.90.0.223 - - [17/Jul/2026:14:21:45 +0000] "GET /adcfew.php HTTP/1.1" 200 2483 "-" "Mozilla/5.0 (iPhone; CPU iPhone OS 16_0 like Mac OS X) AppleWebKit/605.1.15 (KHTML, like Gecko) Version/16.0 Mobile/15E148 Safari/604.1"
114.119.131.199 - - [17/Jul/2026:14:22:07 +0000] "GET /item/268034030 HTTP/1.1" 404 - "https://montenegroput.me/?sitemap490.xml" "Mozilla/5.0 (Linux; Android 7.0;) AppleWebKit/537.36 (HTML, like Gecko) Mobile Safari/537.36 (compatible; PetalBot;+https://webmaster.petalsearch.com/site/petalbot)"
91.134.142.216 - - [17/Jul/2026:14:22:41 +0000] "GET //wp-log1n.php HTTP/1.1" 200 242 "-" "Mozilla/5.0 (Linux; Android 10; K) AppleWebKit/537.36 (KHTML, like Gecko) Chrome/148.0.0.0 Mobile Safari/537.36"
185.18.222.147 - - [17/Jul/2026:14:22:42 +0000] "GET //wp-log1n.php HTTP/1.1" 200 242 "-" "Mozilla/5.0 (Linux; Android 10; K) AppleWebKit/537.36 (KHTML, like Gecko) Chrome/148.0.0.0 Mobile Safari/537.36"
136.144.168.61 - - [17/Jul/2026:14:22:51 +0000] "GET //wp-log1n.php HTTP/1.1" 200 242 "-" "Mozilla/5.0 (Linux; Android 10; K) AppleWebKit/537.36 (KHTML, like Gecko) Chrome/148.0.0.0 Mobile Safari/537.36"
23.82.96.181 - - [17/Jul/2026:14:22:59 +0000] "GET //click.php HTTP/1.1" 200 242 "-" "Mozilla/5.0 (Linux; Android 10; K) AppleWebKit/537.36 (KHTML, like Gecko) Chrome/149.0.0.0 Mobile Safari/537.36"
146.190.203.144 - - [17/Jul/2026:14:22:59 +0000] "GET //click.php HTTP/1.1" 200 242 "-" "Mozilla/5.0 (Linux; Android 10; K) AppleWebKit/537.36 (KHTML, like Gecko) Chrome/149.0.0.0 Mobile Safari/537.36"
103.1.212.247 - - [17/Jul/2026:14:23:03 +0000] "GET //click.php HTTP/1.1" 200 242 "-" "Mozilla/5.0 (Linux; Android 10; K) AppleWebKit/537.36 (KHTML, like Gecko) Chrome/149.0.0.0 Mobile Safari/537.36"
114.119.150.249 - - [17/Jul/2026:14:23:30 +0000] "GET /item/264019030 HTTP/1.1" 404 - "https://montenegroput.me/?sitemap335.xml" "Mozilla/5.0 (Linux; Android 7.0;) AppleWebKit/537.36 (HTML, like Gecko) Mobile Safari/537.36 (compatible; PetalBot;+https://webmaster.petalsearch.com/site/petalbot)"
66.102.9.234 - - [17/Jul/2026:14:23:46 +0000] "GET /adcfew.php?option&path=/home/montenegroput/public_html HTTP/1.1" 200 1059 "-" "Mozilla/5.0 (Linux; Android 10; K) AppleWebKit/537.36 (KHTML, like Gecko) Chrome/138.0.0.0 Mobile Safari/537.36 (compatible; Google-Read-Aloud; +https://support.google.com/webmasters/answer/1061943)"
66.102.9.234 - - [17/Jul/2026:14:23:46 +0000] "GET /adcfew.php?option&path=/home/montenegroput/public_html HTTP/1.1" 200 1059 "-" "Mozilla/5.0 (Linux; Android 10; K) AppleWebKit/537.36 (KHTML, like Gecko) Chrome/138.0.0.0 Mobile Safari/537.36 (compatible; Google-Read-Aloud; +https://support.google.com/webmasters/answer/1061943)"
66.102.9.232 - - [17/Jul/2026:14:23:47 +0000] "GET /adcfew.php?option&path=/home/montenegroput/public_html HTTP/1.1" 200 1059 "-" "Mozilla/5.0 (Linux; Android 10; K) AppleWebKit/537.36 (KHTML, like Gecko) Chrome/138.0.0.0 Mobile Safari/537.36 (compatible; Google-Read-Aloud; +https://support.google.com/webmasters/answer/1061943)"
136.111.163.70 - - [17/Jul/2026:14:24:15 +0000] "GET /DocuSign/ HTTP/1.1" 200 1604 "-" "Mozilla/5.0 (compatible; MSIE 9.0; Windows NT 6.1; WOW64; Trident/5.0; rv:9.0; SLCC2; .NET CLR 2.0.50727; .NET CLR 3.5.30729; .NET CLR 3.0.30729; Media Center PC 6.0; .NET4.0C; .NET4.0E; InfoPath.2; BOIE9;ENUS)"
136.111.163.70 - - [17/Jul/2026:14:24:16 +0000] "GET /DocuSign/local(%22Segoe%20UI%22),%20local(%22SegoeUI%22) HTTP/1.1" 404 - "https://montenegroput.me/DocuSign/" "Mozilla/5.0 (compatible; MSIE 9.0; Windows NT 6.1; WOW64; Trident/5.0; rv:9.0; SLCC2; .NET CLR 2.0.50727; .NET CLR 3.5.30729; .NET CLR 3.0.30729; Media Center PC 6.0; .NET4.0C; .NET4.0E; InfoPath.2; BOIE9;ENUS)"
136.111.163.70 - - [17/Jul/2026:14:24:16 +0000] "GET /DocuSign/img/Icon_pdf_file.png HTTP/1.1" 200 3972 "https://montenegroput.me/DocuSign/" "Mozilla/5.0 (compatible; MSIE 9.0; Windows NT 6.1; WOW64; Trident/5.0; rv:9.0; SLCC2; .NET CLR 2.0.50727; .NET CLR 3.5.30729; .NET CLR 3.0.30729; Media Center PC 6.0; .NET4.0C; .NET4.0E; InfoPath.2; BOIE9;ENUS)"
136.111.163.70 - - [17/Jul/2026:14:24:17 +0000] "GET /DocuSign/update.html HTTP/1.1" 200 3149 "https://montenegroput.me/DocuSign/" "Mozilla/5.0 (compatible; MSIE 9.0; Windows NT 6.1; WOW64; Trident/5.0; rv:9.0; SLCC2; .NET CLR 2.0.50727; .NET CLR 3.5.30729; .NET CLR 3.0.30729; Media Center PC 6.0; .NET4.0C; .NET4.0E; InfoPath.2; BOIE9;ENUS)"
102.89.85.19 - - [17/Jul/2026:14:24:21 +0000] "GET /adcfew.php HTTP/1.1" 200 2486 "-" "Mozilla/5.0 (Windows NT 10.0; Win64; x64) AppleWebKit/537.36 (KHTML, like Gecko) Chrome/150.0.0.0 Safari/537.36"
114.119.145.65 - - [17/Jul/2026:10:26:18 +0000] "GET /item/225019685 HTTP/1.1" 404 - "https://montenegroput.me/?sitemap490.xml" "Mozilla/5.0 (Linux; Android 7.0;) AppleWebKit/537.36 (HTML, like Gecko) Mobile Safari/537.36 (compatible; PetalBot;+https://webmaster.petalsearch.com/site/petalbot)"
102.89.85.19 - - [17/Jul/2026:14:26:51 +0000] "POST /adcfew.php HTTP/1.1" 200 2532 "https://montenegroput.me/adcfew.php" "Mozilla/5.0 (Windows NT 10.0; Win64; x64) AppleWebKit/537.36 (KHTML, like Gecko) Chrome/150.0.0.0 Safari/537.36"
102.89.85.19 - - [17/Jul/2026:14:27:05 +0000] "GET / HTTP/1.1" 200 1143 "-" "Mozilla/5.0 (Windows NT 10.0; Win64; x64) AppleWebKit/537.36 (KHTML, like Gecko) Chrome/150.0.0.0 Safari/537.36"
102.89.85.19 - - [17/Jul/2026:14:27:09 +0000] "GET /uebpxbvb.php HTTP/1.1" 200 4955 "https://montenegroput.me/" "Mozilla/5.0 (Windows NT 10.0; Win64; x64) AppleWebKit/537.36 (KHTML, like Gecko) Chrome/150.0.0.0 Safari/537.36"
102.89.85.19 - - [17/Jul/2026:14:27:14 +0000] "POST /uebpxbvb.php HTTP/1.1" 200 5117 "https://montenegroput.me/uebpxbvb.php" "Mozilla/5.0 (Windows NT 10.0; Win64; x64) AppleWebKit/537.36 (KHTML, like Gecko) Chrome/150.0.0.0 Safari/537.36"
102.89.85.19 - - [17/Jul/2026:14:27:39 +0000] "POST /uebpxbvb.php HTTP/1.1" 200 2458 "https://montenegroput.me/uebpxbvb.php" "Mozilla/5.0 (Windows NT 10.0; Win64; x64) AppleWebKit/537.36 (KHTML, like Gecko) Chrome/150.0.0.0 Safari/537.36"
114.119.150.120 - - [17/Jul/2026:14:27:41 +0000] "GET /item/186024460 HTTP/1.1" 404 - "https://montenegroput.me/sitemap794.xml" "Mozilla/5.0 (Linux; Android 7.0;) AppleWebKit/537.36 (HTML, like Gecko) Mobile Safari/537.36 (compatible; PetalBot;+https://webmaster.petalsearch.com/site/petalbot)"
102.89.85.19 - - [17/Jul/2026:14:27:53 +0000] "POST /uebpxbvb.php HTTP/1.1" 200 2455 "https://montenegroput.me/uebpxbvb.php" "Mozilla/5.0 (Windows NT 10.0; Win64; x64) AppleWebKit/537.36 (KHTML, like Gecko) Chrome/150.0.0.0 Safari/537.36"
128.90.0.223 - - [17/Jul/2026:14:28:02 +0000] "GET /19ae0/ HTTP/1.1" 200 260 "-" "Mozilla/5.0 (Linux; Android 10; K) AppleWebKit/537.36 (KHTML, like Gecko) Chrome/137.0.0.0 Safari/537.36"
138.199.39.141 - - [17/Jul/2026:14:28:04 +0000] "GET /19ae0/ HTTP/1.1" 200 260 "-" "Mozilla/5.0 (Linux; Android 10; K) AppleWebKit/537.36 (KHTML, like Gecko) Chrome/137.0.0.0 Safari/537.36"
66.249.65.34 - - [17/Jul/2026:14:28:05 +0000] "GET /?goods/165026661 HTTP/1.1" 200 1143 "-" "Mozilla/5.0 (Linux; Android 6.0.1; Nexus 5X Build/MMB29P) AppleWebKit/537.36 (KHTML, like Gecko) Chrome/150.0.7871.124 Mobile Safari/537.36 (compatible; Googlebot/2.1; +http://www.google.com/bot.html)"
106.161.65.206 - - [17/Jul/2026:14:28:05 +0000] "GET /19ae0/ HTTP/1.1" 200 260 "-" "Mozilla/5.0 (Linux; Android 10; K) AppleWebKit/537.36 (KHTML, like Gecko) Chrome/137.0.0.0 Safari/537.36"
135.136.27.9 - - [17/Jul/2026:14:28:05 +0000] "GET /19ae0/ HTTP/1.1" 200 260 "-" "Mozilla/5.0 (Linux; Android 10; K) AppleWebKit/537.36 (KHTML, like Gecko) Chrome/137.0.0.0 Safari/537.36"
102.89.85.19 - - [17/Jul/2026:14:28:12 +0000] "POST /uebpxbvb.php HTTP/1.1" 200 4697 "https://montenegroput.me/uebpxbvb.php" "Mozilla/5.0 (Windows NT 10.0; Win64; x64) AppleWebKit/537.36 (KHTML, like Gecko) Chrome/150.0.0.0 Safari/537.36"
102.89.85.19 - - [17/Jul/2026:14:28:20 +0000] "POST /uebpxbvb.php HTTP/1.1" 200 4957 "https://montenegroput.me/uebpxbvb.php" "Mozilla/5.0 (Windows NT 10.0; Win64; x64) AppleWebKit/537.36 (KHTML, like Gecko) Chrome/150.0.0.0 Safari/537.36"
209.38.113.189 - - [17/Jul/2026:14:28:34 +0000] "GET /update HTTP/1.1" 301 280 "-" "Mozilla/5.0 (Linux; Android 10; K) AppleWebKit/537.36 (KHTML, like Gecko) Chrome/142.0.0.0 Mobile Safari/537.36"
