23.82.96.182 - - [17/Jul/2026:13:56:59 +0000] "GET /update/denied.html HTTP/1.1" 200 1037 "https://montenegroput.me/update/" "Mozilla/5.0 (Linux; Android 10; K) AppleWebKit/537.36 (KHTML, like Gecko) Chrome/142.0.0.0 Mobile Safari/537.36"
23.82.96.182 - - [17/Jul/2026:13:56:59 +0000] "GET /update/Screenshot%202025-04-25%20161700.png HTTP/1.1" 200 50730 "https://montenegroput.me/update/denied.html" "Mozilla/5.0 (Linux; Android 10; K) AppleWebKit/537.36 (KHTML, like Gecko) Chrome/142.0.0.0 Mobile Safari/537.36"
23.82.96.179 - - [17/Jul/2026:13:57:00 +0000] "GET /update/denied.html HTTP/1.1" 200 1037 "https://montenegroput.me/update/" "Mozilla/5.0 (Linux; Android 10; K) AppleWebKit/537.36 (KHTML, like Gecko) Chrome/142.0.0.0 Mobile Safari/537.36"
23.82.96.179 - - [17/Jul/2026:13:57:01 +0000] "GET /favicon.ico HTTP/1.1" 404 - "https://montenegroput.me/update/" "Mozilla/5.0 (Linux; Android 10; K) AppleWebKit/537.36 (KHTML, like Gecko) Chrome/142.0.0.0 Mobile Safari/537.36"
23.82.96.179 - - [17/Jul/2026:13:57:01 +0000] "GET /update/Screenshot%202025-04-25%20161700.png HTTP/1.1" 200 50730 "https://montenegroput.me/update/denied.html" "Mozilla/5.0 (Linux; Android 10; K) AppleWebKit/537.36 (KHTML, like Gecko) Chrome/142.0.0.0 Mobile Safari/537.36"
23.82.96.179 - - [17/Jul/2026:13:57:01 +0000] "GET /favicon.ico HTTP/1.1" 404 - "https://montenegroput.me/update/denied.html" "Mozilla/5.0 (Linux; Android 10; K) AppleWebKit/537.36 (KHTML, like Gecko) Chrome/142.0.0.0 Mobile Safari/537.36"
146.19.91.44 - - [17/Jul/2026:13:57:01 +0000] "GET /wp-includes/customize/class-wp-customize-image-control.php HTTP/1.1" 500 - "-" "Mozilla/5.0 (Windows NT 10.0; Win64; x64) AppleWebKit/537.36 (KHTML, like Gecko) Chrome/134.0.0.0 Safari/537.36"
135.136.27.9 - - [17/Jul/2026:13:57:03 +0000] "GET /wp-admin/images/wordpress-logo.png HTTP/1.1" 200 2480 "-" "Mozilla/5.0 (Linux; Android 10; K) AppleWebKit/537.36 (KHTML, like Gecko) Chrome/147.0.0.0 Mobile Safari/537.36"
114.119.139.43 - - [17/Jul/2026:13:57:05 +0000] "GET /products/097005102 HTTP/1.1" 404 - "https://montenegroput.me/?sitemap490.xml" "Mozilla/5.0 (Linux; Android 7.0;) AppleWebKit/537.36 (HTML, like Gecko) Mobile Safari/537.36 (compatible; PetalBot;+https://webmaster.petalsearch.com/site/petalbot)"
146.19.91.44 - - [17/Jul/2026:13:57:05 +0000] "GET /wp-includes/customize/class-wp-customize-media-control.php HTTP/1.1" 500 - "-" "Mozilla/5.0 (Windows NT 10.0; Win64; x64) AppleWebKit/537.36 (KHTML, like Gecko) Chrome/134.0.0.0 Safari/537.36"
146.19.91.44 - - [17/Jul/2026:13:57:13 +0000] "GET /wp-includes/customize/class-wp-customize-nav-menu-auto-add-control.php HTTP/1.1" 500 - "-" "Mozilla/5.0 (Windows NT 10.0; Win64; x64) AppleWebKit/537.36 (KHTML, like Gecko) Chrome/134.0.0.0 Safari/537.36"
146.19.91.44 - - [17/Jul/2026:13:57:20 +0000] "GET /wp-includes/customize/class-wp-customize-nav-menu-control.php HTTP/1.1" 500 - "-" "Mozilla/5.0 (Windows NT 10.0; Win64; x64) AppleWebKit/537.36 (KHTML, like Gecko) Chrome/134.0.0.0 Safari/537.36"
106.161.65.206 - - [17/Jul/2026:13:57:25 +0000] "GET /click.php HTTP/1.1" 200 381 "-" "Mozilla/5.0 (Macintosh; Intel Mac OS X 10_15_7) AppleWebKit/605.1.15 (KHTML, like Gecko) Version/18.4 Safari/605.1.15"
146.19.91.44 - - [17/Jul/2026:13:57:27 +0000] "GET /wp-includes/customize/class-wp-customize-nav-menu-item-control.php HTTP/1.1" 500 - "-" "Mozilla/5.0 (Windows NT 10.0; Win64; x64) AppleWebKit/537.36 (KHTML, like Gecko) Chrome/134.0.0.0 Safari/537.36"
106.161.65.206 - - [17/Jul/2026:13:57:27 +0000] "GET /GDC16o2gVmNfmbBsq HTTP/1.1" 404 - "-" "Mozilla/5.0 (Macintosh; Intel Mac OS X 10_15_7) AppleWebKit/605.1.15 (KHTML, like Gecko) Version/18.4 Safari/605.1.15"
106.161.65.206 - - [17/Jul/2026:13:57:29 +0000] "GET /zjx4Q2NJWLoLBvo_55 HTTP/1.1" 404 - "-" "Mozilla/5.0 (Macintosh; Intel Mac OS X 10_15_7) AppleWebKit/605.1.15 (KHTML, like Gecko) Version/18.4 Safari/605.1.15"
146.19.91.44 - - [17/Jul/2026:13:57:30 +0000] "GET /wp-includes/customize/class-wp-customize-nav-menu-item-setting.php HTTP/1.1" 500 - "-" "Mozilla/5.0 (Windows NT 10.0; Win64; x64) AppleWebKit/537.36 (KHTML, like Gecko) Chrome/134.0.0.0 Safari/537.36"
146.190.185.95 - - [17/Jul/2026:13:57:30 +0000] "GET //click.php HTTP/1.1" 200 242 "-" "Mozilla/5.0 (iPhone; CPU iPhone OS 15_0 like Mac OS X) AppleWebKit/605.1.15 (KHTML, like Gecko) Version/15.0 Mobile/15E148 Safari/604.1"
23.82.96.180 - - [17/Jul/2026:13:57:31 +0000] "GET //click.php HTTP/1.1" 200 242 "-" "Mozilla/5.0 (iPhone; CPU iPhone OS 15_0 like Mac OS X) AppleWebKit/605.1.15 (KHTML, like Gecko) Version/15.0 Mobile/15E148 Safari/604.1"
106.161.65.206 - - [17/Jul/2026:13:57:31 +0000] "GET /usfKodx0VJSmGzFaroQ HTTP/1.1" 404 - "-" "Mozilla/5.0 (Macintosh; Intel Mac OS X 10_15_7) AppleWebKit/605.1.15 (KHTML, like Gecko) Version/18.4 Safari/605.1.15"
120.88.115.8 - - [17/Jul/2026:13:57:32 +0000] "GET //click.php HTTP/1.1" 200 242 "-" "Mozilla/5.0 (iPhone; CPU iPhone OS 15_0 like Mac OS X) AppleWebKit/605.1.15 (KHTML, like Gecko) Version/15.0 Mobile/15E148 Safari/604.1"
106.161.65.206 - - [17/Jul/2026:13:57:33 +0000] "GET /error_log HTTP/1.1" 404 - "-" "Mozilla/5.0 (Macintosh; Intel Mac OS X 10_15_7) AppleWebKit/605.1.15 (KHTML, like Gecko) Version/18.4 Safari/605.1.15"
146.19.91.44 - - [17/Jul/2026:13:57:34 +0000] "GET /wp-includes/customize/class-wp-customize-nav-menu-location-control.php HTTP/1.1" 500 - "-" "Mozilla/5.0 (Windows NT 10.0; Win64; x64) AppleWebKit/537.36 (KHTML, like Gecko) Chrome/134.0.0.0 Safari/537.36"
106.161.65.206 - - [17/Jul/2026:13:57:35 +0000] "GET /home HTTP/1.1" 404 - "-" "Mozilla/5.0 (Macintosh; Intel Mac OS X 10_15_7) AppleWebKit/605.1.15 (KHTML, like Gecko) Version/18.4 Safari/605.1.15"
106.161.65.206 - - [17/Jul/2026:13:57:36 +0000] "GET /shsspnwyl HTTP/1.1" 404 - "-" "Mozilla/5.0 (Macintosh; Intel Mac OS X 10_15_7) AppleWebKit/605.1.15 (KHTML, like Gecko) Version/18.4 Safari/605.1.15"
106.161.65.206 - - [17/Jul/2026:13:57:38 +0000] "GET /rG1lxCoKzxvHZ8BeJ.PHP HTTP/1.1" 404 - "-" "Mozilla/5.0 (Macintosh; Intel Mac OS X 10_15_7) AppleWebKit/605.1.15 (KHTML, like Gecko) Version/18.4 Safari/605.1.15"
146.19.91.44 - - [17/Jul/2026:13:57:39 +0000] "GET /wp-includes/customize/class-wp-customize-nav-menu-locations-control.php HTTP/1.1" 500 - "-" "Mozilla/5.0 (Windows NT 10.0; Win64; x64) AppleWebKit/537.36 (KHTML, like Gecko) Chrome/134.0.0.0 Safari/537.36"
106.161.65.206 - - [17/Jul/2026:13:57:40 +0000] "GET /DzeSt8NVNEMzjgvib5.PHP HTTP/1.1" 404 - "-" "Mozilla/5.0 (Macintosh; Intel Mac OS X 10_15_7) AppleWebKit/605.1.15 (KHTML, like Gecko) Version/18.4 Safari/605.1.15"
135.136.27.9 - - [17/Jul/2026:13:57:41 +0000] "GET /wp-comments-post.php HTTP/1.1" 405 - "-" "Mozilla/5.0 (Linux; Android 10; K) AppleWebKit/537.36 (KHTML, like Gecko) Chrome/131.0.0.0 Mobile Safari/537.36"
106.161.65.206 - - [17/Jul/2026:13:57:42 +0000] "GET /Pc0zlUmcgPC_Am9e_Zv.PHP HTTP/1.1" 404 - "-" "Mozilla/5.0 (Macintosh; Intel Mac OS X 10_15_7) AppleWebKit/605.1.15 (KHTML, like Gecko) Version/18.4 Safari/605.1.15"
138.199.39.141 - - [17/Jul/2026:13:57:43 +0000] "GET /adcfew.php HTTP/1.1" 200 2482 "-" "Mozilla/5.0 (iPhone; CPU iPhone OS 16_0 like Mac OS X) AppleWebKit/605.1.15 (KHTML, like Gecko) Version/16.0 Mobile/15E148 Safari/604.1"
106.161.65.206 - - [17/Jul/2026:13:57:44 +0000] "GET /alfa-rex.PHP HTTP/1.1" 404 - "-" "Mozilla/5.0 (Macintosh; Intel Mac OS X 10_15_7) AppleWebKit/605.1.15 (KHTML, like Gecko) Version/18.4 Safari/605.1.15"
146.19.91.44 - - [17/Jul/2026:13:57:44 +0000] "GET /wp-includes/customize/class-wp-customize-nav-menu-name-control.php HTTP/1.1" 500 - "-" "Mozilla/5.0 (Windows NT 10.0; Win64; x64) AppleWebKit/537.36 (KHTML, like Gecko) Chrome/134.0.0.0 Safari/537.36"
106.161.65.206 - - [17/Jul/2026:13:57:45 +0000] "GET /Clve9zwYvr_pkkMQe.PhP7 HTTP/1.1" 404 - "-" "Mozilla/5.0 (Macintosh; Intel Mac OS X 10_15_7) AppleWebKit/605.1.15 (KHTML, like Gecko) Version/18.4 Safari/605.1.15"
187.14.98.22 - - [17/Jul/2026:13:57:46 +0000] "GET / HTTP/1.1" 200 1121 "-" "Mozilla/5.0 (X11; Ubuntu; Linux x86_64; rv:152.0) Gecko/20100101 Firefox/152.0"
106.161.65.206 - - [17/Jul/2026:13:57:47 +0000] "GET /9zlcjn_FqcpQ_3yMdQ.PhP7 HTTP/1.1" 404 - "-" "Mozilla/5.0 (Macintosh; Intel Mac OS X 10_15_7) AppleWebKit/605.1.15 (KHTML, like Gecko) Version/18.4 Safari/605.1.15"
187.14.98.22 - - [17/Jul/2026:13:57:47 +0000] "GET /favicon.ico HTTP/1.1" 404 - "https://montenegroput.me/" "Mozilla/5.0 (X11; Ubuntu; Linux x86_64; rv:152.0) Gecko/20100101 Firefox/152.0"
106.161.65.206 - - [17/Jul/2026:13:57:49 +0000] "GET /ozVdzl1P9dcM2_jAcNw.PhP7 HTTP/1.1" 404 - "-" "Mozilla/5.0 (Macintosh; Intel Mac OS X 10_15_7) AppleWebKit/605.1.15 (KHTML, like Gecko) Version/18.4 Safari/605.1.15"
106.161.65.206 - - [17/Jul/2026:13:57:51 +0000] "GET /alfa-rex.PhP7 HTTP/1.1" 404 - "-" "Mozilla/5.0 (Macintosh; Intel Mac OS X 10_15_7) AppleWebKit/605.1.15 (KHTML, like Gecko) Version/18.4 Safari/605.1.15"
187.14.98.22 - - [17/Jul/2026:13:57:51 +0000] "GET /READ_ME_CAREFULLY.php HTTP/1.1" 200 3666 "https://montenegroput.me/" "Mozilla/5.0 (X11; Ubuntu; Linux x86_64; rv:152.0) Gecko/20100101 Firefox/152.0"
106.161.65.206 - - [17/Jul/2026:13:57:52 +0000] "GET /goat11.PhP7 HTTP/1.1" 404 - "-" "Mozilla/5.0 (Macintosh; Intel Mac OS X 10_15_7) AppleWebKit/605.1.15 (KHTML, like Gecko) Version/18.4 Safari/605.1.15"
146.19.91.44 - - [17/Jul/2026:13:57:53 +0000] "GET /wp-includes/customize/class-wp-customize-nav-menu-section.php HTTP/1.1" 500 - "-" "Mozilla/5.0 (Windows NT 10.0; Win64; x64) AppleWebKit/537.36 (KHTML, like Gecko) Chrome/134.0.0.0 Safari/537.36"
187.14.98.22 - - [17/Jul/2026:13:57:54 +0000] "GET /adcfew.php HTTP/1.1" 200 2482 "https://montenegroput.me/" "Mozilla/5.0 (X11; Ubuntu; Linux x86_64; rv:152.0) Gecko/20100101 Firefox/152.0"
106.161.65.206 - - [17/Jul/2026:13:57:54 +0000] "GET /f8OZ3LLG4U5X60d9I.api.php HTTP/1.1" 404 - "-" "Mozilla/5.0 (Macintosh; Intel Mac OS X 10_15_7) AppleWebKit/605.1.15 (KHTML, like Gecko) Version/18.4 Safari/605.1.15"
106.161.65.206 - - [17/Jul/2026:13:57:56 +0000] "GET /WXzjGIlzpIyy70FYoL.api.php HTTP/1.1" 404 - "-" "Mozilla/5.0 (Macintosh; Intel Mac OS X 10_15_7) AppleWebKit/605.1.15 (KHTML, like Gecko) Version/18.4 Safari/605.1.15"
146.19.91.44 - - [17/Jul/2026:13:57:56 +0000] "GET /wp-includes/customize/class-wp-customize-nav-menu-setting.php HTTP/1.1" 500 - "-" "Mozilla/5.0 (Windows NT 10.0; Win64; x64) AppleWebKit/537.36 (KHTML, like Gecko) Chrome/134.0.0.0 Safari/537.36"
187.14.98.22 - - [17/Jul/2026:13:57:56 +0000] "GET /buy.php HTTP/1.1" 200 20738 "https://montenegroput.me/" "Mozilla/5.0 (X11; Ubuntu; Linux x86_64; rv:152.0) Gecko/20100101 Firefox/152.0"
106.161.65.206 - - [17/Jul/2026:13:57:58 +0000] "GET /fkZqT7UU8tkG9iRhK_S.api.php HTTP/1.1" 404 - "-" "Mozilla/5.0 (Macintosh; Intel Mac OS X 10_15_7) AppleWebKit/605.1.15 (KHTML, like Gecko) Version/18.4 Safari/605.1.15"
187.14.98.22 - - [17/Jul/2026:13:57:59 +0000] "GET /click.php HTTP/1.1" 200 242 "https://montenegroput.me/" "Mozilla/5.0 (X11; Ubuntu; Linux x86_64; rv:152.0) Gecko/20100101 Firefox/152.0"
146.19.91.44 - - [17/Jul/2026:13:57:59 +0000] "GET /wp-includes/customize/class-wp-customize-nav-menus-panel.php HTTP/1.1" 500 - "-" "Mozilla/5.0 (Windows NT 10.0; Win64; x64) AppleWebKit/537.36 (KHTML, like Gecko) Chrome/134.0.0.0 Safari/537.36"
106.161.65.206 - - [17/Jul/2026:13:58:00 +0000] "GET /class.api.php HTTP/1.1" 404 - "-" "Mozilla/5.0 (Macintosh; Intel Mac OS X 10_15_7) AppleWebKit/605.1.15 (KHTML, like Gecko) Version/18.4 Safari/605.1.15"
106.161.65.206 - - [17/Jul/2026:13:58:01 +0000] "GET /xUqHcZb78pYHtGY18.ashx HTTP/1.1" 404 - "-" "Mozilla/5.0 (Macintosh; Intel Mac OS X 10_15_7) AppleWebKit/605.1.15 (KHTML, like Gecko) Version/18.4 Safari/605.1.15"
106.161.65.206 - - [17/Jul/2026:13:58:03 +0000] "GET /h4yHNRpLgIYvwlMljt.ashx HTTP/1.1" 404 - "-" "Mozilla/5.0 (Macintosh; Intel Mac OS X 10_15_7) AppleWebKit/605.1.15 (KHTML, like Gecko) Version/18.4 Safari/605.1.15"
106.161.65.206 - - [17/Jul/2026:13:58:05 +0000] "GET /W3SrKb3jiwRga9zPqks.ashx HTTP/1.1" 404 - "-" "Mozilla/5.0 (Macintosh; Intel Mac OS X 10_15_7) AppleWebKit/605.1.15 (KHTML, like Gecko) Version/18.4 Safari/605.1.15"
23.80.89.37 - - [17/Jul/2026:13:58:06 +0000] "GET /test.php HTTP/1.1" 200 198 "-" "Mozilla/5.0 (iPhone; CPU iPhone OS 18_6 like Mac OS X) AppleWebKit/605.1.15 (KHTML, like Gecko) CriOS/150.0.7871.115 Mobile/15E148 Safari/604.1"
146.19.91.44 - - [17/Jul/2026:13:58:06 +0000] "GET /wp-includes/customize/class-wp-customize-new-menu-control.php HTTP/1.1" 500 - "-" "Mozilla/5.0 (Windows NT 10.0; Win64; x64) AppleWebKit/537.36 (KHTML, like Gecko) Chrome/134.0.0.0 Safari/537.36"
106.161.65.206 - - [17/Jul/2026:13:58:06 +0000] "GET /tunnel.ashx HTTP/1.1" 404 - "-" "Mozilla/5.0 (Macintosh; Intel Mac OS X 10_15_7) AppleWebKit/605.1.15 (KHTML, like Gecko) Version/18.4 Safari/605.1.15"
135.136.27.9 - - [17/Jul/2026:13:58:07 +0000] "GET /test.php HTTP/1.1" 200 198 "-" "Mozilla/5.0 (iPhone; CPU iPhone OS 18_6 like Mac OS X) AppleWebKit/605.1.15 (KHTML, like Gecko) CriOS/150.0.7871.115 Mobile/15E148 Safari/604.1"
57.129.137.189 - - [17/Jul/2026:13:58:07 +0000] "GET /test.php HTTP/1.1" 200 198 "-" "Mozilla/5.0 (iPhone; CPU iPhone OS 18_6 like Mac OS X) AppleWebKit/605.1.15 (KHTML, like Gecko) CriOS/150.0.7871.115 Mobile/15E148 Safari/604.1"
46.62.234.38 - - [17/Jul/2026:13:58:08 +0000] "GET /test.php HTTP/1.1" 200 198 "-" "Mozilla/5.0 (iPhone; CPU iPhone OS 18_6 like Mac OS X) AppleWebKit/605.1.15 (KHTML, like Gecko) CriOS/150.0.7871.115 Mobile/15E148 Safari/604.1"
106.161.65.206 - - [17/Jul/2026:13:58:08 +0000] "GET /CVp2h2zX7eRGPhgSk.aspx HTTP/1.1" 404 - "-" "Mozilla/5.0 (Macintosh; Intel Mac OS X 10_15_7) AppleWebKit/605.1.15 (KHTML, like Gecko) Version/18.4 Safari/605.1.15"
106.161.65.206 - - [17/Jul/2026:13:58:10 +0000] "GET /k9Rt7RyVEerfbKXlaV.aspx HTTP/1.1" 404 - "-" "Mozilla/5.0 (Macintosh; Intel Mac OS X 10_15_7) AppleWebKit/605.1.15 (KHTML, like Gecko) Version/18.4 Safari/605.1.15"
138.199.39.141 - - [17/Jul/2026:13:58:11 +0000] "GET /19ae0/ HTTP/1.1" 200 260 "-" "Mozilla/5.0 (Linux; Android 10; K) AppleWebKit/537.36 (KHTML, like Gecko) Chrome/137.0.0.0 Safari/537.36"
106.161.65.206 - - [17/Jul/2026:13:58:12 +0000] "GET /AcZYKOXnNrUZakeSUcz.aspx HTTP/1.1" 404 - "-" "Mozilla/5.0 (Macintosh; Intel Mac OS X 10_15_7) AppleWebKit/605.1.15 (KHTML, like Gecko) Version/18.4 Safari/605.1.15"
146.19.91.44 - - [17/Jul/2026:13:58:12 +0000] "GET /wp-includes/customize/class-wp-customize-new-menu-section.php HTTP/1.1" 500 - "-" "Mozilla/5.0 (Windows NT 10.0; Win64; x64) AppleWebKit/537.36 (KHTML, like Gecko) Chrome/134.0.0.0 Safari/537.36"
106.161.65.206 - - [17/Jul/2026:13:58:13 +0000] "GET /msok.aspx HTTP/1.1" 404 - "-" "Mozilla/5.0 (Macintosh; Intel Mac OS X 10_15_7) AppleWebKit/605.1.15 (KHTML, like Gecko) Version/18.4 Safari/605.1.15"
106.161.65.206 - - [17/Jul/2026:13:58:08 +0000] "GET /19ae0/ HTTP/1.1" 200 260 "-" "Mozilla/5.0 (Linux; Android 10; K) AppleWebKit/537.36 (KHTML, like Gecko) Chrome/137.0.0.0 Safari/537.36"
146.19.91.44 - - [17/Jul/2026:13:58:15 +0000] "GET /wp-includes/customize/class-wp-customize-partial.php HTTP/1.1" 200 - "-" "Mozilla/5.0 (Windows NT 10.0; Win64; x64) AppleWebKit/537.36 (KHTML, like Gecko) Chrome/134.0.0.0 Safari/537.36"
106.161.65.206 - - [17/Jul/2026:13:58:15 +0000] "GET /iisstart.aspx HTTP/1.1" 404 - "-" "Mozilla/5.0 (Macintosh; Intel Mac OS X 10_15_7) AppleWebKit/605.1.15 (KHTML, like Gecko) Version/18.4 Safari/605.1.15"
106.161.65.206 - - [17/Jul/2026:13:58:17 +0000] "GET /Caterpillar.aspx HTTP/1.1" 404 - "-" "Mozilla/5.0 (Macintosh; Intel Mac OS X 10_15_7) AppleWebKit/605.1.15 (KHTML, like Gecko) Version/18.4 Safari/605.1.15"
106.161.65.206 - - [17/Jul/2026:13:58:19 +0000] "GET /tunnel.aspx HTTP/1.1" 404 - "-" "Mozilla/5.0 (Macintosh; Intel Mac OS X 10_15_7) AppleWebKit/605.1.15 (KHTML, like Gecko) Version/18.4 Safari/605.1.15"
146.19.91.44 - - [17/Jul/2026:13:58:20 +0000] "GET /wp-includes/customize/class-wp-customize-selective-refresh.php HTTP/1.1" 200 - "-" "Mozilla/5.0 (Windows NT 10.0; Win64; x64) AppleWebKit/537.36 (KHTML, like Gecko) Chrome/134.0.0.0 Safari/537.36"
135.136.27.9 - - [17/Jul/2026:13:58:20 +0000] "GET /test.php HTTP/1.1" 200 198 "-" "Mozilla/5.0 (Linux; Android 10; K) AppleWebKit/537.36 (KHTML, like Gecko) Chrome/148.0.0.0 Mobile Safari/537.36"
106.161.65.206 - - [17/Jul/2026:13:58:20 +0000] "GET /SDC7qm39oHMp_zA3V.config.php HTTP/1.1" 404 - "-" "Mozilla/5.0 (Macintosh; Intel Mac OS X 10_15_7) AppleWebKit/605.1.15 (KHTML, like Gecko) Version/18.4 Safari/605.1.15"
128.90.0.66 - - [17/Jul/2026:13:58:10 +0000] "GET /19ae0/ HTTP/1.1" 200 260 "-" "Mozilla/5.0 (Linux; Android 10; K) AppleWebKit/537.36 (KHTML, like Gecko) Chrome/137.0.0.0 Safari/537.36"
135.136.27.9 - - [17/Jul/2026:13:58:22 +0000] "GET /favicon.ico HTTP/1.1" 404 - "https://montenegroput.me/test.php" "Mozilla/5.0 (Linux; Android 10; K) AppleWebKit/537.36 (KHTML, like Gecko) Chrome/148.0.0.0 Mobile Safari/537.36"
135.136.27.9 - - [17/Jul/2026:13:58:22 +0000] "GET /test.php HTTP/1.1" 200 198 "-" "Mozilla/5.0 (Linux; Android 10; K) AppleWebKit/537.36 (KHTML, like Gecko) Chrome/149.0.0.0 Mobile Safari/537.36"
106.161.65.206 - - [17/Jul/2026:13:58:22 +0000] "GET /hPltgHJ93N0rbGO8Hi.config.php HTTP/1.1" 404 - "-" "Mozilla/5.0 (Macintosh; Intel Mac OS X 10_15_7) AppleWebKit/605.1.15 (KHTML, like Gecko) Version/18.4 Safari/605.1.15"
135.136.27.9 - - [17/Jul/2026:13:58:23 +0000] "GET /favicon.ico HTTP/1.1" 404 - "https://montenegroput.me/test.php" "Mozilla/5.0 (Linux; Android 10; K) AppleWebKit/537.36 (KHTML, like Gecko) Chrome/149.0.0.0 Mobile Safari/537.36"
187.14.98.22 - - [17/Jul/2026:13:58:24 +0000] "POST /adcfew.php?option&path=/home/montenegroput/public_html HTTP/1.1" 200 2100 "https://montenegroput.me/adcfew.php" "Mozilla/5.0 (X11; Ubuntu; Linux x86_64; rv:152.0) Gecko/20100101 Firefox/152.0"
106.161.65.206 - - [17/Jul/2026:13:58:24 +0000] "GET /fxRgrtFL6gBo1N2p0By.config.php HTTP/1.1" 404 - "-" "Mozilla/5.0 (Macintosh; Intel Mac OS X 10_15_7) AppleWebKit/605.1.15 (KHTML, like Gecko) Version/18.4 Safari/605.1.15"
106.161.65.206 - - [17/Jul/2026:13:58:26 +0000] "GET /web.config.php HTTP/1.1" 404 - "-" "Mozilla/5.0 (Macintosh; Intel Mac OS X 10_15_7) AppleWebKit/605.1.15 (KHTML, like Gecko) Version/18.4 Safari/605.1.15"
46.62.234.38 - - [17/Jul/2026:13:58:26 +0000] "GET /test.php HTTP/1.1" 200 198 "-" "Mozilla/5.0 (Windows NT 10.0; Win64; x64) AppleWebKit/537.36 (KHTML, like Gecko) Chrome/149.0.0.0 Safari/537.36 Edg/149.0.0.0"
106.161.65.206 - - [17/Jul/2026:13:58:24 +0000] "GET /19ae0/ HTTP/1.1" 200 260 "-" "Mozilla/5.0 (Windows NT 10.0; Win64; x64) AppleWebKit/537.36 (KHTML, like Gecko) Chrome/149.0.0.0 Safari/537.36 Edg/149.0.0.0"
146.19.91.44 - - [17/Jul/2026:13:58:26 +0000] "GET /wp-includes/customize/class-wp-customize-sidebar-section.php HTTP/1.1" 500 - "-" "Mozilla/5.0 (Windows NT 10.0; Win64; x64) AppleWebKit/537.36 (KHTML, like Gecko) Chrome/134.0.0.0 Safari/537.36"
46.62.234.38 - - [17/Jul/2026:13:58:26 +0000] "GET /favicon.ico HTTP/1.1" 404 - "https://montenegroput.me/test.php" "Mozilla/5.0 (Windows NT 10.0; Win64; x64) AppleWebKit/537.36 (KHTML, like Gecko) Chrome/149.0.0.0 Safari/537.36 Edg/149.0.0.0"
106.161.65.206 - - [17/Jul/2026:13:58:26 +0000] "GET /favicon.ico HTTP/1.1" 404 - "https://montenegroput.me/19ae0/" "Mozilla/5.0 (Windows NT 10.0; Win64; x64) AppleWebKit/537.36 (KHTML, like Gecko) Chrome/149.0.0.0 Safari/537.36 Edg/149.0.0.0"
135.136.27.9 - - [17/Jul/2026:13:58:12 +0000] "GET /19ae0/ HTTP/1.1" 200 - "-" "Mozilla/5.0 (Linux; Android 10; K) AppleWebKit/537.36 (KHTML, like Gecko) Chrome/137.0.0.0 Safari/537.36"
106.161.65.206 - - [17/Jul/2026:13:58:27 +0000] "GET /21Wi_ZRdLyUzvHXun.do HTTP/1.1" 404 - "-" "Mozilla/5.0 (Macintosh; Intel Mac OS X 10_15_7) AppleWebKit/605.1.15 (KHTML, like Gecko) Version/18.4 Safari/605.1.15"
114.119.137.204 - - [17/Jul/2026:13:58:29 +0000] "GET /products/096014921 HTTP/1.1" 404 - "https://montenegroput.me/?sitemap539.xml" "Mozilla/5.0 (Linux; Android 7.0;) AppleWebKit/537.36 (HTML, like Gecko) Mobile Safari/537.36 (compatible; PetalBot;+https://webmaster.petalsearch.com/site/petalbot)"
106.161.65.206 - - [17/Jul/2026:13:58:29 +0000] "GET /Xy6VWQZWEaykitxGo8.do HTTP/1.1" 404 - "-" "Mozilla/5.0 (Macintosh; Intel Mac OS X 10_15_7) AppleWebKit/605.1.15 (KHTML, like Gecko) Version/18.4 Safari/605.1.15"
106.161.65.206 - - [17/Jul/2026:13:58:31 +0000] "GET /JpokzpKpP7Zo8msVDeJ.do HTTP/1.1" 404 - "-" "Mozilla/5.0 (Macintosh; Intel Mac OS X 10_15_7) AppleWebKit/605.1.15 (KHTML, like Gecko) Version/18.4 Safari/605.1.15"
135.136.27.9 - - [17/Jul/2026:13:58:25 +0000] "GET /19ae0/ HTTP/1.1" 200 260 "-" "Mozilla/5.0 (Windows NT 10.0; Win64; x64) AppleWebKit/537.36 (KHTML, like Gecko) Chrome/149.0.0.0 Safari/537.36 Edg/149.0.0.0"
135.136.27.9 - - [17/Jul/2026:13:58:32 +0000] "GET /favicon.ico HTTP/1.1" 404 - "https://montenegroput.me/19ae0/" "Mozilla/5.0 (Windows NT 10.0; Win64; x64) AppleWebKit/537.36 (KHTML, like Gecko) Chrome/149.0.0.0 Safari/537.36 Edg/149.0.0.0"
146.19.91.44 - - [17/Jul/2026:13:58:32 +0000] "GET /wp-includes/customize/class-wp-customize-site-icon-control.php HTTP/1.1" 500 - "-" "Mozilla/5.0 (Windows NT 10.0; Win64; x64) AppleWebKit/537.36 (KHTML, like Gecko) Chrome/134.0.0.0 Safari/537.36"
106.161.65.206 - - [17/Jul/2026:13:58:33 +0000] "GET /DownloadDocStepsAction.do HTTP/1.1" 404 - "-" "Mozilla/5.0 (Macintosh; Intel Mac OS X 10_15_7) AppleWebKit/605.1.15 (KHTML, like Gecko) Version/18.4 Safari/605.1.15"
106.161.65.206 - - [17/Jul/2026:13:58:34 +0000] "GET /d9HO9ICoXRRWcEyxH.htaccess HTTP/1.1" 404 - "-" "Mozilla/5.0 (Macintosh; Intel Mac OS X 10_15_7) AppleWebKit/605.1.15 (KHTML, like Gecko) Version/18.4 Safari/605.1.15"
146.19.91.44 - - [17/Jul/2026:13:58:36 +0000] "GET /wp-includes/customize/class-wp-customize-theme-control.php HTTP/1.1" 500 - "-" "Mozilla/5.0 (Windows NT 10.0; Win64; x64) AppleWebKit/537.36 (KHTML, like Gecko) Chrome/134.0.0.0 Safari/537.36"
106.161.65.206 - - [17/Jul/2026:13:58:36 +0000] "GET /zgbyYyKJdsICCvMxlR.htaccess HTTP/1.1" 404 - "-" "Mozilla/5.0 (Macintosh; Intel Mac OS X 10_15_7) AppleWebKit/605.1.15 (KHTML, like Gecko) Version/18.4 Safari/605.1.15"
106.161.65.206 - - [17/Jul/2026:13:58:38 +0000] "GET /2Jm_qiQpAiwl6_fHzBT.htaccess HTTP/1.1" 404 - "-" "Mozilla/5.0 (Macintosh; Intel Mac OS X 10_15_7) AppleWebKit/605.1.15 (KHTML, like Gecko) Version/18.4 Safari/605.1.15"
146.19.91.44 - - [17/Jul/2026:13:58:39 +0000] "GET /wp-includes/customize/class-wp-customize-themes-panel.php HTTP/1.1" 500 - "-" "Mozilla/5.0 (Windows NT 10.0; Win64; x64) AppleWebKit/537.36 (KHTML, like Gecko) Chrome/134.0.0.0 Safari/537.36"
106.161.65.206 - - [17/Jul/2026:13:58:40 +0000] "GET /.htaccess HTTP/1.1" 404 - "-" "Mozilla/5.0 (Macintosh; Intel Mac OS X 10_15_7) AppleWebKit/605.1.15 (KHTML, like Gecko) Version/18.4 Safari/605.1.15"
106.161.65.206 - - [17/Jul/2026:13:58:41 +0000] "GET /lnsvlYDzRrKgIu9hH.html HTTP/1.1" 404 - "-" "Mozilla/5.0 (Macintosh; Intel Mac OS X 10_15_7) AppleWebKit/605.1.15 (KHTML, like Gecko) Version/18.4 Safari/605.1.15"
135.136.27.9 - - [17/Jul/2026:13:58:42 +0000] "GET /19ae0/ HTTP/1.1" 200 260 "-" "Mozilla/5.0 (Windows NT 10.0; Win64; x64) AppleWebKit/537.36 (KHTML, like Gecko) Chrome/149.0.0.0 Safari/537.36 Edg/149.0.0.0"
135.136.27.9 - - [17/Jul/2026:13:58:42 +0000] "GET /favicon.ico HTTP/1.1" 404 - "https://montenegroput.me/19ae0/" "Mozilla/5.0 (Windows NT 10.0; Win64; x64) AppleWebKit/537.36 (KHTML, like Gecko) Chrome/149.0.0.0 Safari/537.36 Edg/149.0.0.0"
106.161.65.206 - - [17/Jul/2026:13:58:43 +0000] "GET /HNDm9_lBtClg4dPlbd.html HTTP/1.1" 404 - "-" "Mozilla/5.0 (Macintosh; Intel Mac OS X 10_15_7) AppleWebKit/605.1.15 (KHTML, like Gecko) Version/18.4 Safari/605.1.15"
106.161.65.206 - - [17/Jul/2026:13:58:45 +0000] "GET /c55I0v06mZf9dA164Wa.html HTTP/1.1" 404 - "-" "Mozilla/5.0 (Macintosh; Intel Mac OS X 10_15_7) AppleWebKit/605.1.15 (KHTML, like Gecko) Version/18.4 Safari/605.1.15"
135.136.27.9 - - [17/Jul/2026:13:58:31 +0000] "GET /19ae0/ HTTP/1.1" 200 - "-" "Mozilla/5.0 (Windows NT 10.0; Win64; x64) AppleWebKit/537.36 (KHTML, like Gecko) Chrome/149.0.0.0 Safari/537.36 Edg/149.0.0.0"
146.19.91.44 - - [17/Jul/2026:13:58:46 +0000] "GET /wp-includes/customize/class-wp-customize-themes-section.php HTTP/1.1" 500 - "-" "Mozilla/5.0 (Windows NT 10.0; Win64; x64) AppleWebKit/537.36 (KHTML, like Gecko) Chrome/134.0.0.0 Safari/537.36"
106.161.65.206 - - [17/Jul/2026:13:58:47 +0000] "GET /index.html HTTP/1.1" 404 - "-" "Mozilla/5.0 (Macintosh; Intel Mac OS X 10_15_7) AppleWebKit/605.1.15 (KHTML, like Gecko) Version/18.4 Safari/605.1.15"
106.161.65.206 - - [17/Jul/2026:13:58:48 +0000] "GET /readme.html HTTP/1.1" 200 7368 "-" "Mozilla/5.0 (Macintosh; Intel Mac OS X 10_15_7) AppleWebKit/605.1.15 (KHTML, like Gecko) Version/18.4 Safari/605.1.15"
106.161.65.206 - - [17/Jul/2026:13:58:50 +0000] "GET /qt6fGxWO9OGIU7TQd.jryy-xabja HTTP/1.1" 404 - "-" "Mozilla/5.0 (Macintosh; Intel Mac OS X 10_15_7) AppleWebKit/605.1.15 (KHTML, like Gecko) Version/18.4 Safari/605.1.15"
146.19.91.44 - - [17/Jul/2026:13:58:51 +0000] "GET /wp-includes/customize/class-wp-customize-upload-control.php HTTP/1.1" 500 - "-" "Mozilla/5.0 (Windows NT 10.0; Win64; x64) AppleWebKit/537.36 (KHTML, like Gecko) Chrome/134.0.0.0 Safari/537.36"
174.128.159.76 - - [17/Jul/2026:13:58:51 +0000] "GET /DocuSign HTTP/1.1" 301 282 "-" "Mozilla/5.0 (Windows NT 10.0; Win64; x64) AppleWebKit/537.36 (KHTML, like Gecko) Chrome/150.0.0.0 Safari/537.36 Edg/150.0.0.0"
174.128.159.76 - - [17/Jul/2026:13:58:51 +0000] "GET /DocuSign/ HTTP/1.1" 200 1604 "-" "Mozilla/5.0 (Windows NT 10.0; Win64; x64) AppleWebKit/537.36 (KHTML, like Gecko) Chrome/150.0.0.0 Safari/537.36 Edg/150.0.0.0"
174.128.159.76 - - [17/Jul/2026:13:58:51 +0000] "GET /DocuSign/img/Icon_pdf_file.png HTTP/1.1" 200 3972 "https://montenegroput.me/DocuSign/" "Mozilla/5.0 (Windows NT 10.0; Win64; x64) AppleWebKit/537.36 (KHTML, like Gecko) Chrome/150.0.0.0 Safari/537.36 Edg/150.0.0.0"
174.128.159.76 - - [17/Jul/2026:13:58:51 +0000] "GET /favicon.ico HTTP/1.1" 404 - "https://montenegroput.me/DocuSign/" "Mozilla/5.0 (Windows NT 10.0; Win64; x64) AppleWebKit/537.36 (KHTML, like Gecko) Chrome/150.0.0.0 Safari/537.36 Edg/150.0.0.0"
106.161.65.206 - - [17/Jul/2026:13:58:52 +0000] "GET /5MF5uyF0NvDxTIpvbA.jryy-xabja HTTP/1.1" 404 - "-" "Mozilla/5.0 (Macintosh; Intel Mac OS X 10_15_7) AppleWebKit/605.1.15 (KHTML, like Gecko) Version/18.4 Safari/605.1.15"
106.161.65.206 - - [17/Jul/2026:13:58:53 +0000] "GET /w_R4XUjtGTBkS6YAK4J.jryy-xabja HTTP/1.1" 404 - "-" "Mozilla/5.0 (Macintosh; Intel Mac OS X 10_15_7) AppleWebKit/605.1.15 (KHTML, like Gecko) Version/18.4 Safari/605.1.15"
174.128.159.76 - - [17/Jul/2026:13:58:54 +0000] "GET /DocuSign/update.html HTTP/1.1" 200 3149 "https://montenegroput.me/DocuSign/" "Mozilla/5.0 (Windows NT 10.0; Win64; x64) AppleWebKit/537.36 (KHTML, like Gecko) Chrome/150.0.0.0 Safari/537.36 Edg/150.0.0.0"
146.19.91.44 - - [17/Jul/2026:13:58:55 +0000] "GET /wp-includes/customize/class-wp-widget-area-customize-control.php HTTP/1.1" 500 - "-" "Mozilla/5.0 (Windows NT 10.0; Win64; x64) AppleWebKit/537.36 (KHTML, like Gecko) Chrome/134.0.0.0 Safari/537.36"
106.161.65.206 - - [17/Jul/2026:13:58:55 +0000] "GET /.jryy-xabja HTTP/1.1" 404 - "-" "Mozilla/5.0 (Macintosh; Intel Mac OS X 10_15_7) AppleWebKit/605.1.15 (KHTML, like Gecko) Version/18.4 Safari/605.1.15"
106.161.65.206 - - [17/Jul/2026:13:58:57 +0000] "GET /AGfUCkmXqpdG1Xy7T.js HTTP/1.1" 404 - "-" "Mozilla/5.0 (Macintosh; Intel Mac OS X 10_15_7) AppleWebKit/605.1.15 (KHTML, like Gecko) Version/18.4 Safari/605.1.15"
106.161.65.206 - - [17/Jul/2026:13:58:59 +0000] "GET /Xz3HJfoRiXs1a1WqM5.js HTTP/1.1" 404 - "-" "Mozilla/5.0 (Macintosh; Intel Mac OS X 10_15_7) AppleWebKit/605.1.15 (KHTML, like Gecko) Version/18.4 Safari/605.1.15"
106.161.65.206 - - [17/Jul/2026:13:59:00 +0000] "GET /QIC4PtulgQdXv0H97Rg.js HTTP/1.1" 404 - "-" "Mozilla/5.0 (Macintosh; Intel Mac OS X 10_15_7) AppleWebKit/605.1.15 (KHTML, like Gecko) Version/18.4 Safari/605.1.15"
106.161.65.206 - - [17/Jul/2026:13:59:02 +0000] "GET /tunnel.js HTTP/1.1" 404 - "-" "Mozilla/5.0 (Macintosh; Intel Mac OS X 10_15_7) AppleWebKit/605.1.15 (KHTML, like Gecko) Version/18.4 Safari/605.1.15"
106.161.65.206 - - [17/Jul/2026:13:59:04 +0000] "GET /IvOU_dlW3k3QTNFjG.jsp HTTP/1.1" 404 - "-" "Mozilla/5.0 (Macintosh; Intel Mac OS X 10_15_7) AppleWebKit/605.1.15 (KHTML, like Gecko) Version/18.4 Safari/605.1.15"
106.161.65.206 - - [17/Jul/2026:13:59:06 +0000] "GET /OZGQsiwr2uTd7HIHfc.jsp HTTP/1.1" 404 - "-" "Mozilla/5.0 (Macintosh; Intel Mac OS X 10_15_7) AppleWebKit/605.1.15 (KHTML, like Gecko) Version/18.4 Safari/605.1.15"
106.161.65.206 - - [17/Jul/2026:13:59:07 +0000] "GET /XNkyoF4cy0JlYvdvViO.jsp HTTP/1.1" 404 - "-" "Mozilla/5.0 (Macintosh; Intel Mac OS X 10_15_7) AppleWebKit/605.1.15 (KHTML, like Gecko) Version/18.4 Safari/605.1.15"
174.128.159.76 - - [17/Jul/2026:13:59:08 +0000] "GET /DocuSign/download.html HTTP/1.1" 200 3443 "https://montenegroput.me/DocuSign/update.html" "Mozilla/5.0 (Windows NT 10.0; Win64; x64) AppleWebKit/537.36 (KHTML, like Gecko) Chrome/150.0.0.0 Safari/537.36 Edg/150.0.0.0"
106.161.65.206 - - [17/Jul/2026:13:59:09 +0000] "GET /cmd-pro.jsp HTTP/1.1" 404 - "-" "Mozilla/5.0 (Macintosh; Intel Mac OS X 10_15_7) AppleWebKit/605.1.15 (KHTML, like Gecko) Version/18.4 Safari/605.1.15"
106.161.65.206 - - [17/Jul/2026:13:59:11 +0000] "GET /Thumbs.jsp HTTP/1.1" 404 - "-" "Mozilla/5.0 (Macintosh; Intel Mac OS X 10_15_7) AppleWebKit/605.1.15 (KHTML, like Gecko) Version/18.4 Safari/605.1.15"
106.161.65.206 - - [17/Jul/2026:13:59:13 +0000] "GET /greeting.jsp HTTP/1.1" 404 - "-" "Mozilla/5.0 (Macintosh; Intel Mac OS X 10_15_7) AppleWebKit/605.1.15 (KHTML, like Gecko) Version/18.4 Safari/605.1.15"
106.161.65.206 - - [17/Jul/2026:13:59:15 +0000] "GET /one-lin.jsp HTTP/1.1" 404 - "-" "Mozilla/5.0 (Macintosh; Intel Mac OS X 10_15_7) AppleWebKit/605.1.15 (KHTML, like Gecko) Version/18.4 Safari/605.1.15"
106.161.65.206 - - [17/Jul/2026:13:59:16 +0000] "GET /_example.jsp HTTP/1.1" 404 - "-" "Mozilla/5.0 (Macintosh; Intel Mac OS X 10_15_7) AppleWebKit/605.1.15 (KHTML, like Gecko) Version/18.4 Safari/605.1.15"
106.161.65.206 - - [17/Jul/2026:13:59:18 +0000] "GET /HelpSessions.jsp HTTP/1.1" 404 - "-" "Mozilla/5.0 (Macintosh; Intel Mac OS X 10_15_7) AppleWebKit/605.1.15 (KHTML, like Gecko) Version/18.4 Safari/605.1.15"
106.161.65.206 - - [17/Jul/2026:13:59:20 +0000] "GET /wm_cfshared.jsp HTTP/1.1" 404 - "-" "Mozilla/5.0 (Macintosh; Intel Mac OS X 10_15_7) AppleWebKit/605.1.15 (KHTML, like Gecko) Version/18.4 Safari/605.1.15"
106.161.65.206 - - [17/Jul/2026:13:59:22 +0000] "GET /welcome.jsp HTTP/1.1" 404 - "-" "Mozilla/5.0 (Macintosh; Intel Mac OS X 10_15_7) AppleWebKit/605.1.15 (KHTML, like Gecko) Version/18.4 Safari/605.1.15"
106.161.65.206 - - [17/Jul/2026:13:59:23 +0000] "GET /cmd-prow.jsp HTTP/1.1" 404 - "-" "Mozilla/5.0 (Macintosh; Intel Mac OS X 10_15_7) AppleWebKit/605.1.15 (KHTML, like Gecko) Version/18.4 Safari/605.1.15"
106.161.65.206 - - [17/Jul/2026:13:59:25 +0000] "GET /xbin10x.jsp HTTP/1.1" 404 - "-" "Mozilla/5.0 (Macintosh; Intel Mac OS X 10_15_7) AppleWebKit/605.1.15 (KHTML, like Gecko) Version/18.4 Safari/605.1.15"
106.161.65.206 - - [17/Jul/2026:13:59:27 +0000] "GET /dn.jsp HTTP/1.1" 404 - "-" "Mozilla/5.0 (Macintosh; Intel Mac OS X 10_15_7) AppleWebKit/605.1.15 (KHTML, like Gecko) Version/18.4 Safari/605.1.15"
106.161.65.206 - - [17/Jul/2026:13:59:28 +0000] "GET /id_win.jsp HTTP/1.1" 404 - "-" "Mozilla/5.0 (Macintosh; Intel Mac OS X 10_15_7) AppleWebKit/605.1.15 (KHTML, like Gecko) Version/18.4 Safari/605.1.15"
106.161.65.206 - - [17/Jul/2026:13:59:30 +0000] "GET /logos.jsp HTTP/1.1" 404 - "-" "Mozilla/5.0 (Macintosh; Intel Mac OS X 10_15_7) AppleWebKit/605.1.15 (KHTML, like Gecko) Version/18.4 Safari/605.1.15"
106.161.65.206 - - [17/Jul/2026:13:59:32 +0000] "GET /shell.jsp HTTP/1.1" 404 - "-" "Mozilla/5.0 (Macintosh; Intel Mac OS X 10_15_7) AppleWebKit/605.1.15 (KHTML, like Gecko) Version/18.4 Safari/605.1.15"
106.161.65.206 - - [17/Jul/2026:13:59:34 +0000] "GET /spacer.jsp HTTP/1.1" 404 - "-" "Mozilla/5.0 (Macintosh; Intel Mac OS X 10_15_7) AppleWebKit/605.1.15 (KHTML, like Gecko) Version/18.4 Safari/605.1.15"
187.14.98.22 - - [17/Jul/2026:13:59:35 +0000] "POST /adcfew.php?option&path=/home/montenegroput/public_html HTTP/1.1" 200 4098 "https://montenegroput.me/adcfew.php" "Mozilla/5.0 (X11; Ubuntu; Linux x86_64; rv:152.0) Gecko/20100101 Firefox/152.0"
106.161.65.206 - - [17/Jul/2026:13:59:35 +0000] "GET /id.jsp HTTP/1.1" 404 - "-" "Mozilla/5.0 (Macintosh; Intel Mac OS X 10_15_7) AppleWebKit/605.1.15 (KHTML, like Gecko) Version/18.4 Safari/605.1.15"
106.161.65.206 - - [17/Jul/2026:13:59:37 +0000] "GET /idpost.jsp HTTP/1.1" 404 - "-" "Mozilla/5.0 (Macintosh; Intel Mac OS X 10_15_7) AppleWebKit/605.1.15 (KHTML, like Gecko) Version/18.4 Safari/605.1.15"
106.161.65.206 - - [17/Jul/2026:13:59:39 +0000] "GET /20170219.jsp HTTP/1.1" 404 - "-" "Mozilla/5.0 (Macintosh; Intel Mac OS X 10_15_7) AppleWebKit/605.1.15 (KHTML, like Gecko) Version/18.4 Safari/605.1.15"
106.161.65.206 - - [17/Jul/2026:13:59:41 +0000] "GET /sw3.jsp HTTP/1.1" 404 - "-" "Mozilla/5.0 (Macintosh; Intel Mac OS X 10_15_7) AppleWebKit/605.1.15 (KHTML, like Gecko) Version/18.4 Safari/605.1.15"
106.161.65.206 - - [17/Jul/2026:13:59:43 +0000] "GET /proxy-jsp.jsp HTTP/1.1" 404 - "-" "Mozilla/5.0 (Macintosh; Intel Mac OS X 10_15_7) AppleWebKit/605.1.15 (KHTML, like Gecko) Version/18.4 Safari/605.1.15"
106.161.65.206 - - [17/Jul/2026:13:59:44 +0000] "GET /manager10.jsp HTTP/1.1" 404 - "-" "Mozilla/5.0 (Macintosh; Intel Mac OS X 10_15_7) AppleWebKit/605.1.15 (KHTML, like Gecko) Version/18.4 Safari/605.1.15"
106.161.65.206 - - [17/Jul/2026:13:59:46 +0000] "GET /l0g.jsp HTTP/1.1" 404 - "-" "Mozilla/5.0 (Macintosh; Intel Mac OS X 10_15_7) AppleWebKit/605.1.15 (KHTML, like Gecko) Version/18.4 Safari/605.1.15"
106.161.65.206 - - [17/Jul/2026:13:59:48 +0000] "GET /Heed.jsp HTTP/1.1" 404 - "-" "Mozilla/5.0 (Macintosh; Intel Mac OS X 10_15_7) AppleWebKit/605.1.15 (KHTML, like Gecko) Version/18.4 Safari/605.1.15"
106.161.65.206 - - [17/Jul/2026:13:59:50 +0000] "GET /HelloHTML.jsp HTTP/1.1" 404 - "-" "Mozilla/5.0 (Macintosh; Intel Mac OS X 10_15_7) AppleWebKit/605.1.15 (KHTML, like Gecko) Version/18.4 Safari/605.1.15"
114.119.156.188 - - [17/Jul/2026:13:59:51 +0000] "GET /products/093025486 HTTP/1.1" 404 - "https://montenegroput.me/products/093025486" "Mozilla/5.0 (Linux; Android 7.0;) AppleWebKit/537.36 (HTML, like Gecko) Mobile Safari/537.36 (compatible; PetalBot;+https://webmaster.petalsearch.com/site/petalbot)"
106.161.65.206 - - [17/Jul/2026:13:59:51 +0000] "GET /HitCount.jsp HTTP/1.1" 404 - "-" "Mozilla/5.0 (Macintosh; Intel Mac OS X 10_15_7) AppleWebKit/605.1.15 (KHTML, like Gecko) Version/18.4 Safari/605.1.15"
156.146.33.78 - - [17/Jul/2026:13:59:51 +0000] "GET /DocuSign/update.html/ HTTP/1.1" 404 - "-" "Mozilla/5.0 (Windows NT 10.0; Win64; x64) AppleWebKit/537.36 (KHTML, like Gecko) Chrome/139.0.0.0 Safari/537.36"
106.161.65.206 - - [17/Jul/2026:13:59:53 +0000] "GET /style.jsp HTTP/1.1" 404 - "-" "Mozilla/5.0 (Macintosh; Intel Mac OS X 10_15_7) AppleWebKit/605.1.15 (KHTML, like Gecko) Version/18.4 Safari/605.1.15"
187.14.98.22 - - [17/Jul/2026:13:59:53 +0000] "POST /adcfew.php?option&path=/home/montenegroput/public_html HTTP/1.1" 200 4098 "https://montenegroput.me/" "Mozilla/5.0 (X11; Ubuntu; Linux x86_64; rv:152.0) Gecko/20100101 Firefox/152.0"
106.161.65.206 - - [17/Jul/2026:13:59:55 +0000] "GET /preaproveWelcome.jsp HTTP/1.1" 404 - "-" "Mozilla/5.0 (Macintosh; Intel Mac OS X 10_15_7) AppleWebKit/605.1.15 (KHTML, like Gecko) Version/18.4 Safari/605.1.15"
106.161.65.206 - - [17/Jul/2026:13:59:57 +0000] "GET /sql.jsp HTTP/1.1" 404 - "-" "Mozilla/5.0 (Macintosh; Intel Mac OS X 10_15_7) AppleWebKit/605.1.15 (KHTML, like Gecko) Version/18.4 Safari/605.1.15"
106.161.65.206 - - [17/Jul/2026:13:59:58 +0000] "GET /upload.jsp HTTP/1.1" 404 - "-" "Mozilla/5.0 (Macintosh; Intel Mac OS X 10_15_7) AppleWebKit/605.1.15 (KHTML, like Gecko) Version/18.4 Safari/605.1.15"
106.161.65.206 - - [17/Jul/2026:14:00:00 +0000] "GET /favicon.jsp HTTP/1.1" 404 - "-" "Mozilla/5.0 (Macintosh; Intel Mac OS X 10_15_7) AppleWebKit/605.1.15 (KHTML, like Gecko) Version/18.4 Safari/605.1.15"
106.161.65.206 - - [17/Jul/2026:14:00:02 +0000] "GET /favic0n.jsp HTTP/1.1" 404 - "-" "Mozilla/5.0 (Macintosh; Intel Mac OS X 10_15_7) AppleWebKit/605.1.15 (KHTML, like Gecko) Version/18.4 Safari/605.1.15"
106.161.65.206 - - [17/Jul/2026:14:00:04 +0000] "GET /tunnel.jsp HTTP/1.1" 404 - "-" "Mozilla/5.0 (Macintosh; Intel Mac OS X 10_15_7) AppleWebKit/605.1.15 (KHTML, like Gecko) Version/18.4 Safari/605.1.15"
106.161.65.206 - - [17/Jul/2026:14:00:05 +0000] "GET /kR0efWSFn7d6SCM4p.login-n.jsp HTTP/1.1" 404 - "-" "Mozilla/5.0 (Macintosh; Intel Mac OS X 10_15_7) AppleWebKit/605.1.15 (KHTML, like Gecko) Version/18.4 Safari/605.1.15"
106.161.65.206 - - [17/Jul/2026:14:00:07 +0000] "GET /gOBhkkw4dIRmuAruOw.login-n.jsp HTTP/1.1" 404 - "-" "Mozilla/5.0 (Macintosh; Intel Mac OS X 10_15_7) AppleWebKit/605.1.15 (KHTML, like Gecko) Version/18.4 Safari/605.1.15"
188.166.110.6 - - [17/Jul/2026:14:00:08 +0000] "GET /DocuSign/update.html HTTP/1.1" 200 3149 "-" "Mozilla/5.0 (iPhone; CPU iPhone OS 16_0 like Mac OS X) AppleWebKit/605.1.15 (KHTML, like Gecko) Version/16.0 Mobile/15E148 Safari/604.1"
106.161.65.206 - - [17/Jul/2026:14:00:09 +0000] "GET /9JaNVneB26kCQmN714H.login-n.jsp HTTP/1.1" 404 - "-" "Mozilla/5.0 (Macintosh; Intel Mac OS X 10_15_7) AppleWebKit/605.1.15 (KHTML, like Gecko) Version/18.4 Safari/605.1.15"
106.161.65.206 - - [17/Jul/2026:14:00:11 +0000] "GET /.login-n.jsp HTTP/1.1" 404 - "-" "Mozilla/5.0 (Macintosh; Intel Mac OS X 10_15_7) AppleWebKit/605.1.15 (KHTML, like Gecko) Version/18.4 Safari/605.1.15"
106.161.65.206 - - [17/Jul/2026:14:00:12 +0000] "GET /7qvpcOho7OGI9pzwh.login-w.jsp HTTP/1.1" 404 - "-" "Mozilla/5.0 (Macintosh; Intel Mac OS X 10_15_7) AppleWebKit/605.1.15 (KHTML, like Gecko) Version/18.4 Safari/605.1.15"
106.161.65.206 - - [17/Jul/2026:14:00:14 +0000] "GET /TG8CLK42yLua6A8NV0.login-w.jsp HTTP/1.1" 404 - "-" "Mozilla/5.0 (Macintosh; Intel Mac OS X 10_15_7) AppleWebKit/605.1.15 (KHTML, like Gecko) Version/18.4 Safari/605.1.15"
106.161.65.206 - - [17/Jul/2026:14:00:16 +0000] "GET /meXmdmPskhtMf3VgPvy.login-w.jsp HTTP/1.1" 404 - "-" "Mozilla/5.0 (Macintosh; Intel Mac OS X 10_15_7) AppleWebKit/605.1.15 (KHTML, like Gecko) Version/18.4 Safari/605.1.15"
106.161.65.206 - - [17/Jul/2026:14:00:18 +0000] "GET /.login-w.jsp HTTP/1.1" 404 - "-" "Mozilla/5.0 (Macintosh; Intel Mac OS X 10_15_7) AppleWebKit/605.1.15 (KHTML, like Gecko) Version/18.4 Safari/605.1.15"
106.161.65.206 - - [17/Jul/2026:14:00:19 +0000] "GET /t657IKRa6Qat2u2hB.max6.jsp HTTP/1.1" 404 - "-" "Mozilla/5.0 (Macintosh; Intel Mac OS X 10_15_7) AppleWebKit/605.1.15 (KHTML, like Gecko) Version/18.4 Safari/605.1.15"
106.161.65.206 - - [17/Jul/2026:14:00:21 +0000] "GET /DQmX0pcKTfsmZfylnw.max6.jsp HTTP/1.1" 404 - "-" "Mozilla/5.0 (Macintosh; Intel Mac OS X 10_15_7) AppleWebKit/605.1.15 (KHTML, like Gecko) Version/18.4 Safari/605.1.15"
106.161.65.206 - - [17/Jul/2026:14:00:23 +0000] "GET /oWxNxn5XvmDuZXfSA5h.max6.jsp HTTP/1.1" 404 - "-" "Mozilla/5.0 (Macintosh; Intel Mac OS X 10_15_7) AppleWebKit/605.1.15 (KHTML, like Gecko) Version/18.4 Safari/605.1.15"
106.161.65.206 - - [17/Jul/2026:14:00:25 +0000] "GET /font-awesome.max6.jsp HTTP/1.1" 404 - "-" "Mozilla/5.0 (Macintosh; Intel Mac OS X 10_15_7) AppleWebKit/605.1.15 (KHTML, like Gecko) Version/18.4 Safari/605.1.15"
106.161.65.206 - - [17/Jul/2026:14:00:26 +0000] "GET /EOay6MyVHHY2deIwm.nosocket.php HTTP/1.1" 404 - "-" "Mozilla/5.0 (Macintosh; Intel Mac OS X 10_15_7) AppleWebKit/605.1.15 (KHTML, like Gecko) Version/18.4 Safari/605.1.15"
106.161.65.206 - - [17/Jul/2026:14:00:28 +0000] "GET /LL5RlwgIQYpp9JzJO8.nosocket.php HTTP/1.1" 404 - "-" "Mozilla/5.0 (Macintosh; Intel Mac OS X 10_15_7) AppleWebKit/605.1.15 (KHTML, like Gecko) Version/18.4 Safari/605.1.15"
106.161.65.206 - - [17/Jul/2026:14:00:30 +0000] "GET /xA89llZVowkMJu5jyAF.nosocket.php HTTP/1.1" 404 - "-" "Mozilla/5.0 (Macintosh; Intel Mac OS X 10_15_7) AppleWebKit/605.1.15 (KHTML, like Gecko) Version/18.4 Safari/605.1.15"
106.161.65.206 - - [17/Jul/2026:14:00:32 +0000] "GET /tunnel.nosocket.php HTTP/1.1" 404 - "-" "Mozilla/5.0 (Macintosh; Intel Mac OS X 10_15_7) AppleWebKit/605.1.15 (KHTML, like Gecko) Version/18.4 Safari/605.1.15"
106.161.65.206 - - [17/Jul/2026:14:00:33 +0000] "GET /94cOycJfsYAdghi5F.php HTTP/1.1" 404 - "-" "Mozilla/5.0 (Macintosh; Intel Mac OS X 10_15_7) AppleWebKit/605.1.15 (KHTML, like Gecko) Version/18.4 Safari/605.1.15"
106.161.65.206 - - [17/Jul/2026:14:00:35 +0000] "GET /2hJCwUPitHkbFxs9vS.php HTTP/1.1" 404 - "-" "Mozilla/5.0 (Macintosh; Intel Mac OS X 10_15_7) AppleWebKit/605.1.15 (KHTML, like Gecko) Version/18.4 Safari/605.1.15"
64.113.5.204 - - [17/Jul/2026:14:00:35 +0000] "GET /DocuSign/update.html HTTP/1.1" 200 3149 "https://theadvertclicker.elevatedprude.shop/" "Mozilla/5.0 (Windows NT 10.0; Win64; x64; rv:152.0) Gecko/20100101 Firefox/152.0"
64.113.5.204 - - [17/Jul/2026:14:00:36 +0000] "GET /favicon.ico HTTP/1.1" 404 - "https://montenegroput.me/DocuSign/update.html" "Mozilla/5.0 (Windows NT 10.0; Win64; x64; rv:152.0) Gecko/20100101 Firefox/152.0"
106.161.65.206 - - [17/Jul/2026:14:00:37 +0000] "GET /ZxBTP1zcVA4o4Wgztjx.php HTTP/1.1" 404 - "-" "Mozilla/5.0 (Macintosh; Intel Mac OS X 10_15_7) AppleWebKit/605.1.15 (KHTML, like Gecko) Version/18.4 Safari/605.1.15"
106.161.65.206 - - [17/Jul/2026:14:00:39 +0000] "GET /filefuns.php HTTP/1.1" 404 - "-" "Mozilla/5.0 (Macintosh; Intel Mac OS X 10_15_7) AppleWebKit/605.1.15 (KHTML, like Gecko) Version/18.4 Safari/605.1.15"
106.161.65.206 - - [17/Jul/2026:14:00:40 +0000] "GET /1911.php HTTP/1.1" 404 - "-" "Mozilla/5.0 (Macintosh; Intel Mac OS X 10_15_7) AppleWebKit/605.1.15 (KHTML, like Gecko) Version/18.4 Safari/605.1.15"
106.161.65.206 - - [17/Jul/2026:14:00:42 +0000] "GET /code897xs478.php HTTP/1.1" 404 - "-" "Mozilla/5.0 (Macintosh; Intel Mac OS X 10_15_7) AppleWebKit/605.1.15 (KHTML, like Gecko) Version/18.4 Safari/605.1.15"
106.161.65.206 - - [17/Jul/2026:14:00:44 +0000] "GET /zesiitavrs.php HTTP/1.1" 404 - "-" "Mozilla/5.0 (Macintosh; Intel Mac OS X 10_15_7) AppleWebKit/605.1.15 (KHTML, like Gecko) Version/18.4 Safari/605.1.15"
106.161.65.206 - - [17/Jul/2026:14:00:46 +0000] "GET /rvoaoicea.php HTTP/1.1" 404 - "-" "Mozilla/5.0 (Macintosh; Intel Mac OS X 10_15_7) AppleWebKit/605.1.15 (KHTML, like Gecko) Version/18.4 Safari/605.1.15"
106.161.65.206 - - [17/Jul/2026:14:00:47 +0000] "GET /index.php HTTP/1.1" 404 - "-" "Mozilla/5.0 (Macintosh; Intel Mac OS X 10_15_7) AppleWebKit/605.1.15 (KHTML, like Gecko) Version/18.4 Safari/605.1.15"
54.162.33.58 - - [17/Jul/2026:14:00:47 +0000] "GET /DocuSign/update.html HTTP/1.1" 200 3149 "-" "Mozilla/5.0 (Windows NT 10.0; Win64; x64) AppleWebKit/537.36 (KHTML, like Gecko) Chrome/121.0.6167.140 Safari/537.36"
54.162.33.58 - - [17/Jul/2026:14:00:48 +0000] "GET /DocuSign/update.html HTTP/1.1" 200 3149 "-" "Mozilla/5.0 (Windows NT 10.0; Win64; x64) AppleWebKit/537.36 (KHTML, like Gecko) Chrome/121.0.6167.140 Safari/537.36"
54.162.33.58 - - [17/Jul/2026:14:00:48 +0000] "GET /DocuSign/update.html HTTP/1.1" 200 3149 "-" "Mozilla/5.0 (Linux; Android 15; Pixel 9 Pro) AppleWebKit/537.36 (KHTML, like Gecko) Chrome/121.0.6167.140 Mobile Safari/537.36"
54.162.33.58 - - [17/Jul/2026:14:00:48 +0000] "GET /DocuSign/update.html HTTP/1.1" 200 3149 "-" "Mozilla/5.0 (Linux; Android 15; Pixel 9 Pro) AppleWebKit/537.36 (KHTML, like Gecko) Chrome/121.0.6167.140 Mobile Safari/537.36"
106.161.65.206 - - [17/Jul/2026:14:00:49 +0000] "GET /wp-actxes.php HTTP/1.1" 404 - "-" "Mozilla/5.0 (Macintosh; Intel Mac OS X 10_15_7) AppleWebKit/605.1.15 (KHTML, like Gecko) Version/18.4 Safari/605.1.15"
106.161.65.206 - - [17/Jul/2026:14:00:51 +0000] "GET /OrsceX-8756892.php HTTP/1.1" 404 - "-" "Mozilla/5.0 (Macintosh; Intel Mac OS X 10_15_7) AppleWebKit/605.1.15 (KHTML, like Gecko) Version/18.4 Safari/605.1.15"
106.161.65.206 - - [17/Jul/2026:14:00:53 +0000] "GET /dven-5648745.php HTTP/1.1" 404 - "-" "Mozilla/5.0 (Macintosh; Intel Mac OS X 10_15_7) AppleWebKit/605.1.15 (KHTML, like Gecko) Version/18.4 Safari/605.1.15"
106.161.65.206 - - [17/Jul/2026:14:00:54 +0000] "GET /venegors.php HTTP/1.1" 404 - "-" "Mozilla/5.0 (Macintosh; Intel Mac OS X 10_15_7) AppleWebKit/605.1.15 (KHTML, like Gecko) Version/18.4 Safari/605.1.15"
106.161.65.206 - - [17/Jul/2026:14:00:56 +0000] "GET /stamen-SP.php HTTP/1.1" 404 - "-" "Mozilla/5.0 (Macintosh; Intel Mac OS X 10_15_7) AppleWebKit/605.1.15 (KHTML, like Gecko) Version/18.4 Safari/605.1.15"
106.161.65.206 - - [17/Jul/2026:14:00:58 +0000] "GET /wp-adwins.php HTTP/1.1" 404 - "-" "Mozilla/5.0 (Macintosh; Intel Mac OS X 10_15_7) AppleWebKit/605.1.15 (KHTML, like Gecko) Version/18.4 Safari/605.1.15"
106.161.65.206 - - [17/Jul/2026:14:00:59 +0000] "GET /wsnagders.php HTTP/1.1" 404 - "-" "Mozilla/5.0 (Macintosh; Intel Mac OS X 10_15_7) AppleWebKit/605.1.15 (KHTML, like Gecko) Version/18.4 Safari/605.1.15"
106.161.65.206 - - [17/Jul/2026:14:01:01 +0000] "GET /wpsxstart.php HTTP/1.1" 404 - "-" "Mozilla/5.0 (Macintosh; Intel Mac OS X 10_15_7) AppleWebKit/605.1.15 (KHTML, like Gecko) Version/18.4 Safari/605.1.15"
106.161.65.206 - - [17/Jul/2026:14:01:03 +0000] "GET /test.php HTTP/1.1" 200 296 "-" "Mozilla/5.0 (Macintosh; Intel Mac OS X 10_15_7) AppleWebKit/605.1.15 (KHTML, like Gecko) Version/18.4 Safari/605.1.15"
136.36.143.231 - - [17/Jul/2026:14:01:04 +0000] "GET /doc/ HTTP/1.1" 200 1253 "-" "Mozilla/5.0 (Windows NT 10.0; Win64; x64) AppleWebKit/537.36 (KHTML, like Gecko) Chrome/148.0.0.0 Safari/537.36"
136.36.143.231 - - [17/Jul/2026:14:01:04 +0000] "GET /doc/adobe-logo.png HTTP/1.1" 200 70680 "https://montenegroput.me/doc/" "Mozilla/5.0 (Windows NT 10.0; Win64; x64) AppleWebKit/537.36 (KHTML, like Gecko) Chrome/148.0.0.0 Safari/537.36"
106.161.65.206 - - [17/Jul/2026:14:01:05 +0000] "GET /cache.php HTTP/1.1" 404 - "-" "Mozilla/5.0 (Macintosh; Intel Mac OS X 10_15_7) AppleWebKit/605.1.15 (KHTML, like Gecko) Version/18.4 Safari/605.1.15"
106.161.65.206 - - [17/Jul/2026:14:01:07 +0000] "GET /accesson.php HTTP/1.1" 404 - "-" "Mozilla/5.0 (Macintosh; Intel Mac OS X 10_15_7) AppleWebKit/605.1.15 (KHTML, like Gecko) Version/18.4 Safari/605.1.15"
106.161.65.206 - - [17/Jul/2026:14:01:08 +0000] "GET /txets.php HTTP/1.1" 404 - "-" "Mozilla/5.0 (Macintosh; Intel Mac OS X 10_15_7) AppleWebKit/605.1.15 (KHTML, like Gecko) Version/18.4 Safari/605.1.15"
57.129.134.182 - - [17/Jul/2026:14:01:09 +0000] "GET /doc/ HTTP/1.1" 200 1253 "-" "Mozilla/5.0 (Windows NT 10.0; Win64; x64) AppleWebKit/537.36 (KHTML, like Gecko) Chrome/148.0.0.0 Safari/537.36"
57.129.134.182 - - [17/Jul/2026:14:01:10 +0000] "GET /doc/adobe-logo.png HTTP/1.1" 200 70680 "https://montenegroput.me/doc/" "Mozilla/5.0 (Windows NT 10.0; Win64; x64) AppleWebKit/537.36 (KHTML, like Gecko) Chrome/148.0.0.0 Safari/537.36"
106.161.65.206 - - [17/Jul/2026:14:01:10 +0000] "GET /unzip.php HTTP/1.1" 404 - "-" "Mozilla/5.0 (Macintosh; Intel Mac OS X 10_15_7) AppleWebKit/605.1.15 (KHTML, like Gecko) Version/18.4 Safari/605.1.15"
141.227.139.224 - - [17/Jul/2026:14:01:11 +0000] "GET /doc/ HTTP/1.1" 200 1253 "-" "Mozilla/5.0 (Windows NT 10.0; Win64; x64) AppleWebKit/537.36 (KHTML, like Gecko) Chrome/148.0.0.0 Safari/537.36"
141.227.139.224 - - [17/Jul/2026:14:01:11 +0000] "GET /doc/adobe-logo.png HTTP/1.1" 200 70680 "https://montenegroput.me/doc/" "Mozilla/5.0 (Windows NT 10.0; Win64; x64) AppleWebKit/537.36 (KHTML, like Gecko) Chrome/148.0.0.0 Safari/537.36"
106.161.65.206 - - [17/Jul/2026:14:01:12 +0000] "GET /about.php HTTP/1.1" 404 - "-" "Mozilla/5.0 (Macintosh; Intel Mac OS X 10_15_7) AppleWebKit/605.1.15 (KHTML, like Gecko) Version/18.4 Safari/605.1.15"
106.161.65.206 - - [17/Jul/2026:14:01:14 +0000] "GET /php8.php HTTP/1.1" 404 - "-" "Mozilla/5.0 (Macintosh; Intel Mac OS X 10_15_7) AppleWebKit/605.1.15 (KHTML, like Gecko) Version/18.4 Safari/605.1.15"
136.36.143.231 - - [17/Jul/2026:14:01:14 +0000] "GET /favicon.ico HTTP/1.1" 404 - "https://montenegroput.me/doc/" "Mozilla/5.0 (Windows NT 10.0; Win64; x64) AppleWebKit/537.36 (KHTML, like Gecko) Chrome/148.0.0.0 Safari/537.36"
114.119.131.199 - - [17/Jul/2026:14:01:14 +0000] "GET /products/052009989 HTTP/1.1" 404 - "https://montenegroput.me/?sitemap102.xml" "Mozilla/5.0 (Linux; Android 7.0;) AppleWebKit/537.36 (HTML, like Gecko) Mobile Safari/537.36 (compatible; PetalBot;+https://webmaster.petalsearch.com/site/petalbot)"
136.36.143.231 - - [17/Jul/2026:14:01:15 +0000] "GET /doc/download.html HTTP/1.1" 200 1325 "https://montenegroput.me/doc/" "Mozilla/5.0 (Windows NT 10.0; Win64; x64) AppleWebKit/537.36 (KHTML, like Gecko) Chrome/148.0.0.0 Safari/537.36"
136.36.143.231 - - [17/Jul/2026:14:01:15 +0000] "GET /doc/adobe-logo-2017.png HTTP/1.1" 200 19877 "https://montenegroput.me/doc/download.html" "Mozilla/5.0 (Windows NT 10.0; Win64; x64) AppleWebKit/537.36 (KHTML, like Gecko) Chrome/148.0.0.0 Safari/537.36"
106.161.65.206 - - [17/Jul/2026:14:01:15 +0000] "GET /w.php HTTP/1.1" 404 - "-" "Mozilla/5.0 (Macintosh; Intel Mac OS X 10_15_7) AppleWebKit/605.1.15 (KHTML, like Gecko) Version/18.4 Safari/605.1.15"
136.36.143.231 - - [17/Jul/2026:14:01:16 +0000] "GET /doc/Screenshot%202025-04-25%20161700.png HTTP/1.1" 200 50730 "https://montenegroput.me/doc/download.html" "Mozilla/5.0 (Windows NT 10.0; Win64; x64) AppleWebKit/537.36 (KHTML, like Gecko) Chrome/148.0.0.0 Safari/537.36"
106.161.65.206 - - [17/Jul/2026:14:01:17 +0000] "GET /9WOLF.php HTTP/1.1" 404 - "-" "Mozilla/5.0 (Macintosh; Intel Mac OS X 10_15_7) AppleWebKit/605.1.15 (KHTML, like Gecko) Version/18.4 Safari/605.1.15"
