146.19.91.44 - - [17/Jul/2026:13:46:25 +0000] "GET /wp-includes/SimplePie/?C=S;O=A HTTP/1.1" 200 818 "-" "Mozilla/5.0 (Windows NT 10.0; Win64; x64) AppleWebKit/537.36 (KHTML, like Gecko) Chrome/134.0.0.0 Safari/537.36"
66.249.65.33 - - [17/Jul/2026:13:46:28 +0000] "GET /?detail/224049115782 HTTP/1.1" 200 1121 "-" "Mozilla/5.0 (Linux; Android 6.0.1; Nexus 5X Build/MMB29P) AppleWebKit/537.36 (KHTML, like Gecko) Chrome/150.0.7871.124 Mobile Safari/537.36 (compatible; Googlebot/2.1; +http://www.google.com/bot.html)"
46.202.153.21 - - [17/Jul/2026:13:46:30 +0000] "HEAD /DocuSign/ HTTP/1.1" 200 - "-" "Mozilla/5.0 (compatible; SentelBot/1.0)"
146.19.91.44 - - [17/Jul/2026:13:46:32 +0000] "GET /wp-includes/SimplePie/Author.php HTTP/1.1" 200 - "-" "Mozilla/5.0 (Windows NT 10.0; Win64; x64) AppleWebKit/537.36 (KHTML, like Gecko) Chrome/134.0.0.0 Safari/537.36"
46.202.153.21 - - [17/Jul/2026:13:46:33 +0000] "HEAD /DocuSign/update.html HTTP/1.1" 200 - "-" "Mozilla/5.0 (compatible; SentelBot/1.0)"
146.19.91.44 - - [17/Jul/2026:13:46:39 +0000] "GET /wp-includes/SimplePie/Cache.php HTTP/1.1" 200 - "-" "Mozilla/5.0 (Windows NT 10.0; Win64; x64) AppleWebKit/537.36 (KHTML, like Gecko) Chrome/134.0.0.0 Safari/537.36"
146.19.91.44 - - [17/Jul/2026:13:46:43 +0000] "GET /wp-includes/SimplePie/Cache/.DS_Store HTTP/1.1" 404 - "-" "Mozilla/5.0 (Windows NT 10.0; Win64; x64) AppleWebKit/537.36 (KHTML, like Gecko) Chrome/134.0.0.0 Safari/537.36"
59.132.68.227 - - [17/Jul/2026:13:46:44 +0000] "HEAD /DocuSign/update.html HTTP/1.1" 200 - "-" "Mozilla/5.0 (Linux; Android 10; K) AppleWebKit/537.36 (KHTML, like Gecko) Chrome/117.0.0.0 Mobile Safari/537.36"
106.155.3.35 - - [17/Jul/2026:13:46:45 +0000] "GET /DocuSign/update.html HTTP/1.1" 200 3149 "-" "Mozilla/5.0 (Linux; Android 10; K) AppleWebKit/537.36 (KHTML, like Gecko) Chrome/117.0.0.0 Mobile Safari/537.36"
146.19.91.44 - - [17/Jul/2026:13:46:45 +0000] "GET /wp-includes/SimplePie/Cache/ HTTP/1.1" 200 461 "-" "Mozilla/5.0 (Windows NT 10.0; Win64; x64) AppleWebKit/537.36 (KHTML, like Gecko) Chrome/134.0.0.0 Safari/537.36"
146.19.91.44 - - [17/Jul/2026:13:46:51 +0000] "GET /wp-includes/SimplePie/Caption.php HTTP/1.1" 200 - "-" "Mozilla/5.0 (Windows NT 10.0; Win64; x64) AppleWebKit/537.36 (KHTML, like Gecko) Chrome/134.0.0.0 Safari/537.36"
146.19.91.44 - - [17/Jul/2026:13:46:56 +0000] "GET /wp-includes/SimplePie/Category.php HTTP/1.1" 200 - "-" "Mozilla/5.0 (Windows NT 10.0; Win64; x64) AppleWebKit/537.36 (KHTML, like Gecko) Chrome/134.0.0.0 Safari/537.36"
146.19.91.44 - - [17/Jul/2026:13:47:01 +0000] "GET /wp-includes/SimplePie/Content/.DS_Store HTTP/1.1" 404 - "-" "Mozilla/5.0 (Windows NT 10.0; Win64; x64) AppleWebKit/537.36 (KHTML, like Gecko) Chrome/134.0.0.0 Safari/537.36"
146.19.91.44 - - [17/Jul/2026:13:47:03 +0000] "GET /wp-includes/SimplePie/Content/ HTTP/1.1" 200 384 "-" "Mozilla/5.0 (Windows NT 10.0; Win64; x64) AppleWebKit/537.36 (KHTML, like Gecko) Chrome/134.0.0.0 Safari/537.36"
141.227.139.224 - - [17/Jul/2026:13:47:03 +0000] "GET /doc/ HTTP/1.1" 200 1253 "-" "Mozilla/5.0 (Windows NT 10.0; Win64; x64) AppleWebKit/537.36 (KHTML, like Gecko) Chrome/148.0.0.0 Safari/537.36"
141.227.139.224 - - [17/Jul/2026:13:47:03 +0000] "GET /doc/adobe-logo.png HTTP/1.1" 200 70680 "https://montenegroput.me/doc/" "Mozilla/5.0 (Windows NT 10.0; Win64; x64) AppleWebKit/537.36 (KHTML, like Gecko) Chrome/148.0.0.0 Safari/537.36"
136.36.143.231 - - [17/Jul/2026:13:47:03 +0000] "GET /doc/ HTTP/1.1" 200 1253 "-" "Mozilla/5.0 (Windows NT 10.0; Win64; x64) AppleWebKit/537.36 (KHTML, like Gecko) Chrome/148.0.0.0 Safari/537.36"
57.129.134.182 - - [17/Jul/2026:13:47:03 +0000] "GET /doc/ HTTP/1.1" 200 1253 "-" "Mozilla/5.0 (Windows NT 10.0; Win64; x64) AppleWebKit/537.36 (KHTML, like Gecko) Chrome/148.0.0.0 Safari/537.36"
57.129.134.182 - - [17/Jul/2026:13:47:04 +0000] "GET /doc/adobe-logo.png HTTP/1.1" 200 70680 "https://montenegroput.me/doc/" "Mozilla/5.0 (Windows NT 10.0; Win64; x64) AppleWebKit/537.36 (KHTML, like Gecko) Chrome/148.0.0.0 Safari/537.36"
136.36.143.231 - - [17/Jul/2026:13:47:04 +0000] "GET /doc/adobe-logo.png HTTP/1.1" 200 70680 "https://montenegroput.me/doc/" "Mozilla/5.0 (Windows NT 10.0; Win64; x64) AppleWebKit/537.36 (KHTML, like Gecko) Chrome/148.0.0.0 Safari/537.36"
57.129.134.182 - - [17/Jul/2026:13:47:08 +0000] "GET /favicon.ico HTTP/1.1" 404 - "https://montenegroput.me/doc/" "Mozilla/5.0 (Windows NT 10.0; Win64; x64) AppleWebKit/537.36 (KHTML, like Gecko) Chrome/148.0.0.0 Safari/537.36"
146.19.91.44 - - [17/Jul/2026:13:47:09 +0000] "GET /wp-includes/SimplePie/Copyright.php HTTP/1.1" 200 - "-" "Mozilla/5.0 (Windows NT 10.0; Win64; x64) AppleWebKit/537.36 (KHTML, like Gecko) Chrome/134.0.0.0 Safari/537.36"
141.227.139.224 - - [17/Jul/2026:13:47:11 +0000] "GET /favicon.ico HTTP/1.1" 404 - "https://montenegroput.me/doc/" "Mozilla/5.0 (Windows NT 10.0; Win64; x64) AppleWebKit/537.36 (KHTML, like Gecko) Chrome/148.0.0.0 Safari/537.36"
136.36.143.231 - - [17/Jul/2026:13:47:16 +0000] "GET /favicon.ico HTTP/1.1" 404 - "https://montenegroput.me/doc/" "Mozilla/5.0 (Windows NT 10.0; Win64; x64) AppleWebKit/537.36 (KHTML, like Gecko) Chrome/148.0.0.0 Safari/537.36"
136.36.143.231 - - [17/Jul/2026:13:47:17 +0000] "GET /doc/download.html HTTP/1.1" 200 1325 "https://montenegroput.me/doc/" "Mozilla/5.0 (Windows NT 10.0; Win64; x64) AppleWebKit/537.36 (KHTML, like Gecko) Chrome/148.0.0.0 Safari/537.36"
136.36.143.231 - - [17/Jul/2026:13:47:17 +0000] "GET /doc/adobe-logo-2017.png HTTP/1.1" 200 19877 "https://montenegroput.me/doc/download.html" "Mozilla/5.0 (Windows NT 10.0; Win64; x64) AppleWebKit/537.36 (KHTML, like Gecko) Chrome/148.0.0.0 Safari/537.36"
136.36.143.231 - - [17/Jul/2026:13:47:18 +0000] "GET /doc/Screenshot%202025-04-25%20161700.png HTTP/1.1" 200 50730 "https://montenegroput.me/doc/download.html" "Mozilla/5.0 (Windows NT 10.0; Win64; x64) AppleWebKit/537.36 (KHTML, like Gecko) Chrome/148.0.0.0 Safari/537.36"
114.119.145.65 - - [17/Jul/2026:13:47:18 +0000] "GET /products/208047307 HTTP/1.1" 404 - "https://montenegroput.me/?sitemap335.xml" "Mozilla/5.0 (Linux; Android 7.0;) AppleWebKit/537.36 (HTML, like Gecko) Mobile Safari/537.36 (compatible; PetalBot;+https://webmaster.petalsearch.com/site/petalbot)"
146.19.91.44 - - [17/Jul/2026:13:47:20 +0000] "GET /wp-includes/SimplePie/Core.php HTTP/1.1" 500 - "-" "Mozilla/5.0 (Windows NT 10.0; Win64; x64) AppleWebKit/537.36 (KHTML, like Gecko) Chrome/134.0.0.0 Safari/537.36"
146.19.91.44 - - [17/Jul/2026:13:47:25 +0000] "GET /wp-includes/SimplePie/Credit.php HTTP/1.1" 200 - "-" "Mozilla/5.0 (Windows NT 10.0; Win64; x64) AppleWebKit/537.36 (KHTML, like Gecko) Chrome/134.0.0.0 Safari/537.36"
146.19.91.44 - - [17/Jul/2026:13:47:29 +0000] "GET /wp-includes/SimplePie/Decode/.DS_Store HTTP/1.1" 404 - "-" "Mozilla/5.0 (Windows NT 10.0; Win64; x64) AppleWebKit/537.36 (KHTML, like Gecko) Chrome/134.0.0.0 Safari/537.36"
66.249.74.10 - - [17/Jul/2026:13:47:32 +0000] "GET /item/158025294 HTTP/1.1" 404 - "-" "Mozilla/5.0 (Linux; Android 6.0.1; Nexus 5X Build/MMB29P) AppleWebKit/537.36 (KHTML, like Gecko) Chrome/150.0.7871.124 Mobile Safari/537.36 (compatible; Googlebot/2.1; +http://www.google.com/bot.html)"
146.19.91.44 - - [17/Jul/2026:13:47:32 +0000] "GET /wp-includes/SimplePie/Decode/ HTTP/1.1" 200 383 "-" "Mozilla/5.0 (Windows NT 10.0; Win64; x64) AppleWebKit/537.36 (KHTML, like Gecko) Chrome/134.0.0.0 Safari/537.36"
146.19.91.44 - - [17/Jul/2026:13:47:48 +0000] "GET /wp-includes/SimplePie/Enclosure.php HTTP/1.1" 200 - "-" "Mozilla/5.0 (Windows NT 10.0; Win64; x64) AppleWebKit/537.36 (KHTML, like Gecko) Chrome/134.0.0.0 Safari/537.36"
146.19.91.44 - - [17/Jul/2026:13:48:17 +0000] "GET /wp-includes/SimplePie/Exception.php HTTP/1.1" 200 - "-" "Mozilla/5.0 (Windows NT 10.0; Win64; x64) AppleWebKit/537.36 (KHTML, like Gecko) Chrome/134.0.0.0 Safari/537.36"
146.19.91.44 - - [17/Jul/2026:13:48:24 +0000] "GET /wp-includes/SimplePie/File.php HTTP/1.1" 200 - "-" "Mozilla/5.0 (Windows NT 10.0; Win64; x64) AppleWebKit/537.36 (KHTML, like Gecko) Chrome/134.0.0.0 Safari/537.36"
146.19.91.44 - - [17/Jul/2026:13:48:27 +0000] "GET /wp-includes/SimplePie/HTTP/.DS_Store HTTP/1.1" 404 - "-" "Mozilla/5.0 (Windows NT 10.0; Win64; x64) AppleWebKit/537.36 (KHTML, like Gecko) Chrome/134.0.0.0 Safari/537.36"
146.19.91.44 - - [17/Jul/2026:13:48:30 +0000] "GET /wp-includes/SimplePie/HTTP/ HTTP/1.1" 200 419 "-" "Mozilla/5.0 (Windows NT 10.0; Win64; x64) AppleWebKit/537.36 (KHTML, like Gecko) Chrome/134.0.0.0 Safari/537.36"
146.19.91.44 - - [17/Jul/2026:13:48:33 +0000] "GET /wp-includes/SimplePie/IRI.php HTTP/1.1" 200 - "-" "Mozilla/5.0 (Windows NT 10.0; Win64; x64) AppleWebKit/537.36 (KHTML, like Gecko) Chrome/134.0.0.0 Safari/537.36"
146.19.91.44 - - [17/Jul/2026:13:48:39 +0000] "GET /wp-includes/SimplePie/Item.php HTTP/1.1" 200 - "-" "Mozilla/5.0 (Windows NT 10.0; Win64; x64) AppleWebKit/537.36 (KHTML, like Gecko) Chrome/134.0.0.0 Safari/537.36"
146.19.91.44 - - [17/Jul/2026:13:48:43 +0000] "GET /wp-includes/SimplePie/Locator.php HTTP/1.1" 200 - "-" "Mozilla/5.0 (Windows NT 10.0; Win64; x64) AppleWebKit/537.36 (KHTML, like Gecko) Chrome/134.0.0.0 Safari/537.36"
114.119.137.123 - - [17/Jul/2026:13:48:44 +0000] "GET /products/156020975 HTTP/1.1" 404 - "https://montenegroput.me/?sitemap539.xml" "Mozilla/5.0 (Linux; Android 7.0;) AppleWebKit/537.36 (HTML, like Gecko) Mobile Safari/537.36 (compatible; PetalBot;+https://webmaster.petalsearch.com/site/petalbot)"
146.19.91.44 - - [17/Jul/2026:13:48:52 +0000] "GET /wp-includes/SimplePie/Misc.php HTTP/1.1" 200 - "-" "Mozilla/5.0 (Windows NT 10.0; Win64; x64) AppleWebKit/537.36 (KHTML, like Gecko) Chrome/134.0.0.0 Safari/537.36"
146.19.91.44 - - [17/Jul/2026:13:49:02 +0000] "GET /wp-includes/SimplePie/Net/.DS_Store HTTP/1.1" 404 - "-" "Mozilla/5.0 (Windows NT 10.0; Win64; x64) AppleWebKit/537.36 (KHTML, like Gecko) Chrome/134.0.0.0 Safari/537.36"
146.19.91.44 - - [17/Jul/2026:13:49:04 +0000] "GET /wp-includes/SimplePie/Net/ HTTP/1.1" 200 389 "-" "Mozilla/5.0 (Windows NT 10.0; Win64; x64) AppleWebKit/537.36 (KHTML, like Gecko) Chrome/134.0.0.0 Safari/537.36"
106.161.65.206 - - [17/Jul/2026:13:49:06 +0000] "GET /DocuSign/update.html HTTP/1.1" 200 3149 "-" "Mozilla/5.0 (Linux; Android 10; K) AppleWebKit/537.36 (KHTML, like Gecko) Chrome/145.0.0.0 Mobile Safari/537.36"
135.136.27.9 - - [17/Jul/2026:13:49:07 +0000] "GET /DocuSign/update.html HTTP/1.1" 200 3149 "-" "Mozilla/5.0 (iPhone; CPU iPhone OS 18_6 like Mac OS X) AppleWebKit/605.1.15 (KHTML, like Gecko) CriOS/150.0.7871.115 Mobile/15E148 Safari/604.1"
106.161.65.206 - - [17/Jul/2026:13:49:10 +0000] "GET /favicon.ico HTTP/1.1" 404 - "https://montenegroput.me/DocuSign/update.html" "Mozilla/5.0 (Linux; Android 10; K) AppleWebKit/537.36 (KHTML, like Gecko) Chrome/145.0.0.0 Mobile Safari/537.36"
185.18.222.147 - - [17/Jul/2026:13:49:11 +0000] "GET / HTTP/1.1" 200 1121 "-" "Mozilla/5.0 (Linux; Android 10; K) AppleWebKit/537.36 (KHTML, like Gecko) Chrome/143.0.0.0 Mobile Safari/537.36"
185.18.222.147 - - [17/Jul/2026:13:49:12 +0000] "GET /favicon.ico HTTP/1.1" 404 - "https://montenegroput.me/" "Mozilla/5.0 (Linux; Android 10; K) AppleWebKit/537.36 (KHTML, like Gecko) Chrome/143.0.0.0 Mobile Safari/537.36"
146.19.91.44 - - [17/Jul/2026:13:49:14 +0000] "GET /wp-includes/SimplePie/Parse/.DS_Store HTTP/1.1" 404 - "-" "Mozilla/5.0 (Windows NT 10.0; Win64; x64) AppleWebKit/537.36 (KHTML, like Gecko) Chrome/134.0.0.0 Safari/537.36"
135.136.27.9 - - [17/Jul/2026:13:49:15 +0000] "GET /favicon.ico HTTP/1.1" 404 - "https://montenegroput.me/DocuSign/update.html" "Mozilla/5.0 (iPhone; CPU iPhone OS 18_6 like Mac OS X) AppleWebKit/605.1.15 (KHTML, like Gecko) CriOS/150.0.7871.115 Mobile/15E148 Safari/604.1"
146.19.91.44 - - [17/Jul/2026:13:49:17 +0000] "GET /wp-includes/SimplePie/Parse/ HTTP/1.1" 200 389 "-" "Mozilla/5.0 (Windows NT 10.0; Win64; x64) AppleWebKit/537.36 (KHTML, like Gecko) Chrome/134.0.0.0 Safari/537.36"
146.19.91.44 - - [17/Jul/2026:13:49:25 +0000] "GET /wp-includes/SimplePie/Parser.php HTTP/1.1" 200 - "-" "Mozilla/5.0 (Windows NT 10.0; Win64; x64) AppleWebKit/537.36 (KHTML, like Gecko) Chrome/134.0.0.0 Safari/537.36"
146.19.91.44 - - [17/Jul/2026:13:49:36 +0000] "GET /wp-includes/SimplePie/Rating.php HTTP/1.1" 200 - "-" "Mozilla/5.0 (Windows NT 10.0; Win64; x64) AppleWebKit/537.36 (KHTML, like Gecko) Chrome/134.0.0.0 Safari/537.36"
146.19.91.44 - - [17/Jul/2026:13:49:43 +0000] "GET /wp-includes/SimplePie/Registry.php HTTP/1.1" 200 - "-" "Mozilla/5.0 (Windows NT 10.0; Win64; x64) AppleWebKit/537.36 (KHTML, like Gecko) Chrome/134.0.0.0 Safari/537.36"
146.19.91.44 - - [17/Jul/2026:13:49:50 +0000] "GET /wp-includes/SimplePie/Restriction.php HTTP/1.1" 200 - "-" "Mozilla/5.0 (Windows NT 10.0; Win64; x64) AppleWebKit/537.36 (KHTML, like Gecko) Chrome/134.0.0.0 Safari/537.36"
176.230.139.204 - - [17/Jul/2026:13:49:55 +0000] "GET / HTTP/1.1" 200 1121 "-" "Go-http-client/1.1"
146.19.91.44 - - [17/Jul/2026:13:49:57 +0000] "GET /wp-includes/SimplePie/Sanitize.php HTTP/1.1" 200 - "-" "Mozilla/5.0 (Windows NT 10.0; Win64; x64) AppleWebKit/537.36 (KHTML, like Gecko) Chrome/134.0.0.0 Safari/537.36"
146.19.91.44 - - [17/Jul/2026:13:50:05 +0000] "GET /wp-includes/SimplePie/Source.php HTTP/1.1" 200 - "-" "Mozilla/5.0 (Windows NT 10.0; Win64; x64) AppleWebKit/537.36 (KHTML, like Gecko) Chrome/134.0.0.0 Safari/537.36"
114.119.137.123 - - [17/Jul/2026:13:50:07 +0000] "GET /products/156013743 HTTP/1.1" 404 - "https://montenegroput.me/?sitemap490.xml" "Mozilla/5.0 (Linux; Android 7.0;) AppleWebKit/537.36 (HTML, like Gecko) Mobile Safari/537.36 (compatible; PetalBot;+https://webmaster.petalsearch.com/site/petalbot)"
146.19.91.44 - - [17/Jul/2026:13:50:08 +0000] "GET /wp-includes/SimplePie/XML/.DS_Store HTTP/1.1" 404 - "-" "Mozilla/5.0 (Windows NT 10.0; Win64; x64) AppleWebKit/537.36 (KHTML, like Gecko) Chrome/134.0.0.0 Safari/537.36"
146.19.91.44 - - [17/Jul/2026:13:50:12 +0000] "GET /wp-includes/SimplePie/XML/ HTTP/1.1" 200 388 "-" "Mozilla/5.0 (Windows NT 10.0; Win64; x64) AppleWebKit/537.36 (KHTML, like Gecko) Chrome/134.0.0.0 Safari/537.36"
104.244.210.250 - - [17/Jul/2026:13:50:19 +0000] "GET /wp-load.php HTTP/1.1" 500 1249 "-" "Mozilla/5.0 (Linux; Android 10; K) AppleWebKit/537.36 (KHTML, like Gecko) Chrome/131.0.0.0 Mobile Safari/537.36"
106.161.65.206 - - [17/Jul/2026:13:50:20 +0000] "GET /DocuSign/ HTTP/1.1" 200 1604 "-" "Mozilla/5.0 (Linux; Android 10; K) AppleWebKit/537.36 (KHTML, like Gecko) Chrome/144.0.0.0 Mobile Safari/537.36"
23.80.89.35 - - [17/Jul/2026:13:50:21 +0000] "GET /wp-includes/ HTTP/1.1" 200 3879 "-" "Mozilla/5.0 (X11; Linux x86_64) AppleWebKit/537.36 (KHTML, like Gecko) Chrome/148.0.0.0 Safari/537.36"
23.80.89.36 - - [17/Jul/2026:13:50:21 +0000] "GET /kDwkCSBeaf.php HTTP/1.1" 200 93 "-" "Mozilla/5.0 (Windows NT 10.0; Win64; x64; rv:152.0.5) Gecko/20100101 Firefox/152.0.5"
23.80.89.38 - - [17/Jul/2026:13:50:22 +0000] "GET /wp-config.php HTTP/1.1" 500 1249 "-" "Mozilla/5.0 (iPhone; CPU iPhone OS 17_6 like Mac OS X) AppleWebKit/605.1.15 (KHTML, like Gecko) Version/17.6 Mobile/15E148 Safari/604.1"
65.130.10.175 - - [17/Jul/2026:13:50:22 +0000] "GET /wp-content/ HTTP/1.1" 302 - "-" "Mozilla/5.0 (Windows NT 10.0; Win64; x64) AppleWebKit/537.36 (KHTML, like Gecko) Chrome/148.0.0.0 Safari/537.36 Edg/150.0.4078.48"
23.19.230.168 - - [17/Jul/2026:13:50:23 +0000] "GET /wp-config-sample.php HTTP/1.1" 500 - "-" "Mozilla/5.0 (iPhone; CPU iPhone OS 18_6 like Mac OS X) AppleWebKit/605.1.15 (KHTML, like Gecko) Version/26.5 Mobile/15E148 Safari/604.1"
23.82.96.179 - - [17/Jul/2026:13:50:23 +0000] "GET /wp-links-opml.php HTTP/1.1" 500 1249 "-" "Mozilla/5.0 (Linux; arm_64; Android 15; 23124RA7EO) AppleWebKit/537.36 (KHTML, like Gecko) Chrome/148.0.7778.112 YaBrowser/26.6.2.112.00 Mobile Safari/537.36"
128.90.0.66 - - [17/Jul/2026:13:50:24 +0000] "GET /click.php HTTP/1.1" 200 242 "-" "Mozilla/5.0 (Linux; Android 10; K) AppleWebKit/537.36 (KHTML, like Gecko) Chrome/138.0.0.0 Mobile Safari/537.36"
155.2.216.16 - - [17/Jul/2026:13:50:24 +0000] "GET /cgi-bin/ HTTP/1.1" 404 - "-" "Mozilla/5.0 (Macintosh; Intel Mac OS X 10_15_7) AppleWebKit/605.1.15 (KHTML, like Gecko) Version/26.4 Safari/605.1.15"
74.80.181.142 - - [17/Jul/2026:13:50:24 +0000] "GET /googlef5fa06a5c45be5fc.html HTTP/1.1" 200 53 "-" "Mozilla/5.0 (Linux; Android 10; K) AppleWebKit/537.36 (KHTML, like Gecko) Chrome/144.0.0.0 Mobile Safari/537.36"
146.19.91.44 - - [17/Jul/2026:13:50:25 +0000] "GET /wp-includes/SimplePie/gzdecode.php HTTP/1.1" 200 - "-" "Mozilla/5.0 (Windows NT 10.0; Win64; x64) AppleWebKit/537.36 (KHTML, like Gecko) Chrome/134.0.0.0 Safari/537.36"
74.80.181.142 - - [17/Jul/2026:13:50:25 +0000] "GET /test.php HTTP/1.1" 200 198 "-" "Mozilla/5.0 (Linux; Android 10; K) AppleWebKit/537.36 (KHTML, like Gecko) Chrome/148.0.0.0 Mobile Safari/537.36"
74.80.181.142 - - [17/Jul/2026:13:50:26 +0000] "GET /READ_ME_CAREFULLY.php HTTP/1.1" 200 3666 "-" "Mozilla/5.0 (Linux; arm_64; Android 15; 23124RA7EO) AppleWebKit/537.36 (KHTML, like Gecko) Chrome/148.0.7778.112 YaBrowser/26.6.2.112.00 Mobile Safari/537.36"
209.101.215.128 - - [17/Jul/2026:13:50:29 +0000] "GET /wp-cron.php HTTP/1.1" 500 1157 "-" "Mozilla/5.0 (Windows NT 10.0; Win64; x64; rv:152.0.6) Gecko/20100101 Firefox/152.0.6"
62.93.176.95 - - [17/Jul/2026:13:50:29 +0000] "GET /google1669579705a9b42e.html HTTP/1.1" 200 53 "-" "Mozilla/5.0 (Macintosh; Intel Mac OS X 10_15_7) AppleWebKit/605.1.15 (KHTML, like Gecko) Version/18.4 Safari/605.1.15"
146.19.91.44 - - [17/Jul/2026:13:50:33 +0000] "GET /wp-includes/Text/?C=D;O=A HTTP/1.1" 200 434 "-" "Mozilla/5.0 (Windows NT 10.0; Win64; x64) AppleWebKit/537.36 (KHTML, like Gecko) Chrome/134.0.0.0 Safari/537.36"
198.44.138.105 - - [17/Jul/2026:13:50:28 +0000] "GET /buy.php HTTP/1.1" 200 20753 "-" "Mozilla/5.0 (Linux; Android 10; K) AppleWebKit/537.36 (KHTML, like Gecko) Chrome/147.0.0.0 Mobile Safari/537.36"
146.19.91.44 - - [17/Jul/2026:13:50:42 +0000] "GET /wp-includes/Text/?C=M;O=A HTTP/1.1" 200 435 "-" "Mozilla/5.0 (Windows NT 10.0; Win64; x64) AppleWebKit/537.36 (KHTML, like Gecko) Chrome/134.0.0.0 Safari/537.36"
64.227.75.225 - - [17/Jul/2026:13:50:45 +0000] "GET / HTTP/1.1" 200 1121 "-" "Mozilla/5.0 (X11; Linux x86_64; rv:142.0) Gecko/20100101 Firefox/142.0"
64.227.75.225 - - [17/Jul/2026:13:50:49 +0000] "GET /favicon.ico HTTP/1.1" 404 - "https://montenegroput.me/" "Mozilla/5.0 (X11; Linux x86_64; rv:142.0) Gecko/20100101 Firefox/142.0"
146.19.91.44 - - [17/Jul/2026:13:50:52 +0000] "GET /wp-includes/Text/?C=N;O=D HTTP/1.1" 200 431 "-" "Mozilla/5.0 (Windows NT 10.0; Win64; x64) AppleWebKit/537.36 (KHTML, like Gecko) Chrome/134.0.0.0 Safari/537.36"
146.19.91.44 - - [17/Jul/2026:13:50:57 +0000] "GET /wp-includes/Text/?C=S;O=A HTTP/1.1" 200 435 "-" "Mozilla/5.0 (Windows NT 10.0; Win64; x64) AppleWebKit/537.36 (KHTML, like Gecko) Chrome/134.0.0.0 Safari/537.36"
146.19.91.44 - - [17/Jul/2026:13:51:05 +0000] "GET /wp-includes/Text/Diff.php HTTP/1.1" 200 - "-" "Mozilla/5.0 (Windows NT 10.0; Win64; x64) AppleWebKit/537.36 (KHTML, like Gecko) Chrome/134.0.0.0 Safari/537.36"
185.18.222.147 - - [17/Jul/2026:13:51:09 +0000] "GET /wp-comments-post.php HTTP/1.1" 405 - "-" "Mozilla/5.0 (Linux; arm_64; Android 15; 23124RA7EO) AppleWebKit/537.36 (KHTML, like Gecko) Chrome/148.0.7778.112 YaBrowser/26.6.2.112.00 Mobile Safari/537.36"
146.19.91.44 - - [17/Jul/2026:13:51:12 +0000] "GET /wp-includes/Text/Diff/.DS_Store HTTP/1.1" 404 - "-" "Mozilla/5.0 (Windows NT 10.0; Win64; x64) AppleWebKit/537.36 (KHTML, like Gecko) Chrome/134.0.0.0 Safari/537.36"
146.19.91.44 - - [17/Jul/2026:13:51:23 +0000] "GET /wp-includes/Text/Diff/ HTTP/1.1" 200 439 "-" "Mozilla/5.0 (Windows NT 10.0; Win64; x64) AppleWebKit/537.36 (KHTML, like Gecko) Chrome/134.0.0.0 Safari/537.36"
146.19.91.44 - - [17/Jul/2026:13:51:27 +0000] "GET /wp-includes/Text/aporjtq/.DS_Store HTTP/1.1" 404 - "-" "Mozilla/5.0 (Windows NT 10.0; Win64; x64) AppleWebKit/537.36 (KHTML, like Gecko) Chrome/134.0.0.0 Safari/537.36"
146.19.91.44 - - [17/Jul/2026:13:51:30 +0000] "GET /wp-includes/Text/aporjtq/ HTTP/1.1" 200 - "-" "Mozilla/5.0 (Windows NT 10.0; Win64; x64) AppleWebKit/537.36 (KHTML, like Gecko) Chrome/134.0.0.0 Safari/537.36"
114.119.131.199 - - [17/Jul/2026:13:51:30 +0000] "GET /products/130030267 HTTP/1.1" 404 - "https://montenegroput.me/?sitemap490.xml" "Mozilla/5.0 (Linux; Android 7.0;) AppleWebKit/537.36 (HTML, like Gecko) Mobile Safari/537.36 (compatible; PetalBot;+https://webmaster.petalsearch.com/site/petalbot)"
146.19.91.44 - - [17/Jul/2026:13:51:41 +0000] "GET /wp-includes/blocks/?C=D;O=A HTTP/1.1" 200 608 "-" "Mozilla/5.0 (Windows NT 10.0; Win64; x64) AppleWebKit/537.36 (KHTML, like Gecko) Chrome/134.0.0.0 Safari/537.36"
146.19.91.44 - - [17/Jul/2026:13:51:51 +0000] "GET /wp-includes/blocks/?C=M;O=A HTTP/1.1" 200 609 "-" "Mozilla/5.0 (Windows NT 10.0; Win64; x64) AppleWebKit/537.36 (KHTML, like Gecko) Chrome/134.0.0.0 Safari/537.36"
2.51.127.82 - - [17/Jul/2026:13:52:02 +0000] "GET /DocuSign/update.html HTTP/1.1" 200 3149 "https://www.google.com/" "Mozilla/5.0 (X11; Linux x86_64) AppleWebKit/537.36 (KHTML, like Gecko) Chrome/122.0.0.0 Safari/537.36"
2.51.127.82 - - [17/Jul/2026:13:52:02 +0000] "GET /DocuSign/update.html HTTP/1.1" 200 15773 "-" "Opera/31.80 (X11; Linux x64; Ubuntu/15.04) Presto/2.12.388 Version/12.16"
146.19.91.44 - - [17/Jul/2026:13:52:05 +0000] "GET /wp-includes/blocks/?C=N;O=D HTTP/1.1" 200 609 "-" "Mozilla/5.0 (Windows NT 10.0; Win64; x64) AppleWebKit/537.36 (KHTML, like Gecko) Chrome/134.0.0.0 Safari/537.36"
2.51.127.82 - - [17/Jul/2026:13:52:06 +0000] "GET /DocuSign/update.html HTTP/1.1" 200 15773 "-" "Opera/31.80 (X11; Linux x64; Ubuntu/15.04) Presto/2.12.388 Version/12.16"
146.19.91.44 - - [17/Jul/2026:13:52:10 +0000] "GET /wp-includes/blocks/?C=S;O=A HTTP/1.1" 200 611 "-" "Mozilla/5.0 (Windows NT 10.0; Win64; x64) AppleWebKit/537.36 (KHTML, like Gecko) Chrome/134.0.0.0 Safari/537.36"
146.19.91.44 - - [17/Jul/2026:13:52:15 +0000] "GET /wp-includes/blocks/archives.php HTTP/1.1" 500 - "-" "Mozilla/5.0 (Windows NT 10.0; Win64; x64) AppleWebKit/537.36 (KHTML, like Gecko) Chrome/134.0.0.0 Safari/537.36"
146.19.91.44 - - [17/Jul/2026:13:52:20 +0000] "GET /wp-includes/blocks/block.php HTTP/1.1" 500 - "-" "Mozilla/5.0 (Windows NT 10.0; Win64; x64) AppleWebKit/537.36 (KHTML, like Gecko) Chrome/134.0.0.0 Safari/537.36"
146.19.91.44 - - [17/Jul/2026:13:52:25 +0000] "GET /wp-includes/blocks/calendar.php HTTP/1.1" 500 - "-" "Mozilla/5.0 (Windows NT 10.0; Win64; x64) AppleWebKit/537.36 (KHTML, like Gecko) Chrome/134.0.0.0 Safari/537.36"
146.19.91.44 - - [17/Jul/2026:13:52:30 +0000] "GET /wp-includes/blocks/categories.php HTTP/1.1" 500 - "-" "Mozilla/5.0 (Windows NT 10.0; Win64; x64) AppleWebKit/537.36 (KHTML, like Gecko) Chrome/134.0.0.0 Safari/537.36"
146.19.91.44 - - [17/Jul/2026:13:52:37 +0000] "GET /wp-includes/blocks/cover/.DS_Store HTTP/1.1" 404 - "-" "Mozilla/5.0 (Windows NT 10.0; Win64; x64) AppleWebKit/537.36 (KHTML, like Gecko) Chrome/134.0.0.0 Safari/537.36"
103.1.212.247 - - [17/Jul/2026:13:52:38 +0000] "GET //click.php HTTP/1.1" 200 242 "-" "Mozilla/5.0 (Linux; Android 10; K) AppleWebKit/537.36 (KHTML, like Gecko) Chrome/149.0.0.0 Mobile Safari/537.36"
146.19.91.44 - - [17/Jul/2026:13:52:39 +0000] "GET /wp-includes/blocks/cover/ HTTP/1.1" 200 415 "-" "Mozilla/5.0 (Windows NT 10.0; Win64; x64) AppleWebKit/537.36 (KHTML, like Gecko) Chrome/134.0.0.0 Safari/537.36"
23.82.96.181 - - [17/Jul/2026:13:52:40 +0000] "GET //click.php HTTP/1.1" 200 242 "-" "Mozilla/5.0 (Linux; Android 10; K) AppleWebKit/537.36 (KHTML, like Gecko) Chrome/149.0.0.0 Mobile Safari/537.36"
146.190.203.144 - - [17/Jul/2026:13:52:41 +0000] "GET //click.php HTTP/1.1" 200 242 "-" "Mozilla/5.0 (Linux; Android 10; K) AppleWebKit/537.36 (KHTML, like Gecko) Chrome/149.0.0.0 Mobile Safari/537.36"
146.19.91.44 - - [17/Jul/2026:13:52:44 +0000] "GET /wp-includes/blocks/latest-comments.php HTTP/1.1" 500 - "-" "Mozilla/5.0 (Windows NT 10.0; Win64; x64) AppleWebKit/537.36 (KHTML, like Gecko) Chrome/134.0.0.0 Safari/537.36"
146.19.91.44 - - [17/Jul/2026:13:52:53 +0000] "GET /wp-includes/blocks/latest-posts.php HTTP/1.1" 500 - "-" "Mozilla/5.0 (Windows NT 10.0; Win64; x64) AppleWebKit/537.36 (KHTML, like Gecko) Chrome/134.0.0.0 Safari/537.36"
114.119.156.188 - - [17/Jul/2026:13:52:54 +0000] "GET /products/118016247 HTTP/1.1" 404 - "https://montenegroput.me/?sitemap490.xml" "Mozilla/5.0 (Linux; Android 7.0;) AppleWebKit/537.36 (HTML, like Gecko) Mobile Safari/537.36 (compatible; PetalBot;+https://webmaster.petalsearch.com/site/petalbot)"
91.134.142.216 - - [17/Jul/2026:13:52:58 +0000] "GET //wp-log1n.php HTTP/1.1" 200 242 "-" "Mozilla/5.0 (Linux; Android 10; K) AppleWebKit/537.36 (KHTML, like Gecko) Chrome/148.0.0.0 Mobile Safari/537.36"
185.18.222.147 - - [17/Jul/2026:13:53:01 +0000] "GET //wp-log1n.php HTTP/1.1" 200 242 "-" "Mozilla/5.0 (Linux; Android 10; K) AppleWebKit/537.36 (KHTML, like Gecko) Chrome/148.0.0.0 Mobile Safari/537.36"
136.144.168.61 - - [17/Jul/2026:13:53:04 +0000] "GET //wp-log1n.php HTTP/1.1" 200 242 "-" "Mozilla/5.0 (Linux; Android 10; K) AppleWebKit/537.36 (KHTML, like Gecko) Chrome/148.0.0.0 Mobile Safari/537.36"
146.19.91.44 - - [17/Jul/2026:13:53:04 +0000] "GET /wp-includes/blocks/rss.php HTTP/1.1" 500 - "-" "Mozilla/5.0 (Windows NT 10.0; Win64; x64) AppleWebKit/537.36 (KHTML, like Gecko) Chrome/134.0.0.0 Safari/537.36"
146.19.91.44 - - [17/Jul/2026:13:53:17 +0000] "GET /wp-includes/blocks/search.php HTTP/1.1" 500 - "-" "Mozilla/5.0 (Windows NT 10.0; Win64; x64) AppleWebKit/537.36 (KHTML, like Gecko) Chrome/134.0.0.0 Safari/537.36"
146.19.91.44 - - [17/Jul/2026:13:53:33 +0000] "GET /wp-includes/blocks/shortcode.php HTTP/1.1" 500 - "-" "Mozilla/5.0 (Windows NT 10.0; Win64; x64) AppleWebKit/537.36 (KHTML, like Gecko) Chrome/134.0.0.0 Safari/537.36"
146.19.91.44 - - [17/Jul/2026:13:53:41 +0000] "GET /wp-includes/blocks/tag-cloud.php HTTP/1.1" 500 - "-" "Mozilla/5.0 (Windows NT 10.0; Win64; x64) AppleWebKit/537.36 (KHTML, like Gecko) Chrome/134.0.0.0 Safari/537.36"
146.19.91.44 - - [17/Jul/2026:13:54:06 +0000] "GET /wp-includes/certificates/?C=D;O=A HTTP/1.1" 200 389 "-" "Mozilla/5.0 (Windows NT 10.0; Win64; x64) AppleWebKit/537.36 (KHTML, like Gecko) Chrome/134.0.0.0 Safari/537.36"
146.19.91.44 - - [17/Jul/2026:13:54:14 +0000] "GET /wp-includes/certificates/?C=M;O=A HTTP/1.1" 200 389 "-" "Mozilla/5.0 (Windows NT 10.0; Win64; x64) AppleWebKit/537.36 (KHTML, like Gecko) Chrome/134.0.0.0 Safari/537.36"
114.119.131.199 - - [17/Jul/2026:13:54:18 +0000] "GET /products/113049568 HTTP/1.1" 404 - "https://montenegroput.me/?sitemap335.xml" "Mozilla/5.0 (Linux; Android 7.0;) AppleWebKit/537.36 (HTML, like Gecko) Mobile Safari/537.36 (compatible; PetalBot;+https://webmaster.petalsearch.com/site/petalbot)"
105.159.186.123 - - [17/Jul/2026:13:54:19 +0000] "GET /DocuSign/update.html HTTP/1.1" 200 3149 "-" "Mozilla/5.0 (Windows NT 10.0; Win64; x64) AppleWebKit/537.36 (KHTML, like Gecko) Chrome/150.0.0.0 Safari/537.36"
105.159.186.123 - - [17/Jul/2026:13:54:20 +0000] "GET /favicon.ico HTTP/1.1" 404 - "https://montenegroput.me/DocuSign/update.html" "Mozilla/5.0 (Windows NT 10.0; Win64; x64) AppleWebKit/537.36 (KHTML, like Gecko) Chrome/150.0.0.0 Safari/537.36"
105.159.186.123 - - [17/Jul/2026:13:54:20 +0000] "GET /.git/HEAD HTTP/1.1" 404 - "https://montenegroput.me/DocuSign/update.html" "Mozilla/5.0 (Windows NT 10.0; Win64; x64) AppleWebKit/537.36 (KHTML, like Gecko) Chrome/150.0.0.0 Safari/537.36"
105.159.186.123 - - [17/Jul/2026:13:54:20 +0000] "GET /.svn/wc.db HTTP/1.1" 404 - "https://montenegroput.me/DocuSign/update.html" "Mozilla/5.0 (Windows NT 10.0; Win64; x64) AppleWebKit/537.36 (KHTML, like Gecko) Chrome/150.0.0.0 Safari/537.36"
105.159.186.123 - - [17/Jul/2026:13:54:20 +0000] "GET /.hg/store/00manifest.i HTTP/1.1" 404 - "https://montenegroput.me/DocuSign/update.html" "Mozilla/5.0 (Windows NT 10.0; Win64; x64) AppleWebKit/537.36 (KHTML, like Gecko) Chrome/150.0.0.0 Safari/537.36"
105.159.186.123 - - [17/Jul/2026:13:54:20 +0000] "GET /.env HTTP/1.1" 404 - "https://montenegroput.me/DocuSign/update.html" "Mozilla/5.0 (Windows NT 10.0; Win64; x64) AppleWebKit/537.36 (KHTML, like Gecko) Chrome/150.0.0.0 Safari/537.36"
105.159.186.123 - - [17/Jul/2026:13:54:20 +0000] "GET /.well-known/security.txt HTTP/1.1" 404 - "https://montenegroput.me/DocuSign/update.html" "Mozilla/5.0 (Windows NT 10.0; Win64; x64) AppleWebKit/537.36 (KHTML, like Gecko) Chrome/150.0.0.0 Safari/537.36"
105.159.186.123 - - [17/Jul/2026:13:54:20 +0000] "GET /.git/config HTTP/1.1" 404 - "https://montenegroput.me/DocuSign/update.html" "Mozilla/5.0 (Windows NT 10.0; Win64; x64) AppleWebKit/537.36 (KHTML, like Gecko) Chrome/150.0.0.0 Safari/537.36"
105.159.186.123 - - [17/Jul/2026:13:54:21 +0000] "GET /security.txt HTTP/1.1" 404 - "https://montenegroput.me/DocuSign/update.html" "Mozilla/5.0 (Windows NT 10.0; Win64; x64) AppleWebKit/537.36 (KHTML, like Gecko) Chrome/150.0.0.0 Safari/537.36"
103.235.93.68 - - [17/Jul/2026:13:54:23 +0000] "GET /DocuSign/update.html HTTP/1.1" 200 3149 "-" "Mozilla/5.0 (Windows NT 10.0; Win64; x64) AppleWebKit/537.36 (KHTML, like Gecko) Chrome/124.0.0.0 Safari/537.36"
146.19.91.44 - - [17/Jul/2026:13:54:27 +0000] "GET /wp-includes/certificates/?C=N;O=D HTTP/1.1" 200 387 "-" "Mozilla/5.0 (Windows NT 10.0; Win64; x64) AppleWebKit/537.36 (KHTML, like Gecko) Chrome/134.0.0.0 Safari/537.36"
105.159.186.123 - - [17/Jul/2026:13:54:32 +0000] "GET /DocuSign HTTP/1.1" 301 282 "-" "Mozilla/5.0 (Windows NT 10.0; Win64; x64) AppleWebKit/537.36 (KHTML, like Gecko) Chrome/150.0.0.0 Safari/537.36"
105.159.186.123 - - [17/Jul/2026:13:54:33 +0000] "GET /DocuSign/ HTTP/1.1" 200 1604 "-" "Mozilla/5.0 (Windows NT 10.0; Win64; x64) AppleWebKit/537.36 (KHTML, like Gecko) Chrome/150.0.0.0 Safari/537.36"
105.159.186.123 - - [17/Jul/2026:13:54:33 +0000] "GET /DocuSign/img/Icon_pdf_file.png HTTP/1.1" 200 3972 "https://montenegroput.me/DocuSign/" "Mozilla/5.0 (Windows NT 10.0; Win64; x64) AppleWebKit/537.36 (KHTML, like Gecko) Chrome/150.0.0.0 Safari/537.36"
146.19.91.44 - - [17/Jul/2026:13:54:34 +0000] "GET /wp-includes/certificates/?C=S;O=A HTTP/1.1" 200 389 "-" "Mozilla/5.0 (Windows NT 10.0; Win64; x64) AppleWebKit/537.36 (KHTML, like Gecko) Chrome/134.0.0.0 Safari/537.36"
146.19.91.44 - - [17/Jul/2026:13:54:46 +0000] "GET /wp-includes/css/?C=D;O=A HTTP/1.1" 200 938 "-" "Mozilla/5.0 (Windows NT 10.0; Win64; x64) AppleWebKit/537.36 (KHTML, like Gecko) Chrome/134.0.0.0 Safari/537.36"
103.235.93.68 - - [17/Jul/2026:13:54:52 +0000] "GET /favicon.ico HTTP/1.1" 404 - "-" "Mozilla/5.0 (Windows NT 10.0; Win64; x64) AppleWebKit/537.36 (KHTML, like Gecko) Chrome/124.0.0.0 Safari/537.36"
146.19.91.44 - - [17/Jul/2026:13:54:54 +0000] "GET /wp-includes/css/?C=M;O=A HTTP/1.1" 200 955 "-" "Mozilla/5.0 (Windows NT 10.0; Win64; x64) AppleWebKit/537.36 (KHTML, like Gecko) Chrome/134.0.0.0 Safari/537.36"
146.19.91.44 - - [17/Jul/2026:13:55:10 +0000] "GET /wp-includes/css/?C=N;O=D HTTP/1.1" 200 952 "-" "Mozilla/5.0 (Windows NT 10.0; Win64; x64) AppleWebKit/537.36 (KHTML, like Gecko) Chrome/134.0.0.0 Safari/537.36"
146.19.91.44 - - [17/Jul/2026:13:55:17 +0000] "GET /wp-includes/css/?C=S;O=A HTTP/1.1" 200 949 "-" "Mozilla/5.0 (Windows NT 10.0; Win64; x64) AppleWebKit/537.36 (KHTML, like Gecko) Chrome/134.0.0.0 Safari/537.36"
146.19.91.44 - - [17/Jul/2026:13:55:22 +0000] "GET /wp-includes/css/dist/.DS_Store HTTP/1.1" 404 - "-" "Mozilla/5.0 (Windows NT 10.0; Win64; x64) AppleWebKit/537.36 (KHTML, like Gecko) Chrome/134.0.0.0 Safari/537.36"
146.19.91.44 - - [17/Jul/2026:13:55:25 +0000] "GET /wp-includes/css/dist/ HTTP/1.1" 200 507 "-" "Mozilla/5.0 (Windows NT 10.0; Win64; x64) AppleWebKit/537.36 (KHTML, like Gecko) Chrome/134.0.0.0 Safari/537.36"
146.19.91.44 - - [17/Jul/2026:13:55:33 +0000] "GET /wp-includes/customize/?C=D;O=A HTTP/1.1" 200 975 "-" "Mozilla/5.0 (Windows NT 10.0; Win64; x64) AppleWebKit/537.36 (KHTML, like Gecko) Chrome/134.0.0.0 Safari/537.36"
146.19.91.44 - - [17/Jul/2026:13:55:38 +0000] "GET /wp-includes/customize/?C=M;O=A HTTP/1.1" 200 983 "-" "Mozilla/5.0 (Windows NT 10.0; Win64; x64) AppleWebKit/537.36 (KHTML, like Gecko) Chrome/134.0.0.0 Safari/537.36"
114.119.137.123 - - [17/Jul/2026:13:55:40 +0000] "GET /products/097025298 HTTP/1.1" 404 - "https://montenegroput.me/products/097025298" "Mozilla/5.0 (Linux; Android 7.0;) AppleWebKit/537.36 (HTML, like Gecko) Mobile Safari/537.36 (compatible; PetalBot;+https://webmaster.petalsearch.com/site/petalbot)"
146.19.91.44 - - [17/Jul/2026:13:55:43 +0000] "GET /wp-includes/customize/?C=N;O=D HTTP/1.1" 200 975 "-" "Mozilla/5.0 (Windows NT 10.0; Win64; x64) AppleWebKit/537.36 (KHTML, like Gecko) Chrome/134.0.0.0 Safari/537.36"
146.19.91.44 - - [17/Jul/2026:13:55:50 +0000] "GET /wp-includes/customize/?C=S;O=A HTTP/1.1" 200 981 "-" "Mozilla/5.0 (Windows NT 10.0; Win64; x64) AppleWebKit/537.36 (KHTML, like Gecko) Chrome/134.0.0.0 Safari/537.36"
146.19.91.44 - - [17/Jul/2026:13:55:55 +0000] "GET /wp-includes/customize/class-wp-customize-background-image-control.php HTTP/1.1" 500 - "-" "Mozilla/5.0 (Windows NT 10.0; Win64; x64) AppleWebKit/537.36 (KHTML, like Gecko) Chrome/134.0.0.0 Safari/537.36"
146.19.91.44 - - [17/Jul/2026:13:56:03 +0000] "GET /wp-includes/customize/class-wp-customize-background-image-setting.php HTTP/1.1" 500 - "-" "Mozilla/5.0 (Windows NT 10.0; Win64; x64) AppleWebKit/537.36 (KHTML, like Gecko) Chrome/134.0.0.0 Safari/537.36"
146.19.91.44 - - [17/Jul/2026:13:56:11 +0000] "GET /wp-includes/customize/class-wp-customize-background-position-control.php HTTP/1.1" 500 - "-" "Mozilla/5.0 (Windows NT 10.0; Win64; x64) AppleWebKit/537.36 (KHTML, like Gecko) Chrome/134.0.0.0 Safari/537.36"
146.19.91.44 - - [17/Jul/2026:13:56:17 +0000] "GET /wp-includes/customize/class-wp-customize-code-editor-control.php HTTP/1.1" 500 - "-" "Mozilla/5.0 (Windows NT 10.0; Win64; x64) AppleWebKit/537.36 (KHTML, like Gecko) Chrome/134.0.0.0 Safari/537.36"
146.19.91.44 - - [17/Jul/2026:13:56:24 +0000] "GET /wp-includes/customize/class-wp-customize-color-control.php HTTP/1.1" 500 - "-" "Mozilla/5.0 (Windows NT 10.0; Win64; x64) AppleWebKit/537.36 (KHTML, like Gecko) Chrome/134.0.0.0 Safari/537.36"
138.199.39.141 - - [17/Jul/2026:13:56:24 +0000] "GET /cgi-bin/ HTTP/1.1" 404 - "-" "Mozilla/5.0 (Linux; Android 10; K) AppleWebKit/537.36 (KHTML, like Gecko) Chrome/144.0.0.0 Mobile Safari/537.36"
135.136.27.9 - - [17/Jul/2026:13:56:25 +0000] "GET /readme.html HTTP/1.1" 200 2982 "-" "Mozilla/5.0 (Linux; Android 10; K) AppleWebKit/537.36 (KHTML, like Gecko) Chrome/147.0.0.0 Mobile Safari/537.36"
138.199.39.141 - - [17/Jul/2026:13:56:25 +0000] "GET /favicon.ico HTTP/1.1" 404 - "https://montenegroput.me/cgi-bin/" "Mozilla/5.0 (Linux; Android 10; K) AppleWebKit/537.36 (KHTML, like Gecko) Chrome/144.0.0.0 Mobile Safari/537.36"
185.18.222.147 - - [17/Jul/2026:13:56:26 +0000] "GET /wp-load.php HTTP/1.1" 500 1249 "-" "Mozilla/5.0 (Linux; Android 10; K) AppleWebKit/537.36 (KHTML, like Gecko) Chrome/147.0.0.0 Mobile Safari/537.36"
138.199.39.141 - - [17/Jul/2026:13:56:26 +0000] "GET /DocuSign/ HTTP/1.1" 200 1604 "-" "Mozilla/5.0 (Linux; Android 10; K) AppleWebKit/537.36 (KHTML, like Gecko) Chrome/144.0.0.0 Mobile Safari/537.36"
155.2.216.16 - - [17/Jul/2026:13:56:27 +0000] "GET /wp-admin/ HTTP/1.1" 500 1327 "-" "Mozilla/5.0 (Linux; arm_64; Android 15; 23124RA7EO) AppleWebKit/537.36 (KHTML, like Gecko) Chrome/148.0.7778.112 YaBrowser/26.6.2.112.00 Mobile Safari/537.36"
138.199.39.141 - - [17/Jul/2026:13:56:27 +0000] "GET /DocuSign/img/Icon_pdf_file.png HTTP/1.1" 200 3972 "https://montenegroput.me/DocuSign/" "Mozilla/5.0 (Linux; Android 10; K) AppleWebKit/537.36 (KHTML, like Gecko) Chrome/144.0.0.0 Mobile Safari/537.36"
138.199.39.141 - - [17/Jul/2026:13:56:27 +0000] "GET /favicon.ico HTTP/1.1" 404 - "https://montenegroput.me/DocuSign/" "Mozilla/5.0 (Linux; Android 10; K) AppleWebKit/537.36 (KHTML, like Gecko) Chrome/144.0.0.0 Mobile Safari/537.36"
135.136.27.9 - - [17/Jul/2026:13:56:27 +0000] "GET /wp-blog-header.php HTTP/1.1" 500 1249 "-" "Mozilla/5.0 (iPhone; CPU iPhone OS 17_6 like Mac OS X) AppleWebKit/605.1.15 (KHTML, like Gecko) Version/17.6 Mobile/15E148 Safari/604.1"
138.199.39.141 - - [17/Jul/2026:13:56:27 +0000] "GET /READ_ME_CAREFULLY.php HTTP/1.1" 200 3666 "-" "Mozilla/5.0 (Android 10; Mobile; rv:152.0.5) Gecko/152.0.5 Firefox/152.0.5"
155.2.216.16 - - [17/Jul/2026:13:56:26 +0000] "GET /wp-activate.php HTTP/1.1" 302 - "-" "Mozilla/5.0 (Linux; Android 10; K) AppleWebKit/537.36 (KHTML, like Gecko) Chrome/140.0.0.0 Mobile Safari/537.36"
138.199.39.141 - - [17/Jul/2026:13:56:28 +0000] "GET /favicon.ico HTTP/1.1" 404 - "https://montenegroput.me/READ_ME_CAREFULLY.php" "Mozilla/5.0 (Android 10; Mobile; rv:152.0.5) Gecko/152.0.5 Firefox/152.0.5"
155.2.216.16 - - [17/Jul/2026:13:56:28 +0000] "GET /wp-login.php?action=register HTTP/1.1" 500 1327 "-" "Mozilla/5.0 (Linux; Android 10; K) AppleWebKit/537.36 (KHTML, like Gecko) Chrome/140.0.0.0 Mobile Safari/537.36"
106.161.65.206 - - [17/Jul/2026:13:56:28 +0000] "GET /click.php HTTP/1.1" 200 242 "-" "Mozilla/5.0 (iPhone; CPU iPhone OS 18_6 like Mac OS X) AppleWebKit/605.1.15 (KHTML, like Gecko) CriOS/150.0.7871.115 Mobile/15E148 Safari/604.1"
135.136.27.9 - - [17/Jul/2026:13:56:29 +0000] "GET /wp-admin/css/install.css?ver=20100228 HTTP/1.1" 200 2002 "https://montenegroput.me/readme.html" "Mozilla/5.0 (Linux; Android 10; K) AppleWebKit/537.36 (KHTML, like Gecko) Chrome/147.0.0.0 Mobile Safari/537.36"
106.161.65.206 - - [17/Jul/2026:13:56:29 +0000] "GET /favicon.ico HTTP/1.1" 404 - "https://montenegroput.me/click.php" "Mozilla/5.0 (iPhone; CPU iPhone OS 18_6 like Mac OS X) AppleWebKit/605.1.15 (KHTML, like Gecko) CriOS/150.0.7871.115 Mobile/15E148 Safari/604.1"
135.136.27.9 - - [17/Jul/2026:13:56:29 +0000] "GET /wp-admin/images/wordpress-logo.png HTTP/1.1" 200 2480 "https://montenegroput.me/readme.html" "Mozilla/5.0 (Linux; Android 10; K) AppleWebKit/537.36 (KHTML, like Gecko) Chrome/147.0.0.0 Mobile Safari/537.36"
106.161.65.206 - - [17/Jul/2026:13:56:29 +0000] "GET /wp-content/ HTTP/1.1" 302 - "-" "Mozilla/5.0 (Linux; Android 10; K) AppleWebKit/537.36 (KHTML, like Gecko) Chrome/150.0.0.0 Mobile Safari/537.36"
138.199.39.141 - - [17/Jul/2026:13:56:30 +0000] "GET /kDwkCSBeaf.php HTTP/1.1" 200 93 "-" "Mozilla/5.0 (iPhone; CPU iPhone OS 18_6 like Mac OS X) AppleWebKit/605.1.15 (KHTML, like Gecko) Version/26.5 Mobile/15E148 Safari/604.1"
135.136.27.9 - - [17/Jul/2026:13:56:30 +0000] "GET /wp-admin/images/wordpress-logo.svg?ver=20131107 HTTP/1.1" 200 818 "https://montenegroput.me/wp-admin/css/install.css?ver=20100228" "Mozilla/5.0 (Linux; Android 10; K) AppleWebKit/537.36 (KHTML, like Gecko) Chrome/147.0.0.0 Mobile Safari/537.36"
138.199.39.141 - - [17/Jul/2026:13:56:30 +0000] "GET /DocuSign/update.html HTTP/1.1" 200 3149 "https://montenegroput.me/DocuSign/" "Mozilla/5.0 (Linux; Android 10; K) AppleWebKit/537.36 (KHTML, like Gecko) Chrome/144.0.0.0 Mobile Safari/537.36"
185.18.222.147 - - [17/Jul/2026:13:56:30 +0000] "GET /favicon.ico HTTP/1.1" 404 - "https://montenegroput.me/wp-load.php" "Mozilla/5.0 (Linux; Android 10; K) AppleWebKit/537.36 (KHTML, like Gecko) Chrome/147.0.0.0 Mobile Safari/537.36"
138.199.39.141 - - [17/Jul/2026:13:56:30 +0000] "GET /wp-links-opml.php HTTP/1.1" 500 1249 "-" "Mozilla/5.0 (Linux; arm_64; Android 15; 23124RA7EO) AppleWebKit/537.36 (KHTML, like Gecko) Chrome/148.0.7778.112 YaBrowser/26.6.2.112.00 Mobile Safari/537.36"
138.199.39.141 - - [17/Jul/2026:13:56:30 +0000] "GET /favicon.ico HTTP/1.1" 404 - "https://montenegroput.me/kDwkCSBeaf.php" "Mozilla/5.0 (iPhone; CPU iPhone OS 18_6 like Mac OS X) AppleWebKit/605.1.15 (KHTML, like Gecko) Version/26.5 Mobile/15E148 Safari/604.1"
135.136.27.9 - - [17/Jul/2026:13:56:30 +0000] "GET /favicon.ico HTTP/1.1" 404 - "https://montenegroput.me/readme.html" "Mozilla/5.0 (Linux; Android 10; K) AppleWebKit/537.36 (KHTML, like Gecko) Chrome/147.0.0.0 Mobile Safari/537.36"
138.199.39.141 - - [17/Jul/2026:13:56:30 +0000] "GET /google1669579705a9b42e.html HTTP/1.1" 200 53 "-" "Mozilla/5.0 (Android 10; Mobile; rv:152.0.5) Gecko/152.0.5 Firefox/152.0.5"
185.18.222.147 - - [17/Jul/2026:13:56:30 +0000] "GET /wp-config-sample.php HTTP/1.1" 500 - "-" "Mozilla/5.0 (Linux; Android 10; K) AppleWebKit/537.36 (KHTML, like Gecko) Chrome/150.0.0.0 Mobile Safari/537.36"
155.2.216.16 - - [17/Jul/2026:13:56:30 +0000] "GET /wp-includes/ HTTP/1.1" 200 3879 "-" "Mozilla/5.0 (Linux; Android 10; K) AppleWebKit/537.36 (KHTML, like Gecko) Chrome/143.0.0.0 Mobile Safari/537.36"
128.90.0.66 - - [17/Jul/2026:13:56:31 +0000] "GET /wp-config.php HTTP/1.1" 500 1249 "-" "Mozilla/5.0 (Android 10; Mobile; rv:152.0.5) Gecko/152.0.5 Firefox/152.0.5"
155.2.216.16 - - [17/Jul/2026:13:56:31 +0000] "GET /googlef5fa06a5c45be5fc.html HTTP/1.1" 200 53 "-" "Mozilla/5.0 (Linux; Android 10; K) AppleWebKit/537.36 (KHTML, like Gecko) Chrome/149.0.0.0 Mobile Safari/537.36"
138.199.39.141 - - [17/Jul/2026:13:56:31 +0000] "GET /favicon.ico HTTP/1.1" 404 - "https://montenegroput.me/google1669579705a9b42e.html" "Mozilla/5.0 (Android 10; Mobile; rv:152.0.5) Gecko/152.0.5 Firefox/152.0.5"
114.119.131.199 - - [17/Jul/2026:13:56:31 +0000] "GET /robots.txt HTTP/1.1" 200 132 "https://montenegroput.me/robots.txt" "Mozilla/5.0 (compatible;PetalBot;+https://webmaster.petalsearch.com/site/petalbot)"
155.2.216.16 - - [17/Jul/2026:13:56:31 +0000] "GET /favicon.ico HTTP/1.1" 404 - "https://montenegroput.me/wp-includes/" "Mozilla/5.0 (Linux; Android 10; K) AppleWebKit/537.36 (KHTML, like Gecko) Chrome/143.0.0.0 Mobile Safari/537.36"
155.2.216.16 - - [17/Jul/2026:13:56:31 +0000] "GET /favicon.ico HTTP/1.1" 404 - "https://montenegroput.me/googlef5fa06a5c45be5fc.html" "Mozilla/5.0 (Linux; Android 10; K) AppleWebKit/537.36 (KHTML, like Gecko) Chrome/149.0.0.0 Mobile Safari/537.36"
135.136.27.9 - - [17/Jul/2026:13:56:32 +0000] "GET /test.php HTTP/1.1" 200 198 "-" "Mozilla/5.0 (iPhone; CPU iPhone OS 18_6 like Mac OS X) AppleWebKit/605.1.15 (KHTML, like Gecko) CriOS/150.0.7871.115 Mobile/15E148 Safari/604.1"
146.19.91.44 - - [17/Jul/2026:13:56:32 +0000] "GET /wp-includes/customize/class-wp-customize-cropped-image-control.php HTTP/1.1" 500 - "-" "Mozilla/5.0 (Windows NT 10.0; Win64; x64) AppleWebKit/537.36 (KHTML, like Gecko) Chrome/134.0.0.0 Safari/537.36"
155.2.216.16 - - [17/Jul/2026:13:56:32 +0000] "GET /favicon.ico HTTP/1.1" 404 - "https://montenegroput.me/wp-login.php?action=register" "Mozilla/5.0 (Linux; Android 10; K) AppleWebKit/537.36 (KHTML, like Gecko) Chrome/140.0.0.0 Mobile Safari/537.36"
135.136.27.9 - - [17/Jul/2026:13:56:32 +0000] "GET /19ae0/ HTTP/1.1" 200 260 "-" "Mozilla/5.0 (Linux; Android 10; K) AppleWebKit/537.36 (KHTML, like Gecko) Chrome/137.0.0.0 Safari/537.36"
135.136.27.9 - - [17/Jul/2026:13:56:33 +0000] "GET /favicon.ico HTTP/1.1" 404 - "https://montenegroput.me/test.php" "Mozilla/5.0 (iPhone; CPU iPhone OS 18_6 like Mac OS X) AppleWebKit/605.1.15 (KHTML, like Gecko) CriOS/150.0.7871.115 Mobile/15E148 Safari/604.1"
135.136.27.9 - - [17/Jul/2026:13:56:33 +0000] "GET /favicon.ico HTTP/1.1" 404 - "https://montenegroput.me/19ae0/" "Mozilla/5.0 (Linux; Android 10; K) AppleWebKit/537.36 (KHTML, like Gecko) Chrome/137.0.0.0 Safari/537.36"
128.90.0.66 - - [17/Jul/2026:13:56:33 +0000] "GET /wp-cron.php HTTP/1.1" 500 1157 "-" "Mozilla/5.0 (Linux; arm_64; Android 15; 23124RA7EO) AppleWebKit/537.36 (KHTML, like Gecko) Chrome/148.0.7778.112 YaBrowser/26.6.2.112.00 Mobile Safari/537.36"
155.2.216.16 - - [17/Jul/2026:13:56:34 +0000] "GET /favicon.ico HTTP/1.1" 404 - "https://montenegroput.me/wp-admin/" "Mozilla/5.0 (Linux; arm_64; Android 15; 23124RA7EO) AppleWebKit/537.36 (KHTML, like Gecko) Chrome/148.0.7778.112 YaBrowser/26.6.2.112.00 Mobile Safari/537.36"
135.136.27.9 - - [17/Jul/2026:13:56:33 +0000] "GET /buy.php HTTP/1.1" 200 20717 "-" "Mozilla/5.0 (Linux; Android 10; K) AppleWebKit/537.36 (KHTML, like Gecko) Chrome/148.0.0.0 Mobile Safari/537.36"
135.136.27.9 - - [17/Jul/2026:13:56:36 +0000] "GET /favicon.ico HTTP/1.1" 404 - "https://montenegroput.me/wp-blog-header.php" "Mozilla/5.0 (iPhone; CPU iPhone OS 17_6 like Mac OS X) AppleWebKit/605.1.15 (KHTML, like Gecko) Version/17.6 Mobile/15E148 Safari/604.1"
146.19.91.44 - - [17/Jul/2026:13:56:36 +0000] "GET /wp-includes/customize/class-wp-customize-custom-css-setting.php HTTP/1.1" 500 - "-" "Mozilla/5.0 (Windows NT 10.0; Win64; x64) AppleWebKit/537.36 (KHTML, like Gecko) Chrome/134.0.0.0 Safari/537.36"
128.90.0.66 - - [17/Jul/2026:13:56:36 +0000] "GET /favicon.ico HTTP/1.1" 404 - "https://montenegroput.me/wp-config.php" "Mozilla/5.0 (Android 10; Mobile; rv:152.0.5) Gecko/152.0.5 Firefox/152.0.5"
128.90.0.66 - - [17/Jul/2026:13:56:37 +0000] "GET /favicon.ico HTTP/1.1" 404 - "https://montenegroput.me/wp-cron.php" "Mozilla/5.0 (Linux; arm_64; Android 15; 23124RA7EO) AppleWebKit/537.36 (KHTML, like Gecko) Chrome/148.0.7778.112 YaBrowser/26.6.2.112.00 Mobile Safari/537.36"
138.199.39.141 - - [17/Jul/2026:13:56:37 +0000] "GET /favicon.ico HTTP/1.1" 404 - "https://montenegroput.me/wp-links-opml.php" "Mozilla/5.0 (Linux; arm_64; Android 15; 23124RA7EO) AppleWebKit/537.36 (KHTML, like Gecko) Chrome/148.0.7778.112 YaBrowser/26.6.2.112.00 Mobile Safari/537.36"
146.19.91.44 - - [17/Jul/2026:13:56:40 +0000] "GET /wp-includes/customize/class-wp-customize-date-time-control.php HTTP/1.1" 500 - "-" "Mozilla/5.0 (Windows NT 10.0; Win64; x64) AppleWebKit/537.36 (KHTML, like Gecko) Chrome/134.0.0.0 Safari/537.36"
209.38.113.189 - - [17/Jul/2026:13:56:43 +0000] "GET /update HTTP/1.1" 301 280 "-" "Mozilla/5.0 (Linux; Android 10; K) AppleWebKit/537.36 (KHTML, like Gecko) Chrome/142.0.0.0 Mobile Safari/537.36"
146.19.91.44 - - [17/Jul/2026:13:56:43 +0000] "GET /wp-includes/customize/class-wp-customize-filter-setting.php HTTP/1.1" 500 - "-" "Mozilla/5.0 (Windows NT 10.0; Win64; x64) AppleWebKit/537.36 (KHTML, like Gecko) Chrome/134.0.0.0 Safari/537.36"
135.136.27.9 - - [17/Jul/2026:13:56:45 +0000] "GET /update HTTP/1.1" 301 280 "-" "Mozilla/5.0 (Linux; Android 10; K) AppleWebKit/537.36 (KHTML, like Gecko) Chrome/142.0.0.0 Mobile Safari/537.36"
135.136.27.9 - - [17/Jul/2026:13:56:45 +0000] "GET /update/ HTTP/1.1" 200 1253 "-" "Mozilla/5.0 (Linux; Android 10; K) AppleWebKit/537.36 (KHTML, like Gecko) Chrome/142.0.0.0 Mobile Safari/537.36"
209.38.113.189 - - [17/Jul/2026:13:56:46 +0000] "GET /update/ HTTP/1.1" 200 1253 "-" "Mozilla/5.0 (Linux; Android 10; K) AppleWebKit/537.36 (KHTML, like Gecko) Chrome/142.0.0.0 Mobile Safari/537.36"
23.82.96.182 - - [17/Jul/2026:13:56:46 +0000] "GET /update HTTP/1.1" 301 280 "-" "Mozilla/5.0 (Linux; Android 10; K) AppleWebKit/537.36 (KHTML, like Gecko) Chrome/142.0.0.0 Mobile Safari/537.36"
209.38.113.189 - - [17/Jul/2026:13:56:46 +0000] "GET /update/adobe-logo.png HTTP/1.1" 200 70680 "https://montenegroput.me/update/" "Mozilla/5.0 (Linux; Android 10; K) AppleWebKit/537.36 (KHTML, like Gecko) Chrome/142.0.0.0 Mobile Safari/537.36"
23.82.96.182 - - [17/Jul/2026:13:56:47 +0000] "GET /update/ HTTP/1.1" 200 1253 "-" "Mozilla/5.0 (Linux; Android 10; K) AppleWebKit/537.36 (KHTML, like Gecko) Chrome/142.0.0.0 Mobile Safari/537.36"
23.82.96.182 - - [17/Jul/2026:13:56:47 +0000] "GET /update/adobe-logo.png HTTP/1.1" 200 70680 "https://montenegroput.me/update/" "Mozilla/5.0 (Linux; Android 10; K) AppleWebKit/537.36 (KHTML, like Gecko) Chrome/142.0.0.0 Mobile Safari/537.36"
23.82.96.179 - - [17/Jul/2026:13:56:47 +0000] "GET /update HTTP/1.1" 301 280 "-" "Mozilla/5.0 (Linux; Android 10; K) AppleWebKit/537.36 (KHTML, like Gecko) Chrome/142.0.0.0 Mobile Safari/537.36"
135.136.27.9 - - [17/Jul/2026:13:56:46 +0000] "GET /update/adobe-logo.png HTTP/1.1" 200 70680 "https://montenegroput.me/update/" "Mozilla/5.0 (Linux; Android 10; K) AppleWebKit/537.36 (KHTML, like Gecko) Chrome/142.0.0.0 Mobile Safari/537.36"
23.82.96.179 - - [17/Jul/2026:13:56:47 +0000] "GET /update/ HTTP/1.1" 200 1253 "-" "Mozilla/5.0 (Linux; Android 10; K) AppleWebKit/537.36 (KHTML, like Gecko) Chrome/142.0.0.0 Mobile Safari/537.36"
23.82.96.179 - - [17/Jul/2026:13:56:48 +0000] "GET /update/adobe-logo.png HTTP/1.1" 200 70680 "https://montenegroput.me/update/" "Mozilla/5.0 (Linux; Android 10; K) AppleWebKit/537.36 (KHTML, like Gecko) Chrome/142.0.0.0 Mobile Safari/537.36"
146.19.91.44 - - [17/Jul/2026:13:56:48 +0000] "GET /wp-includes/customize/class-wp-customize-header-image-control.php HTTP/1.1" 500 - "-" "Mozilla/5.0 (Windows NT 10.0; Win64; x64) AppleWebKit/537.36 (KHTML, like Gecko) Chrome/134.0.0.0 Safari/537.36"
209.38.113.189 - - [17/Jul/2026:13:56:51 +0000] "GET /favicon.ico HTTP/1.1" 404 - "https://montenegroput.me/update/" "Mozilla/5.0 (Linux; Android 10; K) AppleWebKit/537.36 (KHTML, like Gecko) Chrome/142.0.0.0 Mobile Safari/537.36"
209.38.113.189 - - [17/Jul/2026:13:56:52 +0000] "GET /update/denied.html HTTP/1.1" 200 1037 "https://montenegroput.me/update/" "Mozilla/5.0 (Linux; Android 10; K) AppleWebKit/537.36 (KHTML, like Gecko) Chrome/142.0.0.0 Mobile Safari/537.36"
209.38.113.189 - - [17/Jul/2026:13:56:53 +0000] "GET /update/Screenshot%202025-04-25%20161700.png HTTP/1.1" 200 50730 "https://montenegroput.me/update/denied.html" "Mozilla/5.0 (Linux; Android 10; K) AppleWebKit/537.36 (KHTML, like Gecko) Chrome/142.0.0.0 Mobile Safari/537.36"
146.19.91.44 - - [17/Jul/2026:13:56:56 +0000] "GET /wp-includes/customize/class-wp-customize-header-image-setting.php HTTP/1.1" 500 - "-" "Mozilla/5.0 (Windows NT 10.0; Win64; x64) AppleWebKit/537.36 (KHTML, like Gecko) Chrome/134.0.0.0 Safari/537.36"
23.82.96.182 - - [17/Jul/2026:13:56:57 +0000] "GET /favicon.ico HTTP/1.1" 404 - "https://montenegroput.me/update/" "Mozilla/5.0 (Linux; Android 10; K) AppleWebKit/537.36 (KHTML, like Gecko) Chrome/142.0.0.0 Mobile Safari/537.36"
