106.161.65.206 - - [17/Jul/2026:14:01:19 +0000] "GET /admin.php HTTP/1.1" 404 - "-" "Mozilla/5.0 (Macintosh; Intel Mac OS X 10_15_7) AppleWebKit/605.1.15 (KHTML, like Gecko) Version/18.4 Safari/605.1.15"
106.161.65.206 - - [17/Jul/2026:14:01:21 +0000] "GET /radio.php HTTP/1.1" 404 - "-" "Mozilla/5.0 (Macintosh; Intel Mac OS X 10_15_7) AppleWebKit/605.1.15 (KHTML, like Gecko) Version/18.4 Safari/605.1.15"
106.161.65.206 - - [17/Jul/2026:14:01:23 +0000] "GET /wp-login.php HTTP/1.1" 500 3051 "-" "Mozilla/5.0 (Macintosh; Intel Mac OS X 10_15_7) AppleWebKit/605.1.15 (KHTML, like Gecko) Version/18.4 Safari/605.1.15"
106.161.65.206 - - [17/Jul/2026:14:01:24 +0000] "GET /options.php HTTP/1.1" 404 - "-" "Mozilla/5.0 (Macintosh; Intel Mac OS X 10_15_7) AppleWebKit/605.1.15 (KHTML, like Gecko) Version/18.4 Safari/605.1.15"
106.161.65.206 - - [17/Jul/2026:14:01:26 +0000] "GET /goods.php HTTP/1.1" 404 - "-" "Mozilla/5.0 (Macintosh; Intel Mac OS X 10_15_7) AppleWebKit/605.1.15 (KHTML, like Gecko) Version/18.4 Safari/605.1.15"
106.161.65.206 - - [17/Jul/2026:14:01:28 +0000] "GET /up.php HTTP/1.1" 404 - "-" "Mozilla/5.0 (Macintosh; Intel Mac OS X 10_15_7) AppleWebKit/605.1.15 (KHTML, like Gecko) Version/18.4 Safari/605.1.15"
106.161.65.206 - - [17/Jul/2026:14:01:30 +0000] "GET /content.php HTTP/1.1" 404 - "-" "Mozilla/5.0 (Macintosh; Intel Mac OS X 10_15_7) AppleWebKit/605.1.15 (KHTML, like Gecko) Version/18.4 Safari/605.1.15"
106.161.65.206 - - [17/Jul/2026:14:01:31 +0000] "GET /click.php HTTP/1.1" 200 381 "-" "Mozilla/5.0 (Macintosh; Intel Mac OS X 10_15_7) AppleWebKit/605.1.15 (KHTML, like Gecko) Version/18.4 Safari/605.1.15"
106.161.65.206 - - [17/Jul/2026:14:01:33 +0000] "GET /license.php HTTP/1.1" 404 - "-" "Mozilla/5.0 (Macintosh; Intel Mac OS X 10_15_7) AppleWebKit/605.1.15 (KHTML, like Gecko) Version/18.4 Safari/605.1.15"
106.161.65.206 - - [17/Jul/2026:14:01:35 +0000] "GET /lindex.php HTTP/1.1" 404 - "-" "Mozilla/5.0 (Macintosh; Intel Mac OS X 10_15_7) AppleWebKit/605.1.15 (KHTML, like Gecko) Version/18.4 Safari/605.1.15"
106.161.65.206 - - [17/Jul/2026:14:01:36 +0000] "GET /defaults.php HTTP/1.1" 404 - "-" "Mozilla/5.0 (Macintosh; Intel Mac OS X 10_15_7) AppleWebKit/605.1.15 (KHTML, like Gecko) Version/18.4 Safari/605.1.15"
106.161.65.206 - - [17/Jul/2026:14:01:38 +0000] "GET /mah.php HTTP/1.1" 404 - "-" "Mozilla/5.0 (Macintosh; Intel Mac OS X 10_15_7) AppleWebKit/605.1.15 (KHTML, like Gecko) Version/18.4 Safari/605.1.15"
106.161.65.206 - - [17/Jul/2026:14:01:40 +0000] "GET /wp-log1n.php HTTP/1.1" 200 381 "-" "Mozilla/5.0 (Macintosh; Intel Mac OS X 10_15_7) AppleWebKit/605.1.15 (KHTML, like Gecko) Version/18.4 Safari/605.1.15"
106.161.65.206 - - [17/Jul/2026:14:01:42 +0000] "GET /haiwa.php HTTP/1.1" 404 - "-" "Mozilla/5.0 (Macintosh; Intel Mac OS X 10_15_7) AppleWebKit/605.1.15 (KHTML, like Gecko) Version/18.4 Safari/605.1.15"
106.161.65.206 - - [17/Jul/2026:14:01:43 +0000] "GET /plugins.php HTTP/1.1" 404 - "-" "Mozilla/5.0 (Macintosh; Intel Mac OS X 10_15_7) AppleWebKit/605.1.15 (KHTML, like Gecko) Version/18.4 Safari/605.1.15"
106.161.65.206 - - [17/Jul/2026:14:01:45 +0000] "GET /product.php HTTP/1.1" 404 - "-" "Mozilla/5.0 (Macintosh; Intel Mac OS X 10_15_7) AppleWebKit/605.1.15 (KHTML, like Gecko) Version/18.4 Safari/605.1.15"
106.161.65.206 - - [17/Jul/2026:14:01:47 +0000] "GET /networks.php HTTP/1.1" 404 - "-" "Mozilla/5.0 (Macintosh; Intel Mac OS X 10_15_7) AppleWebKit/605.1.15 (KHTML, like Gecko) Version/18.4 Safari/605.1.15"
106.161.65.206 - - [17/Jul/2026:14:01:49 +0000] "GET /leafmailer.php HTTP/1.1" 404 - "-" "Mozilla/5.0 (Macintosh; Intel Mac OS X 10_15_7) AppleWebKit/605.1.15 (KHTML, like Gecko) Version/18.4 Safari/605.1.15"
106.161.65.206 - - [17/Jul/2026:14:01:50 +0000] "GET /edit.php HTTP/1.1" 404 - "-" "Mozilla/5.0 (Macintosh; Intel Mac OS X 10_15_7) AppleWebKit/605.1.15 (KHTML, like Gecko) Version/18.4 Safari/605.1.15"
106.161.65.206 - - [17/Jul/2026:14:01:52 +0000] "GET /item.php HTTP/1.1" 404 - "-" "Mozilla/5.0 (Macintosh; Intel Mac OS X 10_15_7) AppleWebKit/605.1.15 (KHTML, like Gecko) Version/18.4 Safari/605.1.15"
106.161.65.206 - - [17/Jul/2026:14:01:54 +0000] "GET /ws0.php HTTP/1.1" 404 - "-" "Mozilla/5.0 (Macintosh; Intel Mac OS X 10_15_7) AppleWebKit/605.1.15 (KHTML, like Gecko) Version/18.4 Safari/605.1.15"
106.161.65.206 - - [17/Jul/2026:14:01:56 +0000] "GET /wp-includes.php HTTP/1.1" 404 - "-" "Mozilla/5.0 (Macintosh; Intel Mac OS X 10_15_7) AppleWebKit/605.1.15 (KHTML, like Gecko) Version/18.4 Safari/605.1.15"
100.58.245.53 - - [17/Jul/2026:14:01:57 +0000] "GET /DocuSign/update.html HTTP/1.1" 200 3149 "-" "Mozilla/5.0 (Windows NT 10.0; Win64; x64) AppleWebKit/537.36 (KHTML, like Gecko) Chrome/120.0.0.0 Safari/537.36"
106.161.65.206 - - [17/Jul/2026:14:01:57 +0000] "GET /settings.php HTTP/1.1" 404 - "-" "Mozilla/5.0 (Macintosh; Intel Mac OS X 10_15_7) AppleWebKit/605.1.15 (KHTML, like Gecko) Version/18.4 Safari/605.1.15"
106.161.65.206 - - [17/Jul/2026:14:01:59 +0000] "GET /testc.php HTTP/1.1" 404 - "-" "Mozilla/5.0 (Macintosh; Intel Mac OS X 10_15_7) AppleWebKit/605.1.15 (KHTML, like Gecko) Version/18.4 Safari/605.1.15"
74.220.49.248 - - [17/Jul/2026:14:02:00 +0000] "GET /DocuSign/update.html HTTP/1.1" 200 3149 "-" "Mozilla/5.0 (Windows NT 10.0; Win64; x64) AppleWebKit/537.36 (KHTML, like Gecko) Chrome/121.0.6167.140 Safari/537.36"
74.220.49.248 - - [17/Jul/2026:14:02:01 +0000] "GET /DocuSign/update.html HTTP/1.1" 200 3149 "-" "Mozilla/5.0 (Windows NT 10.0; Win64; x64) AppleWebKit/537.36 (KHTML, like Gecko) Chrome/121.0.6167.140 Safari/537.36"
106.161.65.206 - - [17/Jul/2026:14:02:01 +0000] "GET /wp-mail.php HTTP/1.1" 500 2923 "-" "Mozilla/5.0 (Macintosh; Intel Mac OS X 10_15_7) AppleWebKit/605.1.15 (KHTML, like Gecko) Version/18.4 Safari/605.1.15"
74.220.49.248 - - [17/Jul/2026:14:02:01 +0000] "GET /DocuSign/update.html HTTP/1.1" 200 3149 "-" "Mozilla/5.0 (Linux; Android 15; Pixel 9 Pro) AppleWebKit/537.36 (KHTML, like Gecko) Chrome/121.0.6167.140 Mobile Safari/537.36"
74.220.49.248 - - [17/Jul/2026:14:02:01 +0000] "GET /DocuSign/update.html HTTP/1.1" 200 3149 "-" "Mozilla/5.0 (Linux; Android 15; Pixel 9 Pro) AppleWebKit/537.36 (KHTML, like Gecko) Chrome/121.0.6167.140 Mobile Safari/537.36"
106.161.65.206 - - [17/Jul/2026:14:02:03 +0000] "GET /xmlrpc.php HTTP/1.1" 500 - "-" "Mozilla/5.0 (Macintosh; Intel Mac OS X 10_15_7) AppleWebKit/605.1.15 (KHTML, like Gecko) Version/18.4 Safari/605.1.15"
106.161.65.206 - - [17/Jul/2026:14:02:04 +0000] "GET /unzipper.php HTTP/1.1" 404 - "-" "Mozilla/5.0 (Macintosh; Intel Mac OS X 10_15_7) AppleWebKit/605.1.15 (KHTML, like Gecko) Version/18.4 Safari/605.1.15"
66.249.65.33 - - [17/Jul/2026:14:02:06 +0000] "GET /iqr/inquiryInputView/?inquiryId=IQR0015 HTTP/1.1" 404 - "-" "Mozilla/5.0 (Linux; Android 6.0.1; Nexus 5X Build/MMB29P) AppleWebKit/537.36 (KHTML, like Gecko) Chrome/150.0.7871.124 Mobile Safari/537.36 (compatible; Googlebot/2.1; +http://www.google.com/bot.html)"
106.161.65.206 - - [17/Jul/2026:14:02:06 +0000] "GET /lufix.php HTTP/1.1" 404 - "-" "Mozilla/5.0 (Macintosh; Intel Mac OS X 10_15_7) AppleWebKit/605.1.15 (KHTML, like Gecko) Version/18.4 Safari/605.1.15"
106.161.65.206 - - [17/Jul/2026:14:02:08 +0000] "GET /jj.php HTTP/1.1" 404 - "-" "Mozilla/5.0 (Macintosh; Intel Mac OS X 10_15_7) AppleWebKit/605.1.15 (KHTML, like Gecko) Version/18.4 Safari/605.1.15"
106.161.65.206 - - [17/Jul/2026:14:02:10 +0000] "GET /adminfuns.php HTTP/1.1" 404 - "-" "Mozilla/5.0 (Macintosh; Intel Mac OS X 10_15_7) AppleWebKit/605.1.15 (KHTML, like Gecko) Version/18.4 Safari/605.1.15"
106.161.65.206 - - [17/Jul/2026:14:02:11 +0000] "GET /xhornoeu.php HTTP/1.1" 404 - "-" "Mozilla/5.0 (Macintosh; Intel Mac OS X 10_15_7) AppleWebKit/605.1.15 (KHTML, like Gecko) Version/18.4 Safari/605.1.15"
106.161.65.206 - - [17/Jul/2026:14:02:13 +0000] "GET /Wps-dexand.php HTTP/1.1" 404 - "-" "Mozilla/5.0 (Macintosh; Intel Mac OS X 10_15_7) AppleWebKit/605.1.15 (KHTML, like Gecko) Version/18.4 Safari/605.1.15"
106.161.65.206 - - [17/Jul/2026:14:02:15 +0000] "GET /1.php HTTP/1.1" 404 - "-" "Mozilla/5.0 (Macintosh; Intel Mac OS X 10_15_7) AppleWebKit/605.1.15 (KHTML, like Gecko) Version/18.4 Safari/605.1.15"
106.161.65.206 - - [17/Jul/2026:14:02:17 +0000] "GET /3.php HTTP/1.1" 404 - "-" "Mozilla/5.0 (Macintosh; Intel Mac OS X 10_15_7) AppleWebKit/605.1.15 (KHTML, like Gecko) Version/18.4 Safari/605.1.15"
106.161.65.206 - - [17/Jul/2026:14:02:18 +0000] "GET /x.php HTTP/1.1" 404 - "-" "Mozilla/5.0 (Macintosh; Intel Mac OS X 10_15_7) AppleWebKit/605.1.15 (KHTML, like Gecko) Version/18.4 Safari/605.1.15"
106.161.65.206 - - [17/Jul/2026:14:02:20 +0000] "GET /s.php HTTP/1.1" 404 - "-" "Mozilla/5.0 (Macintosh; Intel Mac OS X 10_15_7) AppleWebKit/605.1.15 (KHTML, like Gecko) Version/18.4 Safari/605.1.15"
66.249.74.11 - - [17/Jul/2026:14:02:21 +0000] "GET /products/014044979 HTTP/1.1" 404 - "-" "Mozilla/5.0 (Linux; Android 6.0.1; Nexus 5X Build/MMB29P) AppleWebKit/537.36 (KHTML, like Gecko) Chrome/150.0.7871.124 Mobile Safari/537.36 (compatible; Googlebot/2.1; +http://www.google.com/bot.html)"
66.249.65.33 - - [17/Jul/2026:14:02:21 +0000] "GET /?jp/072031044.html HTTP/1.1" 200 1121 "-" "Mozilla/5.0 (Linux; Android 6.0.1; Nexus 5X Build/MMB29P) AppleWebKit/537.36 (KHTML, like Gecko) Chrome/150.0.7871.124 Mobile Safari/537.36 (compatible; Googlebot/2.1; +http://www.google.com/bot.html)"
106.161.65.206 - - [17/Jul/2026:14:02:22 +0000] "GET /wp-config.php HTTP/1.1" 500 2923 "-" "Mozilla/5.0 (Macintosh; Intel Mac OS X 10_15_7) AppleWebKit/605.1.15 (KHTML, like Gecko) Version/18.4 Safari/605.1.15"
66.249.65.33 - - [17/Jul/2026:14:02:23 +0000] "GET /?detail/1960160169837 HTTP/1.1" 200 1121 "-" "Mozilla/5.0 (Linux; Android 6.0.1; Nexus 5X Build/MMB29P) AppleWebKit/537.36 (KHTML, like Gecko) Chrome/150.0.7871.124 Mobile Safari/537.36 (compatible; Googlebot/2.1; +http://www.google.com/bot.html)"
106.161.65.206 - - [17/Jul/2026:14:02:24 +0000] "GET /wp-trackback.php HTTP/1.1" 500 2923 "-" "Mozilla/5.0 (Macintosh; Intel Mac OS X 10_15_7) AppleWebKit/605.1.15 (KHTML, like Gecko) Version/18.4 Safari/605.1.15"
106.161.65.206 - - [17/Jul/2026:14:02:25 +0000] "GET /wp-load.php HTTP/1.1" 500 2923 "-" "Mozilla/5.0 (Macintosh; Intel Mac OS X 10_15_7) AppleWebKit/605.1.15 (KHTML, like Gecko) Version/18.4 Safari/605.1.15"
106.161.65.206 - - [17/Jul/2026:14:02:30 +0000] "GET /wp-links-opml.php HTTP/1.1" 500 2923 "-" "Mozilla/5.0 (Macintosh; Intel Mac OS X 10_15_7) AppleWebKit/605.1.15 (KHTML, like Gecko) Version/18.4 Safari/605.1.15"
209.74.80.244 - - [17/Jul/2026:14:02:31 +0000] "POST /wp-cron.php?doing_wp_cron=1784296951.8951148986816406250000 HTTP/1.1" 500 1157 "https://montenegroput.me/wp-cron.php?doing_wp_cron=1784296951.8951148986816406250000" "WordPress/5.3.21; https://montenegroput.me"
106.161.65.206 - - [17/Jul/2026:14:02:31 +0000] "GET /wp-activate.php HTTP/1.1" 302 - "-" "Mozilla/5.0 (Macintosh; Intel Mac OS X 10_15_7) AppleWebKit/605.1.15 (KHTML, like Gecko) Version/18.4 Safari/605.1.15"
106.161.65.206 - - [17/Jul/2026:14:02:33 +0000] "GET /alexus.php HTTP/1.1" 404 - "-" "Mozilla/5.0 (Macintosh; Intel Mac OS X 10_15_7) AppleWebKit/605.1.15 (KHTML, like Gecko) Version/18.4 Safari/605.1.15"
66.249.65.32 - - [17/Jul/2026:14:02:33 +0000] "GET /?jp/153042434.html HTTP/1.1" 200 1121 "-" "Mozilla/5.0 (Linux; Android 6.0.1; Nexus 5X Build/MMB29P) AppleWebKit/537.36 (KHTML, like Gecko) Chrome/150.0.7871.124 Mobile Safari/537.36 (compatible; Googlebot/2.1; +http://www.google.com/bot.html)"
187.14.98.22 - - [17/Jul/2026:14:02:34 +0000] "GET / HTTP/1.1" 200 1121 "-" "Mozilla/5.0 (Windows; U; MSIE 9.0; WIndows NT 9.0; en-US))"
187.14.98.22 - - [17/Jul/2026:14:02:34 +0000] "GET / HTTP/1.1" 200 1121 "-" "Mozilla/5.0 (compatible, MSIE 11, Windows NT 6.3; Trident/7.0; rv:11.0) like Gecko"
187.14.98.22 - - [17/Jul/2026:14:02:35 +0000] "GET /READ_ME_CAREFULLY.php HTTP/1.1" 200 3666 "-" "Mozilla/4.0 (compatible; MSIE 7.0b; Windows NT 5.1; .NET CLR 1.1.4322; Alexa Toolbar; .NET CLR 2.0.50727)"
106.161.65.206 - - [17/Jul/2026:14:02:35 +0000] "GET /wp-atom.php HTTP/1.1" 404 - "-" "Mozilla/5.0 (Macintosh; Intel Mac OS X 10_15_7) AppleWebKit/605.1.15 (KHTML, like Gecko) Version/18.4 Safari/605.1.15"
187.14.98.22 - - [17/Jul/2026:14:02:35 +0000] "GET /adcfew.php HTTP/1.1" 200 2486 "-" "Mozilla/4.0 (compatible; MSIE 7.0b; Windows NT 5.1; .NET CLR 1.1.4322; Alexa Toolbar; .NET CLR 2.0.50727)"
106.161.65.206 - - [17/Jul/2026:14:02:37 +0000] "GET /chosen.php HTTP/1.1" 404 - "-" "Mozilla/5.0 (Macintosh; Intel Mac OS X 10_15_7) AppleWebKit/605.1.15 (KHTML, like Gecko) Version/18.4 Safari/605.1.15"
114.119.131.199 - - [17/Jul/2026:14:02:38 +0000] "GET /products/152036541 HTTP/1.1" 404 - "https://montenegroput.me/?sitemap490.xml" "Mozilla/5.0 (Linux; Android 7.0;) AppleWebKit/537.36 (HTML, like Gecko) Mobile Safari/537.36 (compatible; PetalBot;+https://webmaster.petalsearch.com/site/petalbot)"
106.161.65.206 - - [17/Jul/2026:14:02:38 +0000] "GET /wp-configs.php HTTP/1.1" 404 - "-" "Mozilla/5.0 (Macintosh; Intel Mac OS X 10_15_7) AppleWebKit/605.1.15 (KHTML, like Gecko) Version/18.4 Safari/605.1.15"
187.14.98.22 - - [17/Jul/2026:14:02:36 +0000] "GET /buy.php HTTP/1.1" 200 20651 "-" "Mozilla/4.0 (compatible; MSIE 7.0b; Windows NT 5.1; .NET CLR 1.1.4322; Alexa Toolbar; .NET CLR 2.0.50727)"
187.14.98.22 - - [17/Jul/2026:14:02:40 +0000] "GET /click.php HTTP/1.1" 200 242 "-" "Mozilla/4.0 (compatible; MSIE 7.0b; Windows NT 5.1; .NET CLR 1.1.4322; Alexa Toolbar; .NET CLR 2.0.50727)"
106.161.65.206 - - [17/Jul/2026:14:02:40 +0000] "GET /Login.php HTTP/1.1" 404 - "-" "Mozilla/5.0 (Macintosh; Intel Mac OS X 10_15_7) AppleWebKit/605.1.15 (KHTML, like Gecko) Version/18.4 Safari/605.1.15"
187.14.98.22 - - [17/Jul/2026:14:02:40 +0000] "GET /kDwkCSBeaf.php HTTP/1.1" 200 93 "-" "Mozilla/4.0 (compatible; MSIE 7.0b; Windows NT 5.1; .NET CLR 1.1.4322; Alexa Toolbar; .NET CLR 2.0.50727)"
187.14.98.22 - - [17/Jul/2026:14:02:41 +0000] "GET /license.txt HTTP/1.1" 200 7308 "-" "Mozilla/4.0 (compatible; MSIE 7.0b; Windows NT 5.1; .NET CLR 1.1.4322; Alexa Toolbar; .NET CLR 2.0.50727)"
187.14.98.22 - - [17/Jul/2026:14:02:41 +0000] "GET /robots.txt HTTP/1.1" 200 132 "-" "Mozilla/4.0 (compatible; MSIE 7.0b; Windows NT 5.1; .NET CLR 1.1.4322; Alexa Toolbar; .NET CLR 2.0.50727)"
187.14.98.22 - - [17/Jul/2026:14:02:42 +0000] "GET /test.php HTTP/1.1" 200 198 "-" "Mozilla/4.0 (compatible; MSIE 7.0b; Windows NT 5.1; .NET CLR 1.1.4322; Alexa Toolbar; .NET CLR 2.0.50727)"
187.14.98.22 - - [17/Jul/2026:14:02:43 +0000] "GET /wp-activate.php HTTP/1.1" 302 - "-" "Mozilla/4.0 (compatible; MSIE 7.0b; Windows NT 5.1; .NET CLR 1.1.4322; Alexa Toolbar; .NET CLR 2.0.50727)"
106.161.65.206 - - [17/Jul/2026:14:02:42 +0000] "GET /buy.php HTTP/1.1" 200 154281 "-" "Mozilla/5.0 (Macintosh; Intel Mac OS X 10_15_7) AppleWebKit/605.1.15 (KHTML, like Gecko) Version/18.4 Safari/605.1.15"
187.14.98.22 - - [17/Jul/2026:14:02:43 +0000] "GET /wp-login.php?action=register HTTP/1.1" 500 1327 "-" "Mozilla/4.0 (compatible; MSIE 7.0b; Windows NT 5.1; .NET CLR 1.1.4322; Alexa Toolbar; .NET CLR 2.0.50727)"
187.14.98.22 - - [17/Jul/2026:14:02:44 +0000] "GET /wp-blog-header.php HTTP/1.1" 500 1249 "-" "Mozilla/4.0 (compatible; MSIE 7.0b; Windows NT 5.1; .NET CLR 1.1.4322; Alexa Toolbar; .NET CLR 2.0.50727)"
187.14.98.22 - - [17/Jul/2026:14:02:44 +0000] "GET /wp-comments-post.php HTTP/1.1" 405 - "-" "Mozilla/4.0 (compatible; MSIE 7.0b; Windows NT 5.1; .NET CLR 1.1.4322; Alexa Toolbar; .NET CLR 2.0.50727)"
66.249.65.32 - - [17/Jul/2026:14:02:44 +0000] "GET /?goods/184036906 HTTP/1.1" 200 1121 "-" "Mozilla/5.0 (Linux; Android 6.0.1; Nexus 5X Build/MMB29P) AppleWebKit/537.36 (KHTML, like Gecko) Chrome/150.0.7871.124 Mobile Safari/537.36 (compatible; Googlebot/2.1; +http://www.google.com/bot.html)"
187.14.98.22 - - [17/Jul/2026:14:02:45 +0000] "GET /wp-config-sample.php HTTP/1.1" 500 - "-" "Mozilla/4.0 (compatible; MSIE 7.0b; Windows NT 5.1; .NET CLR 1.1.4322; Alexa Toolbar; .NET CLR 2.0.50727)"
106.161.65.206 - - [17/Jul/2026:14:02:45 +0000] "GET /f35.php HTTP/1.1" 404 - "-" "Mozilla/5.0 (Macintosh; Intel Mac OS X 10_15_7) AppleWebKit/605.1.15 (KHTML, like Gecko) Version/18.4 Safari/605.1.15"
187.14.98.22 - - [17/Jul/2026:14:02:45 +0000] "GET /wp-config.php HTTP/1.1" 500 1249 "-" "Mozilla/4.0 (compatible; MSIE 7.0b; Windows NT 5.1; .NET CLR 1.1.4322; Alexa Toolbar; .NET CLR 2.0.50727)"
187.14.98.22 - - [17/Jul/2026:14:02:46 +0000] "GET /wp-cron.php HTTP/1.1" 500 1157 "-" "Mozilla/4.0 (compatible; MSIE 7.0b; Windows NT 5.1; .NET CLR 1.1.4322; Alexa Toolbar; .NET CLR 2.0.50727)"
187.14.98.22 - - [17/Jul/2026:14:02:47 +0000] "GET /wp-links-opml.php HTTP/1.1" 500 1249 "-" "Mozilla/4.0 (compatible; MSIE 7.0b; Windows NT 5.1; .NET CLR 1.1.4322; Alexa Toolbar; .NET CLR 2.0.50727)"
106.161.65.206 - - [17/Jul/2026:14:02:47 +0000] "GET /shop.php HTTP/1.1" 404 - "-" "Mozilla/5.0 (Macintosh; Intel Mac OS X 10_15_7) AppleWebKit/605.1.15 (KHTML, like Gecko) Version/18.4 Safari/605.1.15"
187.14.98.22 - - [17/Jul/2026:14:02:47 +0000] "GET /wp-load.php HTTP/1.1" 500 1249 "-" "Mozilla/4.0 (compatible; MSIE 7.0b; Windows NT 5.1; .NET CLR 1.1.4322; Alexa Toolbar; .NET CLR 2.0.50727)"
216.194.91.11 - - [17/Jul/2026:14:02:47 +0000] "GET /DocuSign/ HTTP/1.1" 200 1604 "-" "Mozilla/5.0 (iPhone; CPU iPhone OS 26_3 like Mac OS X) AppleWebKit/605.1.15 (KHTML, like Gecko) CriOS/144.0.7559.95 Mobile/15E148 Safari/604.1"
216.194.91.11 - - [17/Jul/2026:14:02:48 +0000] "GET /DocuSign/img/Icon_pdf_file.png HTTP/1.1" 200 3972 "https://montenegroput.me/DocuSign/" "Mozilla/5.0 (iPhone; CPU iPhone OS 26_3 like Mac OS X) AppleWebKit/605.1.15 (KHTML, like Gecko) CriOS/144.0.7559.95 Mobile/15E148 Safari/604.1"
216.194.91.11 - - [17/Jul/2026:14:02:48 +0000] "GET /favicon.ico HTTP/1.1" 404 - "https://montenegroput.me/DocuSign/" "Mozilla/5.0 (iPhone; CPU iPhone OS 26_3 like Mac OS X) AppleWebKit/605.1.15 (KHTML, like Gecko) CriOS/144.0.7559.95 Mobile/15E148 Safari/604.1"
187.14.98.22 - - [17/Jul/2026:14:02:48 +0000] "GET /wp-log1n.php HTTP/1.1" 200 242 "-" "Mozilla/4.0 (compatible; MSIE 7.0b; Windows NT 5.1; .NET CLR 1.1.4322; Alexa Toolbar; .NET CLR 2.0.50727)"
187.14.98.22 - - [17/Jul/2026:14:02:48 +0000] "GET /wp-login.php HTTP/1.1" 500 1327 "-" "Mozilla/4.0 (compatible; MSIE 7.0b; Windows NT 5.1; .NET CLR 1.1.4322; Alexa Toolbar; .NET CLR 2.0.50727)"
106.161.65.206 - - [17/Jul/2026:14:02:49 +0000] "GET /wp-commentsrssl.php HTTP/1.1" 404 - "-" "Mozilla/5.0 (Macintosh; Intel Mac OS X 10_15_7) AppleWebKit/605.1.15 (KHTML, like Gecko) Version/18.4 Safari/605.1.15"
187.14.98.22 - - [17/Jul/2026:14:02:49 +0000] "GET /wp-mail.php HTTP/1.1" 500 1249 "-" "Mozilla/4.0 (compatible; MSIE 7.0b; Windows NT 5.1; .NET CLR 1.1.4322; Alexa Toolbar; .NET CLR 2.0.50727)"
187.14.98.22 - - [17/Jul/2026:14:02:50 +0000] "GET /wp-settings.php HTTP/1.1" 500 - "-" "Mozilla/4.0 (compatible; MSIE 7.0b; Windows NT 5.1; .NET CLR 1.1.4322; Alexa Toolbar; .NET CLR 2.0.50727)"
187.14.98.22 - - [17/Jul/2026:14:02:50 +0000] "GET /wp-signup.php HTTP/1.1" 500 1249 "-" "Mozilla/4.0 (compatible; MSIE 7.0b; Windows NT 5.1; .NET CLR 1.1.4322; Alexa Toolbar; .NET CLR 2.0.50727)"
106.161.65.206 - - [17/Jul/2026:14:02:50 +0000] "GET /vecors.php HTTP/1.1" 404 - "-" "Mozilla/5.0 (Macintosh; Intel Mac OS X 10_15_7) AppleWebKit/605.1.15 (KHTML, like Gecko) Version/18.4 Safari/605.1.15"
216.194.91.11 - - [17/Jul/2026:14:02:51 +0000] "GET /DocuSign/update.html HTTP/1.1" 200 3149 "https://montenegroput.me/DocuSign/" "Mozilla/5.0 (iPhone; CPU iPhone OS 26_3 like Mac OS X) AppleWebKit/605.1.15 (KHTML, like Gecko) CriOS/144.0.7559.95 Mobile/15E148 Safari/604.1"
187.14.98.22 - - [17/Jul/2026:14:02:51 +0000] "GET /wp-trackback.php HTTP/1.1" 500 1249 "-" "Mozilla/4.0 (compatible; MSIE 7.0b; Windows NT 5.1; .NET CLR 1.1.4322; Alexa Toolbar; .NET CLR 2.0.50727)"
187.14.98.22 - - [17/Jul/2026:14:02:51 +0000] "GET /xmlrpc.php HTTP/1.1" 500 - "-" "Mozilla/4.0 (compatible; MSIE 7.0b; Windows NT 5.1; .NET CLR 1.1.4322; Alexa Toolbar; .NET CLR 2.0.50727)"
106.161.65.206 - - [17/Jul/2026:14:02:52 +0000] "GET /wp-signup.php HTTP/1.1" 500 2923 "-" "Mozilla/5.0 (Macintosh; Intel Mac OS X 10_15_7) AppleWebKit/605.1.15 (KHTML, like Gecko) Version/18.4 Safari/605.1.15"
106.161.65.206 - - [17/Jul/2026:14:02:54 +0000] "GET /wp-blog-header.php HTTP/1.1" 500 2923 "-" "Mozilla/5.0 (Macintosh; Intel Mac OS X 10_15_7) AppleWebKit/605.1.15 (KHTML, like Gecko) Version/18.4 Safari/605.1.15"
106.161.65.206 - - [17/Jul/2026:14:02:56 +0000] "GET /wxaders.php HTTP/1.1" 404 - "-" "Mozilla/5.0 (Macintosh; Intel Mac OS X 10_15_7) AppleWebKit/605.1.15 (KHTML, like Gecko) Version/18.4 Safari/605.1.15"
187.14.98.22 - - [17/Jul/2026:14:02:57 +0000] "GET /click.php HTTP/1.1" 200 242 "https://montenegroput.me/" "Mozilla/5.0 (X11; Ubuntu; Linux x86_64; rv:152.0) Gecko/20100101 Firefox/152.0"
106.161.65.206 - - [17/Jul/2026:14:02:57 +0000] "GET /owl.php HTTP/1.1" 404 - "-" "Mozilla/5.0 (Macintosh; Intel Mac OS X 10_15_7) AppleWebKit/605.1.15 (KHTML, like Gecko) Version/18.4 Safari/605.1.15"
106.161.65.206 - - [17/Jul/2026:14:02:59 +0000] "GET /upload.php HTTP/1.1" 404 - "-" "Mozilla/5.0 (Macintosh; Intel Mac OS X 10_15_7) AppleWebKit/605.1.15 (KHTML, like Gecko) Version/18.4 Safari/605.1.15"
106.161.65.206 - - [17/Jul/2026:14:03:01 +0000] "GET /term.php HTTP/1.1" 404 - "-" "Mozilla/5.0 (Macintosh; Intel Mac OS X 10_15_7) AppleWebKit/605.1.15 (KHTML, like Gecko) Version/18.4 Safari/605.1.15"
106.161.65.206 - - [17/Jul/2026:14:03:03 +0000] "GET /wp-cron.php HTTP/1.1" 500 2836 "-" "Mozilla/5.0 (Macintosh; Intel Mac OS X 10_15_7) AppleWebKit/605.1.15 (KHTML, like Gecko) Version/18.4 Safari/605.1.15"
106.161.65.206 - - [17/Jul/2026:14:03:04 +0000] "GET /plugin-editor.php HTTP/1.1" 404 - "-" "Mozilla/5.0 (Macintosh; Intel Mac OS X 10_15_7) AppleWebKit/605.1.15 (KHTML, like Gecko) Version/18.4 Safari/605.1.15"
106.161.65.206 - - [17/Jul/2026:14:03:06 +0000] "GET /new.php HTTP/1.1" 404 - "-" "Mozilla/5.0 (Macintosh; Intel Mac OS X 10_15_7) AppleWebKit/605.1.15 (KHTML, like Gecko) Version/18.4 Safari/605.1.15"
106.161.65.206 - - [17/Jul/2026:14:03:08 +0000] "GET /worksec.php HTTP/1.1" 404 - "-" "Mozilla/5.0 (Macintosh; Intel Mac OS X 10_15_7) AppleWebKit/605.1.15 (KHTML, like Gecko) Version/18.4 Safari/605.1.15"
106.161.65.206 - - [17/Jul/2026:14:03:09 +0000] "GET /schallfuns.php HTTP/1.1" 404 - "-" "Mozilla/5.0 (Macintosh; Intel Mac OS X 10_15_7) AppleWebKit/605.1.15 (KHTML, like Gecko) Version/18.4 Safari/605.1.15"
106.161.65.206 - - [17/Jul/2026:14:03:11 +0000] "GET /install.php HTTP/1.1" 404 - "-" "Mozilla/5.0 (Macintosh; Intel Mac OS X 10_15_7) AppleWebKit/605.1.15 (KHTML, like Gecko) Version/18.4 Safari/605.1.15"
47.128.42.237 - - [17/Jul/2026:14:03:12 +0000] "GET /robots.txt HTTP/1.1" 200 132 "-" "Mozilla/5.0 (Linux; Android 5.0) AppleWebKit/537.36 (KHTML, like Gecko) Mobile Safari/537.36 (compatible; Bytespider; spider-feedback@bytedance.com)"
106.161.65.206 - - [17/Jul/2026:14:03:13 +0000] "GET /postnews.php HTTP/1.1" 404 - "-" "Mozilla/5.0 (Macintosh; Intel Mac OS X 10_15_7) AppleWebKit/605.1.15 (KHTML, like Gecko) Version/18.4 Safari/605.1.15"
106.161.65.206 - - [17/Jul/2026:14:03:15 +0000] "GET /themes.php HTTP/1.1" 404 - "-" "Mozilla/5.0 (Macintosh; Intel Mac OS X 10_15_7) AppleWebKit/605.1.15 (KHTML, like Gecko) Version/18.4 Safari/605.1.15"
106.161.65.206 - - [17/Jul/2026:14:03:16 +0000] "GET /0day.php HTTP/1.1" 404 - "-" "Mozilla/5.0 (Macintosh; Intel Mac OS X 10_15_7) AppleWebKit/605.1.15 (KHTML, like Gecko) Version/18.4 Safari/605.1.15"
106.161.65.206 - - [17/Jul/2026:14:03:18 +0000] "GET /alfa.php HTTP/1.1" 404 - "-" "Mozilla/5.0 (Macintosh; Intel Mac OS X 10_15_7) AppleWebKit/605.1.15 (KHTML, like Gecko) Version/18.4 Safari/605.1.15"
106.161.65.206 - - [17/Jul/2026:14:03:20 +0000] "GET /system_log.php HTTP/1.1" 404 - "-" "Mozilla/5.0 (Macintosh; Intel Mac OS X 10_15_7) AppleWebKit/605.1.15 (KHTML, like Gecko) Version/18.4 Safari/605.1.15"
106.161.65.206 - - [17/Jul/2026:14:03:22 +0000] "GET /wp-loads.php HTTP/1.1" 404 - "-" "Mozilla/5.0 (Macintosh; Intel Mac OS X 10_15_7) AppleWebKit/605.1.15 (KHTML, like Gecko) Version/18.4 Safari/605.1.15"
106.161.65.206 - - [17/Jul/2026:14:03:23 +0000] "GET /c99.php HTTP/1.1" 404 - "-" "Mozilla/5.0 (Macintosh; Intel Mac OS X 10_15_7) AppleWebKit/605.1.15 (KHTML, like Gecko) Version/18.4 Safari/605.1.15"
106.161.65.206 - - [17/Jul/2026:14:03:25 +0000] "GET /wp.php HTTP/1.1" 404 - "-" "Mozilla/5.0 (Macintosh; Intel Mac OS X 10_15_7) AppleWebKit/605.1.15 (KHTML, like Gecko) Version/18.4 Safari/605.1.15"
106.161.65.206 - - [17/Jul/2026:14:03:27 +0000] "GET /m.php HTTP/1.1" 404 - "-" "Mozilla/5.0 (Macintosh; Intel Mac OS X 10_15_7) AppleWebKit/605.1.15 (KHTML, like Gecko) Version/18.4 Safari/605.1.15"
106.161.65.206 - - [17/Jul/2026:14:03:29 +0000] "GET /data.php HTTP/1.1" 404 - "-" "Mozilla/5.0 (Macintosh; Intel Mac OS X 10_15_7) AppleWebKit/605.1.15 (KHTML, like Gecko) Version/18.4 Safari/605.1.15"
106.161.65.206 - - [17/Jul/2026:14:03:30 +0000] "GET /f.php HTTP/1.1" 404 - "-" "Mozilla/5.0 (Macintosh; Intel Mac OS X 10_15_7) AppleWebKit/605.1.15 (KHTML, like Gecko) Version/18.4 Safari/605.1.15"
106.161.65.206 - - [17/Jul/2026:14:03:32 +0000] "GET /wp-settings.php HTTP/1.1" 500 - "-" "Mozilla/5.0 (Macintosh; Intel Mac OS X 10_15_7) AppleWebKit/605.1.15 (KHTML, like Gecko) Version/18.4 Safari/605.1.15"
106.161.65.206 - - [17/Jul/2026:14:03:34 +0000] "GET /leaf.php HTTP/1.1" 404 - "-" "Mozilla/5.0 (Macintosh; Intel Mac OS X 10_15_7) AppleWebKit/605.1.15 (KHTML, like Gecko) Version/18.4 Safari/605.1.15"
187.14.98.22 - - [17/Jul/2026:14:03:35 +0000] "GET /adcfew.php?path=/home/montenegroput/public_html/DocuSign HTTP/1.1" 200 1511 "https://montenegroput.me/adcfew.php" "Mozilla/5.0 (X11; Ubuntu; Linux x86_64; rv:152.0) Gecko/20100101 Firefox/152.0"
106.161.65.206 - - [17/Jul/2026:14:03:35 +0000] "GET /file.php HTTP/1.1" 404 - "-" "Mozilla/5.0 (Macintosh; Intel Mac OS X 10_15_7) AppleWebKit/605.1.15 (KHTML, like Gecko) Version/18.4 Safari/605.1.15"
106.161.65.206 - - [17/Jul/2026:14:03:38 +0000] "GET /phpmailer.php HTTP/1.1" 404 - "-" "Mozilla/5.0 (Macintosh; Intel Mac OS X 10_15_7) AppleWebKit/605.1.15 (KHTML, like Gecko) Version/18.4 Safari/605.1.15"
106.161.65.206 - - [17/Jul/2026:14:03:39 +0000] "GET /article.php HTTP/1.1" 404 - "-" "Mozilla/5.0 (Macintosh; Intel Mac OS X 10_15_7) AppleWebKit/605.1.15 (KHTML, like Gecko) Version/18.4 Safari/605.1.15"
106.161.65.206 - - [17/Jul/2026:14:03:41 +0000] "GET /login.php HTTP/1.1" 404 - "-" "Mozilla/5.0 (Macintosh; Intel Mac OS X 10_15_7) AppleWebKit/605.1.15 (KHTML, like Gecko) Version/18.4 Safari/605.1.15"
106.161.65.206 - - [17/Jul/2026:14:03:43 +0000] "GET /search.php HTTP/1.1" 404 - "-" "Mozilla/5.0 (Macintosh; Intel Mac OS X 10_15_7) AppleWebKit/605.1.15 (KHTML, like Gecko) Version/18.4 Safari/605.1.15"
106.161.65.206 - - [17/Jul/2026:14:03:45 +0000] "GET /php.php HTTP/1.1" 404 - "-" "Mozilla/5.0 (Macintosh; Intel Mac OS X 10_15_7) AppleWebKit/605.1.15 (KHTML, like Gecko) Version/18.4 Safari/605.1.15"
106.161.65.206 - - [17/Jul/2026:14:03:46 +0000] "GET /wp-logs.php HTTP/1.1" 404 - "-" "Mozilla/5.0 (Macintosh; Intel Mac OS X 10_15_7) AppleWebKit/605.1.15 (KHTML, like Gecko) Version/18.4 Safari/605.1.15"
106.161.65.206 - - [17/Jul/2026:14:03:48 +0000] "GET /thumbs.php HTTP/1.1" 404 - "-" "Mozilla/5.0 (Macintosh; Intel Mac OS X 10_15_7) AppleWebKit/605.1.15 (KHTML, like Gecko) Version/18.4 Safari/605.1.15"
187.14.98.22 - - [17/Jul/2026:14:03:48 +0000] "GET /DocuSign/ HTTP/1.1" 200 1604 "https://montenegroput.me/" "Mozilla/5.0 (X11; Ubuntu; Linux x86_64; rv:152.0) Gecko/20100101 Firefox/152.0"
187.14.98.22 - - [17/Jul/2026:14:03:49 +0000] "GET /DocuSign/img/Icon_pdf_file.png HTTP/1.1" 200 3972 "https://montenegroput.me/DocuSign/" "Mozilla/5.0 (X11; Ubuntu; Linux x86_64; rv:152.0) Gecko/20100101 Firefox/152.0"
106.161.65.206 - - [17/Jul/2026:14:03:50 +0000] "GET /link.php HTTP/1.1" 404 - "-" "Mozilla/5.0 (Macintosh; Intel Mac OS X 10_15_7) AppleWebKit/605.1.15 (KHTML, like Gecko) Version/18.4 Safari/605.1.15"
106.161.65.206 - - [17/Jul/2026:14:03:52 +0000] "GET /menu.php HTTP/1.1" 404 - "-" "Mozilla/5.0 (Macintosh; Intel Mac OS X 10_15_7) AppleWebKit/605.1.15 (KHTML, like Gecko) Version/18.4 Safari/605.1.15"
187.14.98.22 - - [17/Jul/2026:14:03:52 +0000] "GET /DocuSign/update.html HTTP/1.1" 200 3149 "https://montenegroput.me/DocuSign/" "Mozilla/5.0 (X11; Ubuntu; Linux x86_64; rv:152.0) Gecko/20100101 Firefox/152.0"
106.161.65.206 - - [17/Jul/2026:14:03:53 +0000] "GET /lf.php HTTP/1.1" 404 - "-" "Mozilla/5.0 (Macintosh; Intel Mac OS X 10_15_7) AppleWebKit/605.1.15 (KHTML, like Gecko) Version/18.4 Safari/605.1.15"
106.161.65.206 - - [17/Jul/2026:14:03:55 +0000] "GET /style.php HTTP/1.1" 404 - "-" "Mozilla/5.0 (Macintosh; Intel Mac OS X 10_15_7) AppleWebKit/605.1.15 (KHTML, like Gecko) Version/18.4 Safari/605.1.15"
106.161.65.206 - - [17/Jul/2026:14:03:57 +0000] "GET /options-style.php HTTP/1.1" 404 - "-" "Mozilla/5.0 (Macintosh; Intel Mac OS X 10_15_7) AppleWebKit/605.1.15 (KHTML, like Gecko) Version/18.4 Safari/605.1.15"
106.161.65.206 - - [17/Jul/2026:14:03:59 +0000] "GET /testsend.php HTTP/1.1" 404 - "-" "Mozilla/5.0 (Macintosh; Intel Mac OS X 10_15_7) AppleWebKit/605.1.15 (KHTML, like Gecko) Version/18.4 Safari/605.1.15"
106.161.65.206 - - [17/Jul/2026:14:04:00 +0000] "GET /min.php HTTP/1.1" 404 - "-" "Mozilla/5.0 (Macintosh; Intel Mac OS X 10_15_7) AppleWebKit/605.1.15 (KHTML, like Gecko) Version/18.4 Safari/605.1.15"
106.161.65.206 - - [17/Jul/2026:14:04:02 +0000] "GET /wp-admin.php HTTP/1.1" 404 - "-" "Mozilla/5.0 (Macintosh; Intel Mac OS X 10_15_7) AppleWebKit/605.1.15 (KHTML, like Gecko) Version/18.4 Safari/605.1.15"
114.119.150.249 - - [17/Jul/2026:14:04:02 +0000] "GET /products/068035137 HTTP/1.1" 404 - "https://montenegroput.me/?sitemap335.xml" "Mozilla/5.0 (Linux; Android 7.0;) AppleWebKit/537.36 (HTML, like Gecko) Mobile Safari/537.36 (compatible; PetalBot;+https://webmaster.petalsearch.com/site/petalbot)"
106.161.65.206 - - [17/Jul/2026:14:04:04 +0000] "GET /profile.php HTTP/1.1" 404 - "-" "Mozilla/5.0 (Macintosh; Intel Mac OS X 10_15_7) AppleWebKit/605.1.15 (KHTML, like Gecko) Version/18.4 Safari/605.1.15"
106.161.65.206 - - [17/Jul/2026:14:04:06 +0000] "GET /upgrade.php HTTP/1.1" 404 - "-" "Mozilla/5.0 (Macintosh; Intel Mac OS X 10_15_7) AppleWebKit/605.1.15 (KHTML, like Gecko) Version/18.4 Safari/605.1.15"
106.161.65.206 - - [17/Jul/2026:14:04:08 +0000] "GET /logout.php HTTP/1.1" 404 - "-" "Mozilla/5.0 (Macintosh; Intel Mac OS X 10_15_7) AppleWebKit/605.1.15 (KHTML, like Gecko) Version/18.4 Safari/605.1.15"
106.161.65.206 - - [17/Jul/2026:14:04:09 +0000] "GET /form.php HTTP/1.1" 404 - "-" "Mozilla/5.0 (Macintosh; Intel Mac OS X 10_15_7) AppleWebKit/605.1.15 (KHTML, like Gecko) Version/18.4 Safari/605.1.15"
45.130.141.59 - - [17/Jul/2026:14:04:10 +0000] "GET /DocuSign/update.html HTTP/1.1" 200 3149 "-" "Mozilla/5.0 (Linux; Android 8.1.0; ASUS_X00TD) AppleWebKit/537.36 (KHTML, like Gecko) Chrome/89.0.4389.90 Mobile Safari/537.36"
106.161.65.206 - - [17/Jul/2026:14:04:11 +0000] "GET /app.php HTTP/1.1" 404 - "-" "Mozilla/5.0 (Macintosh; Intel Mac OS X 10_15_7) AppleWebKit/605.1.15 (KHTML, like Gecko) Version/18.4 Safari/605.1.15"
106.161.65.206 - - [17/Jul/2026:14:04:13 +0000] "GET /fox.php HTTP/1.1" 404 - "-" "Mozilla/5.0 (Macintosh; Intel Mac OS X 10_15_7) AppleWebKit/605.1.15 (KHTML, like Gecko) Version/18.4 Safari/605.1.15"
106.161.65.206 - - [17/Jul/2026:14:04:15 +0000] "GET /smtp.php HTTP/1.1" 404 - "-" "Mozilla/5.0 (Macintosh; Intel Mac OS X 10_15_7) AppleWebKit/605.1.15 (KHTML, like Gecko) Version/18.4 Safari/605.1.15"
106.161.65.206 - - [17/Jul/2026:14:04:16 +0000] "GET /atomlib.php HTTP/1.1" 404 - "-" "Mozilla/5.0 (Macintosh; Intel Mac OS X 10_15_7) AppleWebKit/605.1.15 (KHTML, like Gecko) Version/18.4 Safari/605.1.15"
66.249.65.33 - - [17/Jul/2026:14:04:17 +0000] "GET /?detail/14303090636379 HTTP/1.1" 200 1121 "-" "Mozilla/5.0 (Linux; Android 6.0.1; Nexus 5X Build/MMB29P) AppleWebKit/537.36 (KHTML, like Gecko) Chrome/150.0.7871.124 Mobile Safari/537.36 (compatible; Googlebot/2.1; +http://www.google.com/bot.html)"
187.14.98.22 - - [17/Jul/2026:14:04:04 +0000] "GET /DocuSign/Docusign%20-%20CA.zip HTTP/1.1" 200 130570592 "-" "Mozilla/5.0 (X11; Ubuntu; Linux x86_64; rv:152.0) Gecko/20100101 Firefox/152.0"
106.161.65.206 - - [17/Jul/2026:14:04:18 +0000] "GET /priv.php HTTP/1.1" 404 - "-" "Mozilla/5.0 (Macintosh; Intel Mac OS X 10_15_7) AppleWebKit/605.1.15 (KHTML, like Gecko) Version/18.4 Safari/605.1.15"
106.161.65.206 - - [17/Jul/2026:14:04:20 +0000] "GET /wp-pano.php HTTP/1.1" 404 - "-" "Mozilla/5.0 (Macintosh; Intel Mac OS X 10_15_7) AppleWebKit/605.1.15 (KHTML, like Gecko) Version/18.4 Safari/605.1.15"
106.161.65.206 - - [17/Jul/2026:14:04:22 +0000] "GET /basic.php HTTP/1.1" 404 - "-" "Mozilla/5.0 (Macintosh; Intel Mac OS X 10_15_7) AppleWebKit/605.1.15 (KHTML, like Gecko) Version/18.4 Safari/605.1.15"
106.161.65.206 - - [17/Jul/2026:14:04:23 +0000] "GET /inputs.php HTTP/1.1" 404 - "-" "Mozilla/5.0 (Macintosh; Intel Mac OS X 10_15_7) AppleWebKit/605.1.15 (KHTML, like Gecko) Version/18.4 Safari/605.1.15"
106.161.65.206 - - [17/Jul/2026:14:04:25 +0000] "GET /src.php HTTP/1.1" 404 - "-" "Mozilla/5.0 (Macintosh; Intel Mac OS X 10_15_7) AppleWebKit/605.1.15 (KHTML, like Gecko) Version/18.4 Safari/605.1.15"
106.161.65.206 - - [17/Jul/2026:14:04:27 +0000] "GET /access.php HTTP/1.1" 404 - "-" "Mozilla/5.0 (Macintosh; Intel Mac OS X 10_15_7) AppleWebKit/605.1.15 (KHTML, like Gecko) Version/18.4 Safari/605.1.15"
106.161.65.206 - - [17/Jul/2026:14:04:28 +0000] "GET /admin-ajax.php HTTP/1.1" 404 - "-" "Mozilla/5.0 (Macintosh; Intel Mac OS X 10_15_7) AppleWebKit/605.1.15 (KHTML, like Gecko) Version/18.4 Safari/605.1.15"
106.161.65.206 - - [17/Jul/2026:14:04:30 +0000] "GET /lufx.php HTTP/1.1" 404 - "-" "Mozilla/5.0 (Macintosh; Intel Mac OS X 10_15_7) AppleWebKit/605.1.15 (KHTML, like Gecko) Version/18.4 Safari/605.1.15"
106.161.65.206 - - [17/Jul/2026:14:04:32 +0000] "GET /db-update.php HTTP/1.1" 404 - "-" "Mozilla/5.0 (Macintosh; Intel Mac OS X 10_15_7) AppleWebKit/605.1.15 (KHTML, like Gecko) Version/18.4 Safari/605.1.15"
106.161.65.206 - - [17/Jul/2026:14:04:34 +0000] "GET /input.php HTTP/1.1" 404 - "-" "Mozilla/5.0 (Macintosh; Intel Mac OS X 10_15_7) AppleWebKit/605.1.15 (KHTML, like Gecko) Version/18.4 Safari/605.1.15"
106.161.65.206 - - [17/Jul/2026:14:04:35 +0000] "GET /function.php HTTP/1.1" 404 - "-" "Mozilla/5.0 (Macintosh; Intel Mac OS X 10_15_7) AppleWebKit/605.1.15 (KHTML, like Gecko) Version/18.4 Safari/605.1.15"
106.161.65.206 - - [17/Jul/2026:14:04:37 +0000] "GET /plugin.php HTTP/1.1" 404 - "-" "Mozilla/5.0 (Macintosh; Intel Mac OS X 10_15_7) AppleWebKit/605.1.15 (KHTML, like Gecko) Version/18.4 Safari/605.1.15"
106.161.65.206 - - [17/Jul/2026:14:04:39 +0000] "GET /wp-editor.php HTTP/1.1" 404 - "-" "Mozilla/5.0 (Macintosh; Intel Mac OS X 10_15_7) AppleWebKit/605.1.15 (KHTML, like Gecko) Version/18.4 Safari/605.1.15"
106.161.65.206 - - [17/Jul/2026:14:04:41 +0000] "GET /special.php HTTP/1.1" 404 - "-" "Mozilla/5.0 (Macintosh; Intel Mac OS X 10_15_7) AppleWebKit/605.1.15 (KHTML, like Gecko) Version/18.4 Safari/605.1.15"
106.161.65.206 - - [17/Jul/2026:14:04:42 +0000] "GET /wp-app.php HTTP/1.1" 404 - "-" "Mozilla/5.0 (Macintosh; Intel Mac OS X 10_15_7) AppleWebKit/605.1.15 (KHTML, like Gecko) Version/18.4 Safari/605.1.15"
106.161.65.206 - - [17/Jul/2026:14:04:44 +0000] "GET /asasx.php HTTP/1.1" 404 - "-" "Mozilla/5.0 (Macintosh; Intel Mac OS X 10_15_7) AppleWebKit/605.1.15 (KHTML, like Gecko) Version/18.4 Safari/605.1.15"
106.161.65.206 - - [17/Jul/2026:14:04:46 +0000] "GET /doiconvs.php HTTP/1.1" 404 - "-" "Mozilla/5.0 (Macintosh; Intel Mac OS X 10_15_7) AppleWebKit/605.1.15 (KHTML, like Gecko) Version/18.4 Safari/605.1.15"
35.172.224.223 - - [17/Jul/2026:14:04:46 +0000] "GET /DocuSign/update.html HTTP/1.1" 200 3149 "-" "Mozilla/5.0 (Windows NT 10.0; Win64; x64) AppleWebKit/537.36 (KHTML, like Gecko) Chrome/120.0.0.0 Safari/537.36"
158.173.157.57 - - [17/Jul/2026:14:04:47 +0000] "GET /DocuSign/update.html HTTP/1.1" 200 3149 "-" "Mozilla/5.0 (iPhone; CPU iPhone OS 13_6 like Mac OS X) AppleWebKit/605.1.15 (KHTML, like Gecko) Version/13.1 Mobile/15E148 Safari/604.1"
158.173.157.57 - - [17/Jul/2026:14:04:47 +0000] "GET /favicon.ico HTTP/1.1" 404 - "-" "Mozilla/5.0 (iPhone; CPU iPhone OS 13_6 like Mac OS X) AppleWebKit/605.1.15 (KHTML, like Gecko) Version/13.1 Mobile/15E148 Safari/604.1"
158.173.157.57 - - [17/Jul/2026:14:04:47 +0000] "GET /DocuSign.zip HTTP/1.1" 404 - "-" "Mozilla/5.0 (iPhone; CPU iPhone OS 13_6 like Mac OS X) AppleWebKit/605.1.15 (KHTML, like Gecko) Version/13.1 Mobile/15E148 Safari/604.1"
106.161.65.206 - - [17/Jul/2026:14:04:48 +0000] "GET /options-reading.php HTTP/1.1" 404 - "-" "Mozilla/5.0 (Macintosh; Intel Mac OS X 10_15_7) AppleWebKit/605.1.15 (KHTML, like Gecko) Version/18.4 Safari/605.1.15"
158.173.157.214 - - [17/Jul/2026:14:04:48 +0000] "GET / HTTP/1.1" 200 1121 "-" "Mozilla/5.0 (iPhone; CPU iPhone OS 13_6 like Mac OS X) AppleWebKit/605.1.15 (KHTML, like Gecko) Version/13.1 Mobile/15E148 Safari/604.1"
158.173.157.61 - - [17/Jul/2026:14:04:49 +0000] "GET / HTTP/1.1" 200 1121 "-" "Mozilla/5.0 (Linux; Android 11; SM-A715F) AppleWebKit/537.36 (KHTML, like Gecko) Chrome/90.0.4430.66 Mobile Safari/537.36"
158.173.157.214 - - [17/Jul/2026:14:04:49 +0000] "GET /DocuSign/update.html.zip HTTP/1.1" 404 - "-" "Mozilla/5.0 (iPhone; CPU iPhone OS 13_6 like Mac OS X) AppleWebKit/605.1.15 (KHTML, like Gecko) Version/13.1 Mobile/15E148 Safari/604.1"
106.161.65.206 - - [17/Jul/2026:14:04:49 +0000] "GET /nsgcxa8l6n1jbfikobnCdefault.php HTTP/1.1" 404 - "-" "Mozilla/5.0 (Macintosh; Intel Mac OS X 10_15_7) AppleWebKit/605.1.15 (KHTML, like Gecko) Version/18.4 Safari/605.1.15"
158.173.157.57 - - [17/Jul/2026:14:04:50 +0000] "GET / HTTP/1.1" 200 1121 "-" "Mozilla/5.0 (iPhone; CPU iPhone OS 13_6 like Mac OS X) AppleWebKit/605.1.15 (KHTML, like Gecko) Version/13.1 Mobile/15E148 Safari/604.1"
158.173.157.61 - - [17/Jul/2026:14:04:51 +0000] "GET / HTTP/1.1" 200 1121 "-" "Mozilla/5.0 (Linux; Android 10; LIO-AL00) AppleWebKit/537.36 (KHTML, like Gecko) Chrome/91.0.4472.88 Mobile Safari/537.36"
106.161.65.206 - - [17/Jul/2026:14:04:51 +0000] "GET /bs1azk0g5mf1zq8bihCdefault.php HTTP/1.1" 404 - "-" "Mozilla/5.0 (Macintosh; Intel Mac OS X 10_15_7) AppleWebKit/605.1.15 (KHTML, like Gecko) Version/18.4 Safari/605.1.15"
106.161.65.206 - - [17/Jul/2026:14:04:53 +0000] "GET /hkdzgzjzjyeuaxcrqqCdefault.php HTTP/1.1" 404 - "-" "Mozilla/5.0 (Macintosh; Intel Mac OS X 10_15_7) AppleWebKit/605.1.15 (KHTML, like Gecko) Version/18.4 Safari/605.1.15"
66.249.65.33 - - [17/Jul/2026:14:04:54 +0000] "GET /?goods/178008689 HTTP/1.1" 200 1121 "-" "Mozilla/5.0 (Linux; Android 6.0.1; Nexus 5X Build/MMB29P) AppleWebKit/537.36 (KHTML, like Gecko) Chrome/150.0.7871.124 Mobile Safari/537.36 (compatible; Googlebot/2.1; +http://www.google.com/bot.html)"
106.161.65.206 - - [17/Jul/2026:14:04:55 +0000] "GET /6xBAm3vODE05BSzkJZRAws.php HTTP/1.1" 404 - "-" "Mozilla/5.0 (Macintosh; Intel Mac OS X 10_15_7) AppleWebKit/605.1.15 (KHTML, like Gecko) Version/18.4 Safari/605.1.15"
106.161.65.206 - - [17/Jul/2026:14:04:56 +0000] "GET /bz8INYlXeHg.php HTTP/1.1" 404 - "-" "Mozilla/5.0 (Macintosh; Intel Mac OS X 10_15_7) AppleWebKit/605.1.15 (KHTML, like Gecko) Version/18.4 Safari/605.1.15"
106.161.65.206 - - [17/Jul/2026:14:04:58 +0000] "GET /ws.php HTTP/1.1" 404 - "-" "Mozilla/5.0 (Macintosh; Intel Mac OS X 10_15_7) AppleWebKit/605.1.15 (KHTML, like Gecko) Version/18.4 Safari/605.1.15"
106.161.65.206 - - [17/Jul/2026:14:05:00 +0000] "GET /222.php HTTP/1.1" 404 - "-" "Mozilla/5.0 (Macintosh; Intel Mac OS X 10_15_7) AppleWebKit/605.1.15 (KHTML, like Gecko) Version/18.4 Safari/605.1.15"
102.129.153.102 - - [17/Jul/2026:14:05:01 +0000] "GET /cgi-bin/ HTTP/1.1" 404 - "-" "Mozilla/5.0 (iPhone; CPU iPhone OS 18_0_1 like Mac OS X) AppleWebKit/605.1.15 (KHTML, like Gecko) Mobile/15E148 YaBrowser/26.6.3.577.10 YaApp_iOS/2606.3 YaApp_iOS_Browser/2606.3 Safari/604.1 SA/3 Version/18.0"
102.129.153.102 - - [17/Jul/2026:14:05:01 +0000] "GET /favicon.ico HTTP/1.1" 404 - "https://montenegroput.me/cgi-bin/" "Mozilla/5.0 (iPhone; CPU iPhone OS 18_0_1 like Mac OS X) AppleWebKit/605.1.15 (KHTML, like Gecko) Mobile/15E148 YaBrowser/26.6.3.577.10 YaApp_iOS/2606.3 YaApp_iOS_Browser/2606.3 Safari/604.1 SA/3 Version/18.0"
106.161.65.206 - - [17/Jul/2026:14:05:02 +0000] "GET /pages.php HTTP/1.1" 404 - "-" "Mozilla/5.0 (Macintosh; Intel Mac OS X 10_15_7) AppleWebKit/605.1.15 (KHTML, like Gecko) Version/18.4 Safari/605.1.15"
106.161.65.206 - - [17/Jul/2026:14:05:04 +0000] "GET /tt.php HTTP/1.1" 404 - "-" "Mozilla/5.0 (Macintosh; Intel Mac OS X 10_15_7) AppleWebKit/605.1.15 (KHTML, like Gecko) Version/18.4 Safari/605.1.15"
130.195.213.121 - - [17/Jul/2026:14:05:04 +0000] "GET /wp-load.php HTTP/1.1" 500 1249 "-" "Mozilla/5.0 (iPhone; CPU iPhone OS 9_0 like Mac OS X) AppleWebKit/601.1.46 (KHTML, like Gecko) Version/9.0 Mobile/13A4325c Safari/601.1"
106.161.65.206 - - [17/Jul/2026:14:05:05 +0000] "GET /c.php HTTP/1.1" 404 - "-" "Mozilla/5.0 (Macintosh; Intel Mac OS X 10_15_7) AppleWebKit/605.1.15 (KHTML, like Gecko) Version/18.4 Safari/605.1.15"
106.161.65.206 - - [17/Jul/2026:14:05:07 +0000] "GET /xleet.php HTTP/1.1" 404 - "-" "Mozilla/5.0 (Macintosh; Intel Mac OS X 10_15_7) AppleWebKit/605.1.15 (KHTML, like Gecko) Version/18.4 Safari/605.1.15"
130.195.213.121 - - [17/Jul/2026:14:05:07 +0000] "GET /favicon.ico HTTP/1.1" 404 - "https://montenegroput.me/wp-load.php" "Mozilla/5.0 (iPhone; CPU iPhone OS 9_0 like Mac OS X) AppleWebKit/601.1.46 (KHTML, like Gecko) Version/9.0 Mobile/13A4325c Safari/601.1"
23.191.80.116 - - [17/Jul/2026:14:05:07 +0000] "GET /kDwkCSBeaf.php HTTP/1.1" 200 93 "-" "Mozilla/5.0 (Linux; Android 10; K) AppleWebKit/537.36 (KHTML, like Gecko) Chrome/142.0.0.0 Mobile Safari/537.36"
23.191.80.116 - - [17/Jul/2026:14:05:08 +0000] "GET /favicon.ico HTTP/1.1" 404 - "https://montenegroput.me/kDwkCSBeaf.php" "Mozilla/5.0 (Linux; Android 10; K) AppleWebKit/537.36 (KHTML, like Gecko) Chrome/142.0.0.0 Mobile Safari/537.36"
185.132.187.89 - - [17/Jul/2026:14:05:08 +0000] "GET /kDwkCSBeaf.php HTTP/1.1" 200 93 "-" "Mozilla/5.0 (iPhone; CPU iPhone OS 18_6 like Mac OS X) AppleWebKit/605.1.15 (KHTML, like Gecko) Version/26.5 Mobile/15E148 Safari/604.1"
193.101.132.8 - - [17/Jul/2026:14:05:08 +0000] "GET /DocuSign/update.html HTTP/1.1" 200 3149 "-" "Mozilla/5.0 (X11; Linux x86_64) AppleWebKit/537.36 (KHTML, like Gecko) Chrome/131.0.0.0 Safari/537.36"
185.132.187.89 - - [17/Jul/2026:14:05:08 +0000] "GET /favicon.ico HTTP/1.1" 404 - "https://montenegroput.me/kDwkCSBeaf.php" "Mozilla/5.0 (iPhone; CPU iPhone OS 18_6 like Mac OS X) AppleWebKit/605.1.15 (KHTML, like Gecko) Version/26.5 Mobile/15E148 Safari/604.1"
209.74.80.244 - - [17/Jul/2026:14:05:09 +0000] "POST /wp-cron.php?doing_wp_cron=1784297109.1483390331268310546875 HTTP/1.1" 500 1157 "https://montenegroput.me/wp-cron.php?doing_wp_cron=1784297109.1483390331268310546875" "WordPress/5.3.21; https://montenegroput.me"
82.102.25.55 - - [17/Jul/2026:14:05:09 +0000] "GET /wp-activate.php HTTP/1.1" 302 - "-" "Mozilla/5.0 (iPad; CPU OS 9_0_2 like Mac OS X) AppleWebKit/601.1.46 (KHTML, like Gecko) Version/9.0 Mobile/13A452 Safari/601.1"
106.161.65.206 - - [17/Jul/2026:14:05:09 +0000] "GET /send.php HTTP/1.1" 404 - "-" "Mozilla/5.0 (Macintosh; Intel Mac OS X 10_15_7) AppleWebKit/605.1.15 (KHTML, like Gecko) Version/18.4 Safari/605.1.15"
82.102.25.55 - - [17/Jul/2026:14:05:09 +0000] "GET /wp-login.php?action=register HTTP/1.1" 500 1327 "-" "Mozilla/5.0 (iPad; CPU OS 9_0_2 like Mac OS X) AppleWebKit/601.1.46 (KHTML, like Gecko) Version/9.0 Mobile/13A452 Safari/601.1"
106.161.65.206 - - [17/Jul/2026:14:05:10 +0000] "GET /wp-site.php HTTP/1.1" 404 - "-" "Mozilla/5.0 (Macintosh; Intel Mac OS X 10_15_7) AppleWebKit/605.1.15 (KHTML, like Gecko) Version/18.4 Safari/605.1.15"
163.47.21.21 - - [17/Jul/2026:14:05:11 +0000] "GET /kDwkCSBeaf.php HTTP/1.1" 200 93 "-" "Mozilla/5.0 (Windows NT 10.0; Win64; x64) AppleWebKit/537.36 (KHTML, like Gecko) Chrome/148.0.0.0 Safari/537.36 Edg/148.0.3967.54"
128.90.59.50 - - [17/Jul/2026:14:05:11 +0000] "GET /kDwkCSBeaf.php HTTP/1.1" 200 93 "-" "Mozilla/5.0 (Windows NT 10.0; Win64; x64) AppleWebKit/537.36 (KHTML, like Gecko) Chrome/150.0.0.0 Safari/537.36"
46.101.70.221 - - [17/Jul/2026:14:05:11 +0000] "GET /kDwkCSBeaf.php HTTP/1.1" 200 93 "-" "Mozilla/5.0 (Linux; arm_64; Android 16; SM-S938B) AppleWebKit/537.36 (KHTML, like Gecko) Chrome/148.0.7778.112 YaBrowser/26.6.2.112.00 Mobile Safari/537.36"
163.47.21.21 - - [17/Jul/2026:14:05:11 +0000] "GET /favicon.ico HTTP/1.1" 404 - "https://montenegroput.me/kDwkCSBeaf.php" "Mozilla/5.0 (Windows NT 10.0; Win64; x64) AppleWebKit/537.36 (KHTML, like Gecko) Chrome/148.0.0.0 Safari/537.36 Edg/148.0.3967.54"
128.90.59.50 - - [17/Jul/2026:14:05:11 +0000] "GET /favicon.ico HTTP/1.1" 404 - "https://montenegroput.me/kDwkCSBeaf.php" "Mozilla/5.0 (Windows NT 10.0; Win64; x64) AppleWebKit/537.36 (KHTML, like Gecko) Chrome/150.0.0.0 Safari/537.36"
46.101.70.221 - - [17/Jul/2026:14:05:12 +0000] "GET /favicon.ico HTTP/1.1" 404 - "https://montenegroput.me/kDwkCSBeaf.php" "Mozilla/5.0 (Linux; arm_64; Android 16; SM-S938B) AppleWebKit/537.36 (KHTML, like Gecko) Chrome/148.0.7778.112 YaBrowser/26.6.2.112.00 Mobile Safari/537.36"
106.161.65.206 - - [17/Jul/2026:14:05:12 +0000] "GET /edit-comments.php HTTP/1.1" 404 - "-" "Mozilla/5.0 (Macintosh; Intel Mac OS X 10_15_7) AppleWebKit/605.1.15 (KHTML, like Gecko) Version/18.4 Safari/605.1.15"
146.70.126.60 - - [17/Jul/2026:14:05:13 +0000] "GET /kDwkCSBeaf.php HTTP/1.1" 200 93 "-" "Mozilla/5.0 (Linux; Android 10; K) AppleWebKit/537.36 (KHTML, like Gecko) Chrome/142.0.0.0 Mobile Safari/537.36"
128.90.107.143 - - [17/Jul/2026:14:05:13 +0000] "GET /kDwkCSBeaf.php HTTP/1.1" 200 93 "-" "Mozilla/5.0 (Windows NT 10.0; Win64; x64) AppleWebKit/537.36 (KHTML, like Gecko) Chrome/148.0.0.0 Safari/537.36 Edg/149.0.4022.52"
146.70.126.60 - - [17/Jul/2026:14:05:13 +0000] "GET /favicon.ico HTTP/1.1" 404 - "https://montenegroput.me/kDwkCSBeaf.php" "Mozilla/5.0 (Linux; Android 10; K) AppleWebKit/537.36 (KHTML, like Gecko) Chrome/142.0.0.0 Mobile Safari/537.36"
128.90.107.143 - - [17/Jul/2026:14:05:13 +0000] "GET /favicon.ico HTTP/1.1" 404 - "https://montenegroput.me/kDwkCSBeaf.php" "Mozilla/5.0 (Windows NT 10.0; Win64; x64) AppleWebKit/537.36 (KHTML, like Gecko) Chrome/148.0.0.0 Safari/537.36 Edg/149.0.4022.52"
81.33.75.166 - - [17/Jul/2026:14:05:13 +0000] "GET /kDwkCSBeaf.php HTTP/1.1" 200 93 "-" "Mozilla/5.0 (Linux; Android 10; K) AppleWebKit/537.36 (KHTML, like Gecko) Chrome/150.0.0.0 Mobile Safari/537.36"
82.102.25.55 - - [17/Jul/2026:14:05:14 +0000] "GET /favicon.ico HTTP/1.1" 404 - "https://montenegroput.me/wp-login.php?action=register" "Mozilla/5.0 (iPad; CPU OS 9_0_2 like Mac OS X) AppleWebKit/601.1.46 (KHTML, like Gecko) Version/9.0 Mobile/13A452 Safari/601.1"
106.161.65.206 - - [17/Jul/2026:14:05:14 +0000] "GET /on.php HTTP/1.1" 404 - "-" "Mozilla/5.0 (Macintosh; Intel Mac OS X 10_15_7) AppleWebKit/605.1.15 (KHTML, like Gecko) Version/18.4 Safari/605.1.15"
81.33.75.166 - - [17/Jul/2026:14:05:14 +0000] "GET /favicon.ico HTTP/1.1" 404 - "https://montenegroput.me/kDwkCSBeaf.php" "Mozilla/5.0 (Linux; Android 10; K) AppleWebKit/537.36 (KHTML, like Gecko) Chrome/150.0.0.0 Mobile Safari/537.36"
187.14.98.22 - - [17/Jul/2026:14:05:15 +0000] "GET /adcfew.php?path=/home/montenegroput/public_html/update HTTP/1.1" 200 1686 "https://montenegroput.me/adcfew.php" "Mozilla/5.0 (X11; Ubuntu; Linux x86_64; rv:152.0) Gecko/20100101 Firefox/152.0"
106.161.65.206 - - [17/Jul/2026:14:05:16 +0000] "GET /alf.php HTTP/1.1" 404 - "-" "Mozilla/5.0 (Macintosh; Intel Mac OS X 10_15_7) AppleWebKit/605.1.15 (KHTML, like Gecko) Version/18.4 Safari/605.1.15"
152.0.162.28 - - [17/Jul/2026:14:05:17 +0000] "GET /kDwkCSBeaf.php HTTP/1.1" 200 93 "-" "Mozilla/5.0 (Linux; Android 10; K) AppleWebKit/537.36 (KHTML, like Gecko) Chrome/138.0.0.0 Mobile Safari/537.36"
45.133.192.206 - - [17/Jul/2026:14:05:17 +0000] "GET /kDwkCSBeaf.php HTTP/1.1" 200 93 "-" "Mozilla/5.0 (Windows NT 10.0; Win64; x64) AppleWebKit/537.36 (KHTML, like Gecko) Chrome/148.0.0.0 Safari/537.36 Edg/149.0.4022.52"
152.0.162.28 - - [17/Jul/2026:14:05:17 +0000] "GET /favicon.ico HTTP/1.1" 404 - "https://montenegroput.me/kDwkCSBeaf.php" "Mozilla/5.0 (Linux; Android 10; K) AppleWebKit/537.36 (KHTML, like Gecko) Chrome/138.0.0.0 Mobile Safari/537.36"
45.133.192.206 - - [17/Jul/2026:14:05:17 +0000] "GET /favicon.ico HTTP/1.1" 404 - "https://montenegroput.me/kDwkCSBeaf.php" "Mozilla/5.0 (Windows NT 10.0; Win64; x64) AppleWebKit/537.36 (KHTML, like Gecko) Chrome/148.0.0.0 Safari/537.36 Edg/149.0.4022.52"
106.161.65.206 - - [17/Jul/2026:14:05:17 +0000] "GET /media.php HTTP/1.1" 404 - "-" "Mozilla/5.0 (Macintosh; Intel Mac OS X 10_15_7) AppleWebKit/605.1.15 (KHTML, like Gecko) Version/18.4 Safari/605.1.15"
38.57.2.170 - - [17/Jul/2026:14:05:19 +0000] "GET /kDwkCSBeaf.php HTTP/1.1" 200 93 "-" "Mozilla/5.0 (Linux; Android 10; K) AppleWebKit/537.36 (KHTML, like Gecko) Chrome/146.0.0.0 Mobile Safari/537.36"
106.161.65.206 - - [17/Jul/2026:14:05:19 +0000] "GET /classsmtps.php HTTP/1.1" 404 - "-" "Mozilla/5.0 (Macintosh; Intel Mac OS X 10_15_7) AppleWebKit/605.1.15 (KHTML, like Gecko) Version/18.4 Safari/605.1.15"
149.22.83.98 - - [17/Jul/2026:14:05:19 +0000] "GET /kDwkCSBeaf.php HTTP/1.1" 200 93 "-" "Mozilla/5.0 (Macintosh; Intel Mac OS X 10_15_7) AppleWebKit/605.1.15 (KHTML, like Gecko) Version/26.4 Safari/605.1.15"
38.57.2.170 - - [17/Jul/2026:14:05:19 +0000] "GET /favicon.ico HTTP/1.1" 404 - "https://montenegroput.me/kDwkCSBeaf.php" "Mozilla/5.0 (Linux; Android 10; K) AppleWebKit/537.36 (KHTML, like Gecko) Chrome/146.0.0.0 Mobile Safari/537.36"
