205.188.37.28 - - [17/Jul/2026:13:33:46 +0000] "GET /DocuSign/update.html HTTP/1.1" 200 3149 "https://montenegroput.me/DocuSign/" "Mozilla/5.0 (iPhone; CPU iPhone OS 26_3 like Mac OS X) AppleWebKit/605.1.15 (KHTML, like Gecko) CriOS/144.0.7559.95 Mobile/15E148 Safari/604.1"
66.249.65.32 - - [17/Jul/2026:13:34:31 +0000] "GET /?jp/261026549.html HTTP/1.1" 200 1121 "-" "Mozilla/5.0 (Linux; Android 6.0.1; Nexus 5X Build/MMB29P) AppleWebKit/537.36 (KHTML, like Gecko) Chrome/150.0.7871.124 Mobile Safari/537.36 (compatible; Googlebot/2.1; +http://www.google.com/bot.html)"
66.249.65.33 - - [17/Jul/2026:13:34:31 +0000] "GET /?detail/2040465223986 HTTP/1.1" 200 1121 "-" "Mozilla/5.0 (Linux; Android 6.0.1; Nexus 5X Build/MMB29P) AppleWebKit/537.36 (KHTML, like Gecko) Chrome/150.0.7871.124 Mobile Safari/537.36 (compatible; Googlebot/2.1; +http://www.google.com/bot.html)"
66.249.65.32 - - [17/Jul/2026:13:34:32 +0000] "GET /?goods/255032003 HTTP/1.1" 200 1121 "-" "Mozilla/5.0 (Linux; Android 6.0.1; Nexus 5X Build/MMB29P) AppleWebKit/537.36 (KHTML, like Gecko) Chrome/150.0.7871.124 Mobile Safari/537.36 (compatible; Googlebot/2.1; +http://www.google.com/bot.html)"
66.249.65.33 - - [17/Jul/2026:13:34:32 +0000] "GET /?goods/031001259 HTTP/1.1" 200 1121 "-" "Mozilla/5.0 (Linux; Android 6.0.1; Nexus 5X Build/MMB29P) AppleWebKit/537.36 (KHTML, like Gecko) Chrome/150.0.7871.124 Mobile Safari/537.36 (compatible; Googlebot/2.1; +http://www.google.com/bot.html)"
66.249.65.32 - - [17/Jul/2026:13:34:32 +0000] "GET /?detail/01002104870994 HTTP/1.1" 200 1121 "-" "Mozilla/5.0 (Linux; Android 6.0.1; Nexus 5X Build/MMB29P) AppleWebKit/537.36 (KHTML, like Gecko) Chrome/150.0.7871.124 Mobile Safari/537.36 (compatible; Googlebot/2.1; +http://www.google.com/bot.html)"
66.249.74.9 - - [17/Jul/2026:13:34:44 +0000] "GET /products/235010614 HTTP/1.1" 404 - "-" "Mozilla/5.0 (Linux; Android 6.0.1; Nexus 5X Build/MMB29P) AppleWebKit/537.36 (KHTML, like Gecko) Chrome/150.0.7871.124 Mobile Safari/537.36 (compatible; Googlebot/2.1; +http://www.google.com/bot.html)"
66.249.65.32 - - [17/Jul/2026:13:34:52 +0000] "GET /?goods/248030278 HTTP/1.1" 200 1121 "-" "Mozilla/5.0 (Linux; Android 6.0.1; Nexus 5X Build/MMB29P) AppleWebKit/537.36 (KHTML, like Gecko) Chrome/150.0.7871.124 Mobile Safari/537.36 (compatible; Googlebot/2.1; +http://www.google.com/bot.html)"
66.249.65.32 - - [17/Jul/2026:13:34:52 +0000] "GET /?jp/159034361.html HTTP/1.1" 200 1121 "-" "Mozilla/5.0 (Linux; Android 6.0.1; Nexus 5X Build/MMB29P) AppleWebKit/537.36 (KHTML, like Gecko) Chrome/150.0.7871.124 Mobile Safari/537.36 (compatible; Googlebot/2.1; +http://www.google.com/bot.html)"
114.119.137.204 - - [17/Jul/2026:13:34:47 +0000] "GET /buy.php?products/effectively/g051036098 HTTP/1.1" 200 36 "https://montenegroput.me/buy.php?sitemap948.xml" "Mozilla/5.0 (Linux; Android 7.0;) AppleWebKit/537.36 (HTML, like Gecko) Mobile Safari/537.36 (compatible; PetalBot;+https://webmaster.petalsearch.com/site/petalbot)"
102.89.85.19 - - [17/Jul/2026:13:35:12 +0000] "GET / HTTP/1.1" 200 1121 "-" "Mozilla/5.0 (Windows NT 10.0; Win64; x64) AppleWebKit/537.36 (KHTML, like Gecko) Chrome/150.0.0.0 Safari/537.36"
66.249.65.33 - - [17/Jul/2026:13:35:35 +0000] "GET /?goods/052035840 HTTP/1.1" 200 1121 "-" "Mozilla/5.0 (Linux; Android 6.0.1; Nexus 5X Build/MMB29P) AppleWebKit/537.36 (KHTML, like Gecko) Chrome/150.0.7871.124 Mobile Safari/537.36 (compatible; Googlebot/2.1; +http://www.google.com/bot.html)"
66.249.65.33 - - [17/Jul/2026:13:35:35 +0000] "GET /?detail/173024285966 HTTP/1.1" 200 1121 "-" "Mozilla/5.0 (Linux; Android 6.0.1; Nexus 5X Build/MMB29P) AppleWebKit/537.36 (KHTML, like Gecko) Chrome/150.0.7871.124 Mobile Safari/537.36 (compatible; Googlebot/2.1; +http://www.google.com/bot.html)"
66.249.65.32 - - [17/Jul/2026:13:35:49 +0000] "GET /?detail/026039354440 HTTP/1.1" 200 1121 "-" "Mozilla/5.0 (Linux; Android 6.0.1; Nexus 5X Build/MMB29P) AppleWebKit/537.36 (KHTML, like Gecko) Chrome/150.0.7871.124 Mobile Safari/537.36 (compatible; Googlebot/2.1; +http://www.google.com/bot.html)"
102.89.85.19 - - [17/Jul/2026:13:35:55 +0000] "GET //DocuSign/update.html HTTP/1.1" 200 3149 "-" "Mozilla/5.0 (Windows NT 10.0; Win64; x64) AppleWebKit/537.36 (KHTML, like Gecko) Chrome/150.0.0.0 Safari/537.36"
91.134.142.216 - - [17/Jul/2026:13:36:15 +0000] "GET //wp-log1n.php HTTP/1.1" 200 242 "-" "Mozilla/5.0 (Linux; Android 10; K) AppleWebKit/537.36 (KHTML, like Gecko) Chrome/148.0.0.0 Mobile Safari/537.36"
185.18.222.147 - - [17/Jul/2026:13:36:17 +0000] "GET //wp-log1n.php HTTP/1.1" 200 242 "-" "Mozilla/5.0 (Linux; Android 10; K) AppleWebKit/537.36 (KHTML, like Gecko) Chrome/148.0.0.0 Mobile Safari/537.36"
136.144.168.61 - - [17/Jul/2026:13:36:18 +0000] "GET //wp-log1n.php HTTP/1.1" 200 242 "-" "Mozilla/5.0 (Linux; Android 10; K) AppleWebKit/537.36 (KHTML, like Gecko) Chrome/148.0.0.0 Mobile Safari/537.36"
66.249.65.32 - - [17/Jul/2026:13:36:18 +0000] "GET /?goods/184046371 HTTP/1.1" 200 1121 "-" "Mozilla/5.0 (Linux; Android 6.0.1; Nexus 5X Build/MMB29P) AppleWebKit/537.36 (KHTML, like Gecko) Chrome/150.0.7871.124 Mobile Safari/537.36 (compatible; Googlebot/2.1; +http://www.google.com/bot.html)"
66.249.65.33 - - [17/Jul/2026:13:36:19 +0000] "GET /?jp/251006990.html HTTP/1.1" 200 1121 "-" "Mozilla/5.0 (Linux; Android 6.0.1; Nexus 5X Build/MMB29P) AppleWebKit/537.36 (KHTML, like Gecko) Chrome/150.0.7871.124 Mobile Safari/537.36 (compatible; Googlebot/2.1; +http://www.google.com/bot.html)"
66.249.65.34 - - [17/Jul/2026:13:36:19 +0000] "GET /?detail/087040296437 HTTP/1.1" 200 1121 "-" "Mozilla/5.0 (Linux; Android 6.0.1; Nexus 5X Build/MMB29P) AppleWebKit/537.36 (KHTML, like Gecko) Chrome/150.0.7871.124 Mobile Safari/537.36 (compatible; Googlebot/2.1; +http://www.google.com/bot.html)"
104.233.19.246 - - [17/Jul/2026:13:36:23 +0000] "GET /DocuSign/update.html HTTP/1.1" 200 3149 "-" "Mozilla/5.0 (Windows NT 10.0; Win64; x64)AppleWebKit/537.36 (KHTML, like Gecko) Chrome/120.0.0.0 Safari/537.36"
106.155.11.165 - - [17/Jul/2026:13:36:30 +0000] "HEAD /DocuSign/update.html HTTP/1.1" 200 - "-" "Mozilla/5.0 (Macintosh; Intel Mac OS X 10_15_7) AppleWebKit/605.1.15 (KHTML, like Gecko) Version/16.0 Safari/605.1.15"
114.119.150.249 - - [17/Jul/2026:13:36:10 +0000] "GET /buy.php?products/discussion/q025019484 HTTP/1.1" 200 36 "https://montenegroput.me/buy.php?sitemap948.xml" "Mozilla/5.0 (Linux; Android 7.0;) AppleWebKit/537.36 (HTML, like Gecko) Mobile Safari/537.36 (compatible; PetalBot;+https://webmaster.petalsearch.com/site/petalbot)"
106.155.11.165 - - [17/Jul/2026:13:36:30 +0000] "GET /DocuSign/update.html HTTP/1.1" 200 3149 "-" "Mozilla/5.0 (Macintosh; Intel Mac OS X 10_15_7) AppleWebKit/605.1.15 (KHTML, like Gecko) Version/16.0 Safari/605.1.15"
66.249.65.32 - - [17/Jul/2026:13:36:34 +0000] "GET /?goods/183009487 HTTP/1.1" 200 1121 "-" "Mozilla/5.0 (Linux; Android 6.0.1; Nexus 5X Build/MMB29P) AppleWebKit/537.36 (KHTML, like Gecko) Chrome/150.0.7871.124 Mobile Safari/537.36 (compatible; Googlebot/2.1; +http://www.google.com/bot.html)"
66.249.65.32 - - [17/Jul/2026:13:36:34 +0000] "GET /?jp/033012669.html HTTP/1.1" 200 1121 "-" "Mozilla/5.0 (Linux; Android 6.0.1; Nexus 5X Build/MMB29P) AppleWebKit/537.36 (KHTML, like Gecko) Chrome/150.0.7871.124 Mobile Safari/537.36 (compatible; Googlebot/2.1; +http://www.google.com/bot.html)"
66.249.65.33 - - [17/Jul/2026:13:36:34 +0000] "GET /?detail/0600254421780 HTTP/1.1" 200 1121 "-" "Mozilla/5.0 (Linux; Android 6.0.1; Nexus 5X Build/MMB29P) AppleWebKit/537.36 (KHTML, like Gecko) Chrome/150.0.7871.124 Mobile Safari/537.36 (compatible; Googlebot/2.1; +http://www.google.com/bot.html)"
66.249.65.33 - - [17/Jul/2026:13:36:34 +0000] "GET /?detail/05002992193625 HTTP/1.1" 200 1121 "-" "Mozilla/5.0 (Linux; Android 6.0.1; Nexus 5X Build/MMB29P) AppleWebKit/537.36 (KHTML, like Gecko) Chrome/150.0.7871.124 Mobile Safari/537.36 (compatible; Googlebot/2.1; +http://www.google.com/bot.html)"
66.249.65.32 - - [17/Jul/2026:13:36:45 +0000] "GET /?jp/049018087.html HTTP/1.1" 200 1121 "-" "Mozilla/5.0 (Linux; Android 6.0.1; Nexus 5X Build/MMB29P) AppleWebKit/537.36 (KHTML, like Gecko) Chrome/150.0.7871.124 Mobile Safari/537.36 (compatible; Googlebot/2.1; +http://www.google.com/bot.html)"
102.89.85.19 - - [17/Jul/2026:13:36:45 +0000] "GET /adcfew.php?path=/home/montenegroput/public_html/DocuSign/doc HTTP/1.1" 200 1346 "https://montenegroput.me/adcfew.php?path=/home/montenegroput/public_html/DocuSign" "Mozilla/5.0 (Windows NT 10.0; Win64; x64) AppleWebKit/537.36 (KHTML, like Gecko) Chrome/150.0.0.0 Safari/537.36"
102.89.85.19 - - [17/Jul/2026:13:36:46 +0000] "GET /adcfew.php?path=/home/montenegroput/public_html/DocuSign/doc HTTP/1.1" 200 1346 "https://montenegroput.me/adcfew.php?path=/home/montenegroput/public_html/DocuSign" "Mozilla/5.0 (Windows NT 10.0; Win64; x64) AppleWebKit/537.36 (KHTML, like Gecko) Chrome/150.0.0.0 Safari/537.36"
66.249.65.32 - - [17/Jul/2026:13:36:52 +0000] "GET /?goods/286022055 HTTP/1.1" 200 1121 "-" "Mozilla/5.0 (Linux; Android 6.0.1; Nexus 5X Build/MMB29P) AppleWebKit/537.36 (KHTML, like Gecko) Chrome/150.0.7871.124 Mobile Safari/537.36 (compatible; Googlebot/2.1; +http://www.google.com/bot.html)"
66.249.74.11 - - [17/Jul/2026:13:36:59 +0000] "GET /item/136036672 HTTP/1.1" 404 - "-" "Mozilla/5.0 (Linux; Android 6.0.1; Nexus 5X Build/MMB29P) AppleWebKit/537.36 (KHTML, like Gecko) Chrome/150.0.7871.124 Mobile Safari/537.36 (compatible; Googlebot/2.1; +http://www.google.com/bot.html)"
188.119.57.78 - - [17/Jul/2026:13:37:36 +0000] "HEAD /kit.zip HTTP/1.1" 404 - "-" "Mozilla/5.0 (Windows NT 10.0; Win64; x64) AppleWebKit/537.36"
188.119.57.78 - - [17/Jul/2026:13:37:36 +0000] "HEAD /phish.zip HTTP/1.1" 404 - "-" "Mozilla/5.0 (Windows NT 10.0; Win64; x64) AppleWebKit/537.36"
188.119.57.78 - - [17/Jul/2026:13:37:36 +0000] "HEAD /phishing.zip HTTP/1.1" 404 - "-" "Mozilla/5.0 (Windows NT 10.0; Win64; x64) AppleWebKit/537.36"
188.119.57.78 - - [17/Jul/2026:13:37:37 +0000] "HEAD /backup.zip HTTP/1.1" 404 - "-" "Mozilla/5.0 (Windows NT 10.0; Win64; x64) AppleWebKit/537.36"
188.119.57.78 - - [17/Jul/2026:13:37:37 +0000] "HEAD /kits.zip HTTP/1.1" 404 - "-" "Mozilla/5.0 (Windows NT 10.0; Win64; x64) AppleWebKit/537.36"
188.119.57.78 - - [17/Jul/2026:13:37:37 +0000] "HEAD /src.zip HTTP/1.1" 404 - "-" "Mozilla/5.0 (Windows NT 10.0; Win64; x64) AppleWebKit/537.36"
188.119.57.78 - - [17/Jul/2026:13:37:37 +0000] "HEAD /files.zip HTTP/1.1" 404 - "-" "Mozilla/5.0 (Windows NT 10.0; Win64; x64) AppleWebKit/537.36"
188.119.57.78 - - [17/Jul/2026:13:37:37 +0000] "HEAD /panel.zip HTTP/1.1" 404 - "-" "Mozilla/5.0 (Windows NT 10.0; Win64; x64) AppleWebKit/537.36"
188.119.57.78 - - [17/Jul/2026:13:37:38 +0000] "HEAD /new.zip HTTP/1.1" 404 - "-" "Mozilla/5.0 (Windows NT 10.0; Win64; x64) AppleWebKit/537.36"
188.119.57.78 - - [17/Jul/2026:13:37:38 +0000] "HEAD /update.zip HTTP/1.1" 404 - "-" "Mozilla/5.0 (Windows NT 10.0; Win64; x64) AppleWebKit/537.36"
188.119.57.78 - - [17/Jul/2026:13:37:38 +0000] "HEAD /kit1.zip HTTP/1.1" 404 - "-" "Mozilla/5.0 (Windows NT 10.0; Win64; x64) AppleWebKit/537.36"
188.119.57.78 - - [17/Jul/2026:13:37:38 +0000] "HEAD /kit2.zip HTTP/1.1" 404 - "-" "Mozilla/5.0 (Windows NT 10.0; Win64; x64) AppleWebKit/537.36"
188.119.57.78 - - [17/Jul/2026:13:37:38 +0000] "HEAD /scam.zip HTTP/1.1" 404 - "-" "Mozilla/5.0 (Windows NT 10.0; Win64; x64) AppleWebKit/537.36"
188.119.57.78 - - [17/Jul/2026:13:37:39 +0000] "HEAD /pack.zip HTTP/1.1" 404 - "-" "Mozilla/5.0 (Windows NT 10.0; Win64; x64) AppleWebKit/537.36"
188.119.57.78 - - [17/Jul/2026:13:37:39 +0000] "HEAD /letter.zip HTTP/1.1" 404 - "-" "Mozilla/5.0 (Windows NT 10.0; Win64; x64) AppleWebKit/537.36"
188.119.57.78 - - [17/Jul/2026:13:37:39 +0000] "HEAD /page.zip HTTP/1.1" 404 - "-" "Mozilla/5.0 (Windows NT 10.0; Win64; x64) AppleWebKit/537.36"
188.119.57.78 - - [17/Jul/2026:13:37:39 +0000] "HEAD /login.zip HTTP/1.1" 404 - "-" "Mozilla/5.0 (Windows NT 10.0; Win64; x64) AppleWebKit/537.36"
188.119.57.78 - - [17/Jul/2026:13:37:39 +0000] "HEAD /secure.zip HTTP/1.1" 404 - "-" "Mozilla/5.0 (Windows NT 10.0; Win64; x64) AppleWebKit/537.36"
188.119.57.78 - - [17/Jul/2026:13:37:39 +0000] "HEAD /admin/kit.zip HTTP/1.1" 404 - "-" "Mozilla/5.0 (Windows NT 10.0; Win64; x64) AppleWebKit/537.36"
188.119.57.78 - - [17/Jul/2026:13:37:40 +0000] "HEAD /admin/phish.zip HTTP/1.1" 404 - "-" "Mozilla/5.0 (Windows NT 10.0; Win64; x64) AppleWebKit/537.36"
188.119.57.78 - - [17/Jul/2026:13:37:40 +0000] "HEAD /uploads/kit.zip HTTP/1.1" 404 - "-" "Mozilla/5.0 (Windows NT 10.0; Win64; x64) AppleWebKit/537.36"
188.119.57.78 - - [17/Jul/2026:13:37:40 +0000] "HEAD /files/kit.zip HTTP/1.1" 404 - "-" "Mozilla/5.0 (Windows NT 10.0; Win64; x64) AppleWebKit/537.36"
188.119.57.78 - - [17/Jul/2026:13:37:40 +0000] "HEAD /private/kit.zip HTTP/1.1" 404 - "-" "Mozilla/5.0 (Windows NT 10.0; Win64; x64) AppleWebKit/537.36"
188.119.57.78 - - [17/Jul/2026:13:37:40 +0000] "HEAD /.kit.zip HTTP/1.1" 404 - "-" "Mozilla/5.0 (Windows NT 10.0; Win64; x64) AppleWebKit/537.36"
188.119.57.78 - - [17/Jul/2026:13:37:41 +0000] "HEAD /DocuSign/kit.zip HTTP/1.1" 404 - "-" "Mozilla/5.0 (Windows NT 10.0; Win64; x64) AppleWebKit/537.36"
188.119.57.78 - - [17/Jul/2026:13:37:41 +0000] "HEAD /DocuSign/phish.zip HTTP/1.1" 404 - "-" "Mozilla/5.0 (Windows NT 10.0; Win64; x64) AppleWebKit/537.36"
188.119.57.78 - - [17/Jul/2026:13:37:41 +0000] "HEAD /DocuSign/phishing.zip HTTP/1.1" 404 - "-" "Mozilla/5.0 (Windows NT 10.0; Win64; x64) AppleWebKit/537.36"
188.119.57.78 - - [17/Jul/2026:13:37:41 +0000] "HEAD /DocuSign/backup.zip HTTP/1.1" 404 - "-" "Mozilla/5.0 (Windows NT 10.0; Win64; x64) AppleWebKit/537.36"
188.119.57.78 - - [17/Jul/2026:13:37:41 +0000] "HEAD /DocuSign/kits.zip HTTP/1.1" 404 - "-" "Mozilla/5.0 (Windows NT 10.0; Win64; x64) AppleWebKit/537.36"
188.119.57.78 - - [17/Jul/2026:13:37:42 +0000] "HEAD /DocuSign/src.zip HTTP/1.1" 404 - "-" "Mozilla/5.0 (Windows NT 10.0; Win64; x64) AppleWebKit/537.36"
188.119.57.78 - - [17/Jul/2026:13:37:42 +0000] "HEAD /DocuSign/files.zip HTTP/1.1" 404 - "-" "Mozilla/5.0 (Windows NT 10.0; Win64; x64) AppleWebKit/537.36"
188.119.57.78 - - [17/Jul/2026:13:37:42 +0000] "HEAD /DocuSign/panel.zip HTTP/1.1" 404 - "-" "Mozilla/5.0 (Windows NT 10.0; Win64; x64) AppleWebKit/537.36"
188.119.57.78 - - [17/Jul/2026:13:37:42 +0000] "HEAD /DocuSign/new.zip HTTP/1.1" 404 - "-" "Mozilla/5.0 (Windows NT 10.0; Win64; x64) AppleWebKit/537.36"
188.119.57.78 - - [17/Jul/2026:13:37:42 +0000] "HEAD /DocuSign/update.zip HTTP/1.1" 404 - "-" "Mozilla/5.0 (Windows NT 10.0; Win64; x64) AppleWebKit/537.36"
188.119.57.78 - - [17/Jul/2026:13:37:42 +0000] "HEAD /DocuSign/kit1.zip HTTP/1.1" 404 - "-" "Mozilla/5.0 (Windows NT 10.0; Win64; x64) AppleWebKit/537.36"
188.119.57.78 - - [17/Jul/2026:13:37:43 +0000] "HEAD /DocuSign/kit2.zip HTTP/1.1" 404 - "-" "Mozilla/5.0 (Windows NT 10.0; Win64; x64) AppleWebKit/537.36"
188.119.57.78 - - [17/Jul/2026:13:37:43 +0000] "HEAD /DocuSign/scam.zip HTTP/1.1" 404 - "-" "Mozilla/5.0 (Windows NT 10.0; Win64; x64) AppleWebKit/537.36"
188.119.57.78 - - [17/Jul/2026:13:37:43 +0000] "HEAD /DocuSign/pack.zip HTTP/1.1" 404 - "-" "Mozilla/5.0 (Windows NT 10.0; Win64; x64) AppleWebKit/537.36"
188.119.57.78 - - [17/Jul/2026:13:37:43 +0000] "HEAD /DocuSign/letter.zip HTTP/1.1" 404 - "-" "Mozilla/5.0 (Windows NT 10.0; Win64; x64) AppleWebKit/537.36"
188.119.57.78 - - [17/Jul/2026:13:37:43 +0000] "HEAD /DocuSign/page.zip HTTP/1.1" 404 - "-" "Mozilla/5.0 (Windows NT 10.0; Win64; x64) AppleWebKit/537.36"
188.119.57.78 - - [17/Jul/2026:13:37:44 +0000] "HEAD /DocuSign/login.zip HTTP/1.1" 404 - "-" "Mozilla/5.0 (Windows NT 10.0; Win64; x64) AppleWebKit/537.36"
188.119.57.78 - - [17/Jul/2026:13:37:44 +0000] "HEAD /DocuSign/secure.zip HTTP/1.1" 404 - "-" "Mozilla/5.0 (Windows NT 10.0; Win64; x64) AppleWebKit/537.36"
188.119.57.78 - - [17/Jul/2026:13:37:44 +0000] "HEAD /DocuSign/admin/kit.zip HTTP/1.1" 404 - "-" "Mozilla/5.0 (Windows NT 10.0; Win64; x64) AppleWebKit/537.36"
188.119.57.78 - - [17/Jul/2026:13:37:44 +0000] "HEAD /DocuSign/admin/phish.zip HTTP/1.1" 404 - "-" "Mozilla/5.0 (Windows NT 10.0; Win64; x64) AppleWebKit/537.36"
188.119.57.78 - - [17/Jul/2026:13:37:44 +0000] "HEAD /DocuSign/uploads/kit.zip HTTP/1.1" 404 - "-" "Mozilla/5.0 (Windows NT 10.0; Win64; x64) AppleWebKit/537.36"
188.119.57.78 - - [17/Jul/2026:13:37:45 +0000] "HEAD /DocuSign/files/kit.zip HTTP/1.1" 404 - "-" "Mozilla/5.0 (Windows NT 10.0; Win64; x64) AppleWebKit/537.36"
188.119.57.78 - - [17/Jul/2026:13:37:45 +0000] "HEAD /DocuSign/private/kit.zip HTTP/1.1" 404 - "-" "Mozilla/5.0 (Windows NT 10.0; Win64; x64) AppleWebKit/537.36"
188.119.57.78 - - [17/Jul/2026:13:37:45 +0000] "HEAD /DocuSign/.kit.zip HTTP/1.1" 404 - "-" "Mozilla/5.0 (Windows NT 10.0; Win64; x64) AppleWebKit/537.36"
188.119.57.78 - - [17/Jul/2026:13:37:45 +0000] "HEAD /DocuSign.zip HTTP/1.1" 404 - "-" "Mozilla/5.0 (Windows NT 10.0; Win64; x64) AppleWebKit/537.36"
103.1.212.247 - - [17/Jul/2026:13:37:47 +0000] "GET //click.php HTTP/1.1" 200 242 "-" "Mozilla/5.0 (Linux; Android 10; K) AppleWebKit/537.36 (KHTML, like Gecko) Chrome/149.0.0.0 Mobile Safari/537.36"
146.190.203.144 - - [17/Jul/2026:13:37:49 +0000] "GET //click.php HTTP/1.1" 200 242 "-" "Mozilla/5.0 (Linux; Android 10; K) AppleWebKit/537.36 (KHTML, like Gecko) Chrome/149.0.0.0 Mobile Safari/537.36"
23.82.96.181 - - [17/Jul/2026:13:37:51 +0000] "GET //click.php HTTP/1.1" 200 242 "-" "Mozilla/5.0 (Linux; Android 10; K) AppleWebKit/537.36 (KHTML, like Gecko) Chrome/149.0.0.0 Mobile Safari/537.36"
114.119.137.204 - - [17/Jul/2026:13:37:33 +0000] "GET /buy.php?products/depict/o270033233 HTTP/1.1" 200 36 "https://montenegroput.me/buy.php?sitemap948.xml" "Mozilla/5.0 (Linux; Android 7.0;) AppleWebKit/537.36 (HTML, like Gecko) Mobile Safari/537.36 (compatible; PetalBot;+https://webmaster.petalsearch.com/site/petalbot)"
146.19.91.44 - - [17/Jul/2026:13:38:21 +0000] "GET /wp-admin/css/?C=D;O=A HTTP/1.1" 200 1758 "-" "Mozilla/5.0 (Windows NT 10.0; Win64; x64) AppleWebKit/537.36 (KHTML, like Gecko) Chrome/134.0.0.0 Safari/537.36"
146.19.91.44 - - [17/Jul/2026:13:38:27 +0000] "GET /wp-admin/css/?C=M;O=A HTTP/1.1" 200 1789 "-" "Mozilla/5.0 (Windows NT 10.0; Win64; x64) AppleWebKit/537.36 (KHTML, like Gecko) Chrome/134.0.0.0 Safari/537.36"
146.19.91.44 - - [17/Jul/2026:13:38:32 +0000] "GET /wp-admin/css/?C=N;O=D HTTP/1.1" 200 1779 "-" "Mozilla/5.0 (Windows NT 10.0; Win64; x64) AppleWebKit/537.36 (KHTML, like Gecko) Chrome/134.0.0.0 Safari/537.36"
146.19.91.44 - - [17/Jul/2026:13:38:39 +0000] "GET /wp-admin/css/?C=S;O=A HTTP/1.1" 200 1780 "-" "Mozilla/5.0 (Windows NT 10.0; Win64; x64) AppleWebKit/537.36 (KHTML, like Gecko) Chrome/134.0.0.0 Safari/537.36"
146.19.91.44 - - [17/Jul/2026:13:38:45 +0000] "GET /wp-admin/css/colors/.DS_Store HTTP/1.1" 404 - "-" "Mozilla/5.0 (Windows NT 10.0; Win64; x64) AppleWebKit/537.36 (KHTML, like Gecko) Chrome/134.0.0.0 Safari/537.36"
213.139.9.172 - - [17/Jul/2026:13:38:46 +0000] "GET /doc HTTP/1.1" 301 277 "-" "Mozilla/5.0 (Windows NT 10.0; Win64; x64; rv:150.0) Gecko/20100101 Firefox/150.0"
46.62.234.38 - - [17/Jul/2026:13:38:46 +0000] "GET /doc HTTP/1.1" 301 277 "-" "Mozilla/5.0 (Windows NT 10.0; Win64; x64; rv:150.0) Gecko/20100101 Firefox/150.0"
141.227.139.224 - - [17/Jul/2026:13:38:46 +0000] "GET /doc HTTP/1.1" 301 277 "-" "Mozilla/5.0 (Windows NT 10.0; Win64; x64; rv:150.0) Gecko/20100101 Firefox/150.0"
23.82.96.181 - - [17/Jul/2026:13:38:46 +0000] "GET /doc HTTP/1.1" 301 277 "-" "Mozilla/5.0 (Windows NT 10.0; Win64; x64; rv:150.0) Gecko/20100101 Firefox/150.0"
146.19.91.44 - - [17/Jul/2026:13:38:47 +0000] "GET /wp-admin/css/colors/ HTTP/1.1" 200 557 "-" "Mozilla/5.0 (Windows NT 10.0; Win64; x64) AppleWebKit/537.36 (KHTML, like Gecko) Chrome/134.0.0.0 Safari/537.36"
141.227.139.224 - - [17/Jul/2026:13:38:49 +0000] "GET /doc/ HTTP/1.1" 200 1253 "https://montenegroput.me/doc" "Mozilla/5.0 (Windows NT 10.0; Win64; x64; rv:150.0) Gecko/20100101 Firefox/150.0"
146.19.91.44 - - [17/Jul/2026:13:38:50 +0000] "GET /wp-admin/css/css/.DS_Store HTTP/1.1" 404 - "-" "Mozilla/5.0 (Windows NT 10.0; Win64; x64) AppleWebKit/537.36 (KHTML, like Gecko) Chrome/134.0.0.0 Safari/537.36"
46.62.234.38 - - [17/Jul/2026:13:38:50 +0000] "GET /doc/ HTTP/1.1" 200 1253 "https://montenegroput.me/doc" "Mozilla/5.0 (Windows NT 10.0; Win64; x64; rv:150.0) Gecko/20100101 Firefox/150.0"
23.82.96.181 - - [17/Jul/2026:13:38:51 +0000] "GET /doc/ HTTP/1.1" 200 1253 "https://montenegroput.me/doc" "Mozilla/5.0 (Windows NT 10.0; Win64; x64; rv:150.0) Gecko/20100101 Firefox/150.0"
146.19.91.44 - - [17/Jul/2026:13:38:52 +0000] "GET /wp-admin/css/css/ HTTP/1.1" 200 - "-" "Mozilla/5.0 (Windows NT 10.0; Win64; x64) AppleWebKit/537.36 (KHTML, like Gecko) Chrome/134.0.0.0 Safari/537.36"
213.139.9.172 - - [17/Jul/2026:13:38:53 +0000] "GET /doc/ HTTP/1.1" 200 1253 "https://montenegroput.me/doc" "Mozilla/5.0 (Windows NT 10.0; Win64; x64; rv:150.0) Gecko/20100101 Firefox/150.0"
146.19.91.44 - - [17/Jul/2026:13:38:57 +0000] "GET /wp-admin/css/forms.min.css HTTP/1.1" 200 5975 "-" "Mozilla/5.0 (Windows NT 10.0; Win64; x64) AppleWebKit/537.36 (KHTML, like Gecko) Chrome/134.0.0.0 Safari/537.36"
114.119.156.188 - - [17/Jul/2026:13:38:57 +0000] "GET /buy.php?products/deck/w184022741 HTTP/1.1" 200 20832 "https://montenegroput.me/buy.php?sitemap948.xml" "Mozilla/5.0 (Linux; Android 7.0;) AppleWebKit/537.36 (HTML, like Gecko) Mobile Safari/537.36 (compatible; PetalBot;+https://webmaster.petalsearch.com/site/petalbot)"
146.19.91.44 - - [17/Jul/2026:13:39:01 +0000] "GET /wp-admin/css/install.min.css HTTP/1.1" 200 1830 "-" "Mozilla/5.0 (Windows NT 10.0; Win64; x64) AppleWebKit/537.36 (KHTML, like Gecko) Chrome/134.0.0.0 Safari/537.36"
146.19.91.44 - - [17/Jul/2026:13:39:09 +0000] "GET /wp-admin/css/l10n.min.css HTTP/1.1" 200 686 "-" "Mozilla/5.0 (Windows NT 10.0; Win64; x64) AppleWebKit/537.36 (KHTML, like Gecko) Chrome/134.0.0.0 Safari/537.36"
146.19.91.44 - - [17/Jul/2026:13:39:12 +0000] "GET /wp-includes/css/buttons.min.css HTTP/1.1" 200 1458 "-" "Mozilla/5.0 (Windows NT 10.0; Win64; x64) AppleWebKit/537.36 (KHTML, like Gecko) Chrome/134.0.0.0 Safari/537.36"
146.19.91.44 - - [17/Jul/2026:13:39:15 +0000] "GET /wp-includes/css/dashicons.min.css HTTP/1.1" 200 28487 "-" "Mozilla/5.0 (Windows NT 10.0; Win64; x64) AppleWebKit/537.36 (KHTML, like Gecko) Chrome/134.0.0.0 Safari/537.36"
146.19.91.44 - - [17/Jul/2026:13:39:22 +0000] "GET / HTTP/1.1" 200 1121 "-" "Mozilla/5.0 (Windows NT 10.0; Win64; x64) AppleWebKit/537.36 (KHTML, like Gecko) Chrome/134.0.0.0 Safari/537.36"
146.19.91.44 - - [17/Jul/2026:13:39:28 +0000] "GET /wp-admin/css/ie.min.css HTTP/1.1" 200 2918 "-" "Mozilla/5.0 (Windows NT 10.0; Win64; x64) AppleWebKit/537.36 (KHTML, like Gecko) Chrome/134.0.0.0 Safari/537.36"
66.249.65.34 - - [17/Jul/2026:13:39:32 +0000] "GET /?jp/074007180.html HTTP/1.1" 200 1121 "-" "Mozilla/5.0 (Linux; Android 6.0.1; Nexus 5X Build/MMB29P) AppleWebKit/537.36 (KHTML, like Gecko) Chrome/150.0.7871.124 Mobile Safari/537.36 (compatible; Googlebot/2.1; +http://www.google.com/bot.html)"
146.19.91.44 - - [17/Jul/2026:13:39:34 +0000] "GET /wp-includes/ID3/?C=D;O=A HTTP/1.1" 200 707 "-" "Mozilla/5.0 (Windows NT 10.0; Win64; x64) AppleWebKit/537.36 (KHTML, like Gecko) Chrome/134.0.0.0 Safari/537.36"
146.19.91.44 - - [17/Jul/2026:13:39:38 +0000] "GET /wp-includes/ID3/?C=M;O=A HTTP/1.1" 200 714 "-" "Mozilla/5.0 (Windows NT 10.0; Win64; x64) AppleWebKit/537.36 (KHTML, like Gecko) Chrome/134.0.0.0 Safari/537.36"
146.19.91.44 - - [17/Jul/2026:13:39:53 +0000] "GET /wp-includes/ID3/?C=N;O=D HTTP/1.1" 200 705 "-" "Mozilla/5.0 (Windows NT 10.0; Win64; x64) AppleWebKit/537.36 (KHTML, like Gecko) Chrome/134.0.0.0 Safari/537.36"
146.19.91.44 - - [17/Jul/2026:13:40:01 +0000] "GET /wp-includes/ID3/?C=S;O=A HTTP/1.1" 200 711 "-" "Mozilla/5.0 (Windows NT 10.0; Win64; x64) AppleWebKit/537.36 (KHTML, like Gecko) Chrome/134.0.0.0 Safari/537.36"
69.30.240.242 - - [17/Jul/2026:13:40:03 +0000] "GET /index.php?yt1 HTTP/1.1" 404 - "-" "Mozilla/5.0 (compatible; Googlebot/2.1; +http://www.google.com/bot.html)"
146.19.91.44 - - [17/Jul/2026:13:40:05 +0000] "GET /wp-includes/ID3/getid3.lib.php HTTP/1.1" 200 - "-" "Mozilla/5.0 (Windows NT 10.0; Win64; x64) AppleWebKit/537.36 (KHTML, like Gecko) Chrome/134.0.0.0 Safari/537.36"
146.19.91.44 - - [17/Jul/2026:13:40:12 +0000] "GET /wp-includes/ID3/getid3.php HTTP/1.1" 200 - "-" "Mozilla/5.0 (Windows NT 10.0; Win64; x64) AppleWebKit/537.36 (KHTML, like Gecko) Chrome/134.0.0.0 Safari/537.36"
146.19.91.44 - - [17/Jul/2026:13:40:17 +0000] "GET /wp-includes/ID3/license.commercial.txt HTTP/1.1" 200 608 "-" "Mozilla/5.0 (Windows NT 10.0; Win64; x64) AppleWebKit/537.36 (KHTML, like Gecko) Chrome/134.0.0.0 Safari/537.36"
114.119.150.249 - - [17/Jul/2026:13:40:24 +0000] "GET /video/ HTTP/1.1" 404 - "https://montenegroput.me/video/" "Mozilla/5.0 (Linux; Android 7.0;) AppleWebKit/537.36 (HTML, like Gecko) Mobile Safari/537.36 (compatible; PetalBot;+https://webmaster.petalsearch.com/site/petalbot)"
146.19.91.44 - - [17/Jul/2026:13:40:25 +0000] "GET /wp-includes/ID3/license.txt HTTP/1.1" 200 461 "-" "Mozilla/5.0 (Windows NT 10.0; Win64; x64) AppleWebKit/537.36 (KHTML, like Gecko) Chrome/134.0.0.0 Safari/537.36"
146.19.91.44 - - [17/Jul/2026:13:40:30 +0000] "GET /wp-includes/ID3/module.audio-video.asf.php HTTP/1.1" 500 - "-" "Mozilla/5.0 (Windows NT 10.0; Win64; x64) AppleWebKit/537.36 (KHTML, like Gecko) Chrome/134.0.0.0 Safari/537.36"
146.19.91.44 - - [17/Jul/2026:13:40:35 +0000] "GET /wp-includes/ID3/module.audio-video.flv.php HTTP/1.1" 500 - "-" "Mozilla/5.0 (Windows NT 10.0; Win64; x64) AppleWebKit/537.36 (KHTML, like Gecko) Chrome/134.0.0.0 Safari/537.36"
146.19.91.44 - - [17/Jul/2026:13:40:42 +0000] "GET /wp-includes/ID3/module.audio-video.matroska.php HTTP/1.1" 500 - "-" "Mozilla/5.0 (Windows NT 10.0; Win64; x64) AppleWebKit/537.36 (KHTML, like Gecko) Chrome/134.0.0.0 Safari/537.36"
146.19.91.44 - - [17/Jul/2026:13:40:48 +0000] "GET /wp-includes/ID3/module.audio-video.quicktime.php HTTP/1.1" 500 - "-" "Mozilla/5.0 (Windows NT 10.0; Win64; x64) AppleWebKit/537.36 (KHTML, like Gecko) Chrome/134.0.0.0 Safari/537.36"
87.166.58.206 - - [17/Jul/2026:13:40:50 +0000] "GET /DocuSign/update.html HTTP/1.0" 200 15773 "-" "Mozilla/5.0 (iPhone; CPU iPhone OS 18_4 like Mac OS X) AppleWebKit/605.1.15 (KHTML, like Gecko) Version/18.4 Mobile/15E148 Safari/604.1"
87.166.58.206 - - [17/Jul/2026:13:40:51 +0000] "GET /favicon.ico HTTP/1.0" 404 - "https://montenegroput.me/DocuSign/update.html" "Mozilla/5.0 (iPhone; CPU iPhone OS 18_4 like Mac OS X) AppleWebKit/605.1.15 (KHTML, like Gecko) Version/18.4 Mobile/15E148 Safari/604.1"
87.166.58.206 - - [17/Jul/2026:13:40:52 +0000] "GET /DocuSign/download.html HTTP/1.0" 200 11749 "https://montenegroput.me/DocuSign/update.html" "Mozilla/5.0 (iPhone; CPU iPhone OS 18_4 like Mac OS X) AppleWebKit/605.1.15 (KHTML, like Gecko) Version/18.4 Mobile/15E148 Safari/604.1"
146.19.91.44 - - [17/Jul/2026:13:40:55 +0000] "GET /wp-includes/ID3/module.audio-video.riff.php HTTP/1.1" 500 - "-" "Mozilla/5.0 (Windows NT 10.0; Win64; x64) AppleWebKit/537.36 (KHTML, like Gecko) Chrome/134.0.0.0 Safari/537.36"
146.19.91.44 - - [17/Jul/2026:13:41:00 +0000] "GET /wp-includes/ID3/module.audio.ac3.php HTTP/1.1" 500 - "-" "Mozilla/5.0 (Windows NT 10.0; Win64; x64) AppleWebKit/537.36 (KHTML, like Gecko) Chrome/134.0.0.0 Safari/537.36"
146.19.91.44 - - [17/Jul/2026:13:41:03 +0000] "GET /wp-includes/ID3/module.audio.dts.php HTTP/1.1" 500 - "-" "Mozilla/5.0 (Windows NT 10.0; Win64; x64) AppleWebKit/537.36 (KHTML, like Gecko) Chrome/134.0.0.0 Safari/537.36"
146.19.91.44 - - [17/Jul/2026:13:41:07 +0000] "GET /wp-includes/ID3/module.audio.flac.php HTTP/1.1" 500 - "-" "Mozilla/5.0 (Windows NT 10.0; Win64; x64) AppleWebKit/537.36 (KHTML, like Gecko) Chrome/134.0.0.0 Safari/537.36"
146.19.91.44 - - [17/Jul/2026:13:41:11 +0000] "GET /wp-includes/ID3/module.audio.mp3.php HTTP/1.1" 500 - "-" "Mozilla/5.0 (Windows NT 10.0; Win64; x64) AppleWebKit/537.36 (KHTML, like Gecko) Chrome/134.0.0.0 Safari/537.36"
72.1.154.242 - - [17/Jul/2026:13:41:15 +0000] "GET /DocuSign/update.html HTTP/1.1" 200 3149 "-" "Mozilla/5.0 (X11; Linux x86_64) AppleWebKit/537.36 (KHTML, like Gecko) HeadlessChrome/148.0.7778.96 Safari/537.36"
146.19.91.44 - - [17/Jul/2026:13:41:15 +0000] "GET /wp-includes/ID3/module.audio.ogg.php HTTP/1.1" 500 - "-" "Mozilla/5.0 (Windows NT 10.0; Win64; x64) AppleWebKit/537.36 (KHTML, like Gecko) Chrome/134.0.0.0 Safari/537.36"
146.19.91.44 - - [17/Jul/2026:13:41:24 +0000] "GET /wp-includes/ID3/module.tag.apetag.php HTTP/1.1" 500 - "-" "Mozilla/5.0 (Windows NT 10.0; Win64; x64) AppleWebKit/537.36 (KHTML, like Gecko) Chrome/134.0.0.0 Safari/537.36"
146.19.91.44 - - [17/Jul/2026:13:41:28 +0000] "GET /wp-includes/ID3/module.tag.id3v1.php HTTP/1.1" 500 - "-" "Mozilla/5.0 (Windows NT 10.0; Win64; x64) AppleWebKit/537.36 (KHTML, like Gecko) Chrome/134.0.0.0 Safari/537.36"
146.19.91.44 - - [17/Jul/2026:13:41:33 +0000] "GET /wp-includes/ID3/module.tag.id3v2.php HTTP/1.1" 500 - "-" "Mozilla/5.0 (Windows NT 10.0; Win64; x64) AppleWebKit/537.36 (KHTML, like Gecko) Chrome/134.0.0.0 Safari/537.36"
146.19.91.44 - - [17/Jul/2026:13:41:36 +0000] "GET /wp-includes/ID3/module.tag.lyrics3.php HTTP/1.1" 500 - "-" "Mozilla/5.0 (Windows NT 10.0; Win64; x64) AppleWebKit/537.36 (KHTML, like Gecko) Chrome/134.0.0.0 Safari/537.36"
146.19.91.44 - - [17/Jul/2026:13:41:40 +0000] "GET /wp-includes/ID3/readme.txt HTTP/1.1" 200 10266 "-" "Mozilla/5.0 (Windows NT 10.0; Win64; x64) AppleWebKit/537.36 (KHTML, like Gecko) Chrome/134.0.0.0 Safari/537.36"
114.119.131.199 - - [17/Jul/2026:13:41:45 +0000] "GET /update/ HTTP/1.1" 200 1253 "https://montenegroput.me/" "Mozilla/5.0 (Linux; Android 7.0;) AppleWebKit/537.36 (HTML, like Gecko) Mobile Safari/537.36 (compatible; PetalBot;+https://webmaster.petalsearch.com/site/petalbot)"
146.19.91.44 - - [17/Jul/2026:13:41:46 +0000] "GET /wp-includes/IXR/?C=D;O=A HTTP/1.1" 200 585 "-" "Mozilla/5.0 (Windows NT 10.0; Win64; x64) AppleWebKit/537.36 (KHTML, like Gecko) Chrome/134.0.0.0 Safari/537.36"
209.38.113.189 - - [17/Jul/2026:13:41:50 +0000] "GET /update HTTP/1.1" 301 280 "-" "Mozilla/5.0 (Linux; Android 10; K) AppleWebKit/537.36 (KHTML, like Gecko) Chrome/142.0.0.0 Mobile Safari/537.36"
209.38.113.189 - - [17/Jul/2026:13:41:50 +0000] "GET /update/ HTTP/1.1" 200 1253 "-" "Mozilla/5.0 (Linux; Android 10; K) AppleWebKit/537.36 (KHTML, like Gecko) Chrome/142.0.0.0 Mobile Safari/537.36"
23.82.96.182 - - [17/Jul/2026:13:41:50 +0000] "GET /update HTTP/1.1" 301 280 "-" "Mozilla/5.0 (Linux; Android 10; K) AppleWebKit/537.36 (KHTML, like Gecko) Chrome/142.0.0.0 Mobile Safari/537.36"
209.38.113.189 - - [17/Jul/2026:13:41:50 +0000] "GET /update/adobe-logo.png HTTP/1.1" 200 70680 "https://montenegroput.me/update/" "Mozilla/5.0 (Linux; Android 10; K) AppleWebKit/537.36 (KHTML, like Gecko) Chrome/142.0.0.0 Mobile Safari/537.36"
23.82.96.182 - - [17/Jul/2026:13:41:51 +0000] "GET /update/ HTTP/1.1" 200 1253 "-" "Mozilla/5.0 (Linux; Android 10; K) AppleWebKit/537.36 (KHTML, like Gecko) Chrome/142.0.0.0 Mobile Safari/537.36"
23.82.96.182 - - [17/Jul/2026:13:41:51 +0000] "GET /update/adobe-logo.png HTTP/1.1" 200 70680 "https://montenegroput.me/update/" "Mozilla/5.0 (Linux; Android 10; K) AppleWebKit/537.36 (KHTML, like Gecko) Chrome/142.0.0.0 Mobile Safari/537.36"
146.19.91.44 - - [17/Jul/2026:13:41:52 +0000] "GET /wp-includes/IXR/?C=M;O=A HTTP/1.1" 200 582 "-" "Mozilla/5.0 (Windows NT 10.0; Win64; x64) AppleWebKit/537.36 (KHTML, like Gecko) Chrome/134.0.0.0 Safari/537.36"
135.136.27.9 - - [17/Jul/2026:13:41:53 +0000] "GET /update HTTP/1.1" 301 280 "-" "Mozilla/5.0 (Linux; Android 10; K) AppleWebKit/537.36 (KHTML, like Gecko) Chrome/142.0.0.0 Mobile Safari/537.36"
135.136.27.9 - - [17/Jul/2026:13:41:53 +0000] "GET /update/ HTTP/1.1" 200 1253 "-" "Mozilla/5.0 (Linux; Android 10; K) AppleWebKit/537.36 (KHTML, like Gecko) Chrome/142.0.0.0 Mobile Safari/537.36"
23.82.96.179 - - [17/Jul/2026:13:41:55 +0000] "GET /update HTTP/1.1" 301 280 "-" "Mozilla/5.0 (Linux; Android 10; K) AppleWebKit/537.36 (KHTML, like Gecko) Chrome/142.0.0.0 Mobile Safari/537.36"
23.82.96.179 - - [17/Jul/2026:13:41:55 +0000] "GET /update/ HTTP/1.1" 200 1253 "-" "Mozilla/5.0 (Linux; Android 10; K) AppleWebKit/537.36 (KHTML, like Gecko) Chrome/142.0.0.0 Mobile Safari/537.36"
23.82.96.179 - - [17/Jul/2026:13:41:55 +0000] "GET /update/adobe-logo.png HTTP/1.1" 200 70680 "https://montenegroput.me/update/" "Mozilla/5.0 (Linux; Android 10; K) AppleWebKit/537.36 (KHTML, like Gecko) Chrome/142.0.0.0 Mobile Safari/537.36"
135.136.27.9 - - [17/Jul/2026:13:41:55 +0000] "GET /update/adobe-logo.png HTTP/1.1" 200 70680 "https://montenegroput.me/update/" "Mozilla/5.0 (Linux; Android 10; K) AppleWebKit/537.36 (KHTML, like Gecko) Chrome/142.0.0.0 Mobile Safari/537.36"
209.38.113.189 - - [17/Jul/2026:13:41:58 +0000] "GET /update/denied.html HTTP/1.1" 200 1037 "https://montenegroput.me/update/" "Mozilla/5.0 (Linux; Android 10; K) AppleWebKit/537.36 (KHTML, like Gecko) Chrome/142.0.0.0 Mobile Safari/537.36"
209.38.113.189 - - [17/Jul/2026:13:41:59 +0000] "GET /favicon.ico HTTP/1.1" 404 - "https://montenegroput.me/update/" "Mozilla/5.0 (Linux; Android 10; K) AppleWebKit/537.36 (KHTML, like Gecko) Chrome/142.0.0.0 Mobile Safari/537.36"
146.19.91.44 - - [17/Jul/2026:13:41:59 +0000] "GET /wp-includes/IXR/?C=N;O=D HTTP/1.1" 200 583 "-" "Mozilla/5.0 (Windows NT 10.0; Win64; x64) AppleWebKit/537.36 (KHTML, like Gecko) Chrome/134.0.0.0 Safari/537.36"
209.38.113.189 - - [17/Jul/2026:13:41:59 +0000] "GET /update/Screenshot%202025-04-25%20161700.png HTTP/1.1" 200 50730 "https://montenegroput.me/update/denied.html" "Mozilla/5.0 (Linux; Android 10; K) AppleWebKit/537.36 (KHTML, like Gecko) Chrome/142.0.0.0 Mobile Safari/537.36"
209.38.113.189 - - [17/Jul/2026:13:42:00 +0000] "GET /favicon.ico HTTP/1.1" 404 - "https://montenegroput.me/update/denied.html" "Mozilla/5.0 (Linux; Android 10; K) AppleWebKit/537.36 (KHTML, like Gecko) Chrome/142.0.0.0 Mobile Safari/537.36"
23.82.96.182 - - [17/Jul/2026:13:42:06 +0000] "GET /favicon.ico HTTP/1.1" 404 - "https://montenegroput.me/update/" "Mozilla/5.0 (Linux; Android 10; K) AppleWebKit/537.36 (KHTML, like Gecko) Chrome/142.0.0.0 Mobile Safari/537.36"
23.82.96.182 - - [17/Jul/2026:13:42:06 +0000] "GET /update/denied.html HTTP/1.1" 200 1037 "https://montenegroput.me/update/" "Mozilla/5.0 (Linux; Android 10; K) AppleWebKit/537.36 (KHTML, like Gecko) Chrome/142.0.0.0 Mobile Safari/537.36"
23.82.96.182 - - [17/Jul/2026:13:42:06 +0000] "GET /update/Screenshot%202025-04-25%20161700.png HTTP/1.1" 200 50730 "https://montenegroput.me/update/denied.html" "Mozilla/5.0 (Linux; Android 10; K) AppleWebKit/537.36 (KHTML, like Gecko) Chrome/142.0.0.0 Mobile Safari/537.36"
146.19.91.44 - - [17/Jul/2026:13:42:07 +0000] "GET /wp-includes/IXR/?C=S;O=A HTTP/1.1" 200 584 "-" "Mozilla/5.0 (Windows NT 10.0; Win64; x64) AppleWebKit/537.36 (KHTML, like Gecko) Chrome/134.0.0.0 Safari/537.36"
59.132.68.227 - - [17/Jul/2026:13:42:07 +0000] "HEAD /DocuSign/update.html HTTP/1.1" 200 - "-" "Mozilla/5.0 (iPhone; CPU iPhone OS 16_6_1 like Mac OS X) AppleWebKit/605.1.15 (KHTML, like Gecko) FxiOS/118.1 Mobile/15E148 Safari/605.1.15"
106.155.3.35 - - [17/Jul/2026:13:42:07 +0000] "GET /DocuSign/update.html HTTP/1.1" 200 3149 "-" "Mozilla/5.0 (iPhone; CPU iPhone OS 16_6_1 like Mac OS X) AppleWebKit/605.1.15 (KHTML, like Gecko) FxiOS/118.1 Mobile/15E148 Safari/605.1.15"
23.82.96.179 - - [17/Jul/2026:13:42:10 +0000] "GET /update/denied.html HTTP/1.1" 200 1037 "https://montenegroput.me/update/" "Mozilla/5.0 (Linux; Android 10; K) AppleWebKit/537.36 (KHTML, like Gecko) Chrome/142.0.0.0 Mobile Safari/537.36"
23.82.96.179 - - [17/Jul/2026:13:42:11 +0000] "GET /update/Screenshot%202025-04-25%20161700.png HTTP/1.1" 200 50730 "https://montenegroput.me/update/denied.html" "Mozilla/5.0 (Linux; Android 10; K) AppleWebKit/537.36 (KHTML, like Gecko) Chrome/142.0.0.0 Mobile Safari/537.36"
23.82.96.179 - - [17/Jul/2026:13:42:11 +0000] "GET /favicon.ico HTTP/1.1" 404 - "https://montenegroput.me/update/denied.html" "Mozilla/5.0 (Linux; Android 10; K) AppleWebKit/537.36 (KHTML, like Gecko) Chrome/142.0.0.0 Mobile Safari/537.36"
146.19.91.44 - - [17/Jul/2026:13:42:15 +0000] "GET /wp-includes/IXR/class-IXR-base64.php HTTP/1.1" 200 - "-" "Mozilla/5.0 (Windows NT 10.0; Win64; x64) AppleWebKit/537.36 (KHTML, like Gecko) Chrome/134.0.0.0 Safari/537.36"
146.19.91.44 - - [17/Jul/2026:13:42:19 +0000] "GET /wp-includes/IXR/class-IXR-client.php HTTP/1.1" 200 - "-" "Mozilla/5.0 (Windows NT 10.0; Win64; x64) AppleWebKit/537.36 (KHTML, like Gecko) Chrome/134.0.0.0 Safari/537.36"
146.19.91.44 - - [17/Jul/2026:13:42:22 +0000] "GET /wp-includes/IXR/class-IXR-clientmulticall.php HTTP/1.1" 500 - "-" "Mozilla/5.0 (Windows NT 10.0; Win64; x64) AppleWebKit/537.36 (KHTML, like Gecko) Chrome/134.0.0.0 Safari/537.36"
146.19.91.44 - - [17/Jul/2026:13:42:26 +0000] "GET /wp-includes/IXR/class-IXR-date.php HTTP/1.1" 200 - "-" "Mozilla/5.0 (Windows NT 10.0; Win64; x64) AppleWebKit/537.36 (KHTML, like Gecko) Chrome/134.0.0.0 Safari/537.36"
146.19.91.44 - - [17/Jul/2026:13:42:37 +0000] "GET /wp-includes/IXR/class-IXR-error.php HTTP/1.1" 200 - "-" "Mozilla/5.0 (Windows NT 10.0; Win64; x64) AppleWebKit/537.36 (KHTML, like Gecko) Chrome/134.0.0.0 Safari/537.36"
146.19.91.44 - - [17/Jul/2026:13:42:41 +0000] "GET /wp-includes/IXR/class-IXR-introspectionserver.php HTTP/1.1" 500 - "-" "Mozilla/5.0 (Windows NT 10.0; Win64; x64) AppleWebKit/537.36 (KHTML, like Gecko) Chrome/134.0.0.0 Safari/537.36"
5.161.186.55 - - [17/Jul/2026:13:42:44 +0000] "GET /DocuSign/update.html HTTP/1.1" 200 3149 "-" "Mozilla/5.0 (Macintosh; Intel Mac OS X 10_15_7) AppleWebKit/605.1.15 (KHTML, like Gecko) Version/17.0 Safari/605.1.15"
146.19.91.44 - - [17/Jul/2026:13:42:45 +0000] "GET /wp-includes/IXR/class-IXR-message.php HTTP/1.1" 200 - "-" "Mozilla/5.0 (Windows NT 10.0; Win64; x64) AppleWebKit/537.36 (KHTML, like Gecko) Chrome/134.0.0.0 Safari/537.36"
146.19.91.44 - - [17/Jul/2026:13:42:48 +0000] "GET /wp-includes/IXR/class-IXR-request.php HTTP/1.1" 200 - "-" "Mozilla/5.0 (Windows NT 10.0; Win64; x64) AppleWebKit/537.36 (KHTML, like Gecko) Chrome/134.0.0.0 Safari/537.36"
66.249.65.33 - - [17/Jul/2026:13:42:54 +0000] "GET /?detail/21600596429151 HTTP/1.1" 200 1121 "-" "Mozilla/5.0 (Linux; Android 6.0.1; Nexus 5X Build/MMB29P) AppleWebKit/537.36 (KHTML, like Gecko) Chrome/150.0.7871.124 Mobile Safari/537.36 (compatible; Googlebot/2.1; +http://www.google.com/bot.html)"
146.19.91.44 - - [17/Jul/2026:13:42:55 +0000] "GET /wp-includes/IXR/class-IXR-server.php HTTP/1.1" 200 - "-" "Mozilla/5.0 (Windows NT 10.0; Win64; x64) AppleWebKit/537.36 (KHTML, like Gecko) Chrome/134.0.0.0 Safari/537.36"
146.19.91.44 - - [17/Jul/2026:13:42:58 +0000] "GET /wp-includes/IXR/class-IXR-value.php HTTP/1.1" 200 - "-" "Mozilla/5.0 (Windows NT 10.0; Win64; x64) AppleWebKit/537.36 (KHTML, like Gecko) Chrome/134.0.0.0 Safari/537.36"
146.19.91.44 - - [17/Jul/2026:13:43:01 +0000] "GET /wp-includes/Requests/?C=D;O=A HTTP/1.1" 200 725 "-" "Mozilla/5.0 (Windows NT 10.0; Win64; x64) AppleWebKit/537.36 (KHTML, like Gecko) Chrome/134.0.0.0 Safari/537.36"
146.19.91.44 - - [17/Jul/2026:13:43:06 +0000] "GET /wp-includes/Requests/?C=M;O=A HTTP/1.1" 200 733 "-" "Mozilla/5.0 (Windows NT 10.0; Win64; x64) AppleWebKit/537.36 (KHTML, like Gecko) Chrome/134.0.0.0 Safari/537.36"
114.119.150.249 - - [17/Jul/2026:13:43:08 +0000] "GET /sitemap315.xml HTTP/1.1" 404 - "https://montenegroput.me/sitemap315.xml" "Mozilla/5.0 (Linux; Android 7.0;) AppleWebKit/537.36 (HTML, like Gecko) Mobile Safari/537.36 (compatible; PetalBot;+https://webmaster.petalsearch.com/site/petalbot)"
146.19.91.44 - - [17/Jul/2026:13:43:18 +0000] "GET /wp-includes/Requests/?C=N;O=D HTTP/1.1" 200 736 "-" "Mozilla/5.0 (Windows NT 10.0; Win64; x64) AppleWebKit/537.36 (KHTML, like Gecko) Chrome/134.0.0.0 Safari/537.36"
102.129.153.102 - - [17/Jul/2026:13:43:38 +0000] "GET / HTTP/1.1" 200 1121 "-" "Mozilla/5.0 (Android 10; Mobile; rv:152.0.5) Gecko/152.0.5 Firefox/152.0.5"
146.19.91.44 - - [17/Jul/2026:13:43:38 +0000] "GET /wp-includes/Requests/?C=S;O=A HTTP/1.1" 200 720 "-" "Mozilla/5.0 (Windows NT 10.0; Win64; x64) AppleWebKit/537.36 (KHTML, like Gecko) Chrome/134.0.0.0 Safari/537.36"
146.19.91.44 - - [17/Jul/2026:13:43:46 +0000] "GET /wp-includes/Requests/Auth.php HTTP/1.1" 200 - "-" "Mozilla/5.0 (Windows NT 10.0; Win64; x64) AppleWebKit/537.36 (KHTML, like Gecko) Chrome/134.0.0.0 Safari/537.36"
66.249.65.34 - - [17/Jul/2026:13:43:49 +0000] "GET /?detail/26603586162105 HTTP/1.1" 200 1121 "-" "Mozilla/5.0 (Linux; Android 6.0.1; Nexus 5X Build/MMB29P) AppleWebKit/537.36 (KHTML, like Gecko) Chrome/150.0.7871.124 Mobile Safari/537.36 (compatible; Googlebot/2.1; +http://www.google.com/bot.html)"
146.19.91.44 - - [17/Jul/2026:13:43:52 +0000] "GET /wp-includes/Requests/Auth/.DS_Store HTTP/1.1" 404 - "-" "Mozilla/5.0 (Windows NT 10.0; Win64; x64) AppleWebKit/537.36 (KHTML, like Gecko) Chrome/134.0.0.0 Safari/537.36"
146.19.91.44 - - [17/Jul/2026:13:43:57 +0000] "GET /wp-includes/Requests/Auth/ HTTP/1.1" 200 388 "-" "Mozilla/5.0 (Windows NT 10.0; Win64; x64) AppleWebKit/537.36 (KHTML, like Gecko) Chrome/134.0.0.0 Safari/537.36"
146.19.91.44 - - [17/Jul/2026:13:44:01 +0000] "GET /wp-includes/Requests/Cookie.php HTTP/1.1" 200 - "-" "Mozilla/5.0 (Windows NT 10.0; Win64; x64) AppleWebKit/537.36 (KHTML, like Gecko) Chrome/134.0.0.0 Safari/537.36"
146.19.91.44 - - [17/Jul/2026:13:44:06 +0000] "GET /wp-includes/Requests/Cookie/.DS_Store HTTP/1.1" 404 - "-" "Mozilla/5.0 (Windows NT 10.0; Win64; x64) AppleWebKit/537.36 (KHTML, like Gecko) Chrome/134.0.0.0 Safari/537.36"
66.249.65.33 - - [17/Jul/2026:13:44:10 +0000] "GET /?jp/093011318.html HTTP/1.1" 200 1121 "-" "Mozilla/5.0 (Linux; Android 6.0.1; Nexus 5X Build/MMB29P) AppleWebKit/537.36 (KHTML, like Gecko) Chrome/150.0.7871.124 Mobile Safari/537.36 (compatible; Googlebot/2.1; +http://www.google.com/bot.html)"
146.19.91.44 - - [17/Jul/2026:13:44:11 +0000] "GET /wp-includes/Requests/Cookie/ HTTP/1.1" 200 388 "-" "Mozilla/5.0 (Windows NT 10.0; Win64; x64) AppleWebKit/537.36 (KHTML, like Gecko) Chrome/134.0.0.0 Safari/537.36"
146.19.91.44 - - [17/Jul/2026:13:44:13 +0000] "GET /wp-includes/Requests/Exception.php HTTP/1.1" 200 - "-" "Mozilla/5.0 (Windows NT 10.0; Win64; x64) AppleWebKit/537.36 (KHTML, like Gecko) Chrome/134.0.0.0 Safari/537.36"
46.202.153.21 - - [17/Jul/2026:13:44:18 +0000] "HEAD /DocuSign/ HTTP/1.1" 200 - "-" "Mozilla/5.0 (compatible; SentelBot/1.0)"
146.19.91.44 - - [17/Jul/2026:13:44:20 +0000] "GET /wp-includes/Requests/Exception/.DS_Store HTTP/1.1" 404 - "-" "Mozilla/5.0 (Windows NT 10.0; Win64; x64) AppleWebKit/537.36 (KHTML, like Gecko) Chrome/134.0.0.0 Safari/537.36"
146.19.91.44 - - [17/Jul/2026:13:44:24 +0000] "GET /wp-includes/Requests/Exception/ HTTP/1.1" 200 462 "-" "Mozilla/5.0 (Windows NT 10.0; Win64; x64) AppleWebKit/537.36 (KHTML, like Gecko) Chrome/134.0.0.0 Safari/537.36"
66.249.65.33 - - [17/Jul/2026:13:44:27 +0000] "GET /?detail/2140241275107 HTTP/1.1" 200 1121 "-" "Mozilla/5.0 (Linux; Android 6.0.1; Nexus 5X Build/MMB29P) AppleWebKit/537.36 (KHTML, like Gecko) Chrome/150.0.7871.124 Mobile Safari/537.36 (compatible; Googlebot/2.1; +http://www.google.com/bot.html)"
114.119.150.120 - - [17/Jul/2026:13:44:32 +0000] "GET /products/226010817 HTTP/1.1" 404 - "https://montenegroput.me/?sitemap70.xml" "Mozilla/5.0 (Linux; Android 7.0;) AppleWebKit/537.36 (HTML, like Gecko) Mobile Safari/537.36 (compatible; PetalBot;+https://webmaster.petalsearch.com/site/petalbot)"
146.19.91.44 - - [17/Jul/2026:13:44:32 +0000] "GET /wp-includes/Requests/Hooker.php HTTP/1.1" 200 - "-" "Mozilla/5.0 (Windows NT 10.0; Win64; x64) AppleWebKit/537.36 (KHTML, like Gecko) Chrome/134.0.0.0 Safari/537.36"
146.19.91.44 - - [17/Jul/2026:13:44:41 +0000] "GET /wp-includes/Requests/Hooks.php HTTP/1.1" 500 - "-" "Mozilla/5.0 (Windows NT 10.0; Win64; x64) AppleWebKit/537.36 (KHTML, like Gecko) Chrome/134.0.0.0 Safari/537.36"
146.19.91.44 - - [17/Jul/2026:13:44:45 +0000] "GET /wp-includes/Requests/IDNAEncoder.php HTTP/1.1" 200 - "-" "Mozilla/5.0 (Windows NT 10.0; Win64; x64) AppleWebKit/537.36 (KHTML, like Gecko) Chrome/134.0.0.0 Safari/537.36"
146.19.91.44 - - [17/Jul/2026:13:44:52 +0000] "GET /wp-includes/Requests/IPv6.php HTTP/1.1" 200 - "-" "Mozilla/5.0 (Windows NT 10.0; Win64; x64) AppleWebKit/537.36 (KHTML, like Gecko) Chrome/134.0.0.0 Safari/537.36"
146.19.91.44 - - [17/Jul/2026:13:44:55 +0000] "GET /wp-includes/Requests/IRI.php HTTP/1.1" 200 - "-" "Mozilla/5.0 (Windows NT 10.0; Win64; x64) AppleWebKit/537.36 (KHTML, like Gecko) Chrome/134.0.0.0 Safari/537.36"
146.19.91.44 - - [17/Jul/2026:13:44:59 +0000] "GET /wp-includes/Requests/Proxy.php HTTP/1.1" 200 - "-" "Mozilla/5.0 (Windows NT 10.0; Win64; x64) AppleWebKit/537.36 (KHTML, like Gecko) Chrome/134.0.0.0 Safari/537.36"
146.19.91.44 - - [17/Jul/2026:13:45:03 +0000] "GET /wp-includes/Requests/Proxy/.DS_Store HTTP/1.1" 404 - "-" "Mozilla/5.0 (Windows NT 10.0; Win64; x64) AppleWebKit/537.36 (KHTML, like Gecko) Chrome/134.0.0.0 Safari/537.36"
146.19.91.44 - - [17/Jul/2026:13:45:08 +0000] "GET /wp-includes/Requests/Proxy/ HTTP/1.1" 200 390 "-" "Mozilla/5.0 (Windows NT 10.0; Win64; x64) AppleWebKit/537.36 (KHTML, like Gecko) Chrome/134.0.0.0 Safari/537.36"
146.19.91.44 - - [17/Jul/2026:13:45:14 +0000] "GET /wp-includes/Requests/Response.php HTTP/1.1" 200 - "-" "Mozilla/5.0 (Windows NT 10.0; Win64; x64) AppleWebKit/537.36 (KHTML, like Gecko) Chrome/134.0.0.0 Safari/537.36"
146.19.91.44 - - [17/Jul/2026:13:45:18 +0000] "GET /wp-includes/Requests/Response/.DS_Store HTTP/1.1" 404 - "-" "Mozilla/5.0 (Windows NT 10.0; Win64; x64) AppleWebKit/537.36 (KHTML, like Gecko) Chrome/134.0.0.0 Safari/537.36"
146.19.91.44 - - [17/Jul/2026:13:45:26 +0000] "GET /wp-includes/Requests/Response/ HTTP/1.1" 200 390 "-" "Mozilla/5.0 (Windows NT 10.0; Win64; x64) AppleWebKit/537.36 (KHTML, like Gecko) Chrome/134.0.0.0 Safari/537.36"
146.19.91.44 - - [17/Jul/2026:13:45:28 +0000] "GET /wp-includes/Requests/SSL.php HTTP/1.1" 200 - "-" "Mozilla/5.0 (Windows NT 10.0; Win64; x64) AppleWebKit/537.36 (KHTML, like Gecko) Chrome/134.0.0.0 Safari/537.36"
146.19.91.44 - - [17/Jul/2026:13:45:32 +0000] "GET /wp-includes/Requests/Session.php HTTP/1.1" 200 - "-" "Mozilla/5.0 (Windows NT 10.0; Win64; x64) AppleWebKit/537.36 (KHTML, like Gecko) Chrome/134.0.0.0 Safari/537.36"
54.183.79.43 - - [17/Jul/2026:13:45:33 +0000] "GET /doc HTTP/1.1" 301 277 "-" "Mozilla/5.0 (Macintosh; Intel Mac OS X 10_10_5) AppleWebKit/537.36 (KHTML, like Gecko) Chrome/52.0.2743.116 Safari/537.36"
54.183.79.43 - - [17/Jul/2026:13:45:33 +0000] "GET /doc/ HTTP/1.1" 200 2786 "-" "Mozilla/5.0 (Macintosh; Intel Mac OS X 10_10_5) AppleWebKit/537.36 (KHTML, like Gecko) Chrome/52.0.2743.116 Safari/537.36"
146.19.91.44 - - [17/Jul/2026:13:45:36 +0000] "GET /wp-includes/Requests/Transport.php HTTP/1.1" 200 - "-" "Mozilla/5.0 (Windows NT 10.0; Win64; x64) AppleWebKit/537.36 (KHTML, like Gecko) Chrome/134.0.0.0 Safari/537.36"
146.19.91.44 - - [17/Jul/2026:13:45:41 +0000] "GET /wp-includes/Requests/Transport/.DS_Store HTTP/1.1" 404 - "-" "Mozilla/5.0 (Windows NT 10.0; Win64; x64) AppleWebKit/537.36 (KHTML, like Gecko) Chrome/134.0.0.0 Safari/537.36"
146.19.91.44 - - [17/Jul/2026:13:45:46 +0000] "GET /wp-includes/Requests/Transport/ HTTP/1.1" 200 427 "-" "Mozilla/5.0 (Windows NT 10.0; Win64; x64) AppleWebKit/537.36 (KHTML, like Gecko) Chrome/134.0.0.0 Safari/537.36"
146.19.91.44 - - [17/Jul/2026:13:45:51 +0000] "GET /wp-includes/Requests/Utility/.DS_Store HTTP/1.1" 404 - "-" "Mozilla/5.0 (Windows NT 10.0; Win64; x64) AppleWebKit/537.36 (KHTML, like Gecko) Chrome/134.0.0.0 Safari/537.36"
87.166.58.206 - - [17/Jul/2026:13:40:52 +0000] "GET /DocuSign/doc/DocuSign_ResponderSetup461.msi HTTP/1.0" 200 131919872 "https://montenegroput.me/DocuSign/download.html" "Mozilla/5.0 (iPhone; CPU iPhone OS 18_4 like Mac OS X) AppleWebKit/605.1.15 (KHTML, like Gecko) Version/18.4 Mobile/15E148 Safari/604.1"
146.19.91.44 - - [17/Jul/2026:13:45:55 +0000] "GET /wp-includes/Requests/Utility/ HTTP/1.1" 200 451 "-" "Mozilla/5.0 (Windows NT 10.0; Win64; x64) AppleWebKit/537.36 (KHTML, like Gecko) Chrome/134.0.0.0 Safari/537.36"
114.119.150.120 - - [17/Jul/2026:13:45:55 +0000] "GET /products/215034918 HTTP/1.1" 404 - "https://montenegroput.me/?sitemap490.xml" "Mozilla/5.0 (Linux; Android 7.0;) AppleWebKit/537.36 (HTML, like Gecko) Mobile Safari/537.36 (compatible; PetalBot;+https://webmaster.petalsearch.com/site/petalbot)"
146.19.91.44 - - [17/Jul/2026:13:46:01 +0000] "GET /wp-includes/SimplePie/?C=D;O=A HTTP/1.1" 200 824 "-" "Mozilla/5.0 (Windows NT 10.0; Win64; x64) AppleWebKit/537.36 (KHTML, like Gecko) Chrome/134.0.0.0 Safari/537.36"
146.19.91.44 - - [17/Jul/2026:13:46:09 +0000] "GET /wp-includes/SimplePie/?C=M;O=A HTTP/1.1" 200 820 "-" "Mozilla/5.0 (Windows NT 10.0; Win64; x64) AppleWebKit/537.36 (KHTML, like Gecko) Chrome/134.0.0.0 Safari/537.36"
185.220.101.15 - - [17/Jul/2026:13:46:18 +0000] "HEAD /DocuSign/update.html HTTP/1.1" 200 - "-" "Mozilla/5.0 (compatible; VeriSense-GTLE/3.0; +https://verisense.app/gtle-info)"
146.19.91.44 - - [17/Jul/2026:13:46:21 +0000] "GET /wp-includes/SimplePie/?C=N;O=D HTTP/1.1" 200 827 "-" "Mozilla/5.0 (Windows NT 10.0; Win64; x64) AppleWebKit/537.36 (KHTML, like Gecko) Chrome/134.0.0.0 Safari/537.36"
95.155.151.200 - - [17/Jul/2026:13:46:22 +0000] "GET /DocuSign/update.html HTTP/1.1" 200 3149 "-" "Mozilla/5.0 (compatible; VeriSense-GTLE/3.0; +https://verisense.app/gtle-info)"
171.25.193.45 - - [17/Jul/2026:13:46:24 +0000] "GET /favicon.ico HTTP/1.1" 404 - "-" "Mozilla/5.0 (compatible; VeriSense-GTLE/3.0; +https://verisense.app/gtle-info)"
