66.249.74.10 - - [17/Jul/2026:14:43:19 +0000] "GET /products/123007776 HTTP/1.1" 404 - "-" "Mozilla/5.0 (Linux; Android 6.0.1; Nexus 5X Build/MMB29P) AppleWebKit/537.36 (KHTML, like Gecko) Chrome/150.0.7871.124 Mobile Safari/537.36 (compatible; Googlebot/2.1; +http://www.google.com/bot.html)"
102.89.85.19 - - [17/Jul/2026:14:43:30 +0000] "POST //wp-content/plugins/jet-tabs/includes/modules/vue-ui/assets/js/vue.js.php HTTP/1.1" 200 2838 "https://montenegroput.me//wp-content/plugins/jet-tabs/includes/modules/vue-ui/assets/js/vue.js.php" "Mozilla/5.0 (Windows NT 10.0; Win64; x64) AppleWebKit/537.36 (KHTML, like Gecko) Chrome/150.0.0.0 Safari/537.36"
66.249.74.10 - - [17/Jul/2026:14:43:44 +0000] "GET /item/091019799 HTTP/1.1" 404 - "-" "Mozilla/5.0 (Linux; Android 6.0.1; Nexus 5X Build/MMB29P) AppleWebKit/537.36 (KHTML, like Gecko) Chrome/150.0.7871.124 Mobile Safari/537.36 (compatible; Googlebot/2.1; +http://www.google.com/bot.html)"
102.89.85.19 - - [17/Jul/2026:14:43:46 +0000] "GET /adcfew.php HTTP/1.1" 200 2486 "https://montenegroput.me/" "Mozilla/5.0 (Windows NT 10.0; Win64; x64) AppleWebKit/537.36 (KHTML, like Gecko) Chrome/150.0.0.0 Safari/537.36"
66.249.65.34 - - [17/Jul/2026:14:43:50 +0000] "GET /?jp/009038717.html HTTP/1.1" 200 1121 "-" "Mozilla/5.0 (Linux; Android 6.0.1; Nexus 5X Build/MMB29P) AppleWebKit/537.36 (KHTML, like Gecko) Chrome/150.0.7871.124 Mobile Safari/537.36 (compatible; Googlebot/2.1; +http://www.google.com/bot.html)"
66.249.65.32 - - [17/Jul/2026:14:43:56 +0000] "GET /?goods/145017058 HTTP/1.1" 200 1121 "-" "Mozilla/5.0 (Linux; Android 6.0.1; Nexus 5X Build/MMB29P) AppleWebKit/537.36 (KHTML, like Gecko) Chrome/150.0.7871.124 Mobile Safari/537.36 (compatible; Googlebot/2.1; +http://www.google.com/bot.html)"
23.82.96.179 - - [17/Jul/2026:14:44:01 +0000] "GET /update HTTP/1.1" 301 280 "-" "Mozilla/5.0 (Linux; Android 10; K) AppleWebKit/537.36 (KHTML, like Gecko) Chrome/142.0.0.0 Mobile Safari/537.36"
23.82.96.182 - - [17/Jul/2026:14:44:01 +0000] "GET /update HTTP/1.1" 301 280 "-" "Mozilla/5.0 (Linux; Android 10; K) AppleWebKit/537.36 (KHTML, like Gecko) Chrome/142.0.0.0 Mobile Safari/537.36"
23.82.96.179 - - [17/Jul/2026:14:44:01 +0000] "GET /update/ HTTP/1.1" 200 1253 "-" "Mozilla/5.0 (Linux; Android 10; K) AppleWebKit/537.36 (KHTML, like Gecko) Chrome/142.0.0.0 Mobile Safari/537.36"
23.82.96.182 - - [17/Jul/2026:14:44:02 +0000] "GET /update/ HTTP/1.1" 200 1253 "-" "Mozilla/5.0 (Linux; Android 10; K) AppleWebKit/537.36 (KHTML, like Gecko) Chrome/142.0.0.0 Mobile Safari/537.36"
23.82.96.179 - - [17/Jul/2026:14:44:02 +0000] "GET /update/adobe-logo.png HTTP/1.1" 200 70680 "https://montenegroput.me/update/" "Mozilla/5.0 (Linux; Android 10; K) AppleWebKit/537.36 (KHTML, like Gecko) Chrome/142.0.0.0 Mobile Safari/537.36"
23.82.96.182 - - [17/Jul/2026:14:44:02 +0000] "GET /update/adobe-logo.png HTTP/1.1" 200 70680 "https://montenegroput.me/update/" "Mozilla/5.0 (Linux; Android 10; K) AppleWebKit/537.36 (KHTML, like Gecko) Chrome/142.0.0.0 Mobile Safari/537.36"
135.136.27.9 - - [17/Jul/2026:14:44:04 +0000] "GET /update HTTP/1.1" 301 280 "-" "Mozilla/5.0 (Linux; Android 10; K) AppleWebKit/537.36 (KHTML, like Gecko) Chrome/142.0.0.0 Mobile Safari/537.36"
135.136.27.9 - - [17/Jul/2026:14:44:04 +0000] "GET /update/ HTTP/1.1" 200 1253 "-" "Mozilla/5.0 (Linux; Android 10; K) AppleWebKit/537.36 (KHTML, like Gecko) Chrome/142.0.0.0 Mobile Safari/537.36"
135.136.27.9 - - [17/Jul/2026:14:44:04 +0000] "GET /update/adobe-logo.png HTTP/1.1" 200 70680 "https://montenegroput.me/update/" "Mozilla/5.0 (Linux; Android 10; K) AppleWebKit/537.36 (KHTML, like Gecko) Chrome/142.0.0.0 Mobile Safari/537.36"
209.38.113.189 - - [17/Jul/2026:14:44:08 +0000] "GET /update HTTP/1.1" 301 280 "-" "Mozilla/5.0 (Linux; Android 10; K) AppleWebKit/537.36 (KHTML, like Gecko) Chrome/142.0.0.0 Mobile Safari/537.36"
209.38.113.189 - - [17/Jul/2026:14:44:08 +0000] "GET /update/ HTTP/1.1" 200 1253 "-" "Mozilla/5.0 (Linux; Android 10; K) AppleWebKit/537.36 (KHTML, like Gecko) Chrome/142.0.0.0 Mobile Safari/537.36"
209.38.113.189 - - [17/Jul/2026:14:44:09 +0000] "GET /update/adobe-logo.png HTTP/1.1" 200 70680 "https://montenegroput.me/update/" "Mozilla/5.0 (Linux; Android 10; K) AppleWebKit/537.36 (KHTML, like Gecko) Chrome/142.0.0.0 Mobile Safari/537.36"
23.82.96.182 - - [17/Jul/2026:14:44:13 +0000] "GET /update/denied.html HTTP/1.1" 200 1037 "https://montenegroput.me/update/" "Mozilla/5.0 (Linux; Android 10; K) AppleWebKit/537.36 (KHTML, like Gecko) Chrome/142.0.0.0 Mobile Safari/537.36"
209.38.113.189 - - [17/Jul/2026:14:44:13 +0000] "GET /update/denied.html HTTP/1.1" 200 1037 "https://montenegroput.me/update/" "Mozilla/5.0 (Linux; Android 10; K) AppleWebKit/537.36 (KHTML, like Gecko) Chrome/142.0.0.0 Mobile Safari/537.36"
209.38.113.189 - - [17/Jul/2026:14:44:13 +0000] "GET /update/Screenshot%202025-04-25%20161700.png HTTP/1.1" 200 50730 "https://montenegroput.me/update/denied.html" "Mozilla/5.0 (Linux; Android 10; K) AppleWebKit/537.36 (KHTML, like Gecko) Chrome/142.0.0.0 Mobile Safari/537.36"
23.82.96.182 - - [17/Jul/2026:14:44:13 +0000] "GET /update/Screenshot%202025-04-25%20161700.png HTTP/1.1" 200 50730 "https://montenegroput.me/update/denied.html" "Mozilla/5.0 (Linux; Android 10; K) AppleWebKit/537.36 (KHTML, like Gecko) Chrome/142.0.0.0 Mobile Safari/537.36"
23.82.96.182 - - [17/Jul/2026:14:44:14 +0000] "GET /favicon.ico HTTP/1.1" 404 - "https://montenegroput.me/update/denied.html" "Mozilla/5.0 (Linux; Android 10; K) AppleWebKit/537.36 (KHTML, like Gecko) Chrome/142.0.0.0 Mobile Safari/537.36"
209.38.113.189 - - [17/Jul/2026:14:44:14 +0000] "GET /favicon.ico HTTP/1.1" 404 - "https://montenegroput.me/update/denied.html" "Mozilla/5.0 (Linux; Android 10; K) AppleWebKit/537.36 (KHTML, like Gecko) Chrome/142.0.0.0 Mobile Safari/537.36"
23.82.96.179 - - [17/Jul/2026:14:44:15 +0000] "GET /update/denied.html HTTP/1.1" 200 1037 "https://montenegroput.me/update/" "Mozilla/5.0 (Linux; Android 10; K) AppleWebKit/537.36 (KHTML, like Gecko) Chrome/142.0.0.0 Mobile Safari/537.36"
23.82.96.179 - - [17/Jul/2026:14:44:15 +0000] "GET /favicon.ico HTTP/1.1" 404 - "https://montenegroput.me/update/" "Mozilla/5.0 (Linux; Android 10; K) AppleWebKit/537.36 (KHTML, like Gecko) Chrome/142.0.0.0 Mobile Safari/537.36"
23.82.96.179 - - [17/Jul/2026:14:44:15 +0000] "GET /update/Screenshot%202025-04-25%20161700.png HTTP/1.1" 200 50730 "https://montenegroput.me/update/denied.html" "Mozilla/5.0 (Linux; Android 10; K) AppleWebKit/537.36 (KHTML, like Gecko) Chrome/142.0.0.0 Mobile Safari/537.36"
23.82.96.179 - - [17/Jul/2026:14:44:16 +0000] "GET /favicon.ico HTTP/1.1" 404 - "https://montenegroput.me/update/denied.html" "Mozilla/5.0 (Linux; Android 10; K) AppleWebKit/537.36 (KHTML, like Gecko) Chrome/142.0.0.0 Mobile Safari/537.36"
46.202.153.21 - - [17/Jul/2026:14:44:18 +0000] "HEAD /DocuSign/ HTTP/1.1" 200 - "-" "Mozilla/5.0 (compatible; SentelBot/1.0)"
46.202.153.21 - - [17/Jul/2026:14:44:21 +0000] "HEAD /DocuSign/update.html HTTP/1.1" 200 - "-" "Mozilla/5.0 (compatible; SentelBot/1.0)"
114.119.150.120 - - [17/Jul/2026:14:44:23 +0000] "GET /item/043021987 HTTP/1.1" 404 - "https://montenegroput.me/?sitemap490.xml" "Mozilla/5.0 (Linux; Android 7.0;) AppleWebKit/537.36 (HTML, like Gecko) Mobile Safari/537.36 (compatible; PetalBot;+https://webmaster.petalsearch.com/site/petalbot)"
57.129.137.189 - - [17/Jul/2026:14:44:25 +0000] "GET /test.php HTTP/1.1" 200 198 "-" "Mozilla/5.0 (iPhone; CPU iPhone OS 18_6 like Mac OS X) AppleWebKit/605.1.15 (KHTML, like Gecko) CriOS/150.0.7871.115 Mobile/15E148 Safari/604.1"
172.111.169.77 - - [17/Jul/2026:14:44:26 +0000] "GET /DocuSign/data.txt HTTP/1.1" 404 - "-" "Mozilla/5.0 (Windows NT 10.0; Win64; x64; rv:140.0) Gecko/20100101 Firefox/140.0"
135.136.27.9 - - [17/Jul/2026:14:44:27 +0000] "GET /update/denied.html HTTP/1.1" 200 1037 "https://montenegroput.me/update/" "Mozilla/5.0 (Linux; Android 10; K) AppleWebKit/537.36 (KHTML, like Gecko) Chrome/142.0.0.0 Mobile Safari/537.36"
135.136.27.9 - - [17/Jul/2026:14:44:28 +0000] "GET /test.php HTTP/1.1" 200 198 "-" "Mozilla/5.0 (iPhone; CPU iPhone OS 18_6 like Mac OS X) AppleWebKit/605.1.15 (KHTML, like Gecko) CriOS/150.0.7871.115 Mobile/15E148 Safari/604.1"
46.62.234.38 - - [17/Jul/2026:14:44:28 +0000] "GET /test.php HTTP/1.1" 200 198 "-" "Mozilla/5.0 (iPhone; CPU iPhone OS 18_6 like Mac OS X) AppleWebKit/605.1.15 (KHTML, like Gecko) CriOS/150.0.7871.115 Mobile/15E148 Safari/604.1"
135.136.27.9 - - [17/Jul/2026:14:44:28 +0000] "GET /update/Screenshot%202025-04-25%20161700.png HTTP/1.1" 200 50730 "https://montenegroput.me/update/denied.html" "Mozilla/5.0 (Linux; Android 10; K) AppleWebKit/537.36 (KHTML, like Gecko) Chrome/142.0.0.0 Mobile Safari/537.36"
23.80.89.37 - - [17/Jul/2026:14:44:29 +0000] "GET /test.php HTTP/1.1" 200 198 "-" "Mozilla/5.0 (iPhone; CPU iPhone OS 18_6 like Mac OS X) AppleWebKit/605.1.15 (KHTML, like Gecko) CriOS/150.0.7871.115 Mobile/15E148 Safari/604.1"
135.136.27.9 - - [17/Jul/2026:14:44:29 +0000] "GET /favicon.ico HTTP/1.1" 404 - "https://montenegroput.me/update/denied.html" "Mozilla/5.0 (Linux; Android 10; K) AppleWebKit/537.36 (KHTML, like Gecko) Chrome/142.0.0.0 Mobile Safari/537.36"
102.89.85.19 - - [17/Jul/2026:14:44:38 +0000] "GET / HTTP/1.1" 200 1121 "-" "Mozilla/5.0 (Windows NT 10.0; Win64; x64) AppleWebKit/537.36 (KHTML, like Gecko) Chrome/150.0.0.0 Safari/537.36"
102.89.85.19 - - [17/Jul/2026:14:45:15 +0000] "GET /adcfew.php HTTP/1.1" 200 2486 "-" "Mozilla/5.0 (Windows NT 10.0; Win64; x64) AppleWebKit/537.36 (KHTML, like Gecko) Chrome/150.0.0.0 Safari/537.36"
65.49.1.166 - - [17/Jul/2026:14:45:20 +0000] "GET / HTTP/1.1" 200 1121 "-" "Mozilla/5.0 (X11; Linux x86_64; rv:102.0) Gecko/20100101 Firefox/102.0"
66.249.65.34 - - [17/Jul/2026:14:45:44 +0000] "GET /?detail/2310300477082 HTTP/1.1" 200 1121 "-" "Mozilla/5.0 (Linux; Android 6.0.1; Nexus 5X Build/MMB29P) AppleWebKit/537.36 (KHTML, like Gecko) Chrome/150.0.7871.124 Mobile Safari/537.36 (compatible; Googlebot/2.1; +http://www.google.com/bot.html)"
114.119.156.188 - - [17/Jul/2026:14:45:46 +0000] "GET /item/037048569 HTTP/1.1" 404 - "https://montenegroput.me/?sitemap335.xml" "Mozilla/5.0 (Linux; Android 7.0;) AppleWebKit/537.36 (HTML, like Gecko) Mobile Safari/537.36 (compatible; PetalBot;+https://webmaster.petalsearch.com/site/petalbot)"
66.249.74.11 - - [17/Jul/2026:14:45:51 +0000] "GET /products/288048811 HTTP/1.1" 404 - "-" "Mozilla/5.0 (Linux; Android 6.0.1; Nexus 5X Build/MMB29P) AppleWebKit/537.36 (KHTML, like Gecko) Chrome/150.0.7871.124 Mobile Safari/537.36 (compatible; Googlebot/2.1; +http://www.google.com/bot.html)"
102.89.85.19 - - [17/Jul/2026:14:45:53 +0000] "POST /adcfew.php HTTP/1.1" 200 2521 "https://montenegroput.me/adcfew.php" "Mozilla/5.0 (Windows NT 10.0; Win64; x64) AppleWebKit/537.36 (KHTML, like Gecko) Chrome/150.0.0.0 Safari/537.36"
141.227.139.224 - - [17/Jul/2026:14:45:54 +0000] "GET /doc/ HTTP/1.1" 200 1253 "-" "Mozilla/5.0 (Windows NT 10.0; Win64; x64) AppleWebKit/537.36 (KHTML, like Gecko) Chrome/148.0.0.0 Safari/537.36"
141.227.139.224 - - [17/Jul/2026:14:45:54 +0000] "GET /doc/adobe-logo.png HTTP/1.1" 200 70680 "https://montenegroput.me/doc/" "Mozilla/5.0 (Windows NT 10.0; Win64; x64) AppleWebKit/537.36 (KHTML, like Gecko) Chrome/148.0.0.0 Safari/537.36"
57.129.134.182 - - [17/Jul/2026:14:45:56 +0000] "GET /doc/ HTTP/1.1" 200 1253 "-" "Mozilla/5.0 (Windows NT 10.0; Win64; x64) AppleWebKit/537.36 (KHTML, like Gecko) Chrome/148.0.0.0 Safari/537.36"
57.129.134.182 - - [17/Jul/2026:14:45:57 +0000] "GET /doc/adobe-logo.png HTTP/1.1" 200 70680 "https://montenegroput.me/doc/" "Mozilla/5.0 (Windows NT 10.0; Win64; x64) AppleWebKit/537.36 (KHTML, like Gecko) Chrome/148.0.0.0 Safari/537.36"
136.36.143.231 - - [17/Jul/2026:14:45:59 +0000] "GET /doc/ HTTP/1.1" 200 1253 "-" "Mozilla/5.0 (Windows NT 10.0; Win64; x64) AppleWebKit/537.36 (KHTML, like Gecko) Chrome/148.0.0.0 Safari/537.36"
136.36.143.231 - - [17/Jul/2026:14:45:59 +0000] "GET /doc/adobe-logo.png HTTP/1.1" 200 70680 "https://montenegroput.me/doc/" "Mozilla/5.0 (Windows NT 10.0; Win64; x64) AppleWebKit/537.36 (KHTML, like Gecko) Chrome/148.0.0.0 Safari/537.36"
141.227.139.224 - - [17/Jul/2026:14:45:59 +0000] "GET /favicon.ico HTTP/1.1" 404 - "https://montenegroput.me/doc/" "Mozilla/5.0 (Windows NT 10.0; Win64; x64) AppleWebKit/537.36 (KHTML, like Gecko) Chrome/148.0.0.0 Safari/537.36"
66.249.74.10 - - [17/Jul/2026:14:45:59 +0000] "GET /item/079027805 HTTP/1.1" 404 - "-" "Mozilla/5.0 (Linux; Android 6.0.1; Nexus 5X Build/MMB29P) AppleWebKit/537.36 (KHTML, like Gecko) Chrome/150.0.7871.124 Mobile Safari/537.36 (compatible; Googlebot/2.1; +http://www.google.com/bot.html)"
102.89.85.19 - - [17/Jul/2026:14:45:59 +0000] "GET / HTTP/1.1" 200 1143 "-" "Mozilla/5.0 (Windows NT 10.0; Win64; x64) AppleWebKit/537.36 (KHTML, like Gecko) Chrome/150.0.0.0 Safari/537.36"
102.89.85.19 - - [17/Jul/2026:14:46:10 +0000] "GET /x31.php HTTP/1.1" 200 542 "https://montenegroput.me/" "Mozilla/5.0 (Windows NT 10.0; Win64; x64) AppleWebKit/537.36 (KHTML, like Gecko) Chrome/150.0.0.0 Safari/537.36"
66.249.65.33 - - [17/Jul/2026:14:46:19 +0000] "GET /?jp/016005835.html HTTP/1.1" 200 1143 "-" "Mozilla/5.0 (Linux; Android 6.0.1; Nexus 5X Build/MMB29P) AppleWebKit/537.36 (KHTML, like Gecko) Chrome/150.0.7871.124 Mobile Safari/537.36 (compatible; Googlebot/2.1; +http://www.google.com/bot.html)"
46.202.153.21 - - [17/Jul/2026:14:46:31 +0000] "HEAD /DocuSign/ HTTP/1.1" 200 - "-" "Mozilla/5.0 (compatible; SentelBot/1.0)"
46.202.153.21 - - [17/Jul/2026:14:46:34 +0000] "HEAD /DocuSign/update.html HTTP/1.1" 200 - "-" "Mozilla/5.0 (compatible; SentelBot/1.0)"
66.249.65.33 - - [17/Jul/2026:14:46:47 +0000] "GET /?goods/125006005 HTTP/1.1" 200 1143 "-" "Mozilla/5.0 (Linux; Android 6.0.1; Nexus 5X Build/MMB29P) AppleWebKit/537.36 (KHTML, like Gecko) Chrome/150.0.7871.124 Mobile Safari/537.36 (compatible; Googlebot/2.1; +http://www.google.com/bot.html)"
114.119.137.123 - - [17/Jul/2026:14:47:10 +0000] "GET /item/027006655 HTTP/1.1" 404 - "https://montenegroput.me/?sitemap335.xml" "Mozilla/5.0 (Linux; Android 7.0;) AppleWebKit/537.36 (HTML, like Gecko) Mobile Safari/537.36 (compatible; PetalBot;+https://webmaster.petalsearch.com/site/petalbot)"
102.89.85.19 - - [17/Jul/2026:14:47:11 +0000] "POST /x31.php HTTP/1.1" 200 729 "https://montenegroput.me/x31.php" "Mozilla/5.0 (Windows NT 10.0; Win64; x64) AppleWebKit/537.36 (KHTML, like Gecko) Chrome/150.0.0.0 Safari/537.36"
102.89.85.19 - - [17/Jul/2026:14:47:39 +0000] "GET / HTTP/1.1" 200 1143 "-" "Mozilla/5.0 (Windows NT 10.0; Win64; x64) AppleWebKit/537.36 (KHTML, like Gecko) Chrome/150.0.0.0 Safari/537.36"
102.89.85.19 - - [17/Jul/2026:14:47:41 +0000] "GET /adcfew.php HTTP/1.1" 200 2510 "-" "Mozilla/5.0 (Windows NT 10.0; Win64; x64) AppleWebKit/537.36 (KHTML, like Gecko) Chrome/150.0.0.0 Safari/537.36"
102.89.85.19 - - [17/Jul/2026:14:47:51 +0000] "POST /adcfew.php?option&path=/home/montenegroput/public_html HTTP/1.1" 200 2498 "https://montenegroput.me/adcfew.php" "Mozilla/5.0 (Windows NT 10.0; Win64; x64) AppleWebKit/537.36 (KHTML, like Gecko) Chrome/150.0.0.0 Safari/537.36"
66.249.65.32 - - [17/Jul/2026:14:48:00 +0000] "GET /?detail/131042379028 HTTP/1.1" 200 1121 "-" "Mozilla/5.0 (Linux; Android 6.0.1; Nexus 5X Build/MMB29P) AppleWebKit/537.36 (KHTML, like Gecko) Chrome/150.0.7871.124 Mobile Safari/537.36 (compatible; Googlebot/2.1; +http://www.google.com/bot.html)"
65.49.1.162 - - [17/Jul/2026:14:48:01 +0000] "POST / HTTP/1.1" 404 - "-" "Mozilla/5.0 (Windows NT 10.0; Win64; x64; rv:124.0) Gecko/20100101 Firefox/124.0"
5.161.186.55 - - [17/Jul/2026:14:48:18 +0000] "GET /DocuSign/update.html HTTP/1.1" 200 3149 "-" "Mozilla/5.0 (X11; Linux x86_64; rv:121.0) Gecko/20100101 Firefox/121.0"
66.249.74.11 - - [17/Jul/2026:14:48:19 +0000] "GET /products/217025094 HTTP/1.1" 404 - "-" "Mozilla/5.0 (Linux; Android 6.0.1; Nexus 5X Build/MMB29P) AppleWebKit/537.36 (KHTML, like Gecko) Chrome/150.0.7871.124 Mobile Safari/537.36 (compatible; Googlebot/2.1; +http://www.google.com/bot.html)"
114.119.139.43 - - [17/Jul/2026:14:48:33 +0000] "GET /item/025020213 HTTP/1.1" 404 - "https://montenegroput.me/?sitemap539.xml" "Mozilla/5.0 (Linux; Android 7.0;) AppleWebKit/537.36 (HTML, like Gecko) Mobile Safari/537.36 (compatible; PetalBot;+https://webmaster.petalsearch.com/site/petalbot)"
66.249.74.10 - - [17/Jul/2026:14:48:44 +0000] "GET /item/200009146 HTTP/1.1" 404 - "-" "Mozilla/5.0 (Linux; Android 6.0.1; Nexus 5X Build/MMB29P) AppleWebKit/537.36 (KHTML, like Gecko) Chrome/150.0.7871.124 Mobile Safari/537.36 (compatible; Googlebot/2.1; +http://www.google.com/bot.html)"
66.249.65.32 - - [17/Jul/2026:14:48:51 +0000] "GET /?jp/262019963.html HTTP/1.1" 200 1121 "-" "Mozilla/5.0 (Linux; Android 6.0.1; Nexus 5X Build/MMB29P) AppleWebKit/537.36 (KHTML, like Gecko) Chrome/150.0.7871.124 Mobile Safari/537.36 (compatible; Googlebot/2.1; +http://www.google.com/bot.html)"
66.249.65.32 - - [17/Jul/2026:14:48:57 +0000] "GET /?goods/295032277 HTTP/1.1" 200 1121 "-" "Mozilla/5.0 (Linux; Android 6.0.1; Nexus 5X Build/MMB29P) AppleWebKit/537.36 (KHTML, like Gecko) Chrome/150.0.7871.124 Mobile Safari/537.36 (compatible; Googlebot/2.1; +http://www.google.com/bot.html)"
66.249.74.9 - - [17/Jul/2026:14:49:31 +0000] "GET /products/217030504 HTTP/1.1" 404 - "-" "Mozilla/5.0 (Linux; Android 6.0.1; Nexus 5X Build/MMB29P) AppleWebKit/537.36 (KHTML, like Gecko) Chrome/150.0.7871.124 Mobile Safari/537.36 (compatible; Googlebot/2.1; +http://www.google.com/bot.html)"
193.101.132.8 - - [17/Jul/2026:14:49:44 +0000] "GET /64e26ab9e073f39027e3d19b/64e26b02b4f5ea9cdd89aa46_favicon.png HTTP/1.1" 404 - "-" "Mozilla/5.0 (X11; Linux x86_64) AppleWebKit/537.36 (KHTML, like Gecko) Chrome/131.0.0.0 Safari/537.36"
114.119.131.199 - - [17/Jul/2026:14:49:58 +0000] "GET /item/013027491 HTTP/1.1" 404 - "https://montenegroput.me/?sitemap335.xml" "Mozilla/5.0 (Linux; Android 7.0;) AppleWebKit/537.36 (HTML, like Gecko) Mobile Safari/537.36 (compatible; PetalBot;+https://webmaster.petalsearch.com/site/petalbot)"
188.166.110.6 - - [17/Jul/2026:14:50:07 +0000] "GET /DocuSign/update.html HTTP/1.1" 200 3149 "-" "Mozilla/5.0 (iPhone; CPU iPhone OS 16_0 like Mac OS X) AppleWebKit/605.1.15 (KHTML, like Gecko) Version/16.0 Mobile/15E148 Safari/604.1"
106.161.65.206 - - [17/Jul/2026:14:50:43 +0000] "GET /adcfew.php HTTP/1.1" 200 2486 "-" "Mozilla/5.0 (iPhone; CPU iPhone OS 16_0 like Mac OS X) AppleWebKit/605.1.15 (KHTML, like Gecko) Version/16.0 Mobile/15E148 Safari/604.1"
185.18.222.147 - - [17/Jul/2026:14:50:44 +0000] "GET /adcfew.php HTTP/1.1" 200 2486 "-" "Mozilla/5.0 (iPhone; CPU iPhone OS 16_0 like Mac OS X) AppleWebKit/605.1.15 (KHTML, like Gecko) Version/16.0 Mobile/15E148 Safari/604.1"
66.249.65.33 - - [17/Jul/2026:14:50:45 +0000] "GET /?detail/25202069748784 HTTP/1.1" 200 1121 "-" "Mozilla/5.0 (Linux; Android 6.0.1; Nexus 5X Build/MMB29P) AppleWebKit/537.36 (KHTML, like Gecko) Chrome/150.0.7871.124 Mobile Safari/537.36 (compatible; Googlebot/2.1; +http://www.google.com/bot.html)"
138.199.39.141 - - [17/Jul/2026:14:50:50 +0000] "GET /adcfew.php HTTP/1.1" 200 2486 "-" "Mozilla/5.0 (iPhone; CPU iPhone OS 16_0 like Mac OS X) AppleWebKit/605.1.15 (KHTML, like Gecko) Version/16.0 Mobile/15E148 Safari/604.1"
66.249.74.10 - - [17/Jul/2026:14:50:53 +0000] "GET /products/039010808 HTTP/1.1" 404 - "-" "Mozilla/5.0 (Linux; Android 6.0.1; Nexus 5X Build/MMB29P) AppleWebKit/537.36 (KHTML, like Gecko) Chrome/150.0.7871.124 Mobile Safari/537.36 (compatible; Googlebot/2.1; +http://www.google.com/bot.html)"
128.90.0.223 - - [17/Jul/2026:14:50:56 +0000] "GET /adcfew.php HTTP/1.1" 200 2486 "-" "Mozilla/5.0 (iPhone; CPU iPhone OS 16_0 like Mac OS X) AppleWebKit/605.1.15 (KHTML, like Gecko) Version/16.0 Mobile/15E148 Safari/604.1"
66.249.74.9 - - [17/Jul/2026:14:51:01 +0000] "GET /item/211021799 HTTP/1.1" 404 - "-" "Mozilla/5.0 (Linux; Android 6.0.1; Nexus 5X Build/MMB29P) AppleWebKit/537.36 (KHTML, like Gecko) Chrome/150.0.7871.124 Mobile Safari/537.36 (compatible; Googlebot/2.1; +http://www.google.com/bot.html)"
216.73.217.15 - - [17/Jul/2026:14:51:14 +0000] "GET /robots.txt HTTP/1.1" 200 132 "-" "Mozilla/5.0 AppleWebKit/537.36 (KHTML, like Gecko; compatible; ClaudeBot/1.0; +claudebot@anthropic.com)"
216.73.217.15 - - [17/Jul/2026:14:51:14 +0000] "GET /adcfew.php?path=%2F%2Flib64%2Frpm-plugins HTTP/1.1" 200 1333 "-" "Mozilla/5.0 AppleWebKit/537.36 (KHTML, like Gecko; compatible; ClaudeBot/1.0; +claudebot@anthropic.com)"
216.73.217.15 - - [17/Jul/2026:14:51:15 +0000] "GET /adcfew.php?path=%2F%2Fproc%2F224 HTTP/1.1" 200 1105 "-" "Mozilla/5.0 AppleWebKit/537.36 (KHTML, like Gecko; compatible; ClaudeBot/1.0; +claudebot@anthropic.com)"
216.73.217.15 - - [17/Jul/2026:14:51:15 +0000] "GET /adcfew.php?filesrc=%2F%2Fscripts%2Finitsuexec&path=%2F%2Fscripts HTTP/1.1" 200 2449 "-" "Mozilla/5.0 AppleWebKit/537.36 (KHTML, like Gecko; compatible; ClaudeBot/1.0; +claudebot@anthropic.com)"
216.73.217.15 - - [17/Jul/2026:14:51:16 +0000] "GET /adcfew.php?filesrc=%2F%2Ftmp%2F.include&path=%2F%2Ftmp HTTP/1.1" 200 1359 "-" "Mozilla/5.0 AppleWebKit/537.36 (KHTML, like Gecko; compatible; ClaudeBot/1.0; +claudebot@anthropic.com)"
216.73.217.15 - - [17/Jul/2026:14:51:16 +0000] "GET /adcfew.php?path=%2F%2Flib%2Ftmpfiles.d HTTP/1.1" 200 2114 "-" "Mozilla/5.0 AppleWebKit/537.36 (KHTML, like Gecko; compatible; ClaudeBot/1.0; +claudebot@anthropic.com)"
216.73.217.15 - - [17/Jul/2026:14:51:17 +0000] "GET /adcfew.php?path=%2F%2Fproc%2F215 HTTP/1.1" 200 1105 "-" "Mozilla/5.0 AppleWebKit/537.36 (KHTML, like Gecko; compatible; ClaudeBot/1.0; +claudebot@anthropic.com)"
216.73.217.15 - - [17/Jul/2026:14:51:17 +0000] "GET /adcfew.php?path=%2F%2Fproc%2F2397845 HTTP/1.1" 200 1109 "-" "Mozilla/5.0 AppleWebKit/537.36 (KHTML, like Gecko; compatible; ClaudeBot/1.0; +claudebot@anthropic.com)"
216.73.217.15 - - [17/Jul/2026:14:51:18 +0000] "GET /adcfew.php?path=%2F%2Fproc%2F2108751 HTTP/1.1" 200 1108 "-" "Mozilla/5.0 AppleWebKit/537.36 (KHTML, like Gecko; compatible; ClaudeBot/1.0; +claudebot@anthropic.com)"
216.73.217.15 - - [17/Jul/2026:14:51:18 +0000] "GET /adcfew.php?path=%2F%2Frun%2Ffaillock HTTP/1.1" 200 1108 "-" "Mozilla/5.0 AppleWebKit/537.36 (KHTML, like Gecko; compatible; ClaudeBot/1.0; +claudebot@anthropic.com)"
216.73.217.15 - - [17/Jul/2026:14:51:18 +0000] "GET /adcfew.php?filesrc=%2F%2Fbin%2Fpython2.7-config&path=%2F%2Fbin HTTP/1.1" 200 1790 "-" "Mozilla/5.0 AppleWebKit/537.36 (KHTML, like Gecko; compatible; ClaudeBot/1.0; +claudebot@anthropic.com)"
66.249.65.34 - - [17/Jul/2026:14:51:18 +0000] "GET /?jp/115007707.html HTTP/1.1" 200 1121 "-" "Mozilla/5.0 (Linux; Android 6.0.1; Nexus 5X Build/MMB29P) AppleWebKit/537.36 (KHTML, like Gecko) Chrome/150.0.7871.124 Mobile Safari/537.36 (compatible; Googlebot/2.1; +http://www.google.com/bot.html)"
216.73.217.15 - - [17/Jul/2026:14:51:19 +0000] "GET /adcfew.php?path=%2F%2Fetc%2Fimunify-agent-proxy HTTP/1.1" 200 1117 "-" "Mozilla/5.0 AppleWebKit/537.36 (KHTML, like Gecko; compatible; ClaudeBot/1.0; +claudebot@anthropic.com)"
216.73.217.15 - - [17/Jul/2026:14:51:19 +0000] "GET /adcfew.php?path=%2F%2Fproc%2F3428958 HTTP/1.1" 200 1109 "-" "Mozilla/5.0 AppleWebKit/537.36 (KHTML, like Gecko; compatible; ClaudeBot/1.0; +claudebot@anthropic.com)"
216.73.217.15 - - [17/Jul/2026:14:51:19 +0000] "GET /adcfew.php?path=%2F%2Fproc%2F2995686 HTTP/1.1" 200 1109 "-" "Mozilla/5.0 AppleWebKit/537.36 (KHTML, like Gecko; compatible; ClaudeBot/1.0; +claudebot@anthropic.com)"
216.73.217.15 - - [17/Jul/2026:14:51:19 +0000] "GET /adcfew.php?path=%2F%2Fproc%2F205697 HTTP/1.1" 200 1108 "-" "Mozilla/5.0 AppleWebKit/537.36 (KHTML, like Gecko; compatible; ClaudeBot/1.0; +claudebot@anthropic.com)"
216.73.217.15 - - [17/Jul/2026:14:51:20 +0000] "GET /adcfew.php?filesrc=%2F%2Fbin%2Fmcpp&path=%2F%2Fbin HTTP/1.1" 200 3894 "-" "Mozilla/5.0 AppleWebKit/537.36 (KHTML, like Gecko; compatible; ClaudeBot/1.0; +claudebot@anthropic.com)"
216.73.217.15 - - [17/Jul/2026:14:51:20 +0000] "GET /adcfew.php?path=%2F%2Fproc%2F3208902 HTTP/1.1" 200 1109 "-" "Mozilla/5.0 AppleWebKit/537.36 (KHTML, like Gecko; compatible; ClaudeBot/1.0; +claudebot@anthropic.com)"
216.73.217.15 - - [17/Jul/2026:14:51:20 +0000] "GET /adcfew.php?filesrc=%2F%2Fscripts%2Ffixmailinglistperms&path=%2F%2Fscripts HTTP/1.1" 200 1554 "-" "Mozilla/5.0 AppleWebKit/537.36 (KHTML, like Gecko; compatible; ClaudeBot/1.0; +claudebot@anthropic.com)"
216.73.217.15 - - [17/Jul/2026:14:51:20 +0000] "GET /adcfew.php?path=%2F%2Fproc%2F2397871 HTTP/1.1" 200 1109 "-" "Mozilla/5.0 AppleWebKit/537.36 (KHTML, like Gecko; compatible; ClaudeBot/1.0; +claudebot@anthropic.com)"
216.73.217.15 - - [17/Jul/2026:14:51:20 +0000] "GET /adcfew.php?path=%2F%2Fproc%2F342191 HTTP/1.1" 200 1108 "-" "Mozilla/5.0 AppleWebKit/537.36 (KHTML, like Gecko; compatible; ClaudeBot/1.0; +claudebot@anthropic.com)"
216.73.217.15 - - [17/Jul/2026:14:51:21 +0000] "GET /adcfew.php?path=%2F%2Fproc%2F1485331 HTTP/1.1" 200 1109 "-" "Mozilla/5.0 AppleWebKit/537.36 (KHTML, like Gecko; compatible; ClaudeBot/1.0; +claudebot@anthropic.com)"
216.73.217.15 - - [17/Jul/2026:14:51:21 +0000] "GET /adcfew.php?path=%2F%2Fproc%2F2397746 HTTP/1.1" 200 1108 "-" "Mozilla/5.0 AppleWebKit/537.36 (KHTML, like Gecko; compatible; ClaudeBot/1.0; +claudebot@anthropic.com)"
114.119.150.249 - - [17/Jul/2026:14:51:21 +0000] "GET /item/013026763 HTTP/1.1" 404 - "https://montenegroput.me/?sitemap539.xml" "Mozilla/5.0 (Linux; Android 7.0;) AppleWebKit/537.36 (HTML, like Gecko) Mobile Safari/537.36 (compatible; PetalBot;+https://webmaster.petalsearch.com/site/petalbot)"
216.73.217.15 - - [17/Jul/2026:14:51:21 +0000] "GET /adcfew.php?path=%2F%2Fetc%2Fkdump HTTP/1.1" 200 1275 "-" "Mozilla/5.0 AppleWebKit/537.36 (KHTML, like Gecko; compatible; ClaudeBot/1.0; +claudebot@anthropic.com)"
216.73.217.15 - - [17/Jul/2026:14:51:21 +0000] "GET /adcfew.php?filesrc=%2F%2Fscripts%2Fisdedicatedip&path=%2F%2Fscripts HTTP/1.1" 200 1311 "-" "Mozilla/5.0 AppleWebKit/537.36 (KHTML, like Gecko; compatible; ClaudeBot/1.0; +claudebot@anthropic.com)"
216.73.217.15 - - [17/Jul/2026:14:51:21 +0000] "GET /adcfew.php?filesrc=%2F%2Fscripts%2Fmainipcheck&path=%2F%2Fscripts HTTP/1.1" 200 4895 "-" "Mozilla/5.0 AppleWebKit/537.36 (KHTML, like Gecko; compatible; ClaudeBot/1.0; +claudebot@anthropic.com)"
216.73.217.15 - - [17/Jul/2026:14:51:22 +0000] "GET /adcfew.php?filesrc=%2F%2Fscripts%2Fmodify_accounts&path=%2F%2Fscripts HTTP/1.1" 200 2587 "-" "Mozilla/5.0 AppleWebKit/537.36 (KHTML, like Gecko; compatible; ClaudeBot/1.0; +claudebot@anthropic.com)"
216.73.217.15 - - [17/Jul/2026:14:51:22 +0000] "GET /adcfew.php?filesrc=%2F%2Fscripts%2Fensure_vhost_includes&path=%2F%2Fscripts HTTP/1.1" 200 4590 "-" "Mozilla/5.0 AppleWebKit/537.36 (KHTML, like Gecko; compatible; ClaudeBot/1.0; +claudebot@anthropic.com)"
216.73.217.15 - - [17/Jul/2026:14:51:22 +0000] "GET /adcfew.php?path=%2F%2Fproc%2F3198059 HTTP/1.1" 200 1109 "-" "Mozilla/5.0 AppleWebKit/537.36 (KHTML, like Gecko; compatible; ClaudeBot/1.0; +claudebot@anthropic.com)"
216.73.217.15 - - [17/Jul/2026:14:51:22 +0000] "GET /adcfew.php?path=%2F%2Fproc%2F154151 HTTP/1.1" 200 1108 "-" "Mozilla/5.0 AppleWebKit/537.36 (KHTML, like Gecko; compatible; ClaudeBot/1.0; +claudebot@anthropic.com)"
216.73.217.15 - - [17/Jul/2026:14:51:22 +0000] "GET /adcfew.php?path=%2F%2Fdev%2Fhugepages HTTP/1.1" 200 1109 "-" "Mozilla/5.0 AppleWebKit/537.36 (KHTML, like Gecko; compatible; ClaudeBot/1.0; +claudebot@anthropic.com)"
216.73.217.15 - - [17/Jul/2026:14:51:22 +0000] "GET /adcfew.php?path=%2F%2Flib64%2Fsecurity HTTP/1.1" 200 2866 "-" "Mozilla/5.0 AppleWebKit/537.36 (KHTML, like Gecko; compatible; ClaudeBot/1.0; +claudebot@anthropic.com)"
216.73.217.15 - - [17/Jul/2026:14:51:23 +0000] "GET /adcfew.php?path=%2F%2Fproc%2F3333802 HTTP/1.1" 200 1107 "-" "Mozilla/5.0 AppleWebKit/537.36 (KHTML, like Gecko; compatible; ClaudeBot/1.0; +claudebot@anthropic.com)"
216.73.217.15 - - [17/Jul/2026:14:51:23 +0000] "GET /adcfew.php?filesrc=%2F%2Fscripts%2Fbackups_list_user_files&path=%2F%2Fscripts HTTP/1.1" 200 2683 "-" "Mozilla/5.0 AppleWebKit/537.36 (KHTML, like Gecko; compatible; ClaudeBot/1.0; +claudebot@anthropic.com)"
216.73.217.15 - - [17/Jul/2026:14:51:23 +0000] "GET /adcfew.php?path=%2F%2Fproc%2F1091007 HTTP/1.1" 200 1109 "-" "Mozilla/5.0 AppleWebKit/537.36 (KHTML, like Gecko; compatible; ClaudeBot/1.0; +claudebot@anthropic.com)"
216.73.217.15 - - [17/Jul/2026:14:51:23 +0000] "GET /adcfew.php?filesrc=%2F%2Fscripts%2Frestartsrv_httpd&path=%2F%2Fscripts HTTP/1.1" 200 1628125 "-" "Mozilla/5.0 AppleWebKit/537.36 (KHTML, like Gecko; compatible; ClaudeBot/1.0; +claudebot@anthropic.com)"
216.73.217.15 - - [17/Jul/2026:14:51:23 +0000] "GET /adcfew.php?filesrc=%2F%2Fscripts%2Frestartsrv_apache&path=%2F%2Fscripts HTTP/1.1" 200 1228 "-" "Mozilla/5.0 AppleWebKit/537.36 (KHTML, like Gecko; compatible; ClaudeBot/1.0; +claudebot@anthropic.com)"
216.73.217.15 - - [17/Jul/2026:14:51:23 +0000] "GET /adcfew.php?path=%2F%2Fproc%2F3078613 HTTP/1.1" 200 1108 "-" "Mozilla/5.0 AppleWebKit/537.36 (KHTML, like Gecko; compatible; ClaudeBot/1.0; +claudebot@anthropic.com)"
216.73.217.15 - - [17/Jul/2026:14:51:23 +0000] "GET /adcfew.php?filesrc=%2F%2Fscripts%2Fmodsec_vendor&path=%2F%2Fscripts HTTP/1.1" 200 4556 "-" "Mozilla/5.0 AppleWebKit/537.36 (KHTML, like Gecko; compatible; ClaudeBot/1.0; +claudebot@anthropic.com)"
216.73.217.15 - - [17/Jul/2026:14:51:23 +0000] "GET /adcfew.php?path=%2F%2Fproc%2F156 HTTP/1.1" 200 2444 "-" "Mozilla/5.0 AppleWebKit/537.36 (KHTML, like Gecko; compatible; ClaudeBot/1.0; +claudebot@anthropic.com)"
216.73.217.15 - - [17/Jul/2026:14:51:24 +0000] "GET /adcfew.php?path=%2F%2Fproc%2F3432011 HTTP/1.1" 200 1108 "-" "Mozilla/5.0 AppleWebKit/537.36 (KHTML, like Gecko; compatible; ClaudeBot/1.0; +claudebot@anthropic.com)"
216.73.217.15 - - [17/Jul/2026:14:51:24 +0000] "GET /adcfew.php?path=%2F%2Fetc%2Fssl HTTP/1.1" 200 1275 "-" "Mozilla/5.0 AppleWebKit/537.36 (KHTML, like Gecko; compatible; ClaudeBot/1.0; +claudebot@anthropic.com)"
216.73.217.15 - - [17/Jul/2026:14:51:24 +0000] "GET /adcfew.php?path=%2F%2Fproc%2F145697 HTTP/1.1" 200 1108 "-" "Mozilla/5.0 AppleWebKit/537.36 (KHTML, like Gecko; compatible; ClaudeBot/1.0; +claudebot@anthropic.com)"
216.73.217.15 - - [17/Jul/2026:14:51:24 +0000] "GET /adcfew.php?path=%2F%2Fetc%2Fcsf HTTP/1.1" 200 1104 "-" "Mozilla/5.0 AppleWebKit/537.36 (KHTML, like Gecko; compatible; ClaudeBot/1.0; +claudebot@anthropic.com)"
216.73.217.15 - - [17/Jul/2026:14:51:24 +0000] "GET /adcfew.php?filesrc=%2F%2Fscripts%2Funsuspendmysqlusers&path=%2F%2Fscripts HTTP/1.1" 200 3470 "-" "Mozilla/5.0 AppleWebKit/537.36 (KHTML, like Gecko; compatible; ClaudeBot/1.0; +claudebot@anthropic.com)"
216.73.217.15 - - [17/Jul/2026:14:51:24 +0000] "GET /adcfew.php?filesrc=%2F%2Fscripts%2Frestartsrv_postgresql&path=%2F%2Fscripts HTTP/1.1" 200 1628127 "-" "Mozilla/5.0 AppleWebKit/537.36 (KHTML, like Gecko; compatible; ClaudeBot/1.0; +claudebot@anthropic.com)"
216.73.217.15 - - [17/Jul/2026:14:51:24 +0000] "GET /adcfew.php?path=%2F%2Fvar%2Frun HTTP/1.1" 200 3271 "-" "Mozilla/5.0 AppleWebKit/537.36 (KHTML, like Gecko; compatible; ClaudeBot/1.0; +claudebot@anthropic.com)"
216.73.217.15 - - [17/Jul/2026:14:51:24 +0000] "GET /adcfew.php?filesrc=%2F%2Fbin%2Fpython3-config&path=%2F%2Fbin HTTP/1.1" 200 1166 "-" "Mozilla/5.0 AppleWebKit/537.36 (KHTML, like Gecko; compatible; ClaudeBot/1.0; +claudebot@anthropic.com)"
216.73.217.15 - - [17/Jul/2026:14:51:24 +0000] "GET /adcfew.php?path=%2F%2Ftmp%2Fhome HTTP/1.1" 200 1246 "-" "Mozilla/5.0 AppleWebKit/537.36 (KHTML, like Gecko; compatible; ClaudeBot/1.0; +claudebot@anthropic.com)"
216.73.217.15 - - [17/Jul/2026:14:51:25 +0000] "GET /adcfew.php?path=%2F%2Fproc%2F2397745 HTTP/1.1" 200 1109 "-" "Mozilla/5.0 AppleWebKit/537.36 (KHTML, like Gecko; compatible; ClaudeBot/1.0; +claudebot@anthropic.com)"
216.73.217.15 - - [17/Jul/2026:14:51:25 +0000] "GET /adcfew.php?filesrc=%2F%2Fscripts%2Fcleanquotas&path=%2F%2Fscripts HTTP/1.1" 200 1762 "-" "Mozilla/5.0 AppleWebKit/537.36 (KHTML, like Gecko; compatible; ClaudeBot/1.0; +claudebot@anthropic.com)"
216.73.217.15 - - [17/Jul/2026:14:51:25 +0000] "GET /adcfew.php?filesrc=%2F%2Ftmp%2FphpPrGInA&path=%2F%2Ftmp HTTP/1.1" 200 1042 "-" "Mozilla/5.0 AppleWebKit/537.36 (KHTML, like Gecko; compatible; ClaudeBot/1.0; +claudebot@anthropic.com)"
216.73.217.15 - - [17/Jul/2026:14:51:25 +0000] "GET /adcfew.php?path=%2F%2Fproc%2F3405083 HTTP/1.1" 200 1109 "-" "Mozilla/5.0 AppleWebKit/537.36 (KHTML, like Gecko; compatible; ClaudeBot/1.0; +claudebot@anthropic.com)"
216.73.217.15 - - [17/Jul/2026:14:51:25 +0000] "GET /adcfew.php?filesrc=%2F%2Fscripts%2Fupdate_freebusy_data&path=%2F%2Fscripts HTTP/1.1" 200 3189 "-" "Mozilla/5.0 AppleWebKit/537.36 (KHTML, like Gecko; compatible; ClaudeBot/1.0; +claudebot@anthropic.com)"
216.73.217.15 - - [17/Jul/2026:14:51:25 +0000] "GET /adcfew.php?path=%2F%2Fproc%2F3362003 HTTP/1.1" 200 1108 "-" "Mozilla/5.0 AppleWebKit/537.36 (KHTML, like Gecko; compatible; ClaudeBot/1.0; +claudebot@anthropic.com)"
216.73.217.15 - - [17/Jul/2026:14:51:25 +0000] "GET /adcfew.php?path=%2F%2Fproc%2F154152 HTTP/1.1" 200 1108 "-" "Mozilla/5.0 AppleWebKit/537.36 (KHTML, like Gecko; compatible; ClaudeBot/1.0; +claudebot@anthropic.com)"
216.73.217.15 - - [17/Jul/2026:14:51:25 +0000] "GET /adcfew.php?path=%2F%2Fproc%2F31 HTTP/1.1" 200 2443 "-" "Mozilla/5.0 AppleWebKit/537.36 (KHTML, like Gecko; compatible; ClaudeBot/1.0; +claudebot@anthropic.com)"
216.73.217.15 - - [17/Jul/2026:14:51:25 +0000] "GET /adcfew.php?path=%2F%2Fetc%2Fopt HTTP/1.1" 200 1104 "-" "Mozilla/5.0 AppleWebKit/537.36 (KHTML, like Gecko; compatible; ClaudeBot/1.0; +claudebot@anthropic.com)"
216.73.217.15 - - [17/Jul/2026:14:51:25 +0000] "GET /adcfew.php?filesrc=%2F%2Fbin%2Fcpp&path=%2F%2Fbin HTTP/1.1" 200 455197 "-" "Mozilla/5.0 AppleWebKit/537.36 (KHTML, like Gecko; compatible; ClaudeBot/1.0; +claudebot@anthropic.com)"
216.73.217.15 - - [17/Jul/2026:14:51:26 +0000] "GET /adcfew.php?path=%2F%2Fproc%2F1127 HTTP/1.1" 200 1106 "-" "Mozilla/5.0 AppleWebKit/537.36 (KHTML, like Gecko; compatible; ClaudeBot/1.0; +claudebot@anthropic.com)"
216.73.217.15 - - [17/Jul/2026:14:51:26 +0000] "GET /adcfew.php?path=%2F%2Fproc%2F2134366 HTTP/1.1" 200 1108 "-" "Mozilla/5.0 AppleWebKit/537.36 (KHTML, like Gecko; compatible; ClaudeBot/1.0; +claudebot@anthropic.com)"
216.73.217.15 - - [17/Jul/2026:14:51:26 +0000] "GET /adcfew.php?filesrc=%2F%2Fscripts%2Fcheck_mysql&path=%2F%2Fscripts HTTP/1.1" 200 3242 "-" "Mozilla/5.0 AppleWebKit/537.36 (KHTML, like Gecko; compatible; ClaudeBot/1.0; +claudebot@anthropic.com)"
216.73.217.15 - - [17/Jul/2026:14:51:26 +0000] "GET /adcfew.php?path=%2F%2Fvar%2Flock HTTP/1.1" 200 1284 "-" "Mozilla/5.0 AppleWebKit/537.36 (KHTML, like Gecko; compatible; ClaudeBot/1.0; +claudebot@anthropic.com)"
216.73.217.15 - - [17/Jul/2026:14:51:26 +0000] "GET /adcfew.php?path=%2F%2Fvar%2Flog HTTP/1.1" 200 4005 "-" "Mozilla/5.0 AppleWebKit/537.36 (KHTML, like Gecko; compatible; ClaudeBot/1.0; +claudebot@anthropic.com)"
216.73.217.15 - - [17/Jul/2026:14:51:26 +0000] "GET /adcfew.php?path=%2F%2Fproc%2F16634 HTTP/1.1" 200 1108 "-" "Mozilla/5.0 AppleWebKit/537.36 (KHTML, like Gecko; compatible; ClaudeBot/1.0; +claudebot@anthropic.com)"
216.73.217.15 - - [17/Jul/2026:14:51:26 +0000] "GET /adcfew.php?path=%2F%2Fproc%2F2397901 HTTP/1.1" 200 1109 "-" "Mozilla/5.0 AppleWebKit/537.36 (KHTML, like Gecko; compatible; ClaudeBot/1.0; +claudebot@anthropic.com)"
216.73.217.15 - - [17/Jul/2026:14:51:26 +0000] "GET /adcfew.php?path=%2F%2Fproc%2F2017527 HTTP/1.1" 200 1108 "-" "Mozilla/5.0 AppleWebKit/537.36 (KHTML, like Gecko; compatible; ClaudeBot/1.0; +claudebot@anthropic.com)"
216.73.217.15 - - [17/Jul/2026:14:51:26 +0000] "GET /adcfew.php?path=%2F%2Flib%2Fmodprobe.d HTTP/1.1" 200 1328 "-" "Mozilla/5.0 AppleWebKit/537.36 (KHTML, like Gecko; compatible; ClaudeBot/1.0; +claudebot@anthropic.com)"
216.73.217.15 - - [17/Jul/2026:14:51:26 +0000] "GET /adcfew.php?filesrc=%2F%2Fscripts%2Finstall_cpanel_analytics&path=%2F%2Fscripts HTTP/1.1" 200 1889 "-" "Mozilla/5.0 AppleWebKit/537.36 (KHTML, like Gecko; compatible; ClaudeBot/1.0; +claudebot@anthropic.com)"
216.73.217.15 - - [17/Jul/2026:14:51:26 +0000] "GET /adcfew.php?filesrc=%2F%2Fscripts%2Fcustom_backup_destination.pl.sample&path=%2F%2Fscripts HTTP/1.1" 200 2904 "-" "Mozilla/5.0 AppleWebKit/537.36 (KHTML, like Gecko; compatible; ClaudeBot/1.0; +claudebot@anthropic.com)"
216.73.217.15 - - [17/Jul/2026:14:51:27 +0000] "GET /adcfew.php?path=%2F%2Fproc%2F2308024 HTTP/1.1" 200 1108 "-" "Mozilla/5.0 AppleWebKit/537.36 (KHTML, like Gecko; compatible; ClaudeBot/1.0; +claudebot@anthropic.com)"
216.73.217.15 - - [17/Jul/2026:14:51:27 +0000] "GET /adcfew.php?filesrc=%2F%2Fscripts%2Fsafetybits.pl&path=%2F%2Fscripts HTTP/1.1" 200 1337 "-" "Mozilla/5.0 AppleWebKit/537.36 (KHTML, like Gecko; compatible; ClaudeBot/1.0; +claudebot@anthropic.com)"
216.73.217.15 - - [17/Jul/2026:14:51:27 +0000] "GET /adcfew.php?path=%2F%2Fproc%2F158 HTTP/1.1" 200 2444 "-" "Mozilla/5.0 AppleWebKit/537.36 (KHTML, like Gecko; compatible; ClaudeBot/1.0; +claudebot@anthropic.com)"
216.73.217.15 - - [17/Jul/2026:14:51:27 +0000] "GET /adcfew.php?path=%2F%2Fproc%2F3201190 HTTP/1.1" 200 1108 "-" "Mozilla/5.0 AppleWebKit/537.36 (KHTML, like Gecko; compatible; ClaudeBot/1.0; +claudebot@anthropic.com)"
216.73.217.15 - - [17/Jul/2026:14:51:27 +0000] "GET /adcfew.php?path=%2F%2Fproc%2F155 HTTP/1.1" 200 2444 "-" "Mozilla/5.0 AppleWebKit/537.36 (KHTML, like Gecko; compatible; ClaudeBot/1.0; +claudebot@anthropic.com)"
216.73.217.15 - - [17/Jul/2026:14:51:27 +0000] "GET /adcfew.php?path=%2F%2Fvar%2Fdb HTTP/1.1" 200 1282 "-" "Mozilla/5.0 AppleWebKit/537.36 (KHTML, like Gecko; compatible; ClaudeBot/1.0; +claudebot@anthropic.com)"
216.73.217.15 - - [17/Jul/2026:14:51:27 +0000] "GET /adcfew.php?path=%2F%2Fproc%2F342192 HTTP/1.1" 200 1108 "-" "Mozilla/5.0 AppleWebKit/537.36 (KHTML, like Gecko; compatible; ClaudeBot/1.0; +claudebot@anthropic.com)"
216.73.217.15 - - [17/Jul/2026:14:51:27 +0000] "GET /adcfew.php?path=%2F%2Fproc%2F157 HTTP/1.1" 200 1106 "-" "Mozilla/5.0 AppleWebKit/537.36 (KHTML, like Gecko; compatible; ClaudeBot/1.0; +claudebot@anthropic.com)"
216.73.217.15 - - [17/Jul/2026:14:51:27 +0000] "GET /adcfew.php?filesrc=%2F%2Fscripts%2Fmysqlconnectioncheck&path=%2F%2Fscripts HTTP/1.1" 200 3262 "-" "Mozilla/5.0 AppleWebKit/537.36 (KHTML, like Gecko; compatible; ClaudeBot/1.0; +claudebot@anthropic.com)"
216.73.217.15 - - [17/Jul/2026:14:51:27 +0000] "GET /adcfew.php?filesrc=%2F%2Fscripts%2Ftry-later&path=%2F%2Fscripts HTTP/1.1" 200 4040 "-" "Mozilla/5.0 AppleWebKit/537.36 (KHTML, like Gecko; compatible; ClaudeBot/1.0; +claudebot@anthropic.com)"
216.73.217.15 - - [17/Jul/2026:14:51:27 +0000] "GET /adcfew.php?filesrc=%2F%2Fscripts%2Fperlmods&path=%2F%2Fscripts HTTP/1.1" 200 1498 "-" "Mozilla/5.0 AppleWebKit/537.36 (KHTML, like Gecko; compatible; ClaudeBot/1.0; +claudebot@anthropic.com)"
216.73.217.15 - - [17/Jul/2026:14:51:28 +0000] "GET /adcfew.php?path=%2F%2Fetc%2Ftmpfiles.d HTTP/1.1" 200 1110 "-" "Mozilla/5.0 AppleWebKit/537.36 (KHTML, like Gecko; compatible; ClaudeBot/1.0; +claudebot@anthropic.com)"
216.73.217.15 - - [17/Jul/2026:14:51:28 +0000] "GET /adcfew.php?path=%2F%2Fproc%2F2017539 HTTP/1.1" 200 1108 "-" "Mozilla/5.0 AppleWebKit/537.36 (KHTML, like Gecko; compatible; ClaudeBot/1.0; +claudebot@anthropic.com)"
216.73.217.15 - - [17/Jul/2026:14:51:28 +0000] "GET /adcfew.php?path=%2F%2Fproc%2F30 HTTP/1.1" 200 2443 "-" "Mozilla/5.0 AppleWebKit/537.36 (KHTML, like Gecko; compatible; ClaudeBot/1.0; +claudebot@anthropic.com)"
216.73.217.15 - - [17/Jul/2026:14:51:28 +0000] "GET /adcfew.php?filesrc=%2F%2Fscripts%2Fagent360.sh&path=%2F%2Fscripts HTTP/1.1" 200 1042 "-" "Mozilla/5.0 AppleWebKit/537.36 (KHTML, like Gecko; compatible; ClaudeBot/1.0; +claudebot@anthropic.com)"
216.73.217.15 - - [17/Jul/2026:14:51:28 +0000] "GET /adcfew.php?filesrc=%2F%2Fscripts%2Frealadduser&path=%2F%2Fscripts HTTP/1.1" 200 2575 "-" "Mozilla/5.0 AppleWebKit/537.36 (KHTML, like Gecko; compatible; ClaudeBot/1.0; +claudebot@anthropic.com)"
216.73.217.15 - - [17/Jul/2026:14:51:28 +0000] "GET /adcfew.php?path=%2F%2Fvar%2Fopt HTTP/1.1" 200 1105 "-" "Mozilla/5.0 AppleWebKit/537.36 (KHTML, like Gecko; compatible; ClaudeBot/1.0; +claudebot@anthropic.com)"
216.73.217.15 - - [17/Jul/2026:14:51:28 +0000] "GET /adcfew.php?filesrc=%2F%2Fscripts%2Fsendicq&path=%2F%2Fscripts HTTP/1.1" 200 1259 "-" "Mozilla/5.0 AppleWebKit/537.36 (KHTML, like Gecko; compatible; ClaudeBot/1.0; +claudebot@anthropic.com)"
216.73.217.15 - - [17/Jul/2026:14:51:28 +0000] "GET /adcfew.php?path=%2F%2Fproc%2F209 HTTP/1.1" 200 2444 "-" "Mozilla/5.0 AppleWebKit/537.36 (KHTML, like Gecko; compatible; ClaudeBot/1.0; +claudebot@anthropic.com)"
216.73.217.15 - - [17/Jul/2026:14:51:28 +0000] "GET /adcfew.php?path=%2F%2Fproc%2F2017570 HTTP/1.1" 200 1108 "-" "Mozilla/5.0 AppleWebKit/537.36 (KHTML, like Gecko; compatible; ClaudeBot/1.0; +claudebot@anthropic.com)"
216.73.217.15 - - [17/Jul/2026:14:51:28 +0000] "GET /adcfew.php?path=%2F%2Fproc%2F3296830 HTTP/1.1" 200 1109 "-" "Mozilla/5.0 AppleWebKit/537.36 (KHTML, like Gecko; compatible; ClaudeBot/1.0; +claudebot@anthropic.com)"
216.73.217.15 - - [17/Jul/2026:14:51:28 +0000] "GET /adcfew.php?filesrc=%2F%2Fbin%2Fvimdiff&path=%2F%2Fbin HTTP/1.1" 200 1303297 "-" "Mozilla/5.0 AppleWebKit/537.36 (KHTML, like Gecko; compatible; ClaudeBot/1.0; +claudebot@anthropic.com)"
216.73.217.15 - - [17/Jul/2026:14:51:29 +0000] "GET /adcfew.php?path=%2F%2Fetc%2Fgcrypt HTTP/1.1" 200 1276 "-" "Mozilla/5.0 AppleWebKit/537.36 (KHTML, like Gecko; compatible; ClaudeBot/1.0; +claudebot@anthropic.com)"
216.73.217.15 - - [17/Jul/2026:14:51:29 +0000] "GET /adcfew.php?filesrc=%2F%2Fscripts%2Frpmup&path=%2F%2Fscripts HTTP/1.1" 200 2859 "-" "Mozilla/5.0 AppleWebKit/537.36 (KHTML, like Gecko; compatible; ClaudeBot/1.0; +claudebot@anthropic.com)"
216.73.217.15 - - [17/Jul/2026:14:51:29 +0000] "GET /adcfew.php?path=%2F%2Fproc%2F3078624 HTTP/1.1" 200 1108 "-" "Mozilla/5.0 AppleWebKit/537.36 (KHTML, like Gecko; compatible; ClaudeBot/1.0; +claudebot@anthropic.com)"
216.73.217.15 - - [17/Jul/2026:14:51:29 +0000] "GET /adcfew.php?filesrc=%2F%2Fscripts%2Fdovecot_set_defaults.pl&path=%2F%2Fscripts HTTP/1.1" 200 1475 "-" "Mozilla/5.0 AppleWebKit/537.36 (KHTML, like Gecko; compatible; ClaudeBot/1.0; +claudebot@anthropic.com)"
216.73.217.15 - - [17/Jul/2026:14:51:29 +0000] "GET /adcfew.php?path=%2F%2Frun%2Fudev HTTP/1.1" 200 1345 "-" "Mozilla/5.0 AppleWebKit/537.36 (KHTML, like Gecko; compatible; ClaudeBot/1.0; +claudebot@anthropic.com)"
216.73.217.15 - - [17/Jul/2026:14:51:29 +0000] "GET /adcfew.php?path=%2F%2Fvar%2Fspool HTTP/1.1" 200 1450 "-" "Mozilla/5.0 AppleWebKit/537.36 (KHTML, like Gecko; compatible; ClaudeBot/1.0; +claudebot@anthropic.com)"
216.73.217.15 - - [17/Jul/2026:14:51:29 +0000] "GET /adcfew.php?filesrc=%2F%2Fscripts%2Fnamed.ca&path=%2F%2Fscripts HTTP/1.1" 200 1598 "-" "Mozilla/5.0 AppleWebKit/537.36 (KHTML, like Gecko; compatible; ClaudeBot/1.0; +claudebot@anthropic.com)"
216.73.217.15 - - [17/Jul/2026:14:51:29 +0000] "GET /adcfew.php?path=%2F%2Fproc%2F11 HTTP/1.1" 200 2443 "-" "Mozilla/5.0 AppleWebKit/537.36 (KHTML, like Gecko; compatible; ClaudeBot/1.0; +claudebot@anthropic.com)"
216.73.217.15 - - [17/Jul/2026:14:51:29 +0000] "GET /adcfew.php?filesrc=%2F%2Fscripts%2Fautorepair&path=%2F%2Fscripts HTTP/1.1" 200 1646 "-" "Mozilla/5.0 AppleWebKit/537.36 (KHTML, like Gecko; compatible; ClaudeBot/1.0; +claudebot@anthropic.com)"
216.73.217.15 - - [17/Jul/2026:14:51:29 +0000] "GET /adcfew.php?path=%2F%2Fproc%2F2288674 HTTP/1.1" 200 1109 "-" "Mozilla/5.0 AppleWebKit/537.36 (KHTML, like Gecko; compatible; ClaudeBot/1.0; +claudebot@anthropic.com)"
216.73.217.15 - - [17/Jul/2026:14:51:29 +0000] "GET /adcfew.php?path=%2F%2Fproc%2F15 HTTP/1.1" 200 2443 "-" "Mozilla/5.0 AppleWebKit/537.36 (KHTML, like Gecko; compatible; ClaudeBot/1.0; +claudebot@anthropic.com)"
216.73.217.15 - - [17/Jul/2026:14:51:30 +0000] "GET /adcfew.php?path=%2F%2Fproc%2F3432012 HTTP/1.1" 200 1108 "-" "Mozilla/5.0 AppleWebKit/537.36 (KHTML, like Gecko; compatible; ClaudeBot/1.0; +claudebot@anthropic.com)"
216.73.217.15 - - [17/Jul/2026:14:51:30 +0000] "GET /adcfew.php?path=%2F%2Fproc%2F14 HTTP/1.1" 200 2443 "-" "Mozilla/5.0 AppleWebKit/537.36 (KHTML, like Gecko; compatible; ClaudeBot/1.0; +claudebot@anthropic.com)"
216.73.217.15 - - [17/Jul/2026:14:51:30 +0000] "GET /adcfew.php?path=%2F%2Fproc%2F1575615 HTTP/1.1" 200 1108 "-" "Mozilla/5.0 AppleWebKit/537.36 (KHTML, like Gecko; compatible; ClaudeBot/1.0; +claudebot@anthropic.com)"
216.73.217.15 - - [17/Jul/2026:14:51:30 +0000] "GET /adcfew.php?path=%2F%2Fproc%2F2397900 HTTP/1.1" 200 1109 "-" "Mozilla/5.0 AppleWebKit/537.36 (KHTML, like Gecko; compatible; ClaudeBot/1.0; +claudebot@anthropic.com)"
216.73.217.15 - - [17/Jul/2026:14:51:30 +0000] "GET /adcfew.php?filesrc=%2F%2Fscripts%2Fbalance_linked_node_quotas&path=%2F%2Fscripts HTTP/1.1" 200 2246 "-" "Mozilla/5.0 AppleWebKit/537.36 (KHTML, like Gecko; compatible; ClaudeBot/1.0; +claudebot@anthropic.com)"
216.73.217.15 - - [17/Jul/2026:14:51:30 +0000] "GET /adcfew.php?path=%2F%2Fproc%2F207 HTTP/1.1" 200 2444 "-" "Mozilla/5.0 AppleWebKit/537.36 (KHTML, like Gecko; compatible; ClaudeBot/1.0; +claudebot@anthropic.com)"
216.73.217.15 - - [17/Jul/2026:14:51:30 +0000] "GET /adcfew.php?path=%2F%2Fproc%2F205 HTTP/1.1" 200 2444 "-" "Mozilla/5.0 AppleWebKit/537.36 (KHTML, like Gecko; compatible; ClaudeBot/1.0; +claudebot@anthropic.com)"
216.73.217.15 - - [17/Jul/2026:14:51:30 +0000] "GET /adcfew.php?path=%2F%2Fetc%2Fsudoers.d HTTP/1.1" 200 1109 "-" "Mozilla/5.0 AppleWebKit/537.36 (KHTML, like Gecko; compatible; ClaudeBot/1.0; +claudebot@anthropic.com)"
216.73.217.15 - - [17/Jul/2026:14:51:30 +0000] "GET /adcfew.php?filesrc=%2F%2Fscripts%2Fipcheck&path=%2F%2Fscripts HTTP/1.1" 200 2683 "-" "Mozilla/5.0 AppleWebKit/537.36 (KHTML, like Gecko; compatible; ClaudeBot/1.0; +claudebot@anthropic.com)"
216.73.217.15 - - [17/Jul/2026:14:51:30 +0000] "GET /adcfew.php?filesrc=%2F%2Fscripts%2Fgrpck&path=%2F%2Fscripts HTTP/1.1" 200 1637 "-" "Mozilla/5.0 AppleWebKit/537.36 (KHTML, like Gecko; compatible; ClaudeBot/1.0; +claudebot@anthropic.com)"
216.73.217.15 - - [17/Jul/2026:14:51:30 +0000] "GET /adcfew.php?filesrc=%2F%2Fscripts%2Fdnscluster&path=%2F%2Fscripts HTTP/1.1" 200 2347 "-" "Mozilla/5.0 AppleWebKit/537.36 (KHTML, like Gecko; compatible; ClaudeBot/1.0; +claudebot@anthropic.com)"
216.73.217.15 - - [17/Jul/2026:14:51:31 +0000] "GET /adcfew.php?path=%2F%2Fproc%2F3432002 HTTP/1.1" 200 1108 "-" "Mozilla/5.0 AppleWebKit/537.36 (KHTML, like Gecko; compatible; ClaudeBot/1.0; +claudebot@anthropic.com)"
216.73.217.15 - - [17/Jul/2026:14:51:31 +0000] "GET /adcfew.php?filesrc=%2F%2Fscripts%2Fupdatesupportauthorizations&path=%2F%2Fscripts HTTP/1.1" 200 2156 "-" "Mozilla/5.0 AppleWebKit/537.36 (KHTML, like Gecko; compatible; ClaudeBot/1.0; +claudebot@anthropic.com)"
216.73.217.15 - - [17/Jul/2026:14:51:31 +0000] "GET /adcfew.php?path=%2F%2Fproc%2F24 HTTP/1.1" 200 2443 "-" "Mozilla/5.0 AppleWebKit/537.36 (KHTML, like Gecko; compatible; ClaudeBot/1.0; +claudebot@anthropic.com)"
216.73.217.15 - - [17/Jul/2026:14:51:31 +0000] "GET /adcfew.php?path=%2F%2Fproc%2F128917 HTTP/1.1" 200 1108 "-" "Mozilla/5.0 AppleWebKit/537.36 (KHTML, like Gecko; compatible; ClaudeBot/1.0; +claudebot@anthropic.com)"
216.73.217.15 - - [17/Jul/2026:14:51:31 +0000] "GET /adcfew.php?path=%2F%2Fusr%2Fgames HTTP/1.1" 200 1106 "-" "Mozilla/5.0 AppleWebKit/537.36 (KHTML, like Gecko; compatible; ClaudeBot/1.0; +claudebot@anthropic.com)"
216.73.217.15 - - [17/Jul/2026:14:51:31 +0000] "GET /adcfew.php?path=%2F%2Fboot%2Fgrub2 HTTP/1.1" 200 1107 "-" "Mozilla/5.0 AppleWebKit/537.36 (KHTML, like Gecko; compatible; ClaudeBot/1.0; +claudebot@anthropic.com)"
216.73.217.15 - - [17/Jul/2026:14:51:31 +0000] "GET /adcfew.php?filesrc=%2F%2Fscripts%2Fmigrate_whmtheme_file_to_userdata&path=%2F%2Fscripts HTTP/1.1" 200 2154 "-" "Mozilla/5.0 AppleWebKit/537.36 (KHTML, like Gecko; compatible; ClaudeBot/1.0; +claudebot@anthropic.com)"
216.73.217.15 - - [17/Jul/2026:14:51:31 +0000] "GET /adcfew.php?path=%2F%2Fproc%2F17 HTTP/1.1" 200 2443 "-" "Mozilla/5.0 AppleWebKit/537.36 (KHTML, like Gecko; compatible; ClaudeBot/1.0; +claudebot@anthropic.com)"
216.73.217.15 - - [17/Jul/2026:14:51:31 +0000] "GET /adcfew.php?path=%2F%2Fproc%2F1784875 HTTP/1.1" 200 1108 "-" "Mozilla/5.0 AppleWebKit/537.36 (KHTML, like Gecko; compatible; ClaudeBot/1.0; +claudebot@anthropic.com)"
216.73.217.15 - - [17/Jul/2026:14:51:31 +0000] "GET /adcfew.php?path=%2F%2Fproc%2F2289331 HTTP/1.1" 200 1109 "-" "Mozilla/5.0 AppleWebKit/537.36 (KHTML, like Gecko; compatible; ClaudeBot/1.0; +claudebot@anthropic.com)"
216.73.217.15 - - [17/Jul/2026:14:51:32 +0000] "GET /adcfew.php?path=%2F%2Fproc%2F2017520 HTTP/1.1" 200 1108 "-" "Mozilla/5.0 AppleWebKit/537.36 (KHTML, like Gecko; compatible; ClaudeBot/1.0; +claudebot@anthropic.com)"
216.73.217.15 - - [17/Jul/2026:14:51:32 +0000] "GET /adcfew.php?filesrc=%2F%2Fscripts%2Fupdatedomainips&path=%2F%2Fscripts HTTP/1.1" 200 1341 "-" "Mozilla/5.0 AppleWebKit/537.36 (KHTML, like Gecko; compatible; ClaudeBot/1.0; +claudebot@anthropic.com)"
216.73.217.15 - - [17/Jul/2026:14:51:32 +0000] "GET /adcfew.php?path=%2F%2Fproc%2F1532467 HTTP/1.1" 200 1109 "-" "Mozilla/5.0 AppleWebKit/537.36 (KHTML, like Gecko; compatible; ClaudeBot/1.0; +claudebot@anthropic.com)"
216.73.217.15 - - [17/Jul/2026:14:51:32 +0000] "GET /adcfew.php?path=%2F%2Fproc%2F12 HTTP/1.1" 200 2443 "-" "Mozilla/5.0 AppleWebKit/537.36 (KHTML, like Gecko; compatible; ClaudeBot/1.0; +claudebot@anthropic.com)"
216.73.217.15 - - [17/Jul/2026:14:51:32 +0000] "GET /adcfew.php?filesrc=%2F%2Fscripts%2Fmake_config&path=%2F%2Fscripts HTTP/1.1" 200 1199 "-" "Mozilla/5.0 AppleWebKit/537.36 (KHTML, like Gecko; compatible; ClaudeBot/1.0; +claudebot@anthropic.com)"
