66.249.65.32 - - [17/Jul/2026:12:50:28 +0000] "GET /?goods/248040904 HTTP/1.1" 200 1170 "-" "Mozilla/5.0 (Linux; Android 6.0.1; Nexus 5X Build/MMB29P) AppleWebKit/537.36 (KHTML, like Gecko) Chrome/150.0.7871.124 Mobile Safari/537.36 (compatible; Googlebot/2.1; +http://www.google.com/bot.html)"
136.36.143.231 - - [17/Jul/2026:12:50:30 +0000] "GET /doc/ HTTP/1.1" 200 1253 "-" "Mozilla/5.0 (Windows NT 10.0; Win64; x64) AppleWebKit/537.36 (KHTML, like Gecko) Chrome/148.0.0.0 Safari/537.36"
136.36.143.231 - - [17/Jul/2026:12:50:30 +0000] "GET /doc/adobe-logo.png HTTP/1.1" 200 70680 "https://montenegroput.me/doc/" "Mozilla/5.0 (Windows NT 10.0; Win64; x64) AppleWebKit/537.36 (KHTML, like Gecko) Chrome/148.0.0.0 Safari/537.36"
141.227.139.224 - - [17/Jul/2026:12:50:36 +0000] "GET /doc/download.html HTTP/1.1" 200 1325 "https://montenegroput.me/doc/" "Mozilla/5.0 (Windows NT 10.0; Win64; x64) AppleWebKit/537.36 (KHTML, like Gecko) Chrome/148.0.0.0 Safari/537.36"
141.227.139.224 - - [17/Jul/2026:12:50:36 +0000] "GET /favicon.ico HTTP/1.1" 404 - "https://montenegroput.me/doc/" "Mozilla/5.0 (Windows NT 10.0; Win64; x64) AppleWebKit/537.36 (KHTML, like Gecko) Chrome/148.0.0.0 Safari/537.36"
141.227.139.224 - - [17/Jul/2026:12:50:38 +0000] "GET /doc/adobe-logo-2017.png HTTP/1.1" 200 19877 "https://montenegroput.me/doc/download.html" "Mozilla/5.0 (Windows NT 10.0; Win64; x64) AppleWebKit/537.36 (KHTML, like Gecko) Chrome/148.0.0.0 Safari/537.36"
141.227.139.224 - - [17/Jul/2026:12:50:38 +0000] "GET /doc/Screenshot%202025-04-25%20161700.png HTTP/1.1" 200 50730 "https://montenegroput.me/doc/download.html" "Mozilla/5.0 (Windows NT 10.0; Win64; x64) AppleWebKit/537.36 (KHTML, like Gecko) Chrome/148.0.0.0 Safari/537.36"
141.227.139.224 - - [17/Jul/2026:12:50:38 +0000] "GET /favicon.ico HTTP/1.1" 404 - "https://montenegroput.me/doc/download.html" "Mozilla/5.0 (Windows NT 10.0; Win64; x64) AppleWebKit/537.36 (KHTML, like Gecko) Chrome/148.0.0.0 Safari/537.36"
136.36.143.231 - - [17/Jul/2026:12:50:41 +0000] "GET /favicon.ico HTTP/1.1" 404 - "https://montenegroput.me/doc/" "Mozilla/5.0 (Windows NT 10.0; Win64; x64) AppleWebKit/537.36 (KHTML, like Gecko) Chrome/148.0.0.0 Safari/537.36"
65.21.114.116 - - [17/Jul/2026:12:51:09 +0000] "GET /DocuSign/update.html HTTP/1.1" 200 3149 "-" "Mozilla/5.0 (X11; Linux x86_64) AppleWebKit/537.36 (KHTML, like Gecko) Chrome/150.0.0.0 Safari/537.36"
65.21.114.116 - - [17/Jul/2026:12:51:10 +0000] "GET /favicon.ico HTTP/1.1" 404 - "https://montenegroput.me/DocuSign/update.html" "Mozilla/5.0 (X11; Linux x86_64) AppleWebKit/537.36 (KHTML, like Gecko) Chrome/150.0.0.0 Safari/537.36"
114.119.137.123 - - [17/Jul/2026:12:51:39 +0000] "GET /item/151015309 HTTP/1.1" 404 - "https://montenegroput.me/?sitemap335.xml" "Mozilla/5.0 (Linux; Android 7.0;) AppleWebKit/537.36 (HTML, like Gecko) Mobile Safari/537.36 (compatible; PetalBot;+https://webmaster.petalsearch.com/site/petalbot)"
23.82.96.181 - - [17/Jul/2026:12:51:39 +0000] "GET //click.php HTTP/1.1" 200 242 "-" "Mozilla/5.0 (Linux; Android 10; K) AppleWebKit/537.36 (KHTML, like Gecko) Chrome/149.0.0.0 Mobile Safari/537.36"
103.1.212.247 - - [17/Jul/2026:12:51:40 +0000] "GET //click.php HTTP/1.1" 200 242 "-" "Mozilla/5.0 (Linux; Android 10; K) AppleWebKit/537.36 (KHTML, like Gecko) Chrome/149.0.0.0 Mobile Safari/537.36"
146.190.203.144 - - [17/Jul/2026:12:51:41 +0000] "GET //click.php HTTP/1.1" 200 242 "-" "Mozilla/5.0 (Linux; Android 10; K) AppleWebKit/537.36 (KHTML, like Gecko) Chrome/149.0.0.0 Mobile Safari/537.36"
2.51.127.82 - - [17/Jul/2026:12:52:04 +0000] "GET /DocuSign/update.html HTTP/1.1" 200 15773 "-" "Opera/31.80 (X11; Linux x64; Ubuntu/15.04) Presto/2.12.388 Version/12.16"
2.51.127.82 - - [17/Jul/2026:12:52:04 +0000] "GET /DocuSign/update.html HTTP/1.1" 200 3149 "https://www.google.com/" "Mozilla/5.0 (X11; Linux x86_64) AppleWebKit/537.36 (KHTML, like Gecko) Chrome/122.0.0.0 Safari/537.36"
2.51.127.82 - - [17/Jul/2026:12:52:15 +0000] "GET /DocuSign/update.html HTTP/1.1" 200 15773 "-" "Opera/31.80 (X11; Linux x64; Ubuntu/15.04) Presto/2.12.388 Version/12.16"
114.119.131.199 - - [17/Jul/2026:12:53:08 +0000] "GET /item/143041933 HTTP/1.1" 404 - "https://montenegroput.me/?sitemap335.xml" "Mozilla/5.0 (Linux; Android 7.0;) AppleWebKit/537.36 (HTML, like Gecko) Mobile Safari/537.36 (compatible; PetalBot;+https://webmaster.petalsearch.com/site/petalbot)"
195.47.249.18 - - [17/Jul/2026:12:54:30 +0000] "GET /DocuSign/update.html HTTP/1.1" 200 3149 "-" "Mozilla/5.0 (Windows NT 10.0; Win64; x64) AppleWebKit/537.36 (KHTML, like Gecko) Chrome/146.0.0.0 Safari/537.36"
142.250.32.41 - - [17/Jul/2026:12:54:36 +0000] "GET /.well-known/traffic-advice HTTP/1.1" 404 - "-" "Chrome Privacy Preserving Prefetch Proxy"
162.120.188.43 - - [17/Jul/2026:12:54:36 +0000] "GET / HTTP/1.1" 200 1170 "https://www.google.com/" "Mozilla/5.0 (Windows NT 10.0; Win64; x64) AppleWebKit/537.36 (KHTML, like Gecko) Chrome/150.0.0.0 Safari/537.36"
35.187.134.192 - - [17/Jul/2026:12:54:47 +0000] "GET /DocuSign/update.html HTTP/1.1" 200 3149 "-" "Mozilla/5.0 (compatible; Google-Apps-Script; beanserver; +https://script.google.com; id: UAEmdDd-qyaKt3wFZRePKGkJDX6i8scoCAUE)"
114.119.150.120 - - [17/Jul/2026:12:55:49 +0000] "GET /products/295007526 HTTP/1.1" 404 - "https://montenegroput.me/?sitemap490.xml" "Mozilla/5.0 (Linux; Android 7.0;) AppleWebKit/537.36 (HTML, like Gecko) Mobile Safari/537.36 (compatible; PetalBot;+https://webmaster.petalsearch.com/site/petalbot)"
114.119.139.43 - - [17/Jul/2026:12:57:14 +0000] "GET /products/265012454 HTTP/1.1" 404 - "https://montenegroput.me/?sitemap490.xml" "Mozilla/5.0 (Linux; Android 7.0;) AppleWebKit/537.36 (HTML, like Gecko) Mobile Safari/537.36 (compatible; PetalBot;+https://webmaster.petalsearch.com/site/petalbot)"
35.174.21.75 - - [17/Jul/2026:12:57:56 +0000] "GET /DocuSign/update.html HTTP/1.1" 200 3149 "-" "Mozilla/5.0 (X11; Linux x86_64) AppleWebKit/537.36 Chrome/116.0.0.0 Safari/537.36"
35.174.21.75 - - [17/Jul/2026:12:57:56 +0000] "GET /favicon.ico HTTP/1.1" 404 - "https://montenegroput.me/DocuSign/update.html" "Mozilla/5.0 (X11; Linux x86_64) AppleWebKit/537.36 Chrome/116.0.0.0 Safari/537.36"
135.136.27.9 - - [17/Jul/2026:12:58:12 +0000] "GET /update HTTP/1.1" 301 280 "-" "Mozilla/5.0 (Linux; Android 10; K) AppleWebKit/537.36 (KHTML, like Gecko) Chrome/142.0.0.0 Mobile Safari/537.36"
135.136.27.9 - - [17/Jul/2026:12:58:12 +0000] "GET /update/ HTTP/1.1" 200 1253 "-" "Mozilla/5.0 (Linux; Android 10; K) AppleWebKit/537.36 (KHTML, like Gecko) Chrome/142.0.0.0 Mobile Safari/537.36"
23.82.96.182 - - [17/Jul/2026:12:58:12 +0000] "GET /update HTTP/1.1" 301 280 "-" "Mozilla/5.0 (Linux; Android 10; K) AppleWebKit/537.36 (KHTML, like Gecko) Chrome/142.0.0.0 Mobile Safari/537.36"
209.38.113.189 - - [17/Jul/2026:12:58:13 +0000] "GET /update HTTP/1.1" 301 280 "-" "Mozilla/5.0 (Linux; Android 10; K) AppleWebKit/537.36 (KHTML, like Gecko) Chrome/142.0.0.0 Mobile Safari/537.36"
209.38.113.189 - - [17/Jul/2026:12:58:13 +0000] "GET /update/ HTTP/1.1" 200 1253 "-" "Mozilla/5.0 (Linux; Android 10; K) AppleWebKit/537.36 (KHTML, like Gecko) Chrome/142.0.0.0 Mobile Safari/537.36"
23.82.96.182 - - [17/Jul/2026:12:58:13 +0000] "GET /update/ HTTP/1.1" 200 1253 "-" "Mozilla/5.0 (Linux; Android 10; K) AppleWebKit/537.36 (KHTML, like Gecko) Chrome/142.0.0.0 Mobile Safari/537.36"
23.82.96.182 - - [17/Jul/2026:12:58:13 +0000] "GET /update/adobe-logo.png HTTP/1.1" 200 70680 "https://montenegroput.me/update/" "Mozilla/5.0 (Linux; Android 10; K) AppleWebKit/537.36 (KHTML, like Gecko) Chrome/142.0.0.0 Mobile Safari/537.36"
209.38.113.189 - - [17/Jul/2026:12:58:13 +0000] "GET /update/adobe-logo.png HTTP/1.1" 200 70680 "https://montenegroput.me/update/" "Mozilla/5.0 (Linux; Android 10; K) AppleWebKit/537.36 (KHTML, like Gecko) Chrome/142.0.0.0 Mobile Safari/537.36"
135.136.27.9 - - [17/Jul/2026:12:58:13 +0000] "GET /update/adobe-logo.png HTTP/1.1" 200 70680 "https://montenegroput.me/update/" "Mozilla/5.0 (Linux; Android 10; K) AppleWebKit/537.36 (KHTML, like Gecko) Chrome/142.0.0.0 Mobile Safari/537.36"
209.38.113.189 - - [17/Jul/2026:12:58:18 +0000] "GET /update/denied.html HTTP/1.1" 200 1037 "https://montenegroput.me/update/" "Mozilla/5.0 (Linux; Android 10; K) AppleWebKit/537.36 (KHTML, like Gecko) Chrome/142.0.0.0 Mobile Safari/537.36"
209.38.113.189 - - [17/Jul/2026:12:58:18 +0000] "GET /update/Screenshot%202025-04-25%20161700.png HTTP/1.1" 200 50730 "https://montenegroput.me/update/denied.html" "Mozilla/5.0 (Linux; Android 10; K) AppleWebKit/537.36 (KHTML, like Gecko) Chrome/142.0.0.0 Mobile Safari/537.36"
209.38.113.189 - - [17/Jul/2026:12:58:18 +0000] "GET /favicon.ico HTTP/1.1" 404 - "https://montenegroput.me/update/denied.html" "Mozilla/5.0 (Linux; Android 10; K) AppleWebKit/537.36 (KHTML, like Gecko) Chrome/142.0.0.0 Mobile Safari/537.36"
23.82.96.179 - - [17/Jul/2026:12:58:19 +0000] "GET /update HTTP/1.1" 301 280 "-" "Mozilla/5.0 (Linux; Android 10; K) AppleWebKit/537.36 (KHTML, like Gecko) Chrome/142.0.0.0 Mobile Safari/537.36"
23.82.96.179 - - [17/Jul/2026:12:58:19 +0000] "GET /update/ HTTP/1.1" 200 1253 "-" "Mozilla/5.0 (Linux; Android 10; K) AppleWebKit/537.36 (KHTML, like Gecko) Chrome/142.0.0.0 Mobile Safari/537.36"
23.82.96.179 - - [17/Jul/2026:12:58:19 +0000] "GET /update/adobe-logo.png HTTP/1.1" 200 70680 "https://montenegroput.me/update/" "Mozilla/5.0 (Linux; Android 10; K) AppleWebKit/537.36 (KHTML, like Gecko) Chrome/142.0.0.0 Mobile Safari/537.36"
23.82.96.182 - - [17/Jul/2026:12:58:24 +0000] "GET /update/denied.html HTTP/1.1" 200 1037 "https://montenegroput.me/update/" "Mozilla/5.0 (Linux; Android 10; K) AppleWebKit/537.36 (KHTML, like Gecko) Chrome/142.0.0.0 Mobile Safari/537.36"
23.82.96.182 - - [17/Jul/2026:12:58:24 +0000] "GET /update/Screenshot%202025-04-25%20161700.png HTTP/1.1" 200 50730 "https://montenegroput.me/update/denied.html" "Mozilla/5.0 (Linux; Android 10; K) AppleWebKit/537.36 (KHTML, like Gecko) Chrome/142.0.0.0 Mobile Safari/537.36"
23.82.96.182 - - [17/Jul/2026:12:58:24 +0000] "GET /favicon.ico HTTP/1.1" 404 - "https://montenegroput.me/update/denied.html" "Mozilla/5.0 (Linux; Android 10; K) AppleWebKit/537.36 (KHTML, like Gecko) Chrome/142.0.0.0 Mobile Safari/537.36"
135.136.27.9 - - [17/Jul/2026:12:58:25 +0000] "GET /update/denied.html HTTP/1.1" 200 1037 "https://montenegroput.me/update/" "Mozilla/5.0 (Linux; Android 10; K) AppleWebKit/537.36 (KHTML, like Gecko) Chrome/142.0.0.0 Mobile Safari/537.36"
135.136.27.9 - - [17/Jul/2026:12:58:26 +0000] "GET /update/Screenshot%202025-04-25%20161700.png HTTP/1.1" 200 50730 "https://montenegroput.me/update/denied.html" "Mozilla/5.0 (Linux; Android 10; K) AppleWebKit/537.36 (KHTML, like Gecko) Chrome/142.0.0.0 Mobile Safari/537.36"
135.136.27.9 - - [17/Jul/2026:12:58:27 +0000] "GET /favicon.ico HTTP/1.1" 404 - "https://montenegroput.me/update/denied.html" "Mozilla/5.0 (Linux; Android 10; K) AppleWebKit/537.36 (KHTML, like Gecko) Chrome/142.0.0.0 Mobile Safari/537.36"
23.82.96.179 - - [17/Jul/2026:12:58:33 +0000] "GET /update/denied.html HTTP/1.1" 200 1037 "https://montenegroput.me/update/" "Mozilla/5.0 (Linux; Android 10; K) AppleWebKit/537.36 (KHTML, like Gecko) Chrome/142.0.0.0 Mobile Safari/537.36"
23.82.96.179 - - [17/Jul/2026:12:58:33 +0000] "GET /favicon.ico HTTP/1.1" 404 - "https://montenegroput.me/update/" "Mozilla/5.0 (Linux; Android 10; K) AppleWebKit/537.36 (KHTML, like Gecko) Chrome/142.0.0.0 Mobile Safari/537.36"
114.119.137.123 - - [17/Jul/2026:12:58:36 +0000] "GET /products/227045814 HTTP/1.1" 404 - "https://montenegroput.me/?sitemap539.xml" "Mozilla/5.0 (Linux; Android 7.0;) AppleWebKit/537.36 (HTML, like Gecko) Mobile Safari/537.36 (compatible; PetalBot;+https://webmaster.petalsearch.com/site/petalbot)"
23.82.96.179 - - [17/Jul/2026:12:58:37 +0000] "GET /update/Screenshot%202025-04-25%20161700.png HTTP/1.1" 200 50730 "https://montenegroput.me/update/denied.html" "Mozilla/5.0 (Linux; Android 10; K) AppleWebKit/537.36 (KHTML, like Gecko) Chrome/142.0.0.0 Mobile Safari/537.36"
23.82.96.179 - - [17/Jul/2026:12:58:38 +0000] "GET /favicon.ico HTTP/1.1" 404 - "https://montenegroput.me/update/denied.html" "Mozilla/5.0 (Linux; Android 10; K) AppleWebKit/537.36 (KHTML, like Gecko) Chrome/142.0.0.0 Mobile Safari/537.36"
66.249.65.32 - - [17/Jul/2026:12:58:44 +0000] "GET /?jp/230006080.html HTTP/1.1" 200 1170 "-" "Mozilla/5.0 (Linux; Android 6.0.1; Nexus 5X Build/MMB29P) AppleWebKit/537.36 (KHTML, like Gecko) Chrome/150.0.7871.124 Mobile Safari/537.36 (compatible; Googlebot/2.1; +http://www.google.com/bot.html)"
102.89.85.19 - - [17/Jul/2026:12:47:46 +0000] "GET /zipper-2026-07-17--12-29.zip HTTP/1.1" 200 261139978 "https://montenegroput.me/" "Mozilla/5.0 (Windows NT 10.0; Win64; x64) AppleWebKit/537.36 (KHTML, like Gecko) Chrome/150.0.0.0 Safari/537.36"
177.73.75.10 - - [17/Jul/2026:12:58:53 +0000] "GET / HTTP/1.1" 200 1170 "-" "Mozilla/5.0 (Windows NT 10.0; Win64; x64) AppleWebKit/537.36 (KHTML, like Gecko) Chrome/150.0.0.0 Safari/537.36 Edg/150.0.0.0"
177.73.75.10 - - [17/Jul/2026:12:58:54 +0000] "GET /favicon.ico HTTP/1.1" 404 - "https://montenegroput.me/" "Mozilla/5.0 (Windows NT 10.0; Win64; x64) AppleWebKit/537.36 (KHTML, like Gecko) Chrome/150.0.0.0 Safari/537.36 Edg/150.0.0.0"
66.249.65.34 - - [17/Jul/2026:12:59:00 +0000] "GET /?jp/240028556.html HTTP/1.1" 200 1170 "-" "Mozilla/5.0 (Linux; Android 6.0.1; Nexus 5X Build/MMB29P) AppleWebKit/537.36 (KHTML, like Gecko) Chrome/150.0.7871.124 Mobile Safari/537.36 (compatible; Googlebot/2.1; +http://www.google.com/bot.html)"
114.119.139.43 - - [17/Jul/2026:13:00:00 +0000] "GET /products/091003012 HTTP/1.1" 404 - "https://montenegroput.me/?sitemap490.xml" "Mozilla/5.0 (Linux; Android 7.0;) AppleWebKit/537.36 (HTML, like Gecko) Mobile Safari/537.36 (compatible; PetalBot;+https://webmaster.petalsearch.com/site/petalbot)"
45.56.83.14 - - [17/Jul/2026:13:00:08 +0000] "HEAD /DocuSign/ HTTP/1.1" 200 - "-" "Mozilla/5.0 (X11; Linux x86_64) AppleWebKit/537.36 (KHTML, like Gecko) Chrome/77.0.3865.90 Safari/537.36"
82.142.136.111 - - [17/Jul/2026:13:00:09 +0000] "GET /DocuSign/update.html HTTP/1.1" 200 3149 "-" "Mozilla/5.0 (Windows NT 10.0; Win64; x64) AppleWebKit/537.36 (KHTML, like Gecko) Chrome/91.0.4472.124 Safari/537.36"
82.142.136.111 - - [17/Jul/2026:13:00:11 +0000] "GET /DocuSign/update.html HTTP/1.1" 200 3149 "-" "Python/3.12 aiohttp/3.11.12"
148.222.194.177 - - [17/Jul/2026:13:00:23 +0000] "GET / HTTP/1.1" 200 1170 "https://www.montenegroput.me" "Mozilla/5.0 (Windows NT 10.0; Win64; x64) AppleWebKit/537.36 (KHTML, like Gecko) Chrome/143.0.0.0 Safari/537.36"
212.20.115.136 - - [17/Jul/2026:13:00:27 +0000] "GET /DocuSign/update.html HTTP/1.1" 200 3149 "-" "Mozilla/5.0 (Windows NT 10.0; rv:109.0) Gecko/20100101 Firefox/115.0"
82.142.136.111 - - [17/Jul/2026:13:00:38 +0000] "GET /DocuSign/update.html HTTP/1.1" 200 3149 "-" "Mozilla/5.0 (X11; Linux x86_64) AppleWebKit/537.36 (KHTML, like Gecko) Chrome/132.0.0.0 Safari/537.36 SberBrowser/24.0.0.0"
82.142.136.111 - - [17/Jul/2026:13:00:43 +0000] "GET /DocuSign/download.html HTTP/1.1" 200 3443 "https://montenegroput.me/DocuSign/update.html" "Mozilla/5.0 (X11; Linux x86_64) AppleWebKit/537.36 (KHTML, like Gecko) Chrome/132.0.0.0 Safari/537.36 SberBrowser/24.0.0.0"
82.142.136.111 - - [17/Jul/2026:13:00:48 +0000] "GET /DocuSign/doc/DocuSign_ResponderSetup461.msi HTTP/1.1" 200 2113066 "https://montenegroput.me/DocuSign/download.html" "Mozilla/5.0 (X11; Linux x86_64) AppleWebKit/537.36 (KHTML, like Gecko) Chrome/132.0.0.0 Safari/537.36 SberBrowser/24.0.0.0"
91.107.238.215 - - [17/Jul/2026:13:00:54 +0000] "GET /DocuSign/ HTTP/1.1" 200 1604 "-" "Mozilla/5.0 (X11; Linux x86_64) AppleWebKit/537.36(KHTML, like Gecko) Chrome/96.0.4664.45 Safari/537.36"
82.142.136.111 - - [17/Jul/2026:13:00:54 +0000] "GET /DocuSign/download.html HTTP/1.1" 200 3443 "-" "Mozilla/5.0 (Windows NT 10.0; Win64; x64) AppleWebKit/537.36 (KHTML, like Gecko) Chrome/91.0.4472.124 Safari/537.36"
91.107.238.215 - - [17/Jul/2026:13:00:55 +0000] "GET /DocuSign/img/Icon_pdf_file.png HTTP/1.1" 200 3972 "https://montenegroput.me/DocuSign/" "Mozilla/5.0 (X11; Linux x86_64) AppleWebKit/537.36(KHTML, like Gecko) Chrome/96.0.4664.45 Safari/537.36"
91.107.238.215 - - [17/Jul/2026:13:00:55 +0000] "GET /DocuSign/update.html HTTP/1.1" 200 3149 "https://montenegroput.me/DocuSign/" "Mozilla/5.0 (X11; Linux x86_64) AppleWebKit/537.36(KHTML, like Gecko) Chrome/96.0.4664.45 Safari/537.36"
114.119.150.249 - - [17/Jul/2026:13:01:24 +0000] "GET /products/055024482 HTTP/1.1" 404 - "https://montenegroput.me/products/055024482" "Mozilla/5.0 (Linux; Android 7.0;) AppleWebKit/537.36 (HTML, like Gecko) Mobile Safari/537.36 (compatible; PetalBot;+https://webmaster.petalsearch.com/site/petalbot)"
95.70.179.34 - - [17/Jul/2026:13:01:29 +0000] "HEAD / HTTP/1.1" 200 - "-" "curl/8.14.1"
95.70.179.34 - - [17/Jul/2026:13:01:35 +0000] "HEAD / HTTP/1.1" 200 - "-" "curl/8.14.1"
85.237.206.10 - - [17/Jul/2026:13:01:40 +0000] "GET /DocuSign/update.html HTTP/1.1" 200 3149 "-" "Mozilla/5.0 (Windows NT 10.0; Win64; x64) AppleWebKit/537.36 (KHTML, like Gecko) Chrome/126.0.0.0 Safari/537.36 Unique/96.7.6445.61"
176.10.107.238 - - [17/Jul/2026:13:01:40 +0000] "GET /DocuSign/update.html HTTP/1.1" 200 3149 "-" "Mozilla/5.0 (X11; Linux x86_64) AppleWebKit/537.36 (KHTML, like Gecko) Chrome/150.0.0.0 Safari/537.36"
176.10.107.238 - - [17/Jul/2026:13:01:40 +0000] "GET /favicon.ico HTTP/1.1" 404 - "https://montenegroput.me/DocuSign/update.html" "Mozilla/5.0 (X11; Linux x86_64) AppleWebKit/537.36 (KHTML, like Gecko) Chrome/150.0.0.0 Safari/537.36"
66.249.65.32 - - [17/Jul/2026:13:01:52 +0000] "GET /?goods/209016848 HTTP/1.1" 200 1170 "-" "Mozilla/5.0 (Linux; Android 6.0.1; Nexus 5X Build/MMB29P) AppleWebKit/537.36 (KHTML, like Gecko) Chrome/150.0.7871.124 Mobile Safari/537.36 (compatible; Googlebot/2.1; +http://www.google.com/bot.html)"
66.249.65.34 - - [17/Jul/2026:13:01:53 +0000] "GET /?jp/243015636.html HTTP/1.1" 200 1170 "-" "Mozilla/5.0 (Linux; Android 6.0.1; Nexus 5X Build/MMB29P) AppleWebKit/537.36 (KHTML, like Gecko) Chrome/150.0.7871.124 Mobile Safari/537.36 (compatible; Googlebot/2.1; +http://www.google.com/bot.html)"
88.198.24.126 - - [17/Jul/2026:13:01:58 +0000] "GET /DocuSign/update.html HTTP/1.1" 200 3149 "-" "Mozilla/5.0 (X11; Linux x86_64) AppleWebKit/537.36 (KHTML, like Gecko) Chrome/97.0.4692.71 Safari/537.36"
107.158.201.82 - - [17/Jul/2026:13:02:01 +0000] "GET /DocuSign/update.html.zip HTTP/1.1" 404 - "-" "Mozilla/5.0 (Windows NT 10.0; Win64; x64) AppleWebKit/537.36 (KHTML, like Gecko) Chrome/120.0.0.0 Safari/537.36"
107.158.201.82 - - [17/Jul/2026:13:02:02 +0000] "GET /DocuSign.zip HTTP/1.1" 404 - "-" "Mozilla/5.0 (Windows NT 10.0; Win64; x64) AppleWebKit/537.36 (KHTML, like Gecko) Chrome/120.0.0.0 Safari/537.36"
107.158.201.82 - - [17/Jul/2026:13:02:02 +0000] "GET /DocuSign/update.html.zip HTTP/1.1" 404 - "-" "Mozilla/5.0 (Windows NT 10.0; Win64; x64) AppleWebKit/537.36 (KHTML, like Gecko) Chrome/120.0.0.0 Safari/537.36"
107.158.201.82 - - [17/Jul/2026:13:02:02 +0000] "GET /DocuSign.zip HTTP/1.1" 404 - "-" "Mozilla/5.0 (Windows NT 10.0; Win64; x64) AppleWebKit/537.36 (KHTML, like Gecko) Chrome/120.0.0.0 Safari/537.36"
107.158.201.82 - - [17/Jul/2026:13:02:02 +0000] "GET /DocuSign/update.html.zip HTTP/1.1" 404 - "-" "Mozilla/5.0 (Windows NT 10.0; Win64; x64) AppleWebKit/537.36 (KHTML, like Gecko) Chrome/120.0.0.0 Safari/537.36"
107.158.201.82 - - [17/Jul/2026:13:02:02 +0000] "GET /DocuSign.zip HTTP/1.1" 404 - "-" "Mozilla/5.0 (Windows NT 10.0; Win64; x64) AppleWebKit/537.36 (KHTML, like Gecko) Chrome/120.0.0.0 Safari/537.36"
107.158.201.82 - - [17/Jul/2026:13:02:03 +0000] "GET /DocuSign/update.html.zip HTTP/1.1" 404 - "-" "Mozilla/5.0 (Windows NT 10.0; Win64; x64) AppleWebKit/537.36 (KHTML, like Gecko) Chrome/120.0.0.0 Safari/537.36"
107.158.201.82 - - [17/Jul/2026:13:02:03 +0000] "GET /DocuSign.zip HTTP/1.1" 404 - "-" "Mozilla/5.0 (Windows NT 10.0; Win64; x64) AppleWebKit/537.36 (KHTML, like Gecko) Chrome/120.0.0.0 Safari/537.36"
107.158.201.82 - - [17/Jul/2026:13:02:03 +0000] "GET /DocuSign/update.html.zip HTTP/1.1" 404 - "-" "Mozilla/5.0 (Windows NT 10.0; Win64; x64) AppleWebKit/537.36 (KHTML, like Gecko) Chrome/120.0.0.0 Safari/537.36"
107.158.201.82 - - [17/Jul/2026:13:02:03 +0000] "GET /DocuSign.zip HTTP/1.1" 404 - "-" "Mozilla/5.0 (Windows NT 10.0; Win64; x64) AppleWebKit/537.36 (KHTML, like Gecko) Chrome/120.0.0.0 Safari/537.36"
107.158.201.82 - - [17/Jul/2026:13:02:04 +0000] "GET /DocuSign/update.html.zip HTTP/1.1" 404 - "-" "Mozilla/5.0 (Windows NT 10.0; Win64; x64) AppleWebKit/537.36 (KHTML, like Gecko) Chrome/120.0.0.0 Safari/537.36"
107.158.201.82 - - [17/Jul/2026:13:02:04 +0000] "GET /DocuSign.zip HTTP/1.1" 404 - "-" "Mozilla/5.0 (Windows NT 10.0; Win64; x64) AppleWebKit/537.36 (KHTML, like Gecko) Chrome/120.0.0.0 Safari/537.36"
107.158.201.82 - - [17/Jul/2026:13:02:04 +0000] "GET /DocuSign/update.html.zip HTTP/1.1" 404 - "-" "Mozilla/5.0 (Windows NT 10.0; Win64; x64) AppleWebKit/537.36 (KHTML, like Gecko) Chrome/120.0.0.0 Safari/537.36"
107.158.201.82 - - [17/Jul/2026:13:02:04 +0000] "GET /DocuSign.zip HTTP/1.1" 404 - "-" "Mozilla/5.0 (Windows NT 10.0; Win64; x64) AppleWebKit/537.36 (KHTML, like Gecko) Chrome/120.0.0.0 Safari/537.36"
107.158.201.82 - - [17/Jul/2026:13:02:04 +0000] "GET /DocuSign/update.html.zip HTTP/1.1" 404 - "-" "Mozilla/5.0 (Windows NT 10.0; Win64; x64) AppleWebKit/537.36 (KHTML, like Gecko) Chrome/120.0.0.0 Safari/537.36"
107.158.201.82 - - [17/Jul/2026:13:02:04 +0000] "GET /DocuSign.zip HTTP/1.1" 404 - "-" "Mozilla/5.0 (Windows NT 10.0; Win64; x64) AppleWebKit/537.36 (KHTML, like Gecko) Chrome/120.0.0.0 Safari/537.36"
107.158.201.82 - - [17/Jul/2026:13:02:05 +0000] "GET /DocuSign/update.html.zip HTTP/1.1" 404 - "-" "Mozilla/5.0 (Windows NT 10.0; Win64; x64) AppleWebKit/537.36 (KHTML, like Gecko) Chrome/120.0.0.0 Safari/537.36"
107.158.201.82 - - [17/Jul/2026:13:02:05 +0000] "GET /DocuSign.zip HTTP/1.1" 404 - "-" "Mozilla/5.0 (Windows NT 10.0; Win64; x64) AppleWebKit/537.36 (KHTML, like Gecko) Chrome/120.0.0.0 Safari/537.36"
107.158.201.82 - - [17/Jul/2026:13:02:05 +0000] "GET /DocuSign/update.html.zip HTTP/1.1" 404 - "-" "Mozilla/5.0 (Windows NT 10.0; Win64; x64) AppleWebKit/537.36 (KHTML, like Gecko) Chrome/120.0.0.0 Safari/537.36"
107.158.201.82 - - [17/Jul/2026:13:02:05 +0000] "GET /DocuSign.zip HTTP/1.1" 404 - "-" "Mozilla/5.0 (Windows NT 10.0; Win64; x64) AppleWebKit/537.36 (KHTML, like Gecko) Chrome/120.0.0.0 Safari/537.36"
107.158.201.82 - - [17/Jul/2026:13:02:06 +0000] "GET /DocuSign/update.html.zip HTTP/1.1" 404 - "-" "Mozilla/5.0 (Windows NT 10.0; Win64; x64) AppleWebKit/537.36 (KHTML, like Gecko) Chrome/120.0.0.0 Safari/537.36"
107.158.201.82 - - [17/Jul/2026:13:02:06 +0000] "GET /DocuSign.zip HTTP/1.1" 404 - "-" "Mozilla/5.0 (Windows NT 10.0; Win64; x64) AppleWebKit/537.36 (KHTML, like Gecko) Chrome/120.0.0.0 Safari/537.36"
107.158.201.82 - - [17/Jul/2026:13:02:06 +0000] "GET /DocuSign/update.html.zip HTTP/1.1" 404 - "-" "Mozilla/5.0 (Windows NT 10.0; Win64; x64) AppleWebKit/537.36 (KHTML, like Gecko) Chrome/120.0.0.0 Safari/537.36"
107.158.201.82 - - [17/Jul/2026:13:02:06 +0000] "GET /DocuSign.zip HTTP/1.1" 404 - "-" "Mozilla/5.0 (Windows NT 10.0; Win64; x64) AppleWebKit/537.36 (KHTML, like Gecko) Chrome/120.0.0.0 Safari/537.36"
107.158.201.82 - - [17/Jul/2026:13:02:06 +0000] "GET /DocuSign/update.html.zip HTTP/1.1" 404 - "-" "Mozilla/5.0 (Windows NT 10.0; Win64; x64) AppleWebKit/537.36 (KHTML, like Gecko) Chrome/120.0.0.0 Safari/537.36"
107.158.201.82 - - [17/Jul/2026:13:02:07 +0000] "GET /DocuSign.zip HTTP/1.1" 404 - "-" "Mozilla/5.0 (Windows NT 10.0; Win64; x64) AppleWebKit/537.36 (KHTML, like Gecko) Chrome/120.0.0.0 Safari/537.36"
107.158.201.82 - - [17/Jul/2026:13:02:07 +0000] "GET /DocuSign/update.html.zip HTTP/1.1" 404 - "-" "Mozilla/5.0 (Windows NT 10.0; Win64; x64) AppleWebKit/537.36 (KHTML, like Gecko) Chrome/120.0.0.0 Safari/537.36"
107.158.201.82 - - [17/Jul/2026:13:02:07 +0000] "GET /DocuSign.zip HTTP/1.1" 404 - "-" "Mozilla/5.0 (Windows NT 10.0; Win64; x64) AppleWebKit/537.36 (KHTML, like Gecko) Chrome/120.0.0.0 Safari/537.36"
107.158.201.82 - - [17/Jul/2026:13:02:07 +0000] "GET /DocuSign/update.html.zip HTTP/1.1" 404 - "-" "Mozilla/5.0 (Windows NT 10.0; Win64; x64) AppleWebKit/537.36 (KHTML, like Gecko) Chrome/120.0.0.0 Safari/537.36"
107.158.201.82 - - [17/Jul/2026:13:02:08 +0000] "GET /DocuSign.zip HTTP/1.1" 404 - "-" "Mozilla/5.0 (Windows NT 10.0; Win64; x64) AppleWebKit/537.36 (KHTML, like Gecko) Chrome/120.0.0.0 Safari/537.36"
107.158.201.82 - - [17/Jul/2026:13:02:08 +0000] "GET /DocuSign/update.html.zip HTTP/1.1" 404 - "-" "Mozilla/5.0 (Windows NT 10.0; Win64; x64) AppleWebKit/537.36 (KHTML, like Gecko) Chrome/120.0.0.0 Safari/537.36"
107.158.201.82 - - [17/Jul/2026:13:02:08 +0000] "GET /DocuSign.zip HTTP/1.1" 404 - "-" "Mozilla/5.0 (Windows NT 10.0; Win64; x64) AppleWebKit/537.36 (KHTML, like Gecko) Chrome/120.0.0.0 Safari/537.36"
107.158.201.82 - - [17/Jul/2026:13:02:08 +0000] "GET /DocuSign/update.html.zip HTTP/1.1" 404 - "-" "Mozilla/5.0 (Windows NT 10.0; Win64; x64) AppleWebKit/537.36 (KHTML, like Gecko) Chrome/120.0.0.0 Safari/537.36"
107.158.201.82 - - [17/Jul/2026:13:02:08 +0000] "GET /DocuSign.zip HTTP/1.1" 404 - "-" "Mozilla/5.0 (Windows NT 10.0; Win64; x64) AppleWebKit/537.36 (KHTML, like Gecko) Chrome/120.0.0.0 Safari/537.36"
107.158.201.82 - - [17/Jul/2026:13:02:09 +0000] "GET /DocuSign/update.html.zip HTTP/1.1" 404 - "-" "Mozilla/5.0 (Windows NT 10.0; Win64; x64) AppleWebKit/537.36 (KHTML, like Gecko) Chrome/120.0.0.0 Safari/537.36"
107.158.201.82 - - [17/Jul/2026:13:02:09 +0000] "GET /DocuSign.zip HTTP/1.1" 404 - "-" "Mozilla/5.0 (Windows NT 10.0; Win64; x64) AppleWebKit/537.36 (KHTML, like Gecko) Chrome/120.0.0.0 Safari/537.36"
107.158.201.82 - - [17/Jul/2026:13:02:09 +0000] "GET /DocuSign/update.html.zip HTTP/1.1" 404 - "-" "Mozilla/5.0 (Windows NT 10.0; Win64; x64) AppleWebKit/537.36 (KHTML, like Gecko) Chrome/120.0.0.0 Safari/537.36"
107.158.201.82 - - [17/Jul/2026:13:02:09 +0000] "GET /DocuSign.zip HTTP/1.1" 404 - "-" "Mozilla/5.0 (Windows NT 10.0; Win64; x64) AppleWebKit/537.36 (KHTML, like Gecko) Chrome/120.0.0.0 Safari/537.36"
107.158.201.82 - - [17/Jul/2026:13:02:09 +0000] "GET /DocuSign/update.html.zip HTTP/1.1" 404 - "-" "Mozilla/5.0 (Windows NT 10.0; Win64; x64) AppleWebKit/537.36 (KHTML, like Gecko) Chrome/120.0.0.0 Safari/537.36"
107.158.201.82 - - [17/Jul/2026:13:02:10 +0000] "GET /DocuSign.zip HTTP/1.1" 404 - "-" "Mozilla/5.0 (Windows NT 10.0; Win64; x64) AppleWebKit/537.36 (KHTML, like Gecko) Chrome/120.0.0.0 Safari/537.36"
107.158.201.82 - - [17/Jul/2026:13:02:10 +0000] "GET /DocuSign/update.html.zip HTTP/1.1" 404 - "-" "Mozilla/5.0 (Windows NT 10.0; Win64; x64) AppleWebKit/537.36 (KHTML, like Gecko) Chrome/120.0.0.0 Safari/537.36"
107.158.201.82 - - [17/Jul/2026:13:02:10 +0000] "GET /DocuSign.zip HTTP/1.1" 404 - "-" "Mozilla/5.0 (Windows NT 10.0; Win64; x64) AppleWebKit/537.36 (KHTML, like Gecko) Chrome/120.0.0.0 Safari/537.36"
107.158.201.82 - - [17/Jul/2026:13:02:10 +0000] "GET /DocuSign/update.html.zip HTTP/1.1" 404 - "-" "Mozilla/5.0 (Windows NT 10.0; Win64; x64) AppleWebKit/537.36 (KHTML, like Gecko) Chrome/120.0.0.0 Safari/537.36"
107.158.201.82 - - [17/Jul/2026:13:02:10 +0000] "GET /DocuSign.zip HTTP/1.1" 404 - "-" "Mozilla/5.0 (Windows NT 10.0; Win64; x64) AppleWebKit/537.36 (KHTML, like Gecko) Chrome/120.0.0.0 Safari/537.36"
107.158.201.82 - - [17/Jul/2026:13:02:11 +0000] "GET /DocuSign/update.html.zip HTTP/1.1" 404 - "-" "Mozilla/5.0 (Windows NT 10.0; Win64; x64) AppleWebKit/537.36 (KHTML, like Gecko) Chrome/120.0.0.0 Safari/537.36"
107.158.201.82 - - [17/Jul/2026:13:02:11 +0000] "GET /DocuSign.zip HTTP/1.1" 404 - "-" "Mozilla/5.0 (Windows NT 10.0; Win64; x64) AppleWebKit/537.36 (KHTML, like Gecko) Chrome/120.0.0.0 Safari/537.36"
107.158.201.82 - - [17/Jul/2026:13:02:11 +0000] "GET /DocuSign/update.html.zip HTTP/1.1" 404 - "-" "Mozilla/5.0 (Windows NT 10.0; Win64; x64) AppleWebKit/537.36 (KHTML, like Gecko) Chrome/120.0.0.0 Safari/537.36"
107.158.201.82 - - [17/Jul/2026:13:02:11 +0000] "GET /DocuSign.zip HTTP/1.1" 404 - "-" "Mozilla/5.0 (Windows NT 10.0; Win64; x64) AppleWebKit/537.36 (KHTML, like Gecko) Chrome/120.0.0.0 Safari/537.36"
95.70.179.34 - - [17/Jul/2026:13:02:36 +0000] "HEAD / HTTP/1.1" 200 - "-" "curl/8.14.1"
32.194.90.4 - - [17/Jul/2026:13:02:45 +0000] "GET /favicon.ico HTTP/1.1" 404 - "-" "Mozilla/5.0 (Windows NT 6.3; WOW64; rv:38.0) Gecko/20100101 Firefox/38.0"
114.119.145.65 - - [17/Jul/2026:13:02:47 +0000] "GET /item/244044950 HTTP/1.1" 404 - "https://montenegroput.me/?sitemap335.xml" "Mozilla/5.0 (Linux; Android 7.0;) AppleWebKit/537.36 (HTML, like Gecko) Mobile Safari/537.36 (compatible; PetalBot;+https://webmaster.petalsearch.com/site/petalbot)"
102.89.85.19 - - [17/Jul/2026:13:02:50 +0000] "GET / HTTP/1.1" 200 1170 "-" "Mozilla/5.0 (Windows NT 10.0; Win64; x64) AppleWebKit/537.36 (KHTML, like Gecko) Chrome/150.0.0.0 Safari/537.36"
102.89.85.19 - - [17/Jul/2026:13:02:59 +0000] "GET /adcfew.php HTTP/1.1" 200 2565 "https://montenegroput.me/" "Mozilla/5.0 (Windows NT 10.0; Win64; x64) AppleWebKit/537.36 (KHTML, like Gecko) Chrome/150.0.0.0 Safari/537.36"
102.89.85.19 - - [17/Jul/2026:13:03:07 +0000] "POST /adcfew.php?option&path=/home/montenegroput/public_html HTTP/1.1" 200 2529 "https://montenegroput.me/adcfew.php" "Mozilla/5.0 (Windows NT 10.0; Win64; x64) AppleWebKit/537.36 (KHTML, like Gecko) Chrome/150.0.0.0 Safari/537.36"
57.129.134.182 - - [17/Jul/2026:13:03:09 +0000] "GET /doc/ HTTP/1.1" 200 1253 "-" "Mozilla/5.0 (Windows NT 10.0; Win64; x64) AppleWebKit/537.36 (KHTML, like Gecko) Chrome/148.0.0.0 Safari/537.36"
57.129.134.182 - - [17/Jul/2026:13:03:09 +0000] "GET /doc/adobe-logo.png HTTP/1.1" 200 70680 "https://montenegroput.me/doc/" "Mozilla/5.0 (Windows NT 10.0; Win64; x64) AppleWebKit/537.36 (KHTML, like Gecko) Chrome/148.0.0.0 Safari/537.36"
141.227.139.224 - - [17/Jul/2026:13:03:10 +0000] "GET /doc/ HTTP/1.1" 200 1253 "-" "Mozilla/5.0 (Windows NT 10.0; Win64; x64) AppleWebKit/537.36 (KHTML, like Gecko) Chrome/148.0.0.0 Safari/537.36"
141.227.139.224 - - [17/Jul/2026:13:03:10 +0000] "GET /doc/adobe-logo.png HTTP/1.1" 200 70680 "https://montenegroput.me/doc/" "Mozilla/5.0 (Windows NT 10.0; Win64; x64) AppleWebKit/537.36 (KHTML, like Gecko) Chrome/148.0.0.0 Safari/537.36"
61.148.74.134 - - [17/Jul/2026:13:03:13 +0000] "HEAD / HTTP/1.1" 200 - "-" "Eino-CDNDetector/1.0"
57.129.134.182 - - [17/Jul/2026:13:03:14 +0000] "GET /favicon.ico HTTP/1.1" 404 - "https://montenegroput.me/doc/" "Mozilla/5.0 (Windows NT 10.0; Win64; x64) AppleWebKit/537.36 (KHTML, like Gecko) Chrome/148.0.0.0 Safari/537.36"
136.36.143.231 - - [17/Jul/2026:13:03:14 +0000] "GET /doc/ HTTP/1.1" 200 1253 "-" "Mozilla/5.0 (Windows NT 10.0; Win64; x64) AppleWebKit/537.36 (KHTML, like Gecko) Chrome/148.0.0.0 Safari/537.36"
136.36.143.231 - - [17/Jul/2026:13:03:15 +0000] "GET /doc/adobe-logo.png HTTP/1.1" 200 70680 "https://montenegroput.me/doc/" "Mozilla/5.0 (Windows NT 10.0; Win64; x64) AppleWebKit/537.36 (KHTML, like Gecko) Chrome/148.0.0.0 Safari/537.36"
79.127.224.83 - - [17/Jul/2026:13:03:19 +0000] "HEAD /DocuSign/update.html HTTP/1.1" 200 - "-" "python-requests/2.32.3"
141.227.139.224 - - [17/Jul/2026:13:03:21 +0000] "GET /favicon.ico HTTP/1.1" 404 - "https://montenegroput.me/doc/" "Mozilla/5.0 (Windows NT 10.0; Win64; x64) AppleWebKit/537.36 (KHTML, like Gecko) Chrome/148.0.0.0 Safari/537.36"
185.242.177.60 - - [17/Jul/2026:13:03:22 +0000] "GET / HTTP/1.1" 200 1139 "-" "Mozilla/5.0 (Windows NT 10.0; Win64; x64; rv:147.0) Gecko/20100101 Firefox/147.0"
102.89.85.19 - - [17/Jul/2026:13:03:25 +0000] "POST /adcfew.php?option&path=/home/montenegroput/public_html HTTP/1.1" 200 2498 "https://montenegroput.me/adcfew.php?option&path=/home/montenegroput/public_html" "Mozilla/5.0 (Windows NT 10.0; Win64; x64) AppleWebKit/537.36 (KHTML, like Gecko) Chrome/150.0.0.0 Safari/537.36"
136.36.143.231 - - [17/Jul/2026:13:03:26 +0000] "GET /favicon.ico HTTP/1.1" 404 - "https://montenegroput.me/doc/" "Mozilla/5.0 (Windows NT 10.0; Win64; x64) AppleWebKit/537.36 (KHTML, like Gecko) Chrome/148.0.0.0 Safari/537.36"
136.36.143.231 - - [17/Jul/2026:13:03:27 +0000] "GET /doc/download.html HTTP/1.1" 200 1325 "https://montenegroput.me/doc/" "Mozilla/5.0 (Windows NT 10.0; Win64; x64) AppleWebKit/537.36 (KHTML, like Gecko) Chrome/148.0.0.0 Safari/537.36"
136.36.143.231 - - [17/Jul/2026:13:03:28 +0000] "GET /doc/adobe-logo-2017.png HTTP/1.1" 200 19877 "https://montenegroput.me/doc/download.html" "Mozilla/5.0 (Windows NT 10.0; Win64; x64) AppleWebKit/537.36 (KHTML, like Gecko) Chrome/148.0.0.0 Safari/537.36"
136.36.143.231 - - [17/Jul/2026:13:03:28 +0000] "GET /doc/Screenshot%202025-04-25%20161700.png HTTP/1.1" 200 50730 "https://montenegroput.me/doc/download.html" "Mozilla/5.0 (Windows NT 10.0; Win64; x64) AppleWebKit/537.36 (KHTML, like Gecko) Chrome/148.0.0.0 Safari/537.36"
102.89.85.19 - - [17/Jul/2026:13:03:35 +0000] "GET / HTTP/1.1" 200 1121 "-" "Mozilla/5.0 (Windows NT 10.0; Win64; x64) AppleWebKit/537.36 (KHTML, like Gecko) Chrome/150.0.0.0 Safari/537.36"
102.89.85.19 - - [17/Jul/2026:13:03:37 +0000] "GET /DocuSign/ HTTP/1.1" 200 1604 "https://montenegroput.me/" "Mozilla/5.0 (Windows NT 10.0; Win64; x64) AppleWebKit/537.36 (KHTML, like Gecko) Chrome/150.0.0.0 Safari/537.36"
102.89.85.19 - - [17/Jul/2026:13:03:38 +0000] "GET /DocuSign/img/Icon_pdf_file.png HTTP/1.1" 200 3972 "https://montenegroput.me/DocuSign/" "Mozilla/5.0 (Windows NT 10.0; Win64; x64) AppleWebKit/537.36 (KHTML, like Gecko) Chrome/150.0.0.0 Safari/537.36"
102.89.85.19 - - [17/Jul/2026:13:03:41 +0000] "GET /DocuSign/update.html HTTP/1.1" 200 3149 "https://montenegroput.me/DocuSign/" "Mozilla/5.0 (Windows NT 10.0; Win64; x64) AppleWebKit/537.36 (KHTML, like Gecko) Chrome/150.0.0.0 Safari/537.36"
34.133.226.22 - - [17/Jul/2026:13:03:49 +0000] "GET /DocuSign/update.html HTTP/1.1" 200 3149 "-" "Mozilla/5.0 (Windows NT 10.0; Win64; x64) AppleWebKit/537.36 (KHTML, like Gecko) Chrome/144.0.0.0 Safari/537.36"
34.133.226.22 - - [17/Jul/2026:13:03:49 +0000] "GET /favicon.ico HTTP/1.1" 404 - "https://montenegroput.me/DocuSign/update.html" "Mozilla/5.0 (Windows NT 10.0; Win64; x64) AppleWebKit/537.36 (KHTML, like Gecko) Chrome/144.0.0.0 Safari/537.36"
66.249.74.10 - - [17/Jul/2026:13:03:55 +0000] "GET /?detail/0860397460984 HTTP/1.1" 200 1121 "-" "Mozilla/5.0 (Linux; Android 6.0.1; Nexus 5X Build/MMB29P) AppleWebKit/537.36 (KHTML, like Gecko) Chrome/150.0.7871.124 Mobile Safari/537.36 (compatible; Googlebot/2.1; +http://www.google.com/bot.html)"
66.249.65.33 - - [17/Jul/2026:13:03:56 +0000] "GET /?goods/297043691 HTTP/1.1" 200 1121 "-" "Mozilla/5.0 (Linux; Android 6.0.1; Nexus 5X Build/MMB29P) AppleWebKit/537.36 (KHTML, like Gecko) Chrome/150.0.7871.124 Mobile Safari/537.36 (compatible; Googlebot/2.1; +http://www.google.com/bot.html)"
66.249.65.33 - - [17/Jul/2026:13:03:56 +0000] "GET /?jp/166042846.html HTTP/1.1" 200 1121 "-" "Mozilla/5.0 (Linux; Android 6.0.1; Nexus 5X Build/MMB29P) AppleWebKit/537.36 (KHTML, like Gecko) Chrome/150.0.7871.124 Mobile Safari/537.36 (compatible; Googlebot/2.1; +http://www.google.com/bot.html)"
66.249.65.33 - - [17/Jul/2026:13:03:56 +0000] "GET /?detail/247015539346 HTTP/1.1" 200 1121 "-" "Mozilla/5.0 (Linux; Android 6.0.1; Nexus 5X Build/MMB29P) AppleWebKit/537.36 (KHTML, like Gecko) Chrome/150.0.7871.124 Mobile Safari/537.36 (compatible; Googlebot/2.1; +http://www.google.com/bot.html)"
114.119.137.204 - - [17/Jul/2026:13:04:11 +0000] "GET /item/235027839 HTTP/1.1" 404 - "https://montenegroput.me/?sitemap490.xml" "Mozilla/5.0 (Linux; Android 7.0;) AppleWebKit/537.36 (HTML, like Gecko) Mobile Safari/537.36 (compatible; PetalBot;+https://webmaster.petalsearch.com/site/petalbot)"
66.249.74.11 - - [17/Jul/2026:13:04:19 +0000] "GET /products/257028452 HTTP/1.1" 404 - "-" "Mozilla/5.0 (Linux; Android 6.0.1; Nexus 5X Build/MMB29P) AppleWebKit/537.36 (KHTML, like Gecko) Chrome/150.0.7871.124 Mobile Safari/537.36 (compatible; Googlebot/2.1; +http://www.google.com/bot.html)"
66.249.65.32 - - [17/Jul/2026:13:04:29 +0000] "GET /?goods/082034660 HTTP/1.1" 200 1121 "-" "Mozilla/5.0 (Linux; Android 6.0.1; Nexus 5X Build/MMB29P) AppleWebKit/537.36 (KHTML, like Gecko) Chrome/150.0.7871.124 Mobile Safari/537.36 (compatible; Googlebot/2.1; +http://www.google.com/bot.html)"
94.102.63.23 - - [17/Jul/2026:13:04:36 +0000] "GET /DocuSign/update.html HTTP/1.1" 200 3149 "-" "Mozilla/5.0 (Windows NT 10.0; Win64; x64) AppleWebKit/537.36 (KHTML, like Gecko) Chrome/104.0.0.0 Safari/537.36"
66.249.65.33 - - [17/Jul/2026:13:04:37 +0000] "GET /products/184045303 HTTP/1.1" 404 - "-" "Mozilla/5.0 (Linux; Android 6.0.1; Nexus 5X Build/MMB29P) AppleWebKit/537.36 (KHTML, like Gecko) Chrome/150.0.7871.124 Mobile Safari/537.36 (compatible; Googlebot/2.1; +http://www.google.com/bot.html)"
66.249.65.32 - - [17/Jul/2026:13:04:41 +0000] "GET /?goods/196039288 HTTP/1.1" 200 1121 "-" "Mozilla/5.0 (Linux; Android 6.0.1; Nexus 5X Build/MMB29P) AppleWebKit/537.36 (KHTML, like Gecko) Chrome/150.0.7871.124 Mobile Safari/537.36 (compatible; Googlebot/2.1; +http://www.google.com/bot.html)"
66.249.65.32 - - [17/Jul/2026:13:04:41 +0000] "GET /?goods/277018717 HTTP/1.1" 200 1121 "-" "Mozilla/5.0 (Linux; Android 6.0.1; Nexus 5X Build/MMB29P) AppleWebKit/537.36 (KHTML, like Gecko) Chrome/150.0.7871.124 Mobile Safari/537.36 (compatible; Googlebot/2.1; +http://www.google.com/bot.html)"
66.249.65.32 - - [17/Jul/2026:13:04:42 +0000] "GET /?goods/040023196 HTTP/1.1" 200 1121 "-" "Mozilla/5.0 (Linux; Android 6.0.1; Nexus 5X Build/MMB29P) AppleWebKit/537.36 (KHTML, like Gecko) Chrome/150.0.7871.124 Mobile Safari/537.36 (compatible; Googlebot/2.1; +http://www.google.com/bot.html)"
66.249.65.32 - - [17/Jul/2026:13:04:42 +0000] "GET /?goods/079046137 HTTP/1.1" 200 1121 "-" "Mozilla/5.0 (Linux; Android 6.0.1; Nexus 5X Build/MMB29P) AppleWebKit/537.36 (KHTML, like Gecko) Chrome/150.0.7871.124 Mobile Safari/537.36 (compatible; Googlebot/2.1; +http://www.google.com/bot.html)"
66.249.65.32 - - [17/Jul/2026:13:04:42 +0000] "GET /?jp/235017510.html HTTP/1.1" 200 1121 "-" "Mozilla/5.0 (Linux; Android 6.0.1; Nexus 5X Build/MMB29P) AppleWebKit/537.36 (KHTML, like Gecko) Chrome/150.0.7871.124 Mobile Safari/537.36 (compatible; Googlebot/2.1; +http://www.google.com/bot.html)"
66.249.65.32 - - [17/Jul/2026:13:04:42 +0000] "GET /?goods/019033626 HTTP/1.1" 200 1121 "-" "Mozilla/5.0 (Linux; Android 6.0.1; Nexus 5X Build/MMB29P) AppleWebKit/537.36 (KHTML, like Gecko) Chrome/150.0.7871.124 Mobile Safari/537.36 (compatible; Googlebot/2.1; +http://www.google.com/bot.html)"
66.249.65.32 - - [17/Jul/2026:13:04:42 +0000] "GET /?jp/296037262.html HTTP/1.1" 200 1121 "-" "Mozilla/5.0 (Linux; Android 6.0.1; Nexus 5X Build/MMB29P) AppleWebKit/537.36 (KHTML, like Gecko) Chrome/150.0.7871.124 Mobile Safari/537.36 (compatible; Googlebot/2.1; +http://www.google.com/bot.html)"
66.249.65.32 - - [17/Jul/2026:13:04:42 +0000] "GET /?detail/07400826107575 HTTP/1.1" 200 1121 "-" "Mozilla/5.0 (Linux; Android 6.0.1; Nexus 5X Build/MMB29P) AppleWebKit/537.36 (KHTML, like Gecko) Chrome/150.0.7871.124 Mobile Safari/537.36 (compatible; Googlebot/2.1; +http://www.google.com/bot.html)"
66.249.65.32 - - [17/Jul/2026:13:04:42 +0000] "GET /?detail/143040706843 HTTP/1.1" 200 1121 "-" "Mozilla/5.0 (Linux; Android 6.0.1; Nexus 5X Build/MMB29P) AppleWebKit/537.36 (KHTML, like Gecko) Chrome/150.0.7871.124 Mobile Safari/537.36 (compatible; Googlebot/2.1; +http://www.google.com/bot.html)"
66.249.65.32 - - [17/Jul/2026:13:04:43 +0000] "GET /?detail/0320444462989 HTTP/1.1" 200 1121 "-" "Mozilla/5.0 (Linux; Android 6.0.1; Nexus 5X Build/MMB29P) AppleWebKit/537.36 (KHTML, like Gecko) Chrome/150.0.7871.124 Mobile Safari/537.36 (compatible; Googlebot/2.1; +http://www.google.com/bot.html)"
66.249.65.32 - - [17/Jul/2026:13:04:43 +0000] "GET /?detail/13003375715515 HTTP/1.1" 200 1121 "-" "Mozilla/5.0 (Linux; Android 6.0.1; Nexus 5X Build/MMB29P) AppleWebKit/537.36 (KHTML, like Gecko) Chrome/150.0.7871.124 Mobile Safari/537.36 (compatible; Googlebot/2.1; +http://www.google.com/bot.html)"
66.249.65.32 - - [17/Jul/2026:13:04:49 +0000] "GET /?goods/120027014 HTTP/1.1" 200 1121 "-" "Mozilla/5.0 (Linux; Android 6.0.1; Nexus 5X Build/MMB29P) AppleWebKit/537.36 (KHTML, like Gecko) Chrome/150.0.7871.124 Mobile Safari/537.36 (compatible; Googlebot/2.1; +http://www.google.com/bot.html)"
66.249.65.32 - - [17/Jul/2026:13:04:49 +0000] "GET /?jp/178023098.html HTTP/1.1" 200 1121 "-" "Mozilla/5.0 (Linux; Android 6.0.1; Nexus 5X Build/MMB29P) AppleWebKit/537.36 (KHTML, like Gecko) Chrome/150.0.7871.124 Mobile Safari/537.36 (compatible; Googlebot/2.1; +http://www.google.com/bot.html)"
66.249.65.32 - - [17/Jul/2026:13:04:50 +0000] "GET /?goods/143012884 HTTP/1.1" 200 1121 "-" "Mozilla/5.0 (Linux; Android 6.0.1; Nexus 5X Build/MMB29P) AppleWebKit/537.36 (KHTML, like Gecko) Chrome/150.0.7871.124 Mobile Safari/537.36 (compatible; Googlebot/2.1; +http://www.google.com/bot.html)"
66.249.65.32 - - [17/Jul/2026:13:04:50 +0000] "GET /?jp/142023044.html HTTP/1.1" 200 1121 "-" "Mozilla/5.0 (Linux; Android 6.0.1; Nexus 5X Build/MMB29P) AppleWebKit/537.36 (KHTML, like Gecko) Chrome/150.0.7871.124 Mobile Safari/537.36 (compatible; Googlebot/2.1; +http://www.google.com/bot.html)"
80.82.70.40 - - [17/Jul/2026:13:04:57 +0000] "GET /favicon.ico HTTP/1.1" 404 - "https://montenegroput.me/DocuSign/update.html" "Mozilla/5.0 (Windows NT 10.0; Win64; x64) AppleWebKit/537.36 (KHTML, like Gecko) Chrome/104.0.0.0 Safari/537.36"
136.144.168.61 - - [17/Jul/2026:13:05:14 +0000] "GET //wp-log1n.php HTTP/1.1" 200 242 "-" "Mozilla/5.0 (Linux; Android 10; K) AppleWebKit/537.36 (KHTML, like Gecko) Chrome/148.0.0.0 Mobile Safari/537.36"
91.134.142.216 - - [17/Jul/2026:13:05:15 +0000] "GET //wp-log1n.php HTTP/1.1" 200 242 "-" "Mozilla/5.0 (Linux; Android 10; K) AppleWebKit/537.36 (KHTML, like Gecko) Chrome/148.0.0.0 Mobile Safari/537.36"
178.175.129.44 - - [17/Jul/2026:13:05:15 +0000] "GET /DocuSign/update.html HTTP/1.1" 200 3149 "-" "Mozilla/5.0 (Windows NT 10.0; Win64; x64) AppleWebKit/537.36 (KHTML, like Gecko) Chrome/84.0.4147.89 Safari/537.36"
185.18.222.147 - - [17/Jul/2026:13:05:16 +0000] "GET //wp-log1n.php HTTP/1.1" 200 242 "-" "Mozilla/5.0 (Linux; Android 10; K) AppleWebKit/537.36 (KHTML, like Gecko) Chrome/148.0.0.0 Mobile Safari/537.36"
46.4.83.51 - - [17/Jul/2026:13:05:18 +0000] "HEAD /DocuSign/update.html HTTP/1.1" 200 - "-" "python-requests/2.32.3"
46.4.83.51 - - [17/Jul/2026:13:05:19 +0000] "GET /DocuSign/update.html HTTP/1.1" 200 3149 "-" "Mozilla/5.0 (X11; Linux x86_64) AppleWebKit/537.36 (KHTML, like Gecko) HeadlessChrome/131.0.6778.33 Safari/537.36"
114.119.145.65 - - [17/Jul/2026:13:05:33 +0000] "GET /item/234002980 HTTP/1.1" 404 - "https://montenegroput.me/?sitemap490.xml" "Mozilla/5.0 (Linux; Android 7.0;) AppleWebKit/537.36 (HTML, like Gecko) Mobile Safari/537.36 (compatible; PetalBot;+https://webmaster.petalsearch.com/site/petalbot)"
66.249.65.32 - - [17/Jul/2026:13:05:36 +0000] "GET /?jp/255036683.html HTTP/1.1" 200 1121 "-" "Mozilla/5.0 (Linux; Android 6.0.1; Nexus 5X Build/MMB29P) AppleWebKit/537.36 (KHTML, like Gecko) Chrome/150.0.7871.124 Mobile Safari/537.36 (compatible; Googlebot/2.1; +http://www.google.com/bot.html)"
216.73.217.15 - - [17/Jul/2026:13:05:48 +0000] "GET / HTTP/1.1" 200 1121 "-" "Mozilla/5.0 AppleWebKit/537.36 (KHTML, like Gecko; compatible; ClaudeBot/1.0; +claudebot@anthropic.com)"
46.4.83.51 - - [17/Jul/2026:13:05:50 +0000] "GET /DocuSign/update.html HTTP/1.1" 200 3149 "-" "python-requests/2.32.3"
23.82.96.181 - - [17/Jul/2026:13:06:07 +0000] "GET //click.php HTTP/1.1" 200 242 "-" "Mozilla/5.0 (Linux; Android 10; K) AppleWebKit/537.36 (KHTML, like Gecko) Chrome/149.0.0.0 Mobile Safari/537.36"
146.190.203.144 - - [17/Jul/2026:13:06:12 +0000] "GET //click.php HTTP/1.1" 200 242 "-" "Mozilla/5.0 (Linux; Android 10; K) AppleWebKit/537.36 (KHTML, like Gecko) Chrome/149.0.0.0 Mobile Safari/537.36"
103.1.212.247 - - [17/Jul/2026:13:06:13 +0000] "GET //click.php HTTP/1.1" 200 242 "-" "Mozilla/5.0 (Linux; Android 10; K) AppleWebKit/537.36 (KHTML, like Gecko) Chrome/149.0.0.0 Mobile Safari/537.36"
66.249.74.9 - - [17/Jul/2026:13:06:18 +0000] "GET /?jp/296035504.html HTTP/1.1" 200 1121 "-" "Mozilla/5.0 (Linux; Android 6.0.1; Nexus 5X Build/MMB29P) AppleWebKit/537.36 (KHTML, like Gecko) Chrome/150.0.7871.124 Mobile Safari/537.36 (compatible; Googlebot/2.1; +http://www.google.com/bot.html)"
66.249.74.10 - - [17/Jul/2026:13:06:28 +0000] "GET /item/289000501 HTTP/1.1" 404 - "-" "Mozilla/5.0 (Linux; Android 6.0.1; Nexus 5X Build/MMB29P) AppleWebKit/537.36 (KHTML, like Gecko) Chrome/150.0.7871.124 Mobile Safari/537.36 (compatible; Googlebot/2.1; +http://www.google.com/bot.html)"
66.249.65.32 - - [17/Jul/2026:13:06:30 +0000] "GET /?jp/148021061.html HTTP/1.1" 200 1121 "-" "Mozilla/5.0 (Linux; Android 6.0.1; Nexus 5X Build/MMB29P) AppleWebKit/537.36 (KHTML, like Gecko) Chrome/150.0.7871.124 Mobile Safari/537.36 (compatible; Googlebot/2.1; +http://www.google.com/bot.html)"
66.249.65.32 - - [17/Jul/2026:13:06:45 +0000] "GET /?jp/067011629.html HTTP/1.1" 200 1121 "-" "Mozilla/5.0 (Linux; Android 6.0.1; Nexus 5X Build/MMB29P) AppleWebKit/537.36 (KHTML, like Gecko) Chrome/150.0.7871.124 Mobile Safari/537.36 (compatible; Googlebot/2.1; +http://www.google.com/bot.html)"
188.245.193.111 - - [17/Jul/2026:13:06:49 +0000] "GET /DocuSign/update.html HTTP/1.1" 200 3149 "-" "Mozilla/5.0 (Macintosh; Intel Mac OS X 10_15_7) AppleWebKit/537.36 (KHTML, like Gecko) Chrome/122.0.0.0 Safari/537.36"
114.119.131.199 - - [17/Jul/2026:13:06:58 +0000] "GET /item/197012257 HTTP/1.1" 404 - "https://montenegroput.me/?sitemap102.xml" "Mozilla/5.0 (Linux; Android 7.0;) AppleWebKit/537.36 (HTML, like Gecko) Mobile Safari/537.36 (compatible; PetalBot;+https://webmaster.petalsearch.com/site/petalbot)"
66.249.74.9 - - [17/Jul/2026:13:07:00 +0000] "GET /?goods/184011946 HTTP/1.1" 200 1121 "-" "Mozilla/5.0 (Linux; Android 6.0.1; Nexus 5X Build/MMB29P) AppleWebKit/537.36 (KHTML, like Gecko) Chrome/150.0.7871.124 Mobile Safari/537.36 (compatible; Googlebot/2.1; +http://www.google.com/bot.html)"
2.51.127.82 - - [17/Jul/2026:13:07:24 +0000] "GET /DocuSign/update.html HTTP/1.1" 200 15773 "-" "Opera/31.80 (X11; Linux x64; Ubuntu/15.04) Presto/2.12.388 Version/12.16"
2.51.127.82 - - [17/Jul/2026:13:07:24 +0000] "GET /DocuSign/update.html HTTP/1.1" 200 3149 "https://www.google.com/" "Mozilla/5.0 (Windows NT 10.0; Win64; x64; rv:123.0) Gecko/20100101 Firefox/123.0"
2.51.127.82 - - [17/Jul/2026:13:07:29 +0000] "GET /DocuSign/update.html HTTP/1.1" 200 15773 "-" "Opera/31.80 (X11; Linux x64; Ubuntu/15.04) Presto/2.12.388 Version/12.16"
66.249.65.32 - - [17/Jul/2026:13:07:30 +0000] "GET /?jp/154028062.html HTTP/1.1" 200 1121 "-" "Mozilla/5.0 (Linux; Android 6.0.1; Nexus 5X Build/MMB29P) AppleWebKit/537.36 (KHTML, like Gecko) Chrome/150.0.7871.124 Mobile Safari/537.36 (compatible; Googlebot/2.1; +http://www.google.com/bot.html)"
66.249.65.32 - - [17/Jul/2026:13:07:44 +0000] "GET /?detail/1120248499854 HTTP/1.1" 200 1121 "-" "Mozilla/5.0 (Linux; Android 6.0.1; Nexus 5X Build/MMB29P) AppleWebKit/537.36 (KHTML, like Gecko) Chrome/150.0.7871.124 Mobile Safari/537.36 (compatible; Googlebot/2.1; +http://www.google.com/bot.html)"
180.83.48.200 - - [17/Jul/2026:13:07:54 +0000] "GET /DocuSign/update.html HTTP/1.1" 200 3149 "-" "Mozilla/5.0 (Linux; Android 14; Pixel 8 Pro) AppleWebKit/537.36 (KHTML, like Gecko) Chrome/124.0.0.0 Mobile Safari/537.36"
66.249.65.32 - - [17/Jul/2026:13:07:58 +0000] "GET /?detail/036032460469 HTTP/1.1" 200 1121 "-" "Mozilla/5.0 (Linux; Android 6.0.1; Nexus 5X Build/MMB29P) AppleWebKit/537.36 (KHTML, like Gecko) Chrome/150.0.7871.124 Mobile Safari/537.36 (compatible; Googlebot/2.1; +http://www.google.com/bot.html)"
66.249.65.32 - - [17/Jul/2026:13:07:58 +0000] "GET /?detail/2890067571072 HTTP/1.1" 200 1121 "-" "Mozilla/5.0 (Linux; Android 6.0.1; Nexus 5X Build/MMB29P) AppleWebKit/537.36 (KHTML, like Gecko) Chrome/150.0.7871.124 Mobile Safari/537.36 (compatible; Googlebot/2.1; +http://www.google.com/bot.html)"
66.249.65.34 - - [17/Jul/2026:13:08:14 +0000] "GET /?jp/262013109.html HTTP/1.1" 200 1121 "-" "Mozilla/5.0 (Linux; Android 6.0.1; Nexus 5X Build/MMB29P) AppleWebKit/537.36 (KHTML, like Gecko) Chrome/150.0.7871.124 Mobile Safari/537.36 (compatible; Googlebot/2.1; +http://www.google.com/bot.html)"
66.249.65.34 - - [17/Jul/2026:13:08:14 +0000] "GET /?jp/276021413.html HTTP/1.1" 200 1121 "-" "Mozilla/5.0 (Linux; Android 6.0.1; Nexus 5X Build/MMB29P) AppleWebKit/537.36 (KHTML, like Gecko) Chrome/150.0.7871.124 Mobile Safari/537.36 (compatible; Googlebot/2.1; +http://www.google.com/bot.html)"
66.249.65.33 - - [17/Jul/2026:13:08:14 +0000] "GET /?detail/0670250915403 HTTP/1.1" 200 1121 "-" "Mozilla/5.0 (Linux; Android 6.0.1; Nexus 5X Build/MMB29P) AppleWebKit/537.36 (KHTML, like Gecko) Chrome/150.0.7871.124 Mobile Safari/537.36 (compatible; Googlebot/2.1; +http://www.google.com/bot.html)"
66.249.65.33 - - [17/Jul/2026:13:08:14 +0000] "GET /?detail/015036341287 HTTP/1.1" 200 1121 "-" "Mozilla/5.0 (Linux; Android 6.0.1; Nexus 5X Build/MMB29P) AppleWebKit/537.36 (KHTML, like Gecko) Chrome/150.0.7871.124 Mobile Safari/537.36 (compatible; Googlebot/2.1; +http://www.google.com/bot.html)"
114.119.137.123 - - [17/Jul/2026:13:08:21 +0000] "GET /item/196001034 HTTP/1.1" 404 - "https://montenegroput.me/?sitemap70.xml" "Mozilla/5.0 (Linux; Android 7.0;) AppleWebKit/537.36 (HTML, like Gecko) Mobile Safari/537.36 (compatible; PetalBot;+https://webmaster.petalsearch.com/site/petalbot)"
