34.122.147.229 - - [17/Jul/2026:12:11:22 +0000] "GET /DocuSign/download.html HTTP/1.1" 200 3443 "https://montenegroput.me/DocuSign/update.html" "Mozilla/5.0 (Windows NT 10.0; Win64; x64) AppleWebKit/537.36 (KHTML, like Gecko) Chrome/125.0.6422.60 Safari/537.36 Edge/12.246"
146.19.91.44 - - [17/Jul/2026:12:11:28 +0000] "GET /wp-includes/?C=M;O=A HTTP/1.1" 200 3868 "-" "Mozilla/5.0 (Windows NT 10.0; Win64; x64) AppleWebKit/537.36 (KHTML, like Gecko) Chrome/134.0.0.0 Safari/537.36"
46.224.112.137 - - [17/Jul/2026:12:11:32 +0000] "GET /DocuSign/update.html HTTP/1.1" 200 3149 "-" "Mozilla/5.0 (Macintosh; Intel Mac OS X 14_4_1) AppleWebKit/537.36 (KHTML, like Gecko) Chrome/131.0.0.0 Safari/537.36"
46.224.112.137 - - [17/Jul/2026:12:11:34 +0000] "GET /DocuSign/update.html/ HTTP/1.1" 404 - "-" "Mozilla/5.0 (Macintosh; Intel Mac OS X 14_4_1) AppleWebKit/537.36 (KHTML, like Gecko) Chrome/131.0.0.0 Safari/537.36"
146.19.91.44 - - [17/Jul/2026:12:11:36 +0000] "GET /wp-includes/?C=N;O=D HTTP/1.1" 200 3909 "-" "Mozilla/5.0 (Windows NT 10.0; Win64; x64) AppleWebKit/537.36 (KHTML, like Gecko) Chrome/134.0.0.0 Safari/537.36"
46.224.112.137 - - [17/Jul/2026:12:11:37 +0000] "HEAD /DocuSign/update.html.zip HTTP/1.1" 404 - "-" "Mozilla/5.0 (Macintosh; Intel Mac OS X 14_4_1) AppleWebKit/537.36 (KHTML, like Gecko) Chrome/131.0.0.0 Safari/537.36"
23.82.96.182 - - [17/Jul/2026:12:11:37 +0000] "GET /update HTTP/1.1" 301 280 "-" "Mozilla/5.0 (Linux; Android 10; K) AppleWebKit/537.36 (KHTML, like Gecko) Chrome/142.0.0.0 Mobile Safari/537.36"
23.82.96.182 - - [17/Jul/2026:12:11:37 +0000] "GET /update/ HTTP/1.1" 200 1253 "-" "Mozilla/5.0 (Linux; Android 10; K) AppleWebKit/537.36 (KHTML, like Gecko) Chrome/142.0.0.0 Mobile Safari/537.36"
23.82.96.182 - - [17/Jul/2026:12:11:37 +0000] "GET /update/adobe-logo.png HTTP/1.1" 200 70680 "https://montenegroput.me/update/" "Mozilla/5.0 (Linux; Android 10; K) AppleWebKit/537.36 (KHTML, like Gecko) Chrome/142.0.0.0 Mobile Safari/537.36"
46.224.112.137 - - [17/Jul/2026:12:11:39 +0000] "HEAD /DocuSign/update.html/kit.zip HTTP/1.1" 404 - "-" "Mozilla/5.0 (Macintosh; Intel Mac OS X 14_4_1) AppleWebKit/537.36 (KHTML, like Gecko) Chrome/131.0.0.0 Safari/537.36"
23.82.96.179 - - [17/Jul/2026:12:11:40 +0000] "GET /update HTTP/1.1" 301 280 "-" "Mozilla/5.0 (Linux; Android 10; K) AppleWebKit/537.36 (KHTML, like Gecko) Chrome/142.0.0.0 Mobile Safari/537.36"
135.136.27.9 - - [17/Jul/2026:12:11:40 +0000] "GET /update HTTP/1.1" 301 280 "-" "Mozilla/5.0 (Linux; Android 10; K) AppleWebKit/537.36 (KHTML, like Gecko) Chrome/142.0.0.0 Mobile Safari/537.36"
23.82.96.179 - - [17/Jul/2026:12:11:40 +0000] "GET /update/ HTTP/1.1" 200 1253 "-" "Mozilla/5.0 (Linux; Android 10; K) AppleWebKit/537.36 (KHTML, like Gecko) Chrome/142.0.0.0 Mobile Safari/537.36"
135.136.27.9 - - [17/Jul/2026:12:11:41 +0000] "GET /update/ HTTP/1.1" 200 1253 "-" "Mozilla/5.0 (Linux; Android 10; K) AppleWebKit/537.36 (KHTML, like Gecko) Chrome/142.0.0.0 Mobile Safari/537.36"
23.82.96.179 - - [17/Jul/2026:12:11:41 +0000] "GET /update/adobe-logo.png HTTP/1.1" 200 70680 "https://montenegroput.me/update/" "Mozilla/5.0 (Linux; Android 10; K) AppleWebKit/537.36 (KHTML, like Gecko) Chrome/142.0.0.0 Mobile Safari/537.36"
135.136.27.9 - - [17/Jul/2026:12:11:41 +0000] "GET /update/adobe-logo.png HTTP/1.1" 200 70680 "https://montenegroput.me/update/" "Mozilla/5.0 (Linux; Android 10; K) AppleWebKit/537.36 (KHTML, like Gecko) Chrome/142.0.0.0 Mobile Safari/537.36"
46.224.112.137 - - [17/Jul/2026:12:11:42 +0000] "HEAD /DocuSign/update.html/panel.zip HTTP/1.1" 404 - "-" "Mozilla/5.0 (Macintosh; Intel Mac OS X 14_4_1) AppleWebKit/537.36 (KHTML, like Gecko) Chrome/131.0.0.0 Safari/537.36"
146.19.91.44 - - [17/Jul/2026:12:11:43 +0000] "GET /wp-includes/?C=S;O=A HTTP/1.1" 200 3863 "-" "Mozilla/5.0 (Windows NT 10.0; Win64; x64) AppleWebKit/537.36 (KHTML, like Gecko) Chrome/134.0.0.0 Safari/537.36"
209.38.113.189 - - [17/Jul/2026:12:11:43 +0000] "GET /update HTTP/1.1" 301 280 "-" "Mozilla/5.0 (Linux; Android 10; K) AppleWebKit/537.36 (KHTML, like Gecko) Chrome/142.0.0.0 Mobile Safari/537.36"
209.38.113.189 - - [17/Jul/2026:12:11:43 +0000] "GET /update/ HTTP/1.1" 200 1253 "-" "Mozilla/5.0 (Linux; Android 10; K) AppleWebKit/537.36 (KHTML, like Gecko) Chrome/142.0.0.0 Mobile Safari/537.36"
209.38.113.189 - - [17/Jul/2026:12:11:43 +0000] "GET /update/adobe-logo.png HTTP/1.1" 200 70680 "https://montenegroput.me/update/" "Mozilla/5.0 (Linux; Android 10; K) AppleWebKit/537.36 (KHTML, like Gecko) Chrome/142.0.0.0 Mobile Safari/537.36"
46.224.112.137 - - [17/Jul/2026:12:11:44 +0000] "HEAD /DocuSign/update.html/admin.zip HTTP/1.1" 404 - "-" "Mozilla/5.0 (Macintosh; Intel Mac OS X 14_4_1) AppleWebKit/537.36 (KHTML, like Gecko) Chrome/131.0.0.0 Safari/537.36"
46.224.112.137 - - [17/Jul/2026:12:11:47 +0000] "HEAD /DocuSign/update.html/mailer.zip HTTP/1.1" 404 - "-" "Mozilla/5.0 (Macintosh; Intel Mac OS X 14_4_1) AppleWebKit/537.36 (KHTML, like Gecko) Chrome/131.0.0.0 Safari/537.36"
167.233.138.205 - - [17/Jul/2026:12:11:49 +0000] "HEAD /DocuSign/update.html HTTP/1.1" 200 - "-" "Mozilla/5.0 (Windows NT 10.0; Win64; x64) AppleWebKit/537.36 (KHTML, like Gecko) Chrome/137.0.0.0 Safari/537.36"
23.82.96.182 - - [17/Jul/2026:12:11:49 +0000] "GET /update/denied.html HTTP/1.1" 200 1037 "https://montenegroput.me/update/" "Mozilla/5.0 (Linux; Android 10; K) AppleWebKit/537.36 (KHTML, like Gecko) Chrome/142.0.0.0 Mobile Safari/537.36"
23.82.96.182 - - [17/Jul/2026:12:11:50 +0000] "GET /favicon.ico HTTP/1.1" 404 - "https://montenegroput.me/update/" "Mozilla/5.0 (Linux; Android 10; K) AppleWebKit/537.36 (KHTML, like Gecko) Chrome/142.0.0.0 Mobile Safari/537.36"
46.224.112.137 - - [17/Jul/2026:12:11:50 +0000] "HEAD /DocuSign/update.html/files.zip HTTP/1.1" 404 - "-" "Mozilla/5.0 (Macintosh; Intel Mac OS X 14_4_1) AppleWebKit/537.36 (KHTML, like Gecko) Chrome/131.0.0.0 Safari/537.36"
23.82.96.182 - - [17/Jul/2026:12:11:51 +0000] "GET /update/Screenshot%202025-04-25%20161700.png HTTP/1.1" 200 50730 "https://montenegroput.me/update/denied.html" "Mozilla/5.0 (Linux; Android 10; K) AppleWebKit/537.36 (KHTML, like Gecko) Chrome/142.0.0.0 Mobile Safari/537.36"
23.82.96.182 - - [17/Jul/2026:12:11:51 +0000] "GET /favicon.ico HTTP/1.1" 404 - "https://montenegroput.me/update/denied.html" "Mozilla/5.0 (Linux; Android 10; K) AppleWebKit/537.36 (KHTML, like Gecko) Chrome/142.0.0.0 Mobile Safari/537.36"
135.136.27.9 - - [17/Jul/2026:12:11:52 +0000] "GET /update/denied.html HTTP/1.1" 200 1037 "https://montenegroput.me/update/" "Mozilla/5.0 (Linux; Android 10; K) AppleWebKit/537.36 (KHTML, like Gecko) Chrome/142.0.0.0 Mobile Safari/537.36"
135.136.27.9 - - [17/Jul/2026:12:11:52 +0000] "GET /update/Screenshot%202025-04-25%20161700.png HTTP/1.1" 200 50730 "https://montenegroput.me/update/denied.html" "Mozilla/5.0 (Linux; Android 10; K) AppleWebKit/537.36 (KHTML, like Gecko) Chrome/142.0.0.0 Mobile Safari/537.36"
46.224.112.137 - - [17/Jul/2026:12:11:52 +0000] "HEAD /DocuSign/update.html/backup.zip HTTP/1.1" 404 - "-" "Mozilla/5.0 (Macintosh; Intel Mac OS X 14_4_1) AppleWebKit/537.36 (KHTML, like Gecko) Chrome/131.0.0.0 Safari/537.36"
135.136.27.9 - - [17/Jul/2026:12:11:53 +0000] "GET /favicon.ico HTTP/1.1" 404 - "https://montenegroput.me/update/denied.html" "Mozilla/5.0 (Linux; Android 10; K) AppleWebKit/537.36 (KHTML, like Gecko) Chrome/142.0.0.0 Mobile Safari/537.36"
209.38.113.189 - - [17/Jul/2026:12:11:54 +0000] "GET /update/denied.html HTTP/1.1" 200 1037 "https://montenegroput.me/update/" "Mozilla/5.0 (Linux; Android 10; K) AppleWebKit/537.36 (KHTML, like Gecko) Chrome/142.0.0.0 Mobile Safari/537.36"
209.38.113.189 - - [17/Jul/2026:12:11:54 +0000] "GET /favicon.ico HTTP/1.1" 404 - "https://montenegroput.me/update/" "Mozilla/5.0 (Linux; Android 10; K) AppleWebKit/537.36 (KHTML, like Gecko) Chrome/142.0.0.0 Mobile Safari/537.36"
146.19.91.44 - - [17/Jul/2026:12:11:54 +0000] "GET /wp-includes/ID3/.DS_Store HTTP/1.1" 404 - "-" "Mozilla/5.0 (Windows NT 10.0; Win64; x64) AppleWebKit/537.36 (KHTML, like Gecko) Chrome/134.0.0.0 Safari/537.36"
209.38.113.189 - - [17/Jul/2026:12:11:55 +0000] "GET /update/Screenshot%202025-04-25%20161700.png HTTP/1.1" 200 50730 "https://montenegroput.me/update/denied.html" "Mozilla/5.0 (Linux; Android 10; K) AppleWebKit/537.36 (KHTML, like Gecko) Chrome/142.0.0.0 Mobile Safari/537.36"
46.224.112.137 - - [17/Jul/2026:12:11:55 +0000] "HEAD /DocuSign/update.html/upload.zip HTTP/1.1" 404 - "-" "Mozilla/5.0 (Macintosh; Intel Mac OS X 14_4_1) AppleWebKit/537.36 (KHTML, like Gecko) Chrome/131.0.0.0 Safari/537.36"
209.38.113.189 - - [17/Jul/2026:12:11:55 +0000] "GET /favicon.ico HTTP/1.1" 404 - "https://montenegroput.me/update/denied.html" "Mozilla/5.0 (Linux; Android 10; K) AppleWebKit/537.36 (KHTML, like Gecko) Chrome/142.0.0.0 Mobile Safari/537.36"
146.19.91.44 - - [17/Jul/2026:12:11:56 +0000] "GET /wp-includes/ID3/ HTTP/1.1" 200 707 "-" "Mozilla/5.0 (Windows NT 10.0; Win64; x64) AppleWebKit/537.36 (KHTML, like Gecko) Chrome/134.0.0.0 Safari/537.36"
23.82.96.179 - - [17/Jul/2026:12:11:57 +0000] "GET /update/denied.html HTTP/1.1" 200 1037 "https://montenegroput.me/update/" "Mozilla/5.0 (Linux; Android 10; K) AppleWebKit/537.36 (KHTML, like Gecko) Chrome/142.0.0.0 Mobile Safari/537.36"
23.82.96.179 - - [17/Jul/2026:12:11:57 +0000] "GET /update/Screenshot%202025-04-25%20161700.png HTTP/1.1" 200 50730 "https://montenegroput.me/update/denied.html" "Mozilla/5.0 (Linux; Android 10; K) AppleWebKit/537.36 (KHTML, like Gecko) Chrome/142.0.0.0 Mobile Safari/537.36"
46.224.112.137 - - [17/Jul/2026:12:11:57 +0000] "HEAD /DocuSign/update.html/update.zip HTTP/1.1" 404 - "-" "Mozilla/5.0 (Macintosh; Intel Mac OS X 14_4_1) AppleWebKit/537.36 (KHTML, like Gecko) Chrome/131.0.0.0 Safari/537.36"
23.82.96.179 - - [17/Jul/2026:12:11:58 +0000] "GET /favicon.ico HTTP/1.1" 404 - "https://montenegroput.me/update/denied.html" "Mozilla/5.0 (Linux; Android 10; K) AppleWebKit/537.36 (KHTML, like Gecko) Chrome/142.0.0.0 Mobile Safari/537.36"
46.224.112.137 - - [17/Jul/2026:12:12:00 +0000] "HEAD /DocuSign/update.html/script.zip HTTP/1.1" 404 - "-" "Mozilla/5.0 (Macintosh; Intel Mac OS X 14_4_1) AppleWebKit/537.36 (KHTML, like Gecko) Chrome/131.0.0.0 Safari/537.36"
146.19.91.44 - - [17/Jul/2026:12:12:01 +0000] "GET /wp-includes/IXR/.DS_Store HTTP/1.1" 404 - "-" "Mozilla/5.0 (Windows NT 10.0; Win64; x64) AppleWebKit/537.36 (KHTML, like Gecko) Chrome/134.0.0.0 Safari/537.36"
46.224.112.137 - - [17/Jul/2026:12:12:03 +0000] "HEAD /DocuSign/update.html/config.zip HTTP/1.1" 404 - "-" "Mozilla/5.0 (Macintosh; Intel Mac OS X 14_4_1) AppleWebKit/537.36 (KHTML, like Gecko) Chrome/131.0.0.0 Safari/537.36"
146.19.91.44 - - [17/Jul/2026:12:12:04 +0000] "GET /wp-includes/IXR/ HTTP/1.1" 200 585 "-" "Mozilla/5.0 (Windows NT 10.0; Win64; x64) AppleWebKit/537.36 (KHTML, like Gecko) Chrome/134.0.0.0 Safari/537.36"
46.224.112.137 - - [17/Jul/2026:12:12:06 +0000] "HEAD /DocuSign/update.html/data.zip HTTP/1.1" 404 - "-" "Mozilla/5.0 (Macintosh; Intel Mac OS X 14_4_1) AppleWebKit/537.36 (KHTML, like Gecko) Chrome/131.0.0.0 Safari/537.36"
146.19.91.44 - - [17/Jul/2026:12:12:08 +0000] "GET /wp-includes/Requests/.DS_Store HTTP/1.1" 404 - "-" "Mozilla/5.0 (Windows NT 10.0; Win64; x64) AppleWebKit/537.36 (KHTML, like Gecko) Chrome/134.0.0.0 Safari/537.36"
46.224.112.137 - - [17/Jul/2026:12:12:09 +0000] "HEAD /DocuSign/update.html/login.zip HTTP/1.1" 404 - "-" "Mozilla/5.0 (Macintosh; Intel Mac OS X 14_4_1) AppleWebKit/537.36 (KHTML, like Gecko) Chrome/131.0.0.0 Safari/537.36"
46.224.112.137 - - [17/Jul/2026:12:12:12 +0000] "HEAD /DocuSign/update.html/new.zip HTTP/1.1" 404 - "-" "Mozilla/5.0 (Macintosh; Intel Mac OS X 14_4_1) AppleWebKit/537.36 (KHTML, like Gecko) Chrome/131.0.0.0 Safari/537.36"
146.19.91.44 - - [17/Jul/2026:12:12:16 +0000] "GET /wp-includes/Requests/ HTTP/1.1" 200 725 "-" "Mozilla/5.0 (Windows NT 10.0; Win64; x64) AppleWebKit/537.36 (KHTML, like Gecko) Chrome/134.0.0.0 Safari/537.36"
46.224.112.137 - - [17/Jul/2026:12:12:17 +0000] "HEAD /DocuSign/update.html/html.zip HTTP/1.1" 404 - "-" "Mozilla/5.0 (Macintosh; Intel Mac OS X 14_4_1) AppleWebKit/537.36 (KHTML, like Gecko) Chrome/131.0.0.0 Safari/537.36"
2.51.127.82 - - [17/Jul/2026:12:12:20 +0000] "GET /DocuSign/update.html HTTP/1.1" 200 3149 "-" "Opera/9.80 (Linux; U; en) Presto/2.12.388"
146.19.91.44 - - [17/Jul/2026:12:12:20 +0000] "GET /wp-includes/SimplePie/.DS_Store HTTP/1.1" 404 - "-" "Mozilla/5.0 (Windows NT 10.0; Win64; x64) AppleWebKit/537.36 (KHTML, like Gecko) Chrome/134.0.0.0 Safari/537.36"
2.51.127.82 - - [17/Jul/2026:12:12:21 +0000] "GET /DocuSign/update.html HTTP/1.1" 200 3149 "-" "Mozilla/5.0 (Windows NT 10.0; Win64; x64) AppleWebKit/537.36 (KHTML, like Gecko) Chrome/120.0.0.0 Safari/537.36"
46.224.112.137 - - [17/Jul/2026:12:12:23 +0000] "HEAD /DocuSign/update.html/www.zip HTTP/1.1" 404 - "-" "Mozilla/5.0 (Macintosh; Intel Mac OS X 14_4_1) AppleWebKit/537.36 (KHTML, like Gecko) Chrome/131.0.0.0 Safari/537.36"
146.19.91.44 - - [17/Jul/2026:12:12:25 +0000] "GET /wp-includes/SimplePie/ HTTP/1.1" 200 824 "-" "Mozilla/5.0 (Windows NT 10.0; Win64; x64) AppleWebKit/537.36 (KHTML, like Gecko) Chrome/134.0.0.0 Safari/537.36"
2.51.127.82 - - [17/Jul/2026:12:12:27 +0000] "GET /DocuSign/update.html HTTP/1.1" 200 15773 "-" "Opera/31.80 (X11; Linux x64; Ubuntu/15.04) Presto/2.12.388 Version/12.16"
46.224.112.137 - - [17/Jul/2026:12:12:29 +0000] "HEAD /DocuSign/update.html/phish.zip HTTP/1.1" 404 - "-" "Mozilla/5.0 (Macintosh; Intel Mac OS X 14_4_1) AppleWebKit/537.36 (KHTML, like Gecko) Chrome/131.0.0.0 Safari/537.36"
167.233.138.205 - - [17/Jul/2026:12:12:29 +0000] "GET /DocuSign/update.html HTTP/1.1" 200 15773 "-" "Mozilla/5.0 (Windows NT 10.0; Win64; x64) AppleWebKit/537.36 (KHTML, like Gecko) Chrome/137.0.0.0 Safari/537.36"
146.19.91.44 - - [17/Jul/2026:12:12:30 +0000] "GET /wp-includes/Text/.DS_Store HTTP/1.1" 404 - "-" "Mozilla/5.0 (Windows NT 10.0; Win64; x64) AppleWebKit/537.36 (KHTML, like Gecko) Chrome/134.0.0.0 Safari/537.36"
146.19.91.44 - - [17/Jul/2026:12:12:33 +0000] "GET /wp-includes/Text/ HTTP/1.1" 200 434 "-" "Mozilla/5.0 (Windows NT 10.0; Win64; x64) AppleWebKit/537.36 (KHTML, like Gecko) Chrome/134.0.0.0 Safari/537.36"
146.19.91.44 - - [17/Jul/2026:12:12:35 +0000] "GET /wp-includes/admin-bar.php HTTP/1.1" 200 - "-" "Mozilla/5.0 (Windows NT 10.0; Win64; x64) AppleWebKit/537.36 (KHTML, like Gecko) Chrome/134.0.0.0 Safari/537.36"
46.224.112.137 - - [17/Jul/2026:12:12:36 +0000] "HEAD /DocuSign/update.html/scam.zip HTTP/1.1" 404 - "-" "Mozilla/5.0 (Macintosh; Intel Mac OS X 14_4_1) AppleWebKit/537.36 (KHTML, like Gecko) Chrome/131.0.0.0 Safari/537.36"
114.119.137.123 - - [17/Jul/2026:12:12:39 +0000] "GET /products/263026332 HTTP/1.1" 404 - "https://montenegroput.me/?sitemap490.xml" "Mozilla/5.0 (Linux; Android 7.0;) AppleWebKit/537.36 (HTML, like Gecko) Mobile Safari/537.36 (compatible; PetalBot;+https://webmaster.petalsearch.com/site/petalbot)"
146.19.91.44 - - [17/Jul/2026:12:12:41 +0000] "GET /wp-includes/atomlib.php HTTP/1.1" 200 - "-" "Mozilla/5.0 (Windows NT 10.0; Win64; x64) AppleWebKit/537.36 (KHTML, like Gecko) Chrome/134.0.0.0 Safari/537.36"
46.224.112.137 - - [17/Jul/2026:12:12:42 +0000] "HEAD /DocuSign/update.html/mail.zip HTTP/1.1" 404 - "-" "Mozilla/5.0 (Macintosh; Intel Mac OS X 14_4_1) AppleWebKit/537.36 (KHTML, like Gecko) Chrome/131.0.0.0 Safari/537.36"
146.19.91.44 - - [17/Jul/2026:12:12:44 +0000] "GET /wp-includes/author-template.php HTTP/1.1" 200 - "-" "Mozilla/5.0 (Windows NT 10.0; Win64; x64) AppleWebKit/537.36 (KHTML, like Gecko) Chrome/134.0.0.0 Safari/537.36"
46.224.112.137 - - [17/Jul/2026:12:12:44 +0000] "GET /DocuSign HTTP/1.1" 301 282 "-" "Mozilla/5.0 (Macintosh; Intel Mac OS X 14_4_1) AppleWebKit/537.36 (KHTML, like Gecko) Chrome/131.0.0.0 Safari/537.36"
46.224.112.137 - - [17/Jul/2026:12:12:44 +0000] "GET /DocuSign/ HTTP/1.1" 200 1604 "https://montenegroput.me/DocuSign" "Mozilla/5.0 (Macintosh; Intel Mac OS X 14_4_1) AppleWebKit/537.36 (KHTML, like Gecko) Chrome/131.0.0.0 Safari/537.36"
46.224.112.137 - - [17/Jul/2026:12:12:46 +0000] "GET /DocuSign/ HTTP/1.1" 200 1604 "-" "Mozilla/5.0 (Macintosh; Intel Mac OS X 14_4_1) AppleWebKit/537.36 (KHTML, like Gecko) Chrome/131.0.0.0 Safari/537.36"
46.224.112.137 - - [17/Jul/2026:12:12:47 +0000] "HEAD /DocuSign.zip HTTP/1.1" 404 - "-" "Mozilla/5.0 (Macintosh; Intel Mac OS X 14_4_1) AppleWebKit/537.36 (KHTML, like Gecko) Chrome/131.0.0.0 Safari/537.36"
146.19.91.44 - - [17/Jul/2026:12:12:48 +0000] "GET /wp-includes/blocks.php HTTP/1.1" 200 - "-" "Mozilla/5.0 (Windows NT 10.0; Win64; x64) AppleWebKit/537.36 (KHTML, like Gecko) Chrome/134.0.0.0 Safari/537.36"
46.224.112.137 - - [17/Jul/2026:12:12:49 +0000] "HEAD /DocuSign/kit.zip HTTP/1.1" 404 - "-" "Mozilla/5.0 (Macintosh; Intel Mac OS X 14_4_1) AppleWebKit/537.36 (KHTML, like Gecko) Chrome/131.0.0.0 Safari/537.36"
167.233.138.205 - - [17/Jul/2026:12:12:49 +0000] "HEAD /DocuSign/update.html HTTP/1.1" 200 - "-" "Mozilla/5.0 (Windows NT 10.0; Win64; x64) AppleWebKit/537.36 (KHTML, like Gecko) Chrome/137.0.0.0 Safari/537.36"
46.224.112.137 - - [17/Jul/2026:12:12:51 +0000] "HEAD /DocuSign/panel.zip HTTP/1.1" 404 - "-" "Mozilla/5.0 (Macintosh; Intel Mac OS X 14_4_1) AppleWebKit/537.36 (KHTML, like Gecko) Chrome/131.0.0.0 Safari/537.36"
46.224.112.137 - - [17/Jul/2026:12:12:53 +0000] "HEAD /DocuSign/admin.zip HTTP/1.1" 404 - "-" "Mozilla/5.0 (Macintosh; Intel Mac OS X 14_4_1) AppleWebKit/537.36 (KHTML, like Gecko) Chrome/131.0.0.0 Safari/537.36"
46.224.112.137 - - [17/Jul/2026:12:12:55 +0000] "HEAD /DocuSign/mailer.zip HTTP/1.1" 404 - "-" "Mozilla/5.0 (Macintosh; Intel Mac OS X 14_4_1) AppleWebKit/537.36 (KHTML, like Gecko) Chrome/131.0.0.0 Safari/537.36"
146.19.91.44 - - [17/Jul/2026:12:12:56 +0000] "GET /wp-includes/blocks/.DS_Store HTTP/1.1" 404 - "-" "Mozilla/5.0 (Windows NT 10.0; Win64; x64) AppleWebKit/537.36 (KHTML, like Gecko) Chrome/134.0.0.0 Safari/537.36"
46.224.112.137 - - [17/Jul/2026:12:12:57 +0000] "HEAD /DocuSign/files.zip HTTP/1.1" 404 - "-" "Mozilla/5.0 (Macintosh; Intel Mac OS X 14_4_1) AppleWebKit/537.36 (KHTML, like Gecko) Chrome/131.0.0.0 Safari/537.36"
46.224.112.137 - - [17/Jul/2026:12:12:58 +0000] "HEAD /DocuSign/backup.zip HTTP/1.1" 404 - "-" "Mozilla/5.0 (Macintosh; Intel Mac OS X 14_4_1) AppleWebKit/537.36 (KHTML, like Gecko) Chrome/131.0.0.0 Safari/537.36"
146.19.91.44 - - [17/Jul/2026:12:13:00 +0000] "GET /wp-includes/blocks/ HTTP/1.1" 200 608 "-" "Mozilla/5.0 (Windows NT 10.0; Win64; x64) AppleWebKit/537.36 (KHTML, like Gecko) Chrome/134.0.0.0 Safari/537.36"
46.224.112.137 - - [17/Jul/2026:12:13:01 +0000] "HEAD /DocuSign/upload.zip HTTP/1.1" 404 - "-" "Mozilla/5.0 (Macintosh; Intel Mac OS X 14_4_1) AppleWebKit/537.36 (KHTML, like Gecko) Chrome/131.0.0.0 Safari/537.36"
46.224.112.137 - - [17/Jul/2026:12:13:02 +0000] "HEAD /DocuSign/update.zip HTTP/1.1" 404 - "-" "Mozilla/5.0 (Macintosh; Intel Mac OS X 14_4_1) AppleWebKit/537.36 (KHTML, like Gecko) Chrome/131.0.0.0 Safari/537.36"
146.19.91.44 - - [17/Jul/2026:12:13:04 +0000] "GET /wp-includes/bookmark-template.php HTTP/1.1" 200 - "-" "Mozilla/5.0 (Windows NT 10.0; Win64; x64) AppleWebKit/537.36 (KHTML, like Gecko) Chrome/134.0.0.0 Safari/537.36"
46.224.112.137 - - [17/Jul/2026:12:13:04 +0000] "HEAD /DocuSign/script.zip HTTP/1.1" 404 - "-" "Mozilla/5.0 (Macintosh; Intel Mac OS X 14_4_1) AppleWebKit/537.36 (KHTML, like Gecko) Chrome/131.0.0.0 Safari/537.36"
119.8.232.140 - - [17/Jul/2026:12:13:05 +0000] "GET /DocuSign/update.html HTTP/1.1" 200 3149 "-" "Mozilla/5.0 (Windows NT 10.0; Win64; x64) AppleWebKit/537.36 (KHTML, like Gecko) HeadlessChrome/149.0.7827.55 Safari/537.36"
167.233.138.205 - - [17/Jul/2026:12:13:06 +0000] "GET /DocuSign/update.html HTTP/1.1" 200 15773 "-" "Mozilla/5.0 (Windows NT 10.0; Win64; x64) AppleWebKit/537.36 (KHTML, like Gecko) Chrome/137.0.0.0 Safari/537.36"
46.224.112.137 - - [17/Jul/2026:12:13:06 +0000] "HEAD /DocuSign/config.zip HTTP/1.1" 404 - "-" "Mozilla/5.0 (Macintosh; Intel Mac OS X 14_4_1) AppleWebKit/537.36 (KHTML, like Gecko) Chrome/131.0.0.0 Safari/537.36"
46.224.112.137 - - [17/Jul/2026:12:13:09 +0000] "HEAD /DocuSign/data.zip HTTP/1.1" 404 - "-" "Mozilla/5.0 (Macintosh; Intel Mac OS X 14_4_1) AppleWebKit/537.36 (KHTML, like Gecko) Chrome/131.0.0.0 Safari/537.36"
146.19.91.44 - - [17/Jul/2026:12:13:09 +0000] "GET /wp-includes/bookmark.php HTTP/1.1" 200 - "-" "Mozilla/5.0 (Windows NT 10.0; Win64; x64) AppleWebKit/537.36 (KHTML, like Gecko) Chrome/134.0.0.0 Safari/537.36"
46.224.112.137 - - [17/Jul/2026:12:13:11 +0000] "HEAD /DocuSign/login.zip HTTP/1.1" 404 - "-" "Mozilla/5.0 (Macintosh; Intel Mac OS X 14_4_1) AppleWebKit/537.36 (KHTML, like Gecko) Chrome/131.0.0.0 Safari/537.36"
146.19.91.44 - - [17/Jul/2026:12:13:11 +0000] "GET /wp-includes/cache.php HTTP/1.1" 200 - "-" "Mozilla/5.0 (Windows NT 10.0; Win64; x64) AppleWebKit/537.36 (KHTML, like Gecko) Chrome/134.0.0.0 Safari/537.36"
46.224.112.137 - - [17/Jul/2026:12:13:13 +0000] "HEAD /DocuSign/new.zip HTTP/1.1" 404 - "-" "Mozilla/5.0 (Macintosh; Intel Mac OS X 14_4_1) AppleWebKit/537.36 (KHTML, like Gecko) Chrome/131.0.0.0 Safari/537.36"
46.224.112.137 - - [17/Jul/2026:12:13:15 +0000] "HEAD /DocuSign/html.zip HTTP/1.1" 404 - "-" "Mozilla/5.0 (Macintosh; Intel Mac OS X 14_4_1) AppleWebKit/537.36 (KHTML, like Gecko) Chrome/131.0.0.0 Safari/537.36"
146.19.91.44 - - [17/Jul/2026:12:13:17 +0000] "GET /wp-includes/canonical.php HTTP/1.1" 200 - "-" "Mozilla/5.0 (Windows NT 10.0; Win64; x64) AppleWebKit/537.36 (KHTML, like Gecko) Chrome/134.0.0.0 Safari/537.36"
46.224.112.137 - - [17/Jul/2026:12:13:18 +0000] "HEAD /DocuSign/www.zip HTTP/1.1" 404 - "-" "Mozilla/5.0 (Macintosh; Intel Mac OS X 14_4_1) AppleWebKit/537.36 (KHTML, like Gecko) Chrome/131.0.0.0 Safari/537.36"
34.45.27.147 - - [17/Jul/2026:12:13:18 +0000] "HEAD /DocuSign/update.html HTTP/1.1" 200 - "-" "python-requests/2.32.4"
46.224.112.137 - - [17/Jul/2026:12:13:20 +0000] "HEAD /DocuSign/phish.zip HTTP/1.1" 404 - "-" "Mozilla/5.0 (Macintosh; Intel Mac OS X 14_4_1) AppleWebKit/537.36 (KHTML, like Gecko) Chrome/131.0.0.0 Safari/537.36"
2.51.127.82 - - [17/Jul/2026:12:13:20 +0000] "GET /DocuSign/update.html HTTP/1.1" 200 3149 "-" "Opera/9.80 (Linux; U; en) Presto/2.12.388"
146.19.91.44 - - [17/Jul/2026:12:13:20 +0000] "GET /wp-includes/capabilities.php HTTP/1.1" 200 - "-" "Mozilla/5.0 (Windows NT 10.0; Win64; x64) AppleWebKit/537.36 (KHTML, like Gecko) Chrome/134.0.0.0 Safari/537.36"
2.51.127.82 - - [17/Jul/2026:12:13:21 +0000] "GET /DocuSign/update.html HTTP/1.1" 200 3149 "-" "Mozilla/5.0 (Windows NT 10.0; Win64; x64) AppleWebKit/537.36 (KHTML, like Gecko) Chrome/120.0.0.0 Safari/537.36"
46.224.112.137 - - [17/Jul/2026:12:13:21 +0000] "HEAD /DocuSign/scam.zip HTTP/1.1" 404 - "-" "Mozilla/5.0 (Macintosh; Intel Mac OS X 14_4_1) AppleWebKit/537.36 (KHTML, like Gecko) Chrome/131.0.0.0 Safari/537.36"
46.224.112.137 - - [17/Jul/2026:12:13:23 +0000] "HEAD /DocuSign/mail.zip HTTP/1.1" 404 - "-" "Mozilla/5.0 (Macintosh; Intel Mac OS X 14_4_1) AppleWebKit/537.36 (KHTML, like Gecko) Chrome/131.0.0.0 Safari/537.36"
2.51.127.82 - - [17/Jul/2026:12:13:24 +0000] "GET /DocuSign/update.html HTTP/1.1" 200 15773 "-" "Opera/31.80 (X11; Linux x64; Ubuntu/15.04) Presto/2.12.388 Version/12.16"
46.224.112.137 - - [17/Jul/2026:12:13:25 +0000] "GET / HTTP/1.1" 200 1139 "-" "Mozilla/5.0 (Macintosh; Intel Mac OS X 14_4_1) AppleWebKit/537.36 (KHTML, like Gecko) Chrome/131.0.0.0 Safari/537.36"
146.19.91.44 - - [17/Jul/2026:12:13:25 +0000] "GET /wp-includes/category-template.php HTTP/1.1" 200 - "-" "Mozilla/5.0 (Windows NT 10.0; Win64; x64) AppleWebKit/537.36 (KHTML, like Gecko) Chrome/134.0.0.0 Safari/537.36"
46.224.112.137 - - [17/Jul/2026:12:13:26 +0000] "GET / HTTP/1.1" 200 1139 "-" "Mozilla/5.0 (Macintosh; Intel Mac OS X 14_4_1) AppleWebKit/537.36 (KHTML, like Gecko) Chrome/131.0.0.0 Safari/537.36"
46.224.112.137 - - [17/Jul/2026:12:13:28 +0000] "HEAD /kit.zip HTTP/1.1" 404 - "-" "Mozilla/5.0 (Macintosh; Intel Mac OS X 14_4_1) AppleWebKit/537.36 (KHTML, like Gecko) Chrome/131.0.0.0 Safari/537.36"
146.19.91.44 - - [17/Jul/2026:12:13:28 +0000] "GET /wp-includes/category.php HTTP/1.1" 200 - "-" "Mozilla/5.0 (Windows NT 10.0; Win64; x64) AppleWebKit/537.36 (KHTML, like Gecko) Chrome/134.0.0.0 Safari/537.36"
46.224.112.137 - - [17/Jul/2026:12:13:29 +0000] "HEAD /panel.zip HTTP/1.1" 404 - "-" "Mozilla/5.0 (Macintosh; Intel Mac OS X 14_4_1) AppleWebKit/537.36 (KHTML, like Gecko) Chrome/131.0.0.0 Safari/537.36"
46.224.112.137 - - [17/Jul/2026:12:13:30 +0000] "HEAD /admin.zip HTTP/1.1" 404 - "-" "Mozilla/5.0 (Macintosh; Intel Mac OS X 14_4_1) AppleWebKit/537.36 (KHTML, like Gecko) Chrome/131.0.0.0 Safari/537.36"
46.224.112.137 - - [17/Jul/2026:12:13:32 +0000] "HEAD /mailer.zip HTTP/1.1" 404 - "-" "Mozilla/5.0 (Macintosh; Intel Mac OS X 14_4_1) AppleWebKit/537.36 (KHTML, like Gecko) Chrome/131.0.0.0 Safari/537.36"
46.224.112.137 - - [17/Jul/2026:12:13:34 +0000] "HEAD /files.zip HTTP/1.1" 404 - "-" "Mozilla/5.0 (Macintosh; Intel Mac OS X 14_4_1) AppleWebKit/537.36 (KHTML, like Gecko) Chrome/131.0.0.0 Safari/537.36"
46.224.112.137 - - [17/Jul/2026:12:13:35 +0000] "HEAD /backup.zip HTTP/1.1" 404 - "-" "Mozilla/5.0 (Macintosh; Intel Mac OS X 14_4_1) AppleWebKit/537.36 (KHTML, like Gecko) Chrome/131.0.0.0 Safari/537.36"
46.224.112.137 - - [17/Jul/2026:12:13:37 +0000] "HEAD /upload.zip HTTP/1.1" 404 - "-" "Mozilla/5.0 (Macintosh; Intel Mac OS X 14_4_1) AppleWebKit/537.36 (KHTML, like Gecko) Chrome/131.0.0.0 Safari/537.36"
146.19.91.44 - - [17/Jul/2026:12:13:37 +0000] "GET /wp-includes/certificates/.DS_Store HTTP/1.1" 404 - "-" "Mozilla/5.0 (Windows NT 10.0; Win64; x64) AppleWebKit/537.36 (KHTML, like Gecko) Chrome/134.0.0.0 Safari/537.36"
46.224.112.137 - - [17/Jul/2026:12:13:39 +0000] "HEAD /update.zip HTTP/1.1" 404 - "-" "Mozilla/5.0 (Macintosh; Intel Mac OS X 14_4_1) AppleWebKit/537.36 (KHTML, like Gecko) Chrome/131.0.0.0 Safari/537.36"
146.19.91.44 - - [17/Jul/2026:12:13:40 +0000] "GET /wp-includes/certificates/ HTTP/1.1" 200 389 "-" "Mozilla/5.0 (Windows NT 10.0; Win64; x64) AppleWebKit/537.36 (KHTML, like Gecko) Chrome/134.0.0.0 Safari/537.36"
46.224.112.137 - - [17/Jul/2026:12:13:40 +0000] "HEAD /script.zip HTTP/1.1" 404 - "-" "Mozilla/5.0 (Macintosh; Intel Mac OS X 14_4_1) AppleWebKit/537.36 (KHTML, like Gecko) Chrome/131.0.0.0 Safari/537.36"
46.224.112.137 - - [17/Jul/2026:12:13:42 +0000] "HEAD /config.zip HTTP/1.1" 404 - "-" "Mozilla/5.0 (Macintosh; Intel Mac OS X 14_4_1) AppleWebKit/537.36 (KHTML, like Gecko) Chrome/131.0.0.0 Safari/537.36"
46.224.112.137 - - [17/Jul/2026:12:13:44 +0000] "HEAD /data.zip HTTP/1.1" 404 - "-" "Mozilla/5.0 (Macintosh; Intel Mac OS X 14_4_1) AppleWebKit/537.36 (KHTML, like Gecko) Chrome/131.0.0.0 Safari/537.36"
146.19.91.44 - - [17/Jul/2026:12:13:46 +0000] "GET /wp-includes/class-IXR.php HTTP/1.1" 500 - "-" "Mozilla/5.0 (Windows NT 10.0; Win64; x64) AppleWebKit/537.36 (KHTML, like Gecko) Chrome/134.0.0.0 Safari/537.36"
46.224.112.137 - - [17/Jul/2026:12:13:46 +0000] "HEAD /login.zip HTTP/1.1" 404 - "-" "Mozilla/5.0 (Macintosh; Intel Mac OS X 14_4_1) AppleWebKit/537.36 (KHTML, like Gecko) Chrome/131.0.0.0 Safari/537.36"
46.224.112.137 - - [17/Jul/2026:12:13:48 +0000] "HEAD /new.zip HTTP/1.1" 404 - "-" "Mozilla/5.0 (Macintosh; Intel Mac OS X 14_4_1) AppleWebKit/537.36 (KHTML, like Gecko) Chrome/131.0.0.0 Safari/537.36"
46.224.112.137 - - [17/Jul/2026:12:13:49 +0000] "HEAD /html.zip HTTP/1.1" 404 - "-" "Mozilla/5.0 (Macintosh; Intel Mac OS X 14_4_1) AppleWebKit/537.36 (KHTML, like Gecko) Chrome/131.0.0.0 Safari/537.36"
167.233.138.205 - - [17/Jul/2026:12:13:51 +0000] "HEAD /DocuSign/update.html HTTP/1.1" 200 - "-" "Mozilla/5.0 (Windows NT 10.0; Win64; x64) AppleWebKit/537.36 (KHTML, like Gecko) Chrome/137.0.0.0 Safari/537.36"
46.224.112.137 - - [17/Jul/2026:12:13:51 +0000] "HEAD /www.zip HTTP/1.1" 404 - "-" "Mozilla/5.0 (Macintosh; Intel Mac OS X 14_4_1) AppleWebKit/537.36 (KHTML, like Gecko) Chrome/131.0.0.0 Safari/537.36"
146.19.91.44 - - [17/Jul/2026:12:13:52 +0000] "GET /wp-includes/class-feed.php HTTP/1.1" 500 - "-" "Mozilla/5.0 (Windows NT 10.0; Win64; x64) AppleWebKit/537.36 (KHTML, like Gecko) Chrome/134.0.0.0 Safari/537.36"
46.224.112.137 - - [17/Jul/2026:12:13:53 +0000] "HEAD /phish.zip HTTP/1.1" 404 - "-" "Mozilla/5.0 (Macintosh; Intel Mac OS X 14_4_1) AppleWebKit/537.36 (KHTML, like Gecko) Chrome/131.0.0.0 Safari/537.36"
46.224.112.137 - - [17/Jul/2026:12:13:55 +0000] "HEAD /scam.zip HTTP/1.1" 404 - "-" "Mozilla/5.0 (Macintosh; Intel Mac OS X 14_4_1) AppleWebKit/537.36 (KHTML, like Gecko) Chrome/131.0.0.0 Safari/537.36"
146.19.91.44 - - [17/Jul/2026:12:13:57 +0000] "GET /wp-includes/class-http.php HTTP/1.1" 500 - "-" "Mozilla/5.0 (Windows NT 10.0; Win64; x64) AppleWebKit/537.36 (KHTML, like Gecko) Chrome/134.0.0.0 Safari/537.36"
46.224.112.137 - - [17/Jul/2026:12:13:57 +0000] "HEAD /mail.zip HTTP/1.1" 404 - "-" "Mozilla/5.0 (Macintosh; Intel Mac OS X 14_4_1) AppleWebKit/537.36 (KHTML, like Gecko) Chrome/131.0.0.0 Safari/537.36"
114.119.137.204 - - [17/Jul/2026:12:14:02 +0000] "GET /products/246049073 HTTP/1.1" 404 - "https://montenegroput.me/?sitemap490.xml" "Mozilla/5.0 (Linux; Android 7.0;) AppleWebKit/537.36 (HTML, like Gecko) Mobile Safari/537.36 (compatible; PetalBot;+https://webmaster.petalsearch.com/site/petalbot)"
146.19.91.44 - - [17/Jul/2026:12:14:02 +0000] "GET /wp-includes/class-json.php HTTP/1.1" 500 - "-" "Mozilla/5.0 (Windows NT 10.0; Win64; x64) AppleWebKit/537.36 (KHTML, like Gecko) Chrome/134.0.0.0 Safari/537.36"
51.158.253.189 - - [17/Jul/2026:12:14:04 +0000] "GET /DocuSign/update.html HTTP/1.1" 200 3149 "-" "Mozilla/5.0 (X11; Linux x86_64; rv:140.0) Gecko/20100101 Firefox/140.0"
51.158.253.189 - - [17/Jul/2026:12:14:06 +0000] "GET /favicon.ico HTTP/1.1" 404 - "https://montenegroput.me/DocuSign/update.html" "Mozilla/5.0 (X11; Linux x86_64; rv:140.0) Gecko/20100101 Firefox/140.0"
66.249.65.34 - - [17/Jul/2026:12:14:06 +0000] "GET /?jp/194031553.html HTTP/1.1" 200 1139 "-" "Mozilla/5.0 (Linux; Android 6.0.1; Nexus 5X Build/MMB29P) AppleWebKit/537.36 (KHTML, like Gecko) Chrome/150.0.7871.124 Mobile Safari/537.36 (compatible; Googlebot/2.1; +http://www.google.com/bot.html)"
167.233.138.205 - - [17/Jul/2026:12:14:09 +0000] "GET /DocuSign/update.html HTTP/1.1" 200 15773 "-" "Mozilla/5.0 (Windows NT 10.0; Win64; x64) AppleWebKit/537.36 (KHTML, like Gecko) Chrome/137.0.0.0 Safari/537.36"
146.19.91.44 - - [17/Jul/2026:12:14:14 +0000] "GET /wp-includes/class-oembed.php HTTP/1.1" 500 - "-" "Mozilla/5.0 (Windows NT 10.0; Win64; x64) AppleWebKit/537.36 (KHTML, like Gecko) Chrome/134.0.0.0 Safari/537.36"
146.19.91.44 - - [17/Jul/2026:12:14:17 +0000] "GET /wp-includes/class-phpass.php HTTP/1.1" 200 - "-" "Mozilla/5.0 (Windows NT 10.0; Win64; x64) AppleWebKit/537.36 (KHTML, like Gecko) Chrome/134.0.0.0 Safari/537.36"
46.202.153.21 - - [17/Jul/2026:12:14:17 +0000] "HEAD /DocuSign/ HTTP/1.1" 200 - "-" "Mozilla/5.0 (compatible; SentelBot/1.0)"
2.51.127.82 - - [17/Jul/2026:12:14:19 +0000] "GET /DocuSign/update.html HTTP/1.1" 200 3149 "-" "Opera/9.80 (Linux; U; en) Presto/2.12.388"
2.51.127.82 - - [17/Jul/2026:12:14:20 +0000] "GET /DocuSign/update.html HTTP/1.1" 200 3149 "-" "Mozilla/5.0 (Windows NT 10.0; Win64; x64) AppleWebKit/537.36 (KHTML, like Gecko) Chrome/120.0.0.0 Safari/537.36"
66.249.65.32 - - [17/Jul/2026:12:14:21 +0000] "GET /?detail/10904726288657 HTTP/1.1" 200 1139 "-" "Mozilla/5.0 (Linux; Android 6.0.1; Nexus 5X Build/MMB29P) AppleWebKit/537.36 (KHTML, like Gecko) Chrome/150.0.7871.124 Mobile Safari/537.36 (compatible; Googlebot/2.1; +http://www.google.com/bot.html)"
146.19.91.44 - - [17/Jul/2026:12:14:24 +0000] "GET /wp-includes/class-phpmailer.php HTTP/1.1" 200 - "-" "Mozilla/5.0 (Windows NT 10.0; Win64; x64) AppleWebKit/537.36 (KHTML, like Gecko) Chrome/134.0.0.0 Safari/537.36"
2.51.127.82 - - [17/Jul/2026:12:14:24 +0000] "GET /DocuSign/update.html HTTP/1.1" 200 15773 "-" "Opera/31.80 (X11; Linux x64; Ubuntu/15.04) Presto/2.12.388 Version/12.16"
216.73.217.15 - - [17/Jul/2026:12:14:29 +0000] "GET /buy.php HTTP/1.1" 200 20716 "-" "Mozilla/5.0 AppleWebKit/537.36 (KHTML, like Gecko; compatible; ClaudeBot/1.0; +claudebot@anthropic.com)"
146.19.91.44 - - [17/Jul/2026:12:14:32 +0000] "GET /wp-includes/class-pop3.php HTTP/1.1" 200 - "-" "Mozilla/5.0 (Windows NT 10.0; Win64; x64) AppleWebKit/537.36 (KHTML, like Gecko) Chrome/134.0.0.0 Safari/537.36"
146.19.91.44 - - [17/Jul/2026:12:14:38 +0000] "GET /wp-includes/class-requests.php HTTP/1.1" 200 - "-" "Mozilla/5.0 (Windows NT 10.0; Win64; x64) AppleWebKit/537.36 (KHTML, like Gecko) Chrome/134.0.0.0 Safari/537.36"
146.19.91.44 - - [17/Jul/2026:12:14:45 +0000] "GET /wp-includes/class-simplepie.php HTTP/1.1" 500 - "-" "Mozilla/5.0 (Windows NT 10.0; Win64; x64) AppleWebKit/537.36 (KHTML, like Gecko) Chrome/134.0.0.0 Safari/537.36"
167.233.138.205 - - [17/Jul/2026:12:14:45 +0000] "HEAD /DocuSign/update.html HTTP/1.1" 200 - "-" "Mozilla/5.0 (Windows NT 10.0; Win64; x64) AppleWebKit/537.36 (KHTML, like Gecko) Chrome/137.0.0.0 Safari/537.36"
146.19.91.44 - - [17/Jul/2026:12:14:49 +0000] "GET /wp-includes/class-smtp.php HTTP/1.1" 200 - "-" "Mozilla/5.0 (Windows NT 10.0; Win64; x64) AppleWebKit/537.36 (KHTML, like Gecko) Chrome/134.0.0.0 Safari/537.36"
146.19.91.44 - - [17/Jul/2026:12:14:52 +0000] "GET /wp-includes/class-snoopy.php HTTP/1.1" 500 - "-" "Mozilla/5.0 (Windows NT 10.0; Win64; x64) AppleWebKit/537.36 (KHTML, like Gecko) Chrome/134.0.0.0 Safari/537.36"
146.19.91.44 - - [17/Jul/2026:12:14:57 +0000] "GET /wp-includes/class-walker-category-dropdown.php HTTP/1.1" 500 - "-" "Mozilla/5.0 (Windows NT 10.0; Win64; x64) AppleWebKit/537.36 (KHTML, like Gecko) Chrome/134.0.0.0 Safari/537.36"
146.19.91.44 - - [17/Jul/2026:12:15:01 +0000] "GET /wp-includes/class-walker-category.php HTTP/1.1" 500 - "-" "Mozilla/5.0 (Windows NT 10.0; Win64; x64) AppleWebKit/537.36 (KHTML, like Gecko) Chrome/134.0.0.0 Safari/537.36"
167.233.138.205 - - [17/Jul/2026:12:15:02 +0000] "GET /DocuSign/update.html HTTP/1.1" 200 15773 "-" "Mozilla/5.0 (Windows NT 10.0; Win64; x64) AppleWebKit/537.36 (KHTML, like Gecko) Chrome/137.0.0.0 Safari/537.36"
146.19.91.44 - - [17/Jul/2026:12:15:04 +0000] "GET /wp-includes/class-walker-comment.php HTTP/1.1" 500 - "-" "Mozilla/5.0 (Windows NT 10.0; Win64; x64) AppleWebKit/537.36 (KHTML, like Gecko) Chrome/134.0.0.0 Safari/537.36"
146.19.91.44 - - [17/Jul/2026:12:15:07 +0000] "GET /wp-includes/class-walker-nav-menu.php HTTP/1.1" 500 - "-" "Mozilla/5.0 (Windows NT 10.0; Win64; x64) AppleWebKit/537.36 (KHTML, like Gecko) Chrome/134.0.0.0 Safari/537.36"
172.68.27.95 - - [17/Jul/2026:12:15:10 +0000] "GET /_rNd9xZ7kL3 HTTP/1.1" 404 - "https://www.google.com/search?q=montenegroput.me" "Mozilla/5.0 (Windows NT 10.0; Win64; x64; rv:137.0) Gecko/20100101 Firefox/137.0"
146.19.91.44 - - [17/Jul/2026:12:15:13 +0000] "GET /wp-includes/class-walker-page-dropdown.php HTTP/1.1" 500 - "-" "Mozilla/5.0 (Windows NT 10.0; Win64; x64) AppleWebKit/537.36 (KHTML, like Gecko) Chrome/134.0.0.0 Safari/537.36"
172.71.178.91 - - [17/Jul/2026:12:15:18 +0000] "GET / HTTP/1.1" 200 1139 "https://www.google.com/search?q=montenegroput.me" "Mozilla/5.0 (Linux; Android 14; Pixel 8) AppleWebKit/537.36 (KHTML, like Gecko) Chrome/135.0.6422.113 Mobile Safari/537.36"
2.51.127.82 - - [17/Jul/2026:12:15:20 +0000] "GET /DocuSign/update.html HTTP/1.1" 200 3149 "-" "Opera/9.80 (Linux; U; en) Presto/2.12.388"
146.19.91.44 - - [17/Jul/2026:12:15:20 +0000] "GET /wp-includes/class-walker-page.php HTTP/1.1" 500 - "-" "Mozilla/5.0 (Windows NT 10.0; Win64; x64) AppleWebKit/537.36 (KHTML, like Gecko) Chrome/134.0.0.0 Safari/537.36"
2.51.127.82 - - [17/Jul/2026:12:15:21 +0000] "GET /DocuSign/update.html HTTP/1.1" 200 3149 "-" "Mozilla/5.0 (Windows NT 10.0; Win64; x64) AppleWebKit/537.36 (KHTML, like Gecko) Chrome/120.0.0.0 Safari/537.36"
146.19.91.44 - - [17/Jul/2026:12:15:23 +0000] "GET /wp-includes/class-wp-admin-bar.php HTTP/1.1" 200 - "-" "Mozilla/5.0 (Windows NT 10.0; Win64; x64) AppleWebKit/537.36 (KHTML, like Gecko) Chrome/134.0.0.0 Safari/537.36"
114.119.137.123 - - [17/Jul/2026:12:15:25 +0000] "GET /products/208025611 HTTP/1.1" 404 - "https://montenegroput.me/products/208025611" "Mozilla/5.0 (Linux; Android 7.0;) AppleWebKit/537.36 (HTML, like Gecko) Mobile Safari/537.36 (compatible; PetalBot;+https://webmaster.petalsearch.com/site/petalbot)"
146.19.91.44 - - [17/Jul/2026:12:15:26 +0000] "GET /wp-includes/class-wp-ajax-response.php HTTP/1.1" 200 - "-" "Mozilla/5.0 (Windows NT 10.0; Win64; x64) AppleWebKit/537.36 (KHTML, like Gecko) Chrome/134.0.0.0 Safari/537.36"
146.19.91.44 - - [17/Jul/2026:12:15:29 +0000] "GET /wp-includes/class-wp-block-parser.php HTTP/1.1" 200 - "-" "Mozilla/5.0 (Windows NT 10.0; Win64; x64) AppleWebKit/537.36 (KHTML, like Gecko) Chrome/134.0.0.0 Safari/537.36"
141.101.98.65 - - [17/Jul/2026:12:15:30 +0000] "GET /robots.txt HTTP/1.1" 200 132 "-" "Mozilla/5.0 (Macintosh; Intel Mac OS X 14_5) AppleWebKit/605.1.15 (KHTML, like Gecko) Version/18.4 Safari/605.1.15"
2.51.127.82 - - [17/Jul/2026:12:15:31 +0000] "GET /DocuSign/update.html HTTP/1.1" 200 15773 "-" "Opera/31.80 (X11; Linux x64; Ubuntu/15.04) Presto/2.12.388 Version/12.16"
185.213.155.214 - - [17/Jul/2026:12:15:33 +0000] "GET /DocuSign/update.html HTTP/1.1" 200 3149 "-" "Mozilla/5.0 (Macintosh; Intel Mac OS X 10_15_7) AppleWebKit/537.36 (KHTML, like Gecko) Chrome/146.0.0.0 Safari/537.36"
185.213.155.214 - - [17/Jul/2026:12:15:36 +0000] "GET /DocuSign/ HTTP/1.1" 200 1604 "-" "Mozilla/5.0 (Macintosh; Intel Mac OS X 10_15_7) AppleWebKit/537.36 (KHTML, like Gecko) Chrome/146.0.0.0 Safari/537.36"
146.19.91.44 - - [17/Jul/2026:12:15:36 +0000] "GET /wp-includes/class-wp-block-styles-registry.php HTTP/1.1" 200 - "-" "Mozilla/5.0 (Windows NT 10.0; Win64; x64) AppleWebKit/537.36 (KHTML, like Gecko) Chrome/134.0.0.0 Safari/537.36"
185.213.155.214 - - [17/Jul/2026:12:15:38 +0000] "GET / HTTP/1.1" 200 1139 "-" "Mozilla/5.0 (Macintosh; Intel Mac OS X 10_15_7) AppleWebKit/537.36 (KHTML, like Gecko) Chrome/146.0.0.0 Safari/537.36"
146.19.91.44 - - [17/Jul/2026:12:15:40 +0000] "GET /wp-includes/class-wp-block-type-registry.php HTTP/1.1" 200 - "-" "Mozilla/5.0 (Windows NT 10.0; Win64; x64) AppleWebKit/537.36 (KHTML, like Gecko) Chrome/134.0.0.0 Safari/537.36"
77.42.90.87 - - [17/Jul/2026:12:15:41 +0000] "GET /DocuSign/update.html HTTP/1.1" 200 3149 "-" "Mozilla/5.0 (Macintosh; Intel Mac OS X 10_15_2) AppleWebKit/537.36 (KHTML, like Gecko) Chrome/80.0.3987.149 Safari/537.36"
216.73.217.15 - - [17/Jul/2026:12:15:42 +0000] "GET /adcfew.php?path=%2F%2Flib HTTP/1.1" 200 2124 "-" "Mozilla/5.0 AppleWebKit/537.36 (KHTML, like Gecko; compatible; ClaudeBot/1.0; +claudebot@anthropic.com)"
77.42.90.87 - - [17/Jul/2026:12:15:42 +0000] "GET /DocuSign/update.html.zip HTTP/1.1" 404 - "-" "Mozilla/5.0 (Macintosh; Intel Mac OS X 10_15_2) AppleWebKit/537.36 (KHTML, like Gecko) Chrome/80.0.3987.149 Safari/537.36"
216.73.217.15 - - [17/Jul/2026:12:15:42 +0000] "GET /adcfew.php?path=%2F%2Fsrv HTTP/1.1" 200 1095 "-" "Mozilla/5.0 AppleWebKit/537.36 (KHTML, like Gecko; compatible; ClaudeBot/1.0; +claudebot@anthropic.com)"
216.73.217.15 - - [17/Jul/2026:12:15:43 +0000] "GET /adcfew.php?path=%2F%2Fvar HTTP/1.1" 200 1889 "-" "Mozilla/5.0 AppleWebKit/537.36 (KHTML, like Gecko; compatible; ClaudeBot/1.0; +claudebot@anthropic.com)"
77.42.90.87 - - [17/Jul/2026:12:15:43 +0000] "GET /DocuSign/update.html.rar HTTP/1.1" 404 - "-" "Mozilla/5.0 (Macintosh; Intel Mac OS X 10_15_2) AppleWebKit/537.36 (KHTML, like Gecko) Chrome/80.0.3987.149 Safari/537.36"
216.73.217.15 - - [17/Jul/2026:12:15:43 +0000] "GET /adcfew.php?path=%2F%2Fetc HTTP/1.1" 200 9666 "-" "Mozilla/5.0 AppleWebKit/537.36 (KHTML, like Gecko; compatible; ClaudeBot/1.0; +claudebot@anthropic.com)"
77.42.90.87 - - [17/Jul/2026:12:15:43 +0000] "GET /DocuSign/update.html.tar.gz HTTP/1.1" 404 - "-" "Mozilla/5.0 (Macintosh; Intel Mac OS X 10_15_2) AppleWebKit/537.36 (KHTML, like Gecko) Chrome/80.0.3987.149 Safari/537.36"
216.73.217.15 - - [17/Jul/2026:12:15:44 +0000] "GET /adcfew.php?path=%2F%2Fbackup HTTP/1.1" 200 1097 "-" "Mozilla/5.0 AppleWebKit/537.36 (KHTML, like Gecko; compatible; ClaudeBot/1.0; +claudebot@anthropic.com)"
172.71.26.133 - - [17/Jul/2026:12:15:44 +0000] "GET /sitemap.xml HTTP/1.1" 404 - "https://www.google.com/search?q=montenegroput.me" "Mozilla/5.0 (Linux; Android 14; Pixel 8) AppleWebKit/537.36 (KHTML, like Gecko) Chrome/135.0.6422.113 Mobile Safari/537.36"
77.42.90.87 - - [17/Jul/2026:12:15:44 +0000] "GET /DocuSign/update.html.7z HTTP/1.1" 404 - "-" "Mozilla/5.0 (Macintosh; Intel Mac OS X 10_15_2) AppleWebKit/537.36 (KHTML, like Gecko) Chrome/80.0.3987.149 Safari/537.36"
216.73.217.15 - - [17/Jul/2026:12:15:44 +0000] "GET /adcfew.php?path=%2F%2Fsbin HTTP/1.1" 200 13084 "-" "Mozilla/5.0 AppleWebKit/537.36 (KHTML, like Gecko; compatible; ClaudeBot/1.0; +claudebot@anthropic.com)"
146.19.91.44 - - [17/Jul/2026:12:15:45 +0000] "GET /wp-includes/class-wp-block-type.php HTTP/1.1" 200 - "-" "Mozilla/5.0 (Windows NT 10.0; Win64; x64) AppleWebKit/537.36 (KHTML, like Gecko) Chrome/134.0.0.0 Safari/537.36"
77.42.90.87 - - [17/Jul/2026:12:15:45 +0000] "GET /DocuSign HTTP/1.1" 301 282 "-" "Mozilla/5.0 (Macintosh; Intel Mac OS X 10_15_2) AppleWebKit/537.36 (KHTML, like Gecko) Chrome/80.0.3987.149 Safari/537.36"
216.73.217.15 - - [17/Jul/2026:12:15:45 +0000] "GET /adcfew.php?path=%2F%2Frun HTTP/1.1" 200 3946 "-" "Mozilla/5.0 AppleWebKit/537.36 (KHTML, like Gecko; compatible; ClaudeBot/1.0; +claudebot@anthropic.com)"
216.73.217.15 - - [17/Jul/2026:12:15:45 +0000] "GET /adcfew.php?path=%2F%2Fbin HTTP/1.1" 200 34526 "-" "Mozilla/5.0 AppleWebKit/537.36 (KHTML, like Gecko; compatible; ClaudeBot/1.0; +claudebot@anthropic.com)"
216.73.217.15 - - [17/Jul/2026:12:15:46 +0000] "GET /adcfew.php?path=%2F%2Fopt HTTP/1.1" 200 1425 "-" "Mozilla/5.0 AppleWebKit/537.36 (KHTML, like Gecko; compatible; ClaudeBot/1.0; +claudebot@anthropic.com)"
77.42.90.87 - - [17/Jul/2026:12:15:46 +0000] "GET /DocuSign/ HTTP/1.1" 200 1604 "-" "Mozilla/5.0 (Macintosh; Intel Mac OS X 10_15_2) AppleWebKit/537.36 (KHTML, like Gecko) Chrome/80.0.3987.149 Safari/537.36"
216.73.217.15 - - [17/Jul/2026:12:15:46 +0000] "GET /adcfew.php?path=%2F%2Fproc HTTP/1.1" 200 111591 "-" "Mozilla/5.0 AppleWebKit/537.36 (KHTML, like Gecko; compatible; ClaudeBot/1.0; +claudebot@anthropic.com)"
77.42.90.87 - - [17/Jul/2026:12:15:46 +0000] "GET /DocuSign.zip HTTP/1.1" 404 - "-" "Mozilla/5.0 (Macintosh; Intel Mac OS X 10_15_2) AppleWebKit/537.36 (KHTML, like Gecko) Chrome/80.0.3987.149 Safari/537.36"
216.73.217.15 - - [17/Jul/2026:12:15:46 +0000] "GET /adcfew.php?path=%2F%2Fusr HTTP/1.1" 200 1537 "-" "Mozilla/5.0 AppleWebKit/537.36 (KHTML, like Gecko; compatible; ClaudeBot/1.0; +claudebot@anthropic.com)"
216.73.217.15 - - [17/Jul/2026:12:15:47 +0000] "GET /adcfew.php?path=%2F%2Fboot HTTP/1.1" 200 2091 "-" "Mozilla/5.0 AppleWebKit/537.36 (KHTML, like Gecko; compatible; ClaudeBot/1.0; +claudebot@anthropic.com)"
77.42.90.87 - - [17/Jul/2026:12:15:47 +0000] "GET /DocuSign.rar HTTP/1.1" 404 - "-" "Mozilla/5.0 (Macintosh; Intel Mac OS X 10_15_2) AppleWebKit/537.36 (KHTML, like Gecko) Chrome/80.0.3987.149 Safari/537.36"
216.73.217.15 - - [17/Jul/2026:12:15:47 +0000] "GET /adcfew.php?path=%2F%2Froot HTTP/1.1" 200 1095 "-" "Mozilla/5.0 AppleWebKit/537.36 (KHTML, like Gecko; compatible; ClaudeBot/1.0; +claudebot@anthropic.com)"
146.19.91.44 - - [17/Jul/2026:12:15:47 +0000] "GET /wp-includes/class-wp-comment-query.php HTTP/1.1" 200 - "-" "Mozilla/5.0 (Windows NT 10.0; Win64; x64) AppleWebKit/537.36 (KHTML, like Gecko) Chrome/134.0.0.0 Safari/537.36"
216.73.217.15 - - [17/Jul/2026:12:15:47 +0000] "GET /adcfew.php?path=%2F%2Fsys HTTP/1.1" 200 1462 "-" "Mozilla/5.0 AppleWebKit/537.36 (KHTML, like Gecko; compatible; ClaudeBot/1.0; +claudebot@anthropic.com)"
77.42.90.87 - - [17/Jul/2026:12:15:47 +0000] "GET /DocuSign.tar.gz HTTP/1.1" 404 - "-" "Mozilla/5.0 (Macintosh; Intel Mac OS X 10_15_2) AppleWebKit/537.36 (KHTML, like Gecko) Chrome/80.0.3987.149 Safari/537.36"
216.73.217.15 - - [17/Jul/2026:12:15:47 +0000] "GET /adcfew.php?path=%2F%2Ftmp HTTP/1.1" 200 43583 "-" "Mozilla/5.0 AppleWebKit/537.36 (KHTML, like Gecko; compatible; ClaudeBot/1.0; +claudebot@anthropic.com)"
167.233.138.205 - - [17/Jul/2026:12:15:48 +0000] "HEAD /DocuSign/update.html HTTP/1.1" 200 - "-" "Mozilla/5.0 (Windows NT 10.0; Win64; x64) AppleWebKit/537.36 (KHTML, like Gecko) Chrome/137.0.0.0 Safari/537.36"
216.73.217.15 - - [17/Jul/2026:12:15:48 +0000] "GET /adcfew.php?path=%2F%2Fdev HTTP/1.1" 200 1787 "-" "Mozilla/5.0 AppleWebKit/537.36 (KHTML, like Gecko; compatible; ClaudeBot/1.0; +claudebot@anthropic.com)"
77.42.90.87 - - [17/Jul/2026:12:15:48 +0000] "GET /DocuSign.7z HTTP/1.1" 404 - "-" "Mozilla/5.0 (Macintosh; Intel Mac OS X 10_15_2) AppleWebKit/537.36 (KHTML, like Gecko) Chrome/80.0.3987.149 Safari/537.36"
216.73.217.15 - - [17/Jul/2026:12:15:48 +0000] "GET /adcfew.php?path=%2F%2Fscripts HTTP/1.1" 200 14628 "-" "Mozilla/5.0 AppleWebKit/537.36 (KHTML, like Gecko; compatible; ClaudeBot/1.0; +claudebot@anthropic.com)"
77.42.90.87 - - [17/Jul/2026:12:15:49 +0000] "GET / HTTP/1.1" 200 1139 "-" "Mozilla/5.0 (Macintosh; Intel Mac OS X 10_15_2) AppleWebKit/537.36 (KHTML, like Gecko) Chrome/80.0.3987.149 Safari/537.36"
146.19.91.44 - - [17/Jul/2026:12:15:50 +0000] "GET /wp-includes/class-wp-comment.php HTTP/1.1" 200 - "-" "Mozilla/5.0 (Windows NT 10.0; Win64; x64) AppleWebKit/537.36 (KHTML, like Gecko) Chrome/134.0.0.0 Safari/537.36"
146.19.91.44 - - [17/Jul/2026:12:15:56 +0000] "GET /wp-includes/class-wp-customize-control.php HTTP/1.1" 500 - "-" "Mozilla/5.0 (Windows NT 10.0; Win64; x64) AppleWebKit/537.36 (KHTML, like Gecko) Chrome/134.0.0.0 Safari/537.36"
162.159.113.93 - - [17/Jul/2026:12:15:58 +0000] "GET /sitemap_index.xml HTTP/1.1" 404 - "-" "Mozilla/5.0 AppleWebKit/537.36 (KHTML, like Gecko; compatible; ChatGPT-User/1.0; +https://openai.com/bot)"
146.19.91.44 - - [17/Jul/2026:12:16:02 +0000] "GET /wp-includes/class-wp-customize-manager.php HTTP/1.1" 200 - "-" "Mozilla/5.0 (Windows NT 10.0; Win64; x64) AppleWebKit/537.36 (KHTML, like Gecko) Chrome/134.0.0.0 Safari/537.36"
167.233.138.205 - - [17/Jul/2026:12:16:07 +0000] "GET /DocuSign/update.html HTTP/1.1" 200 15773 "-" "Mozilla/5.0 (Windows NT 10.0; Win64; x64) AppleWebKit/537.36 (KHTML, like Gecko) Chrome/137.0.0.0 Safari/537.36"
146.19.91.44 - - [17/Jul/2026:12:16:13 +0000] "GET /wp-includes/class-wp-customize-nav-menus.php HTTP/1.1" 200 - "-" "Mozilla/5.0 (Windows NT 10.0; Win64; x64) AppleWebKit/537.36 (KHTML, like Gecko) Chrome/134.0.0.0 Safari/537.36"
146.19.91.44 - - [17/Jul/2026:12:16:16 +0000] "GET /wp-includes/class-wp-customize-panel.php HTTP/1.1" 500 - "-" "Mozilla/5.0 (Windows NT 10.0; Win64; x64) AppleWebKit/537.36 (KHTML, like Gecko) Chrome/134.0.0.0 Safari/537.36"
2.51.127.82 - - [17/Jul/2026:12:16:20 +0000] "GET /DocuSign/update.html HTTP/1.1" 200 3149 "-" "Opera/9.80 (Linux; U; en) Presto/2.12.388"
146.19.91.44 - - [17/Jul/2026:12:16:20 +0000] "GET /wp-includes/class-wp-customize-section.php HTTP/1.1" 500 - "-" "Mozilla/5.0 (Windows NT 10.0; Win64; x64) AppleWebKit/537.36 (KHTML, like Gecko) Chrome/134.0.0.0 Safari/537.36"
2.51.127.82 - - [17/Jul/2026:12:16:20 +0000] "GET /DocuSign/update.html HTTP/1.1" 200 15773 "-" "Opera/31.80 (X11; Linux x64; Ubuntu/15.04) Presto/2.12.388 Version/12.16"
2.51.127.82 - - [17/Jul/2026:12:16:21 +0000] "GET /DocuSign/update.html HTTP/1.1" 200 3149 "-" "Mozilla/5.0 (Windows NT 10.0; Win64; x64) AppleWebKit/537.36 (KHTML, like Gecko) Chrome/120.0.0.0 Safari/537.36"
146.19.91.44 - - [17/Jul/2026:12:16:26 +0000] "GET /wp-includes/class-wp-customize-setting.php HTTP/1.1" 500 - "-" "Mozilla/5.0 (Windows NT 10.0; Win64; x64) AppleWebKit/537.36 (KHTML, like Gecko) Chrome/134.0.0.0 Safari/537.36"
146.19.91.44 - - [17/Jul/2026:12:16:32 +0000] "GET /wp-includes/class-wp-customize-widgets.php HTTP/1.1" 200 - "-" "Mozilla/5.0 (Windows NT 10.0; Win64; x64) AppleWebKit/537.36 (KHTML, like Gecko) Chrome/134.0.0.0 Safari/537.36"
46.202.153.21 - - [17/Jul/2026:12:16:34 +0000] "HEAD /DocuSign/ HTTP/1.1" 200 - "-" "Mozilla/5.0 (compatible; SentelBot/1.0)"
146.19.91.44 - - [17/Jul/2026:12:16:41 +0000] "GET /wp-includes/class-wp-date-query.php HTTP/1.1" 200 - "-" "Mozilla/5.0 (Windows NT 10.0; Win64; x64) AppleWebKit/537.36 (KHTML, like Gecko) Chrome/134.0.0.0 Safari/537.36"
146.19.91.44 - - [17/Jul/2026:12:16:44 +0000] "GET /wp-includes/class-wp-dependency.php HTTP/1.1" 200 - "-" "Mozilla/5.0 (Windows NT 10.0; Win64; x64) AppleWebKit/537.36 (KHTML, like Gecko) Chrome/134.0.0.0 Safari/537.36"
114.119.137.204 - - [17/Jul/2026:12:16:49 +0000] "GET /products/185016008 HTTP/1.1" 404 - "https://montenegroput.me/?sitemap490.xml" "Mozilla/5.0 (Linux; Android 7.0;) AppleWebKit/537.36 (HTML, like Gecko) Mobile Safari/537.36 (compatible; PetalBot;+https://webmaster.petalsearch.com/site/petalbot)"
146.19.91.44 - - [17/Jul/2026:12:16:49 +0000] "GET /wp-includes/class-wp-editor.php HTTP/1.1" 200 - "-" "Mozilla/5.0 (Windows NT 10.0; Win64; x64) AppleWebKit/537.36 (KHTML, like Gecko) Chrome/134.0.0.0 Safari/537.36"
167.233.138.205 - - [17/Jul/2026:12:16:49 +0000] "HEAD /DocuSign/update.html HTTP/1.1" 200 - "-" "Mozilla/5.0 (Windows NT 10.0; Win64; x64) AppleWebKit/537.36 (KHTML, like Gecko) Chrome/137.0.0.0 Safari/537.36"
146.19.91.44 - - [17/Jul/2026:12:16:51 +0000] "GET /wp-includes/class-wp-embed.php HTTP/1.1" 200 - "-" "Mozilla/5.0 (Windows NT 10.0; Win64; x64) AppleWebKit/537.36 (KHTML, like Gecko) Chrome/134.0.0.0 Safari/537.36"
51.195.34.242 - - [17/Jul/2026:12:16:55 +0000] "GET /DocuSign/update.html/ HTTP/1.1" 404 - "-" "Mozilla/5.0 (Windows NT 10.0; Win64; x64) AppleWebKit/537.36 (KHTML, like Gecko) Chrome/122.0.0.0 Safari/537.36 Edg/122.0.0.0"
