Sindbad~EG File Manager

Current Path : /home/montenegroput/access-logs/
Upload File :
Current File : /home/montenegroput/access-logs/montenegroput.me-ssl_log

146.19.91.44 - - [17/Jul/2026:12:02:04 +0000] "GET /home/montenegroput/public_html/ HTTP/1.1" 404 - "-" "Mozilla/5.0 (Windows NT 10.0; Win64; x64) AppleWebKit/537.36 (KHTML, like Gecko) Chrome/134.0.0.0 Safari/537.36"
146.19.91.44 - - [17/Jul/2026:12:02:06 +0000] "GET /home/montenegroput/.DS_Store HTTP/1.1" 404 - "-" "Mozilla/5.0 (Windows NT 10.0; Win64; x64) AppleWebKit/537.36 (KHTML, like Gecko) Chrome/134.0.0.0 Safari/537.36"
102.89.85.19 - - [17/Jul/2026:12:02:09 +0000] "GET /zipper-2026-07-17--12-01.zip HTTP/1.1" 200 664 "https://montenegroput.me/" "Mozilla/5.0 (Linux; Android 10; K) AppleWebKit/537.36 (KHTML, like Gecko) Chrome/150.0.0.0 Mobile Safari/537.36"
146.19.91.44 - - [17/Jul/2026:12:02:09 +0000] "GET /home/montenegroput/ HTTP/1.1" 404 - "-" "Mozilla/5.0 (Windows NT 10.0; Win64; x64) AppleWebKit/537.36 (KHTML, like Gecko) Chrome/134.0.0.0 Safari/537.36"
146.19.91.44 - - [17/Jul/2026:12:02:12 +0000] "GET /home/.DS_Store HTTP/1.1" 404 - "-" "Mozilla/5.0 (Windows NT 10.0; Win64; x64) AppleWebKit/537.36 (KHTML, like Gecko) Chrome/134.0.0.0 Safari/537.36"
146.19.91.44 - - [17/Jul/2026:12:02:14 +0000] "GET /home/ HTTP/1.1" 404 - "-" "Mozilla/5.0 (Windows NT 10.0; Win64; x64) AppleWebKit/537.36 (KHTML, like Gecko) Chrome/134.0.0.0 Safari/537.36"
146.19.91.44 - - [17/Jul/2026:12:02:16 +0000] "GET /home/montenegroput/public_html/19ae0 HTTP/1.1" 404 - "-" "Mozilla/5.0 (Windows NT 10.0; Win64; x64) AppleWebKit/537.36 (KHTML, like Gecko) Chrome/134.0.0.0 Safari/537.36"
146.19.91.44 - - [17/Jul/2026:12:02:25 +0000] "GET /home/montenegroput/public_html/DocuSign/.DS_Store HTTP/1.1" 404 - "-" "Mozilla/5.0 (Windows NT 10.0; Win64; x64) AppleWebKit/537.36 (KHTML, like Gecko) Chrome/134.0.0.0 Safari/537.36"
146.19.91.44 - - [17/Jul/2026:12:02:29 +0000] "GET /home/montenegroput/public_html/DocuSign HTTP/1.1" 404 - "-" "Mozilla/5.0 (Windows NT 10.0; Win64; x64) AppleWebKit/537.36 (KHTML, like Gecko) Chrome/134.0.0.0 Safari/537.36"
146.19.91.44 - - [17/Jul/2026:12:02:33 +0000] "GET /home/montenegroput/public_html/READ_ME_CAREFULLY.php HTTP/1.1" 404 - "-" "Mozilla/5.0 (Windows NT 10.0; Win64; x64) AppleWebKit/537.36 (KHTML, like Gecko) Chrome/134.0.0.0 Safari/537.36"
102.89.85.19 - - [17/Jul/2026:12:00:38 +0000] "GET /zipper-2026-07-17--11-59.zip HTTP/1.1" 200 261139378 "https://montenegroput.me/" "Mozilla/5.0 (Linux; Android 10; K) AppleWebKit/537.36 (KHTML, like Gecko) Chrome/150.0.0.0 Mobile Safari/537.36"
146.19.91.44 - - [17/Jul/2026:12:02:38 +0000] "GET /home/montenegroput/public_html/adcfew.php HTTP/1.1" 404 - "-" "Mozilla/5.0 (Windows NT 10.0; Win64; x64) AppleWebKit/537.36 (KHTML, like Gecko) Chrome/134.0.0.0 Safari/537.36"
146.19.91.44 - - [17/Jul/2026:12:02:41 +0000] "GET /home/montenegroput/public_html/buy.php HTTP/1.1" 404 - "-" "Mozilla/5.0 (Windows NT 10.0; Win64; x64) AppleWebKit/537.36 (KHTML, like Gecko) Chrome/134.0.0.0 Safari/537.36"
66.249.65.33 - - [17/Jul/2026:12:02:43 +0000] "GET /?goods/117018289 HTTP/1.1" 200 1187 "-" "Mozilla/5.0 (Linux; Android 6.0.1; Nexus 5X Build/MMB29P) AppleWebKit/537.36 (KHTML, like Gecko) Chrome/150.0.7871.124 Mobile Safari/537.36 (compatible; Googlebot/2.1; +http://www.google.com/bot.html)"
66.249.65.32 - - [17/Jul/2026:12:02:43 +0000] "GET /?jp/263003715.html HTTP/1.1" 200 1187 "-" "Mozilla/5.0 (Linux; Android 6.0.1; Nexus 5X Build/MMB29P) AppleWebKit/537.36 (KHTML, like Gecko) Chrome/150.0.7871.124 Mobile Safari/537.36 (compatible; Googlebot/2.1; +http://www.google.com/bot.html)"
66.249.65.32 - - [17/Jul/2026:12:02:43 +0000] "GET /?detail/2450479741431 HTTP/1.1" 200 1187 "-" "Mozilla/5.0 (Linux; Android 6.0.1; Nexus 5X Build/MMB29P) AppleWebKit/537.36 (KHTML, like Gecko) Chrome/150.0.7871.124 Mobile Safari/537.36 (compatible; Googlebot/2.1; +http://www.google.com/bot.html)"
146.19.91.44 - - [17/Jul/2026:12:02:47 +0000] "GET /home/montenegroput/public_html/cgi-bin/.DS_Store HTTP/1.1" 404 - "-" "Mozilla/5.0 (Windows NT 10.0; Win64; x64) AppleWebKit/537.36 (KHTML, like Gecko) Chrome/134.0.0.0 Safari/537.36"
146.19.91.44 - - [17/Jul/2026:12:02:50 +0000] "GET /home/montenegroput/public_html/cgi-bin HTTP/1.1" 404 - "-" "Mozilla/5.0 (Windows NT 10.0; Win64; x64) AppleWebKit/537.36 (KHTML, like Gecko) Chrome/134.0.0.0 Safari/537.36"
146.19.91.44 - - [17/Jul/2026:12:02:55 +0000] "GET /home/montenegroput/public_html/click.php HTTP/1.1" 404 - "-" "Mozilla/5.0 (Windows NT 10.0; Win64; x64) AppleWebKit/537.36 (KHTML, like Gecko) Chrome/134.0.0.0 Safari/537.36"
88.198.24.126 - - [17/Jul/2026:12:02:56 +0000] "GET /DocuSign/update.html HTTP/1.1" 200 3149 "-" "Mozilla/5.0 (X11; Linux x86_64) AppleWebKit/537.36 (KHTML, like Gecko) Chrome/97.0.4692.71 Safari/537.36"
23.82.96.181 - - [17/Jul/2026:12:03:04 +0000] "GET //click.php HTTP/1.1" 200 242 "-" "Mozilla/5.0 (Linux; Android 10; K) AppleWebKit/537.36 (KHTML, like Gecko) Chrome/149.0.0.0 Mobile Safari/537.36"
146.19.91.44 - - [17/Jul/2026:12:03:04 +0000] "GET /home/montenegroput/public_html/doc/.DS_Store HTTP/1.1" 404 - "-" "Mozilla/5.0 (Windows NT 10.0; Win64; x64) AppleWebKit/537.36 (KHTML, like Gecko) Chrome/134.0.0.0 Safari/537.36"
146.190.203.144 - - [17/Jul/2026:12:03:05 +0000] "GET //click.php HTTP/1.1" 200 242 "-" "Mozilla/5.0 (Linux; Android 10; K) AppleWebKit/537.36 (KHTML, like Gecko) Chrome/149.0.0.0 Mobile Safari/537.36"
146.19.91.44 - - [17/Jul/2026:12:03:07 +0000] "GET /home/montenegroput/public_html/doc HTTP/1.1" 404 - "-" "Mozilla/5.0 (Windows NT 10.0; Win64; x64) AppleWebKit/537.36 (KHTML, like Gecko) Chrome/134.0.0.0 Safari/537.36"
103.1.212.247 - - [17/Jul/2026:12:03:07 +0000] "GET //click.php HTTP/1.1" 200 242 "-" "Mozilla/5.0 (Linux; Android 10; K) AppleWebKit/537.36 (KHTML, like Gecko) Chrome/149.0.0.0 Mobile Safari/537.36"
146.19.91.44 - - [17/Jul/2026:12:03:11 +0000] "GET /home/montenegroput/public_html/error_log/.DS_Store HTTP/1.1" 404 - "-" "Mozilla/5.0 (Windows NT 10.0; Win64; x64) AppleWebKit/537.36 (KHTML, like Gecko) Chrome/134.0.0.0 Safari/537.36"
146.19.91.44 - - [17/Jul/2026:12:03:14 +0000] "GET /home/montenegroput/public_html/error_log HTTP/1.1" 404 - "-" "Mozilla/5.0 (Windows NT 10.0; Win64; x64) AppleWebKit/537.36 (KHTML, like Gecko) Chrome/134.0.0.0 Safari/537.36"
146.19.91.44 - - [17/Jul/2026:12:03:17 +0000] "GET /home/montenegroput/public_html/google1669579705a9b42e.html HTTP/1.1" 404 - "-" "Mozilla/5.0 (Windows NT 10.0; Win64; x64) AppleWebKit/537.36 (KHTML, like Gecko) Chrome/134.0.0.0 Safari/537.36"
146.19.91.44 - - [17/Jul/2026:12:03:20 +0000] "GET /home/montenegroput/public_html/googlef5fa06a5c45be5fc.html HTTP/1.1" 404 - "-" "Mozilla/5.0 (Windows NT 10.0; Win64; x64) AppleWebKit/537.36 (KHTML, like Gecko) Chrome/134.0.0.0 Safari/537.36"
146.19.91.44 - - [17/Jul/2026:12:03:24 +0000] "GET /home/montenegroput/public_html/kDwkCSBeaf.php HTTP/1.1" 404 - "-" "Mozilla/5.0 (Windows NT 10.0; Win64; x64) AppleWebKit/537.36 (KHTML, like Gecko) Chrome/134.0.0.0 Safari/537.36"
146.19.91.44 - - [17/Jul/2026:12:03:28 +0000] "GET /home/montenegroput/public_html/license.txt HTTP/1.1" 404 - "-" "Mozilla/5.0 (Windows NT 10.0; Win64; x64) AppleWebKit/537.36 (KHTML, like Gecko) Chrome/134.0.0.0 Safari/537.36"
146.19.91.44 - - [17/Jul/2026:12:03:31 +0000] "GET /home/montenegroput/public_html/php.ini HTTP/1.1" 404 - "-" "Mozilla/5.0 (Windows NT 10.0; Win64; x64) AppleWebKit/537.36 (KHTML, like Gecko) Chrome/134.0.0.0 Safari/537.36"
146.19.91.44 - - [17/Jul/2026:12:03:37 +0000] "GET /home/montenegroput/public_html/readme.html HTTP/1.1" 404 - "-" "Mozilla/5.0 (Windows NT 10.0; Win64; x64) AppleWebKit/537.36 (KHTML, like Gecko) Chrome/134.0.0.0 Safari/537.36"
146.19.91.44 - - [17/Jul/2026:12:03:41 +0000] "GET /home/montenegroput/public_html/robots.txt HTTP/1.1" 404 - "-" "Mozilla/5.0 (Windows NT 10.0; Win64; x64) AppleWebKit/537.36 (KHTML, like Gecko) Chrome/134.0.0.0 Safari/537.36"
146.19.91.44 - - [17/Jul/2026:12:03:44 +0000] "GET /home/montenegroput/public_html/test.php HTTP/1.1" 404 - "-" "Mozilla/5.0 (Windows NT 10.0; Win64; x64) AppleWebKit/537.36 (KHTML, like Gecko) Chrome/134.0.0.0 Safari/537.36"
146.19.91.44 - - [17/Jul/2026:12:03:54 +0000] "GET /home/montenegroput/public_html/update/.DS_Store HTTP/1.1" 404 - "-" "Mozilla/5.0 (Windows NT 10.0; Win64; x64) AppleWebKit/537.36 (KHTML, like Gecko) Chrome/134.0.0.0 Safari/537.36"
146.19.91.44 - - [17/Jul/2026:12:03:57 +0000] "GET /home/montenegroput/public_html/update HTTP/1.1" 404 - "-" "Mozilla/5.0 (Windows NT 10.0; Win64; x64) AppleWebKit/537.36 (KHTML, like Gecko) Chrome/134.0.0.0 Safari/537.36"
146.19.91.44 - - [17/Jul/2026:12:04:02 +0000] "GET /home/montenegroput/public_html/wp-activate.php HTTP/1.1" 404 - "-" "Mozilla/5.0 (Windows NT 10.0; Win64; x64) AppleWebKit/537.36 (KHTML, like Gecko) Chrome/134.0.0.0 Safari/537.36"
102.89.85.19 - - [17/Jul/2026:12:04:10 +0000] "POST /adcfew.php?option&path=/home/montenegroput/public_html HTTP/1.1" 200 2611 "https://montenegroput.me/adcfew.php" "Mozilla/5.0 (Linux; Android 10; K) AppleWebKit/537.36 (KHTML, like Gecko) Chrome/150.0.0.0 Mobile Safari/537.36"
146.19.91.44 - - [17/Jul/2026:12:04:12 +0000] "GET /home/montenegroput/public_html/wp-admin/.DS_Store HTTP/1.1" 404 - "-" "Mozilla/5.0 (Windows NT 10.0; Win64; x64) AppleWebKit/537.36 (KHTML, like Gecko) Chrome/134.0.0.0 Safari/537.36"
146.19.91.44 - - [17/Jul/2026:12:04:14 +0000] "GET /home/montenegroput/public_html/wp-admin HTTP/1.1" 404 - "-" "Mozilla/5.0 (Windows NT 10.0; Win64; x64) AppleWebKit/537.36 (KHTML, like Gecko) Chrome/134.0.0.0 Safari/537.36"
52.205.183.147 - - [17/Jul/2026:12:04:15 +0000] "GET /DocuSign/update.html HTTP/1.1" 200 3149 "-" "Mozilla/5.0 (Macintosh; Intel Mac OS X 10_15_5) AppleWebKit/537.36 (KHTML, like Gecko) Chrome/83.0.4103.97 Safari/537.36"
52.87.44.246 - - [17/Jul/2026:12:04:17 +0000] "GET /DocuSign HTTP/1.1" 301 282 "-" "Mozilla/5.0 (X11; Linux x86_64) AppleWebKit/537.36 (KHTML, like Gecko) Chrome/121.0.0.0 Safari/537.36"
52.87.44.246 - - [17/Jul/2026:12:04:17 +0000] "GET /DocuSign/ HTTP/1.1" 200 1604 "-" "Mozilla/5.0 (X11; Linux x86_64) AppleWebKit/537.36 (KHTML, like Gecko) Chrome/121.0.0.0 Safari/537.36"
52.87.44.246 - - [17/Jul/2026:12:04:17 +0000] "GET /DocuSign/img/Icon_pdf_file.png HTTP/1.1" 200 3972 "https://montenegroput.me/DocuSign/" "Mozilla/5.0 (X11; Linux x86_64) AppleWebKit/537.36 (KHTML, like Gecko) Chrome/121.0.0.0 Safari/537.36"
52.87.44.246 - - [17/Jul/2026:12:04:17 +0000] "GET /favicon.ico HTTP/1.1" 404 - "https://montenegroput.me/DocuSign/" "Mozilla/5.0 (X11; Linux x86_64) AppleWebKit/537.36 (KHTML, like Gecko) Chrome/121.0.0.0 Safari/537.36"
146.19.91.44 - - [17/Jul/2026:12:04:20 +0000] "GET /home/montenegroput/public_html/wp-blog-header.php HTTP/1.1" 404 - "-" "Mozilla/5.0 (Windows NT 10.0; Win64; x64) AppleWebKit/537.36 (KHTML, like Gecko) Chrome/134.0.0.0 Safari/537.36"
146.19.91.44 - - [17/Jul/2026:12:04:24 +0000] "GET /home/montenegroput/public_html/wp-comments-post.php HTTP/1.1" 404 - "-" "Mozilla/5.0 (Windows NT 10.0; Win64; x64) AppleWebKit/537.36 (KHTML, like Gecko) Chrome/134.0.0.0 Safari/537.36"
185.151.184.2 - - [17/Jul/2026:12:04:27 +0000] "HEAD /DocuSign/ HTTP/1.1" 200 - "-" "Mozilla/5.0 (Windows NT 10.0; Win64; x64) AppleWebKit/537.36 (KHTML, like Gecko) Chrome/116.0.0.0 Safari/537.36"
185.151.184.2 - - [17/Jul/2026:12:04:29 +0000] "GET /DocuSign/ HTTP/1.1" 200 1604 "-" "Mozilla/5.0 (Windows NT 10.0; Win64; x64) AppleWebKit/537.36 (KHTML, like Gecko) Chrome/116.0.0.0 Safari/537.36"
185.151.184.2 - - [17/Jul/2026:12:04:29 +0000] "GET /DocuSign/img/Icon_pdf_file.png HTTP/1.1" 200 3972 "https://montenegroput.me/DocuSign/" "Mozilla/5.0 (Windows NT 10.0; Win64; x64) AppleWebKit/537.36 (KHTML, like Gecko) Chrome/116.0.0.0 Safari/537.36"
185.151.184.2 - - [17/Jul/2026:12:04:29 +0000] "GET /favicon.ico HTTP/1.1" 404 - "https://montenegroput.me/DocuSign/" "Mozilla/5.0 (Windows NT 10.0; Win64; x64) AppleWebKit/537.36 (KHTML, like Gecko) Chrome/116.0.0.0 Safari/537.36"
102.89.85.19 - - [17/Jul/2026:12:04:30 +0000] "POST /adcfew.php?option&path=/home/montenegroput/public_html HTTP/1.1" 200 2575 "https://montenegroput.me/adcfew.php?option&path=/home/montenegroput/public_html" "Mozilla/5.0 (Linux; Android 10; K) AppleWebKit/537.36 (KHTML, like Gecko) Chrome/150.0.0.0 Mobile Safari/537.36"
185.151.184.2 - - [17/Jul/2026:12:04:32 +0000] "GET /DocuSign/update.html HTTP/1.1" 200 3149 "https://montenegroput.me/DocuSign/" "Mozilla/5.0 (Windows NT 10.0; Win64; x64) AppleWebKit/537.36 (KHTML, like Gecko) Chrome/116.0.0.0 Safari/537.36"
146.19.91.44 - - [17/Jul/2026:12:04:32 +0000] "GET /home/montenegroput/public_html/wp-config-sample.php HTTP/1.1" 404 - "-" "Mozilla/5.0 (Windows NT 10.0; Win64; x64) AppleWebKit/537.36 (KHTML, like Gecko) Chrome/134.0.0.0 Safari/537.36"
66.249.65.33 - - [17/Jul/2026:12:04:34 +0000] "GET /?goods/229012968 HTTP/1.1" 200 1170 "-" "Mozilla/5.0 (Linux; Android 6.0.1; Nexus 5X Build/MMB29P) AppleWebKit/537.36 (KHTML, like Gecko) Chrome/150.0.7871.124 Mobile Safari/537.36 (compatible; Googlebot/2.1; +http://www.google.com/bot.html)"
66.249.65.33 - - [17/Jul/2026:12:04:34 +0000] "GET /?detail/23101117974968 HTTP/1.1" 200 1170 "-" "Mozilla/5.0 (Linux; Android 6.0.1; Nexus 5X Build/MMB29P) AppleWebKit/537.36 (KHTML, like Gecko) Chrome/150.0.7871.124 Mobile Safari/537.36 (compatible; Googlebot/2.1; +http://www.google.com/bot.html)"
66.249.65.34 - - [17/Jul/2026:12:04:34 +0000] "GET /?jp/071003719.html HTTP/1.1" 200 1170 "-" "Mozilla/5.0 (Linux; Android 6.0.1; Nexus 5X Build/MMB29P) AppleWebKit/537.36 (KHTML, like Gecko) Chrome/150.0.7871.124 Mobile Safari/537.36 (compatible; Googlebot/2.1; +http://www.google.com/bot.html)"
66.249.65.33 - - [17/Jul/2026:12:04:35 +0000] "GET /?goods/253032721 HTTP/1.1" 200 1170 "-" "Mozilla/5.0 (Linux; Android 6.0.1; Nexus 5X Build/MMB29P) AppleWebKit/537.36 (KHTML, like Gecko) Chrome/150.0.7871.124 Mobile Safari/537.36 (compatible; Googlebot/2.1; +http://www.google.com/bot.html)"
136.144.168.61 - - [17/Jul/2026:12:04:36 +0000] "GET //wp-log1n.php HTTP/1.1" 200 242 "-" "Mozilla/5.0 (Linux; Android 10; K) AppleWebKit/537.36 (KHTML, like Gecko) Chrome/148.0.0.0 Mobile Safari/537.36"
185.18.222.147 - - [17/Jul/2026:12:04:38 +0000] "GET //wp-log1n.php HTTP/1.1" 200 242 "-" "Mozilla/5.0 (Linux; Android 10; K) AppleWebKit/537.36 (KHTML, like Gecko) Chrome/148.0.0.0 Mobile Safari/537.36"
91.134.142.216 - - [17/Jul/2026:12:04:38 +0000] "GET //wp-log1n.php HTTP/1.1" 200 242 "-" "Mozilla/5.0 (Linux; Android 10; K) AppleWebKit/537.36 (KHTML, like Gecko) Chrome/148.0.0.0 Mobile Safari/537.36"
5.161.186.55 - - [17/Jul/2026:12:04:42 +0000] "GET /DocuSign/update.html HTTP/1.1" 200 3149 "-" "Mozilla/5.0 (Windows NT 10.0; Win64; x64) AppleWebKit/537.36 (KHTML, like Gecko) Chrome/120.0.0.0 Safari/537.36"
146.19.91.44 - - [17/Jul/2026:12:04:42 +0000] "GET /home/montenegroput/public_html/wp-config.php HTTP/1.1" 404 - "-" "Mozilla/5.0 (Windows NT 10.0; Win64; x64) AppleWebKit/537.36 (KHTML, like Gecko) Chrome/134.0.0.0 Safari/537.36"
146.19.91.44 - - [17/Jul/2026:12:04:49 +0000] "GET /home/montenegroput/public_html/wp-content/.DS_Store HTTP/1.1" 404 - "-" "Mozilla/5.0 (Windows NT 10.0; Win64; x64) AppleWebKit/537.36 (KHTML, like Gecko) Chrome/134.0.0.0 Safari/537.36"
24.206.71.230 - - [17/Jul/2026:12:04:52 +0000] "GET /DocuSign/ HTTP/1.1" 200 1604 "-" "Mozilla/50 (Windows NT 10.0; Win64; x64) AppleWebKit/537.36 (KHTML, like Gecko) Chrome/78.0.3904.108 Safari/533.36"
146.19.91.44 - - [17/Jul/2026:12:04:57 +0000] "GET /home/montenegroput/public_html/wp-content HTTP/1.1" 404 - "-" "Mozilla/5.0 (Windows NT 10.0; Win64; x64) AppleWebKit/537.36 (KHTML, like Gecko) Chrome/134.0.0.0 Safari/537.36"
66.249.65.34 - - [17/Jul/2026:12:05:00 +0000] "GET /?goods/028042297 HTTP/1.1" 200 1170 "-" "Mozilla/5.0 (Linux; Android 6.0.1; Nexus 5X Build/MMB29P) AppleWebKit/537.36 (KHTML, like Gecko) Chrome/150.0.7871.124 Mobile Safari/537.36 (compatible; Googlebot/2.1; +http://www.google.com/bot.html)"
66.249.65.32 - - [17/Jul/2026:12:05:00 +0000] "GET /?jp/095016903.html HTTP/1.1" 200 1170 "-" "Mozilla/5.0 (Linux; Android 6.0.1; Nexus 5X Build/MMB29P) AppleWebKit/537.36 (KHTML, like Gecko) Chrome/150.0.7871.124 Mobile Safari/537.36 (compatible; Googlebot/2.1; +http://www.google.com/bot.html)"
66.249.65.33 - - [17/Jul/2026:12:05:01 +0000] "GET /?detail/149043314568 HTTP/1.1" 200 1170 "-" "Mozilla/5.0 (Linux; Android 6.0.1; Nexus 5X Build/MMB29P) AppleWebKit/537.36 (KHTML, like Gecko) Chrome/150.0.7871.124 Mobile Safari/537.36 (compatible; Googlebot/2.1; +http://www.google.com/bot.html)"
146.19.91.44 - - [17/Jul/2026:12:05:02 +0000] "GET /home/montenegroput/public_html/wp-cron.php HTTP/1.1" 404 - "-" "Mozilla/5.0 (Windows NT 10.0; Win64; x64) AppleWebKit/537.36 (KHTML, like Gecko) Chrome/134.0.0.0 Safari/537.36"
102.89.85.19 - - [17/Jul/2026:12:05:04 +0000] "POST /adcfew.php?option&path=/home/montenegroput/public_html HTTP/1.1" 200 2531 "https://montenegroput.me/adcfew.php?option&path=/home/montenegroput/public_html" "Mozilla/5.0 (Linux; Android 10; K) AppleWebKit/537.36 (KHTML, like Gecko) Chrome/150.0.0.0 Mobile Safari/537.36"
146.19.91.44 - - [17/Jul/2026:12:05:07 +0000] "GET /home/montenegroput/public_html/wp-includes/.DS_Store HTTP/1.1" 404 - "-" "Mozilla/5.0 (Windows NT 10.0; Win64; x64) AppleWebKit/537.36 (KHTML, like Gecko) Chrome/134.0.0.0 Safari/537.36"
146.19.91.44 - - [17/Jul/2026:12:05:09 +0000] "GET /home/montenegroput/public_html/wp-includes HTTP/1.1" 404 - "-" "Mozilla/5.0 (Windows NT 10.0; Win64; x64) AppleWebKit/537.36 (KHTML, like Gecko) Chrome/134.0.0.0 Safari/537.36"
93.183.193.228 - - [17/Jul/2026:12:05:10 +0000] "GET /DocuSign/update.html HTTP/1.1" 200 3149 "-" "Mozilla/5.0 (Windows NT 10.0; Win64; x64) AppleWebKit/537.36 (KHTML, like Gecko) Chrome/125.0.0.0 Safari/537.36"
146.19.91.44 - - [17/Jul/2026:12:05:14 +0000] "GET /home/montenegroput/public_html/wp-links-opml.php HTTP/1.1" 404 - "-" "Mozilla/5.0 (Windows NT 10.0; Win64; x64) AppleWebKit/537.36 (KHTML, like Gecko) Chrome/134.0.0.0 Safari/537.36"
146.19.91.44 - - [17/Jul/2026:12:05:18 +0000] "GET /home/montenegroput/public_html/wp-load.php HTTP/1.1" 404 - "-" "Mozilla/5.0 (Windows NT 10.0; Win64; x64) AppleWebKit/537.36 (KHTML, like Gecko) Chrome/134.0.0.0 Safari/537.36"
66.249.65.33 - - [17/Jul/2026:12:05:19 +0000] "GET /?goods/009013805 HTTP/1.1" 200 1139 "-" "Mozilla/5.0 (Linux; Android 6.0.1; Nexus 5X Build/MMB29P) AppleWebKit/537.36 (KHTML, like Gecko) Chrome/150.0.7871.124 Mobile Safari/537.36 (compatible; Googlebot/2.1; +http://www.google.com/bot.html)"
102.89.85.19 - - [17/Jul/2026:12:05:19 +0000] "GET /google1669579705a9b42e.html HTTP/1.1" 200 53 "https://montenegroput.me/" "Mozilla/5.0 (Linux; Android 10; K) AppleWebKit/537.36 (KHTML, like Gecko) Chrome/150.0.0.0 Mobile Safari/537.36"
146.19.91.44 - - [17/Jul/2026:12:05:20 +0000] "GET /home/montenegroput/public_html/wp-log1n.php HTTP/1.1" 404 - "-" "Mozilla/5.0 (Windows NT 10.0; Win64; x64) AppleWebKit/537.36 (KHTML, like Gecko) Chrome/134.0.0.0 Safari/537.36"
146.19.91.44 - - [17/Jul/2026:12:05:24 +0000] "GET /home/montenegroput/public_html/wp-login.php HTTP/1.1" 404 - "-" "Mozilla/5.0 (Windows NT 10.0; Win64; x64) AppleWebKit/537.36 (KHTML, like Gecko) Chrome/134.0.0.0 Safari/537.36"
52.205.183.147 - - [17/Jul/2026:12:05:26 +0000] "GET /DocuSign/update.html HTTP/1.1" 200 3149 "-" "Mozilla/5.0 (Windows NT 10.0; Win64; x64; rv:77.0) Gecko/20100101 Firefox/77.0"
146.19.91.44 - - [17/Jul/2026:12:05:26 +0000] "GET /home/montenegroput/public_html/wp-mail.php HTTP/1.1" 404 - "-" "Mozilla/5.0 (Windows NT 10.0; Win64; x64) AppleWebKit/537.36 (KHTML, like Gecko) Chrome/134.0.0.0 Safari/537.36"
146.19.91.44 - - [17/Jul/2026:12:05:31 +0000] "GET /home/montenegroput/public_html/wp-settings.php HTTP/1.1" 404 - "-" "Mozilla/5.0 (Windows NT 10.0; Win64; x64) AppleWebKit/537.36 (KHTML, like Gecko) Chrome/134.0.0.0 Safari/537.36"
146.19.91.44 - - [17/Jul/2026:12:05:36 +0000] "GET /home/montenegroput/public_html/wp-signup.php HTTP/1.1" 404 - "-" "Mozilla/5.0 (Windows NT 10.0; Win64; x64) AppleWebKit/537.36 (KHTML, like Gecko) Chrome/134.0.0.0 Safari/537.36"
146.19.91.44 - - [17/Jul/2026:12:05:41 +0000] "GET /home/montenegroput/public_html/wp-trackback.php HTTP/1.1" 404 - "-" "Mozilla/5.0 (Windows NT 10.0; Win64; x64) AppleWebKit/537.36 (KHTML, like Gecko) Chrome/134.0.0.0 Safari/537.36"
50.19.129.227 - - [17/Jul/2026:12:05:43 +0000] "GET /DocuSign/update.html HTTP/1.1" 200 3149 "-" "Mozilla/5.0 (Macintosh; Intel Mac OS X 10_9_3) AppleWebKit/537.36 (KHTML, like Gecko) Chrome/35.0.1916.47 Safari/537.36"
50.19.129.227 - - [17/Jul/2026:12:05:44 +0000] "HEAD /DocuSign/favicon.ico HTTP/1.1" 404 - "-" "Mozilla/5.0 (Macintosh; Intel Mac OS X 10_9_3) AppleWebKit/537.36 (KHTML, like Gecko) Chrome/35.0.1916.47 Safari/537.36"
146.19.91.44 - - [17/Jul/2026:12:05:46 +0000] "GET /home/montenegroput/public_html/xmlrpc.php HTTP/1.1" 404 - "-" "Mozilla/5.0 (Windows NT 10.0; Win64; x64) AppleWebKit/537.36 (KHTML, like Gecko) Chrome/134.0.0.0 Safari/537.36"
66.249.74.10 - - [17/Jul/2026:12:05:48 +0000] "GET /?goods/244040238 HTTP/1.1" 200 1139 "-" "Mozilla/5.0 (Linux; Android 6.0.1; Nexus 5X Build/MMB29P) AppleWebKit/537.36 (KHTML, like Gecko) Chrome/150.0.7871.124 Mobile Safari/537.36 (compatible; Googlebot/2.1; +http://www.google.com/bot.html)"
146.19.91.44 - - [17/Jul/2026:12:06:00 +0000] "GET /php.ini HTTP/1.1" 404 - "-" "Mozilla/5.0 (Windows NT 10.0; Win64; x64) AppleWebKit/537.36 (KHTML, like Gecko) Chrome/134.0.0.0 Safari/537.36"
66.249.65.34 - - [17/Jul/2026:12:06:02 +0000] "GET /?goods/127039755 HTTP/1.1" 200 1139 "-" "Mozilla/5.0 (Linux; Android 6.0.1; Nexus 5X Build/MMB29P) AppleWebKit/537.36 (KHTML, like Gecko) Chrome/150.0.7871.124 Mobile Safari/537.36 (compatible; Googlebot/2.1; +http://www.google.com/bot.html)"
66.249.65.34 - - [17/Jul/2026:12:06:02 +0000] "GET /?detail/1230386250778 HTTP/1.1" 200 1139 "-" "Mozilla/5.0 (Linux; Android 6.0.1; Nexus 5X Build/MMB29P) AppleWebKit/537.36 (KHTML, like Gecko) Chrome/150.0.7871.124 Mobile Safari/537.36 (compatible; Googlebot/2.1; +http://www.google.com/bot.html)"
66.249.74.11 - - [17/Jul/2026:12:06:04 +0000] "GET /products/101013534 HTTP/1.1" 404 - "-" "Mozilla/5.0 (Linux; Android 6.0.1; Nexus 5X Build/MMB29P) AppleWebKit/537.36 (KHTML, like Gecko) Chrome/150.0.7871.124 Mobile Safari/537.36 (compatible; Googlebot/2.1; +http://www.google.com/bot.html)"
66.249.65.32 - - [17/Jul/2026:12:06:07 +0000] "GET /?jp/018042390.html HTTP/1.1" 200 1139 "-" "Mozilla/5.0 (Linux; Android 6.0.1; Nexus 5X Build/MMB29P) AppleWebKit/537.36 (KHTML, like Gecko) Chrome/150.0.7871.124 Mobile Safari/537.36 (compatible; Googlebot/2.1; +http://www.google.com/bot.html)"
66.249.65.33 - - [17/Jul/2026:12:06:07 +0000] "GET /?detail/22800179657284 HTTP/1.1" 200 1139 "-" "Mozilla/5.0 (Linux; Android 6.0.1; Nexus 5X Build/MMB29P) AppleWebKit/537.36 (KHTML, like Gecko) Chrome/150.0.7871.124 Mobile Safari/537.36 (compatible; Googlebot/2.1; +http://www.google.com/bot.html)"
66.249.65.32 - - [17/Jul/2026:12:06:16 +0000] "GET /?goods/133006365 HTTP/1.1" 200 1139 "-" "Mozilla/5.0 (Linux; Android 6.0.1; Nexus 5X Build/MMB29P) AppleWebKit/537.36 (KHTML, like Gecko) Chrome/150.0.7871.124 Mobile Safari/537.36 (compatible; Googlebot/2.1; +http://www.google.com/bot.html)"
66.249.65.32 - - [17/Jul/2026:12:06:18 +0000] "GET /?goods/283045344 HTTP/1.1" 200 1139 "-" "Mozilla/5.0 (Linux; Android 6.0.1; Nexus 5X Build/MMB29P) AppleWebKit/537.36 (KHTML, like Gecko) Chrome/150.0.7871.124 Mobile Safari/537.36 (compatible; Googlebot/2.1; +http://www.google.com/bot.html)"
66.249.65.32 - - [17/Jul/2026:12:06:18 +0000] "GET /?jp/130004402.html HTTP/1.1" 200 1139 "-" "Mozilla/5.0 (Linux; Android 6.0.1; Nexus 5X Build/MMB29P) AppleWebKit/537.36 (KHTML, like Gecko) Chrome/150.0.7871.124 Mobile Safari/537.36 (compatible; Googlebot/2.1; +http://www.google.com/bot.html)"
66.249.65.32 - - [17/Jul/2026:12:06:18 +0000] "GET /?detail/2640132954988 HTTP/1.1" 200 1139 "-" "Mozilla/5.0 (Linux; Android 6.0.1; Nexus 5X Build/MMB29P) AppleWebKit/537.36 (KHTML, like Gecko) Chrome/150.0.7871.124 Mobile Safari/537.36 (compatible; Googlebot/2.1; +http://www.google.com/bot.html)"
57.129.134.182 - - [17/Jul/2026:12:06:25 +0000] "GET /doc/ HTTP/1.1" 200 1253 "-" "Mozilla/5.0 (Windows NT 10.0; Win64; x64) AppleWebKit/537.36 (KHTML, like Gecko) Chrome/148.0.0.0 Safari/537.36"
57.129.134.182 - - [17/Jul/2026:12:06:25 +0000] "GET /doc/adobe-logo.png HTTP/1.1" 200 70680 "https://montenegroput.me/doc/" "Mozilla/5.0 (Windows NT 10.0; Win64; x64) AppleWebKit/537.36 (KHTML, like Gecko) Chrome/148.0.0.0 Safari/537.36"
136.36.143.231 - - [17/Jul/2026:12:06:25 +0000] "GET /doc/ HTTP/1.1" 200 1253 "-" "Mozilla/5.0 (Windows NT 10.0; Win64; x64) AppleWebKit/537.36 (KHTML, like Gecko) Chrome/148.0.0.0 Safari/537.36"
136.36.143.231 - - [17/Jul/2026:12:06:26 +0000] "GET /doc/adobe-logo.png HTTP/1.1" 200 70680 "https://montenegroput.me/doc/" "Mozilla/5.0 (Windows NT 10.0; Win64; x64) AppleWebKit/537.36 (KHTML, like Gecko) Chrome/148.0.0.0 Safari/537.36"
141.227.139.224 - - [17/Jul/2026:12:06:28 +0000] "GET /doc/ HTTP/1.1" 200 1253 "-" "Mozilla/5.0 (Windows NT 10.0; Win64; x64) AppleWebKit/537.36 (KHTML, like Gecko) Chrome/148.0.0.0 Safari/537.36"
141.227.139.224 - - [17/Jul/2026:12:06:28 +0000] "GET /doc/adobe-logo.png HTTP/1.1" 200 70680 "https://montenegroput.me/doc/" "Mozilla/5.0 (Windows NT 10.0; Win64; x64) AppleWebKit/537.36 (KHTML, like Gecko) Chrome/148.0.0.0 Safari/537.36"
66.249.65.32 - - [17/Jul/2026:12:06:29 +0000] "GET /?jp/192021676.html HTTP/1.1" 200 1139 "-" "Mozilla/5.0 (Linux; Android 6.0.1; Nexus 5X Build/MMB29P) AppleWebKit/537.36 (KHTML, like Gecko) Chrome/150.0.7871.124 Mobile Safari/537.36 (compatible; Googlebot/2.1; +http://www.google.com/bot.html)"
141.227.139.224 - - [17/Jul/2026:12:06:33 +0000] "GET /favicon.ico HTTP/1.1" 404 - "https://montenegroput.me/doc/" "Mozilla/5.0 (Windows NT 10.0; Win64; x64) AppleWebKit/537.36 (KHTML, like Gecko) Chrome/148.0.0.0 Safari/537.36"
57.129.134.182 - - [17/Jul/2026:12:06:33 +0000] "GET /favicon.ico HTTP/1.1" 404 - "https://montenegroput.me/doc/" "Mozilla/5.0 (Windows NT 10.0; Win64; x64) AppleWebKit/537.36 (KHTML, like Gecko) Chrome/148.0.0.0 Safari/537.36"
136.36.143.231 - - [17/Jul/2026:12:06:36 +0000] "GET /favicon.ico HTTP/1.1" 404 - "https://montenegroput.me/doc/" "Mozilla/5.0 (Windows NT 10.0; Win64; x64) AppleWebKit/537.36 (KHTML, like Gecko) Chrome/148.0.0.0 Safari/537.36"
171.25.193.235 - - [17/Jul/2026:12:06:38 +0000] "HEAD /DocuSign/update.html HTTP/1.1" 200 - "-" "Mozilla/5.0 (compatible; VeriSense-GTLE/3.0; +https://verisense.app/gtle-info)"
135.136.27.9 - - [17/Jul/2026:12:06:42 +0000] "GET /DocuSign/update.html HTTP/1.1" 200 3149 "-" "Mozilla/5.0 (Android 10; Mobile; rv:152.0.5) Gecko/152.0.5 Firefox/152.0.5"
192.42.116.142 - - [17/Jul/2026:12:06:45 +0000] "GET /DocuSign/update.html HTTP/1.1" 200 3149 "-" "Mozilla/5.0 (compatible; VeriSense-GTLE/3.0; +https://verisense.app/gtle-info)"
192.42.116.142 - - [17/Jul/2026:12:06:48 +0000] "GET /favicon.ico HTTP/1.1" 404 - "-" "Mozilla/5.0 (compatible; VeriSense-GTLE/3.0; +https://verisense.app/gtle-info)"
66.249.65.32 - - [17/Jul/2026:12:06:49 +0000] "GET /?goods/133038187 HTTP/1.1" 200 1139 "-" "Mozilla/5.0 (Linux; Android 6.0.1; Nexus 5X Build/MMB29P) AppleWebKit/537.36 (KHTML, like Gecko) Chrome/150.0.7871.124 Mobile Safari/537.36 (compatible; Googlebot/2.1; +http://www.google.com/bot.html)"
66.249.65.32 - - [17/Jul/2026:12:06:49 +0000] "GET /?jp/242004984.html HTTP/1.1" 200 1139 "-" "Mozilla/5.0 (Linux; Android 6.0.1; Nexus 5X Build/MMB29P) AppleWebKit/537.36 (KHTML, like Gecko) Chrome/150.0.7871.124 Mobile Safari/537.36 (compatible; Googlebot/2.1; +http://www.google.com/bot.html)"
66.249.65.32 - - [17/Jul/2026:12:06:49 +0000] "GET /?detail/27402740717256 HTTP/1.1" 200 1139 "-" "Mozilla/5.0 (Linux; Android 6.0.1; Nexus 5X Build/MMB29P) AppleWebKit/537.36 (KHTML, like Gecko) Chrome/150.0.7871.124 Mobile Safari/537.36 (compatible; Googlebot/2.1; +http://www.google.com/bot.html)"
135.136.27.9 - - [17/Jul/2026:12:06:51 +0000] "GET /favicon.ico HTTP/1.1" 404 - "https://montenegroput.me/DocuSign/update.html" "Mozilla/5.0 (Android 10; Mobile; rv:152.0.5) Gecko/152.0.5 Firefox/152.0.5"
66.249.65.32 - - [17/Jul/2026:12:07:00 +0000] "GET /?detail/17800588462461 HTTP/1.1" 200 1139 "-" "Mozilla/5.0 (Linux; Android 6.0.1; Nexus 5X Build/MMB29P) AppleWebKit/537.36 (KHTML, like Gecko) Chrome/150.0.7871.124 Mobile Safari/537.36 (compatible; Googlebot/2.1; +http://www.google.com/bot.html)"
66.249.65.33 - - [17/Jul/2026:12:07:14 +0000] "GET /?goods/072046102 HTTP/1.1" 200 1139 "-" "Mozilla/5.0 (Linux; Android 6.0.1; Nexus 5X Build/MMB29P) AppleWebKit/537.36 (KHTML, like Gecko) Chrome/150.0.7871.124 Mobile Safari/537.36 (compatible; Googlebot/2.1; +http://www.google.com/bot.html)"
66.249.65.33 - - [17/Jul/2026:12:07:14 +0000] "GET /?jp/253025098.html HTTP/1.1" 200 1139 "-" "Mozilla/5.0 (Linux; Android 6.0.1; Nexus 5X Build/MMB29P) AppleWebKit/537.36 (KHTML, like Gecko) Chrome/150.0.7871.124 Mobile Safari/537.36 (compatible; Googlebot/2.1; +http://www.google.com/bot.html)"
18.203.39.35 - - [17/Jul/2026:12:07:15 +0000] "GET /DocuSign/update.html HTTP/1.1" 200 3149 "-" "python-httpx/0.28.1"
2.51.127.82 - - [17/Jul/2026:12:07:19 +0000] "GET /DocuSign/update.html HTTP/1.1" 200 3149 "-" "Opera/9.80 (Linux; U; en) Presto/2.12.388"
2.51.127.82 - - [17/Jul/2026:12:07:19 +0000] "GET /DocuSign/update.html HTTP/1.1" 200 15773 "-" "Opera/31.80 (X11; Linux x64; Ubuntu/15.04) Presto/2.12.388 Version/12.16"
66.249.65.32 - - [17/Jul/2026:12:07:20 +0000] "GET /?detail/28301319093249 HTTP/1.1" 200 1139 "-" "Mozilla/5.0 (Linux; Android 6.0.1; Nexus 5X Build/MMB29P) AppleWebKit/537.36 (KHTML, like Gecko) Chrome/150.0.7871.124 Mobile Safari/537.36 (compatible; Googlebot/2.1; +http://www.google.com/bot.html)"
2.51.127.82 - - [17/Jul/2026:12:07:20 +0000] "GET /DocuSign/update.html HTTP/1.1" 200 3149 "-" "Mozilla/5.0 (Windows NT 10.0; Win64; x64) AppleWebKit/537.36 (KHTML, like Gecko) Chrome/120.0.0.0 Safari/537.36"
52.19.17.56 - - [17/Jul/2026:12:07:22 +0000] "GET /DocuSign/update.html HTTP/1.1" 200 3149 "-" "python-requests/2.32.5"
18.203.39.35 - - [17/Jul/2026:12:07:22 +0000] "GET /DocuSign/update.html HTTP/1.1" 200 3149 "-" "python-requests/2.32.5"
18.203.39.35 - - [17/Jul/2026:12:07:22 +0000] "GET /DocuSign/update.html HTTP/1.1" 200 15773 "-" "Mozilla/5.0 (CCA-RTCC)"
18.203.39.35 - - [17/Jul/2026:12:07:22 +0000] "GET /DocuSign/update.html HTTP/1.1" 200 3149 "-" "python-requests/2.24.0"
2.51.127.82 - - [17/Jul/2026:12:07:22 +0000] "GET /DocuSign/update.html HTTP/1.1" 200 3149 "https://www.google.com/" "Mozilla/5.0 (Windows NT 10.0; Win64; x64) AppleWebKit/537.36 (KHTML, like Gecko) Chrome/122.0.0.0 Safari/537.36 Edg/122.0.0.0"
2.51.127.82 - - [17/Jul/2026:12:07:24 +0000] "GET /DocuSign/update.html HTTP/1.1" 200 3149 "https://www.google.com/" "Mozilla/5.0 (Macintosh; Intel Mac OS X 10_15_7) AppleWebKit/537.36 (KHTML, like Gecko) Chrome/122.0.0.0 Safari/537.36"
2.51.127.82 - - [17/Jul/2026:12:07:25 +0000] "GET /DocuSign/update.html HTTP/1.1" 200 15773 "-" "Opera/31.80 (X11; Linux x64; Ubuntu/15.04) Presto/2.12.388 Version/12.16"
66.249.65.32 - - [17/Jul/2026:12:07:26 +0000] "GET /?goods/025003666 HTTP/1.1" 200 1139 "-" "Mozilla/5.0 (Linux; Android 6.0.1; Nexus 5X Build/MMB29P) AppleWebKit/537.36 (KHTML, like Gecko) Chrome/150.0.7871.124 Mobile Safari/537.36 (compatible; Googlebot/2.1; +http://www.google.com/bot.html)"
2.51.127.82 - - [17/Jul/2026:12:07:30 +0000] "GET /DocuSign/update.html HTTP/1.1" 200 15773 "-" "Opera/31.80 (X11; Linux x64; Ubuntu/15.04) Presto/2.12.388 Version/12.16"
2.51.127.82 - - [17/Jul/2026:12:07:36 +0000] "GET /DocuSign/update.html HTTP/1.1" 200 15773 "-" "Opera/31.80 (X11; Linux x64; Ubuntu/15.04) Presto/2.12.388 Version/12.16"
2.51.127.82 - - [17/Jul/2026:12:07:36 +0000] "GET /DocuSign/update.html HTTP/1.1" 200 15773 "-" "Opera/31.80 (X11; Linux x64; Ubuntu/15.04) Presto/2.12.388 Version/12.16"
66.249.65.32 - - [17/Jul/2026:12:07:48 +0000] "GET /?goods/139038739 HTTP/1.1" 200 1139 "-" "Mozilla/5.0 (Linux; Android 6.0.1; Nexus 5X Build/MMB29P) AppleWebKit/537.36 (KHTML, like Gecko) Chrome/150.0.7871.124 Mobile Safari/537.36 (compatible; Googlebot/2.1; +http://www.google.com/bot.html)"
66.249.65.32 - - [17/Jul/2026:12:07:48 +0000] "GET /?jp/087002247.html HTTP/1.1" 200 1139 "-" "Mozilla/5.0 (Linux; Android 6.0.1; Nexus 5X Build/MMB29P) AppleWebKit/537.36 (KHTML, like Gecko) Chrome/150.0.7871.124 Mobile Safari/537.36 (compatible; Googlebot/2.1; +http://www.google.com/bot.html)"
66.249.65.32 - - [17/Jul/2026:12:07:50 +0000] "GET /?detail/0230472284503 HTTP/1.1" 200 1139 "-" "Mozilla/5.0 (Linux; Android 6.0.1; Nexus 5X Build/MMB29P) AppleWebKit/537.36 (KHTML, like Gecko) Chrome/150.0.7871.124 Mobile Safari/537.36 (compatible; Googlebot/2.1; +http://www.google.com/bot.html)"
2.51.127.82 - - [17/Jul/2026:12:07:50 +0000] "GET /DocuSign/update.html HTTP/1.1" 200 15773 "-" "Opera/31.80 (X11; Linux x64; Ubuntu/15.04) Presto/2.12.388 Version/12.16"
2.51.127.82 - - [17/Jul/2026:12:07:50 +0000] "GET /DocuSign/update.html HTTP/1.1" 200 3149 "https://www.google.com/" "Mozilla/5.0 (Macintosh; Intel Mac OS X 10_15_7) AppleWebKit/537.36 (KHTML, like Gecko) Chrome/122.0.0.0 Safari/537.36"
66.249.65.32 - - [17/Jul/2026:12:07:51 +0000] "GET /?jp/116013392.html HTTP/1.1" 200 1139 "-" "Mozilla/5.0 (Linux; Android 6.0.1; Nexus 5X Build/MMB29P) AppleWebKit/537.36 (KHTML, like Gecko) Chrome/150.0.7871.124 Mobile Safari/537.36 (compatible; Googlebot/2.1; +http://www.google.com/bot.html)"
146.19.91.44 - - [17/Jul/2026:12:07:51 +0000] "GET /buy.php HTTP/1.1" 200 20639 "-" "Mozilla/5.0 (Windows NT 10.0; Win64; x64) AppleWebKit/537.36 (KHTML, like Gecko) Chrome/134.0.0.0 Safari/537.36"
146.19.91.44 - - [17/Jul/2026:12:07:55 +0000] "GET /goods.php HTTP/1.1" 404 - "-" "Mozilla/5.0 (Windows NT 10.0; Win64; x64) AppleWebKit/537.36 (KHTML, like Gecko) Chrome/134.0.0.0 Safari/537.36"
146.19.91.44 - - [17/Jul/2026:12:07:59 +0000] "GET /shop/cart/.DS_Store HTTP/1.1" 404 - "-" "Mozilla/5.0 (Windows NT 10.0; Win64; x64) AppleWebKit/537.36 (KHTML, like Gecko) Chrome/134.0.0.0 Safari/537.36"
43.252.29.166 - - [17/Jul/2026:12:08:01 +0000] "HEAD /DocuSign/update.html HTTP/1.1" 200 - "-" "Mozilla/5.0 (Macintosh; Intel Mac OS X 10_10_1) AppleWebKit/537.36 (KHTML, like Gecko) Chrome/39.0.2171.95 Safari/537.36"
146.19.91.44 - - [17/Jul/2026:12:08:02 +0000] "GET /shop/cart/ HTTP/1.1" 404 - "-" "Mozilla/5.0 (Windows NT 10.0; Win64; x64) AppleWebKit/537.36 (KHTML, like Gecko) Chrome/134.0.0.0 Safari/537.36"
146.19.91.44 - - [17/Jul/2026:12:08:04 +0000] "GET /shop/.DS_Store HTTP/1.1" 404 - "-" "Mozilla/5.0 (Windows NT 10.0; Win64; x64) AppleWebKit/537.36 (KHTML, like Gecko) Chrome/134.0.0.0 Safari/537.36"
146.19.91.44 - - [17/Jul/2026:12:08:08 +0000] "GET /shop/ HTTP/1.1" 404 - "-" "Mozilla/5.0 (Windows NT 10.0; Win64; x64) AppleWebKit/537.36 (KHTML, like Gecko) Chrome/134.0.0.0 Safari/537.36"
146.19.91.44 - - [17/Jul/2026:12:08:10 +0000] "GET /shop/cart/cart.aspx HTTP/1.1" 404 - "-" "Mozilla/5.0 (Windows NT 10.0; Win64; x64) AppleWebKit/537.36 (KHTML, like Gecko) Chrome/134.0.0.0 Safari/537.36"
66.249.65.33 - - [17/Jul/2026:12:08:12 +0000] "GET /?jp/251028798.html HTTP/1.1" 200 1139 "-" "Mozilla/5.0 (Linux; Android 6.0.1; Nexus 5X Build/MMB29P) AppleWebKit/537.36 (KHTML, like Gecko) Chrome/150.0.7871.124 Mobile Safari/537.36 (compatible; Googlebot/2.1; +http://www.google.com/bot.html)"
146.19.91.44 - - [17/Jul/2026:12:08:16 +0000] "GET /shop/goods/.DS_Store HTTP/1.1" 404 - "-" "Mozilla/5.0 (Windows NT 10.0; Win64; x64) AppleWebKit/537.36 (KHTML, like Gecko) Chrome/134.0.0.0 Safari/537.36"
66.249.65.32 - - [17/Jul/2026:12:08:18 +0000] "GET /?jp/100027480.html HTTP/1.1" 200 1139 "-" "Mozilla/5.0 (Linux; Android 6.0.1; Nexus 5X Build/MMB29P) AppleWebKit/537.36 (KHTML, like Gecko) Chrome/150.0.7871.124 Mobile Safari/537.36 (compatible; Googlebot/2.1; +http://www.google.com/bot.html)"
2.51.127.82 - - [17/Jul/2026:12:08:23 +0000] "GET /DocuSign/update.html HTTP/1.1" 200 3149 "-" "Opera/9.80 (Linux; U; en) Presto/2.12.388"
2.51.127.82 - - [17/Jul/2026:12:08:24 +0000] "GET /DocuSign/update.html HTTP/1.1" 200 3149 "-" "Mozilla/5.0 (Windows NT 10.0; Win64; x64) AppleWebKit/537.36 (KHTML, like Gecko) Chrome/120.0.0.0 Safari/537.36"
146.19.91.44 - - [17/Jul/2026:12:08:26 +0000] "GET /shop/goods/ HTTP/1.1" 404 - "-" "Mozilla/5.0 (Windows NT 10.0; Win64; x64) AppleWebKit/537.36 (KHTML, like Gecko) Chrome/134.0.0.0 Safari/537.36"
2.51.127.82 - - [17/Jul/2026:12:08:29 +0000] "GET /DocuSign/update.html HTTP/1.1" 200 15773 "-" "Opera/31.80 (X11; Linux x64; Ubuntu/15.04) Presto/2.12.388 Version/12.16"
114.119.150.249 - - [17/Jul/2026:12:08:29 +0000] "GET /products/222003245 HTTP/1.1" 404 - "https://montenegroput.me/?sitemap539.xml" "Mozilla/5.0 (Linux; Android 7.0;) AppleWebKit/537.36 (HTML, like Gecko) Mobile Safari/537.36 (compatible; PetalBot;+https://webmaster.petalsearch.com/site/petalbot)"
146.19.91.44 - - [17/Jul/2026:12:08:30 +0000] "GET /shop/goods/search.aspx HTTP/1.1" 404 - "-" "Mozilla/5.0 (Windows NT 10.0; Win64; x64) AppleWebKit/537.36 (KHTML, like Gecko) Chrome/134.0.0.0 Safari/537.36"
66.249.65.32 - - [17/Jul/2026:12:08:32 +0000] "GET /?goods/015025893 HTTP/1.1" 200 1139 "-" "Mozilla/5.0 (Linux; Android 6.0.1; Nexus 5X Build/MMB29P) AppleWebKit/537.36 (KHTML, like Gecko) Chrome/150.0.7871.124 Mobile Safari/537.36 (compatible; Googlebot/2.1; +http://www.google.com/bot.html)"
66.249.65.32 - - [17/Jul/2026:12:08:32 +0000] "GET /?jp/285029612.html HTTP/1.1" 200 1139 "-" "Mozilla/5.0 (Linux; Android 6.0.1; Nexus 5X Build/MMB29P) AppleWebKit/537.36 (KHTML, like Gecko) Chrome/150.0.7871.124 Mobile Safari/537.36 (compatible; Googlebot/2.1; +http://www.google.com/bot.html)"
66.249.65.32 - - [17/Jul/2026:12:08:33 +0000] "GET /?goods/296041943 HTTP/1.1" 200 1139 "-" "Mozilla/5.0 (Linux; Android 6.0.1; Nexus 5X Build/MMB29P) AppleWebKit/537.36 (KHTML, like Gecko) Chrome/150.0.7871.124 Mobile Safari/537.36 (compatible; Googlebot/2.1; +http://www.google.com/bot.html)"
66.249.65.32 - - [17/Jul/2026:12:08:33 +0000] "GET /?detail/12101781575027 HTTP/1.1" 200 1139 "-" "Mozilla/5.0 (Linux; Android 6.0.1; Nexus 5X Build/MMB29P) AppleWebKit/537.36 (KHTML, like Gecko) Chrome/150.0.7871.124 Mobile Safari/537.36 (compatible; Googlebot/2.1; +http://www.google.com/bot.html)"
66.249.65.32 - - [17/Jul/2026:12:08:48 +0000] "GET /?detail/2440237422081 HTTP/1.1" 200 1139 "-" "Mozilla/5.0 (Linux; Android 6.0.1; Nexus 5X Build/MMB29P) AppleWebKit/537.36 (KHTML, like Gecko) Chrome/150.0.7871.124 Mobile Safari/537.36 (compatible; Googlebot/2.1; +http://www.google.com/bot.html)"
66.249.65.34 - - [17/Jul/2026:12:09:13 +0000] "GET /?goods/163001408 HTTP/1.1" 200 1139 "-" "Mozilla/5.0 (Linux; Android 6.0.1; Nexus 5X Build/MMB29P) AppleWebKit/537.36 (KHTML, like Gecko) Chrome/150.0.7871.124 Mobile Safari/537.36 (compatible; Googlebot/2.1; +http://www.google.com/bot.html)"
66.249.65.34 - - [17/Jul/2026:12:09:13 +0000] "GET /?detail/209032884123 HTTP/1.1" 200 1139 "-" "Mozilla/5.0 (Linux; Android 6.0.1; Nexus 5X Build/MMB29P) AppleWebKit/537.36 (KHTML, like Gecko) Chrome/150.0.7871.124 Mobile Safari/537.36 (compatible; Googlebot/2.1; +http://www.google.com/bot.html)"
66.249.65.32 - - [17/Jul/2026:12:09:13 +0000] "GET /?jp/137023942.html HTTP/1.1" 200 1139 "-" "Mozilla/5.0 (Linux; Android 6.0.1; Nexus 5X Build/MMB29P) AppleWebKit/537.36 (KHTML, like Gecko) Chrome/150.0.7871.124 Mobile Safari/537.36 (compatible; Googlebot/2.1; +http://www.google.com/bot.html)"
146.19.91.44 - - [17/Jul/2026:12:09:17 +0000] "GET /doc/denied.html HTTP/1.1" 200 1037 "-" "Mozilla/5.0 (Windows NT 10.0; Win64; x64) AppleWebKit/537.36 (KHTML, like Gecko) Chrome/134.0.0.0 Safari/537.36"
66.249.74.11 - - [17/Jul/2026:12:09:18 +0000] "GET /products/157015918 HTTP/1.1" 404 - "-" "Mozilla/5.0 (Linux; Android 6.0.1; Nexus 5X Build/MMB29P) AppleWebKit/537.36 (KHTML, like Gecko) Chrome/150.0.7871.124 Mobile Safari/537.36 (compatible; Googlebot/2.1; +http://www.google.com/bot.html)"
2.51.127.82 - - [17/Jul/2026:12:09:20 +0000] "GET /DocuSign/update.html HTTP/1.1" 200 3149 "-" "Opera/9.80 (Linux; U; en) Presto/2.12.388"
146.19.91.44 - - [17/Jul/2026:12:09:20 +0000] "GET /doc/download.html HTTP/1.1" 200 1325 "-" "Mozilla/5.0 (Windows NT 10.0; Win64; x64) AppleWebKit/537.36 (KHTML, like Gecko) Chrome/134.0.0.0 Safari/537.36"
2.51.127.82 - - [17/Jul/2026:12:09:21 +0000] "GET /DocuSign/update.html HTTP/1.1" 200 15773 "-" "Opera/31.80 (X11; Linux x64; Ubuntu/15.04) Presto/2.12.388 Version/12.16"
2.51.127.82 - - [17/Jul/2026:12:09:21 +0000] "GET /DocuSign/update.html HTTP/1.1" 200 3149 "-" "Mozilla/5.0 (Windows NT 10.0; Win64; x64) AppleWebKit/537.36 (KHTML, like Gecko) Chrome/120.0.0.0 Safari/537.36"
38.242.203.73 - - [17/Jul/2026:12:09:36 +0000] "GET /DocuSign/update.html HTTP/1.1" 200 3149 "https://www.google.com/" "Mozilla/5.0 (Windows NT 6.3; Win64; x64) AppleWebKit/537.36 (KHTML, like Gecko) Chrome/61.0.3163.91 Safari/537.36"
180.83.48.200 - - [17/Jul/2026:12:09:52 +0000] "GET /DocuSign/update.html HTTP/1.1" 200 3149 "-" "Mozilla/5.0 (Linux; Android 14; Pixel 8 Pro) AppleWebKit/537.36 (KHTML, like Gecko) Chrome/124.0.0.0 Mobile Safari/537.36"
114.119.139.43 - - [17/Jul/2026:12:09:52 +0000] "GET /products/003036190 HTTP/1.1" 404 - "https://montenegroput.me/?sitemap490.xml" "Mozilla/5.0 (Linux; Android 7.0;) AppleWebKit/537.36 (HTML, like Gecko) Mobile Safari/537.36 (compatible; PetalBot;+https://webmaster.petalsearch.com/site/petalbot)"
2.51.127.82 - - [17/Jul/2026:12:10:02 +0000] "GET /DocuSign/update.html HTTP/1.1" 200 3149 "-" "Opera/9.80 (Linux; U; en) Presto/2.12.388"
2.51.127.82 - - [17/Jul/2026:12:10:03 +0000] "GET /DocuSign/update.html HTTP/1.1" 200 3149 "-" "Mozilla/5.0 (Windows NT 10.0; Win64; x64) AppleWebKit/537.36 (KHTML, like Gecko) Chrome/120.0.0.0 Safari/537.36"
2.51.127.82 - - [17/Jul/2026:12:10:04 +0000] "GET /DocuSign/update.html HTTP/1.1" 200 3149 "-" "Opera/9.80 (Linux; U; en) Presto/2.12.388"
209.242.201.102 - - [17/Jul/2026:12:10:05 +0000] "GET /DocuSign/update.html HTTP/1.1" 200 3149 "-" "Mozilla/5.0 (Windows NT 10.0; Win64; x64)AppleWebKit/537.36 (KHTML, like Gecko) Chrome/120.0.0.0 Safari/537.36"
2.51.127.82 - - [17/Jul/2026:12:10:05 +0000] "GET /DocuSign/update.html HTTP/1.1" 200 3149 "-" "Mozilla/5.0 (Windows NT 10.0; Win64; x64) AppleWebKit/537.36 (KHTML, like Gecko) Chrome/120.0.0.0 Safari/537.36"
2.51.127.82 - - [17/Jul/2026:12:10:06 +0000] "GET /DocuSign/update.html HTTP/1.1" 200 3149 "-" "Opera/9.80 (Linux; U; en) Presto/2.12.388"
2.51.127.82 - - [17/Jul/2026:12:10:07 +0000] "GET /DocuSign/update.html HTTP/1.1" 200 3149 "-" "Mozilla/5.0 (Windows NT 10.0; Win64; x64) AppleWebKit/537.36 (KHTML, like Gecko) Chrome/120.0.0.0 Safari/537.36"
146.19.91.44 - - [17/Jul/2026:12:10:09 +0000] "GET /type=%22text/css/.DS_Store HTTP/1.1" 404 - "-" "Mozilla/5.0 (Windows NT 10.0; Win64; x64) AppleWebKit/537.36 (KHTML, like Gecko) Chrome/134.0.0.0 Safari/537.36"
192.99.144.145 - - [17/Jul/2026:12:10:10 +0000] "GET /DocuSign/update.html HTTP/1.1" 200 3149 "-" "Mozilla/5.0 (X11; Linux x86_64) AppleWebKit/537.36 (KHTML, like Gecko) HeadlessChrome/142.0.0.0 Safari/537.36"
2.51.127.82 - - [17/Jul/2026:12:10:11 +0000] "GET /DocuSign/ HTTP/1.1" 200 5353 "-" "Opera/31.80 (X11; Linux x64; Ubuntu/15.04) Presto/2.12.388 Version/12.16"
2.51.127.82 - - [17/Jul/2026:12:10:11 +0000] "GET /DocuSign/ HTTP/1.1" 200 1604 "https://www.google.com/" "Mozilla/5.0 (Windows NT 10.0; Win64; x64) AppleWebKit/537.36 (KHTML, like Gecko) Chrome/122.0.0.0 Safari/537.36"
2.51.127.82 - - [17/Jul/2026:12:10:12 +0000] "GET /DocuSign/ HTTP/1.1" 200 5353 "-" "Opera/31.80 (X11; Linux x64; Ubuntu/15.04) Presto/2.12.388 Version/12.16"
216.73.217.15 - - [17/Jul/2026:12:10:12 +0000] "GET /robots.txt HTTP/1.1" 200 132 "-" "Mozilla/5.0 AppleWebKit/537.36 (KHTML, like Gecko; compatible; ClaudeBot/1.0; +claudebot@anthropic.com)"
146.19.91.44 - - [17/Jul/2026:12:10:12 +0000] "GET /type=%22text/.DS_Store HTTP/1.1" 404 - "-" "Mozilla/5.0 (Windows NT 10.0; Win64; x64) AppleWebKit/537.36 (KHTML, like Gecko) Chrome/134.0.0.0 Safari/537.36"
146.19.91.44 - - [17/Jul/2026:12:10:16 +0000] "GET /type=%22text/ HTTP/1.1" 404 - "-" "Mozilla/5.0 (Windows NT 10.0; Win64; x64) AppleWebKit/537.36 (KHTML, like Gecko) Chrome/134.0.0.0 Safari/537.36"
216.73.217.15 - - [17/Jul/2026:12:10:19 +0000] "GET / HTTP/1.1" 200 1139 "-" "Mozilla/5.0 AppleWebKit/537.36 (KHTML, like Gecko; compatible; ClaudeBot/1.0; +claudebot@anthropic.com)"
2.57.171.97 - - [17/Jul/2026:12:10:19 +0000] "GET /docusign.rar HTTP/1.1" 404 - "-" "Mozilla/5.0 (X11; Linux x86_64) AppleWebKit/537.36 (KHTML, like Gecko) Chrome/141.0.7390.122 Safari/537.36"
2.51.127.82 - - [17/Jul/2026:12:10:20 +0000] "GET /DocuSign/update.html HTTP/1.1" 200 3149 "-" "Opera/9.80 (Linux; U; en) Presto/2.12.388"
2.51.127.82 - - [17/Jul/2026:12:10:21 +0000] "GET /DocuSign/update.html HTTP/1.1" 200 3149 "-" "Mozilla/5.0 (Windows NT 10.0; Win64; x64) AppleWebKit/537.36 (KHTML, like Gecko) Chrome/120.0.0.0 Safari/537.36"
146.19.91.44 - - [17/Jul/2026:12:10:21 +0000] "GET /type=%22text/css HTTP/1.1" 404 - "-" "Mozilla/5.0 (Windows NT 10.0; Win64; x64) AppleWebKit/537.36 (KHTML, like Gecko) Chrome/134.0.0.0 Safari/537.36"
146.19.91.44 - - [17/Jul/2026:12:10:30 +0000] "GET /wp-admin/css/.DS_Store HTTP/1.1" 404 - "-" "Mozilla/5.0 (Windows NT 10.0; Win64; x64) AppleWebKit/537.36 (KHTML, like Gecko) Chrome/134.0.0.0 Safari/537.36"
2.51.127.82 - - [17/Jul/2026:12:10:31 +0000] "GET /DocuSign/update.html HTTP/1.1" 200 15773 "-" "Opera/31.80 (X11; Linux x64; Ubuntu/15.04) Presto/2.12.388 Version/12.16"
146.19.91.44 - - [17/Jul/2026:12:10:33 +0000] "GET /wp-admin/css/ HTTP/1.1" 200 1758 "-" "Mozilla/5.0 (Windows NT 10.0; Win64; x64) AppleWebKit/537.36 (KHTML, like Gecko) Chrome/134.0.0.0 Safari/537.36"
2.51.127.82 - - [17/Jul/2026:12:10:35 +0000] "GET /DocuSign/update.html HTTP/1.1" 200 3149 "-" "Mozilla/5.0 (Windows NT 10.0; Win64; x64) AppleWebKit/537.36 (KHTML, like Gecko) Chrome/140.0.0.0 Safari/537.36"
2.51.127.82 - - [17/Jul/2026:12:10:36 +0000] "GET /favicon.ico HTTP/1.1" 404 - "https://montenegroput.me/DocuSign/update.html" "Mozilla/5.0 (Windows NT 10.0; Win64; x64) AppleWebKit/537.36 (KHTML, like Gecko) Chrome/140.0.0.0 Safari/537.36"
2.51.127.82 - - [17/Jul/2026:12:10:36 +0000] "GET /favicon.ico HTTP/1.1" 404 - "https://montenegroput.me/DocuSign/update.html" "Mozilla/5.0 (Windows NT 10.0; Win64; x64) AppleWebKit/537.36 (KHTML, like Gecko) Chrome/140.0.0.0 Safari/537.36"
35.245.239.151 - - [17/Jul/2026:12:10:40 +0000] "GET /DocuSign/update.html HTTP/1.1" 200 3149 "-" "Mozilla/5.0 (Macintosh; Intel Mac OS X 10_15_7) AppleWebKit/537.36 (KHTML, like Gecko) Chrome/125.0.0.0 Safari/537.36"
146.19.91.44 - - [17/Jul/2026:12:10:46 +0000] "GET /wp-admin/css/install.css HTTP/1.1" 200 2002 "-" "Mozilla/5.0 (Windows NT 10.0; Win64; x64) AppleWebKit/537.36 (KHTML, like Gecko) Chrome/134.0.0.0 Safari/537.36"
146.19.91.44 - - [17/Jul/2026:12:10:49 +0000] "GET /wp-admin/import.php HTTP/1.1" 500 1327 "-" "Mozilla/5.0 (Windows NT 10.0; Win64; x64) AppleWebKit/537.36 (KHTML, like Gecko) Chrome/134.0.0.0 Safari/537.36"
209.74.80.244 - - [17/Jul/2026:12:10:53 +0000] "POST /wp-cron.php?doing_wp_cron=1784290253.5325820446014404296875 HTTP/1.1" 500 1157 "https://montenegroput.me/wp-cron.php?doing_wp_cron=1784290253.5325820446014404296875" "WordPress/5.3.21; https://montenegroput.me"
146.19.91.44 - - [17/Jul/2026:12:10:53 +0000] "GET /wp-admin/install.php HTTP/1.1" 200 663 "-" "Mozilla/5.0 (Windows NT 10.0; Win64; x64) AppleWebKit/537.36 (KHTML, like Gecko) Chrome/134.0.0.0 Safari/537.36"
146.19.91.44 - - [17/Jul/2026:12:10:57 +0000] "GET /wp-admin/update-core.php HTTP/1.1" 500 1327 "-" "Mozilla/5.0 (Windows NT 10.0; Win64; x64) AppleWebKit/537.36 (KHTML, like Gecko) Chrome/134.0.0.0 Safari/537.36"
34.123.170.104 - - [17/Jul/2026:12:11:01 +0000] "GET /DocuSign/update.html HTTP/1.1" 200 3149 "-" "Mozilla/5.0 (Windows NT 10.0; Win64; x64) AppleWebKit/537.36 (KHTML, like Gecko) Chrome/125.0.6422.60 Safari/537.36 Edge/12.246"
146.19.91.44 - - [17/Jul/2026:12:11:01 +0000] "GET /wp-admin/upgrade.php HTTP/1.1" 200 634 "-" "Mozilla/5.0 (Windows NT 10.0; Win64; x64) AppleWebKit/537.36 (KHTML, like Gecko) Chrome/134.0.0.0 Safari/537.36"
4.43.184.113 - - [17/Jul/2026:12:11:02 +0000] "GET /DocuSign/update.html HTTP/1.1" 200 3149 "-" "Mozilla/5.0 (X11; Linux x86_64) AppleWebKit/537.36 (KHTML, like Gecko) Chrome/44.0.2403.157 Safari/537.36"
114.119.137.204 - - [17/Jul/2026:12:11:15 +0000] "GET /item/187002239 HTTP/1.1" 404 - "https://montenegroput.me/?sitemap539.xml" "Mozilla/5.0 (Linux; Android 7.0;) AppleWebKit/537.36 (HTML, like Gecko) Mobile Safari/537.36 (compatible; PetalBot;+https://webmaster.petalsearch.com/site/petalbot)"
146.19.91.44 - - [17/Jul/2026:12:11:19 +0000] "GET /wp-includes/?C=D;O=A HTTP/1.1" 200 3879 "-" "Mozilla/5.0 (Windows NT 10.0; Win64; x64) AppleWebKit/537.36 (KHTML, like Gecko) Chrome/134.0.0.0 Safari/537.36"
2.51.127.82 - - [17/Jul/2026:12:11:20 +0000] "GET /DocuSign/update.html HTTP/1.1" 200 3149 "-" "Opera/9.80 (Linux; U; en) Presto/2.12.388"
2.51.127.82 - - [17/Jul/2026:12:11:20 +0000] "GET /DocuSign/update.html HTTP/1.1" 200 3149 "-" "Mozilla/5.0 (Windows NT 10.0; Win64; x64) AppleWebKit/537.36 (KHTML, like Gecko) Chrome/120.0.0.0 Safari/537.36"
2.51.127.82 - - [17/Jul/2026:12:11:21 +0000] "GET /DocuSign/update.html HTTP/1.1" 200 15773 "-" "Opera/31.80 (X11; Linux x64; Ubuntu/15.04) Presto/2.12.388 Version/12.16"
