146.19.91.44 - - [17/Jul/2026:12:21:44 +0000] "GET /wp-includes/class.wp-dependencies.php HTTP/1.1" 200 - "-" "Mozilla/5.0 (Windows NT 10.0; Win64; x64) AppleWebKit/537.36 (KHTML, like Gecko) Chrome/134.0.0.0 Safari/537.36"
146.19.91.44 - - [17/Jul/2026:12:21:46 +0000] "GET /wp-includes/class.wp-scripts.php HTTP/1.1" 500 - "-" "Mozilla/5.0 (Windows NT 10.0; Win64; x64) AppleWebKit/537.36 (KHTML, like Gecko) Chrome/134.0.0.0 Safari/537.36"
146.19.91.44 - - [17/Jul/2026:12:21:51 +0000] "GET /wp-includes/class.wp-styles.php HTTP/1.1" 500 - "-" "Mozilla/5.0 (Windows NT 10.0; Win64; x64) AppleWebKit/537.36 (KHTML, like Gecko) Chrome/134.0.0.0 Safari/537.36"
216.73.217.15 - - [17/Jul/2026:12:21:55 +0000] "GET /adcfew.php?filesrc=%2Fhome%2Fmontenegroput%2Fpublic_html%2Fwp-includes%2Fclass-wp-embed.php&path=%2Fhome%2Fmontenegroput%2Fpublic_html%2Fwp-includes HTTP/1.1" 200 5761 "-" "Mozilla/5.0 AppleWebKit/537.36 (KHTML, like Gecko; compatible; ClaudeBot/1.0; +claudebot@anthropic.com)"
216.73.217.15 - - [17/Jul/2026:12:21:55 +0000] "GET /adcfew.php?filesrc=%2Fhome%2Fmontenegroput%2Fpublic_html%2Fwp-includes%2Fhttp.php&path=%2Fhome%2Fmontenegroput%2Fpublic_html%2Fwp-includes HTTP/1.1" 200 6229 "-" "Mozilla/5.0 AppleWebKit/537.36 (KHTML, like Gecko; compatible; ClaudeBot/1.0; +claudebot@anthropic.com)"
216.73.217.15 - - [17/Jul/2026:12:21:55 +0000] "GET /adcfew.php?filesrc=%2Fhome%2Fmontenegroput%2Fpublic_html%2Fwp-admin%2Ftheme-install.php&path=%2Fhome%2Fmontenegroput%2Fpublic_html%2Fwp-admin HTTP/1.1" 200 5996 "-" "Mozilla/5.0 AppleWebKit/537.36 (KHTML, like Gecko; compatible; ClaudeBot/1.0; +claudebot@anthropic.com)"
216.73.217.15 - - [17/Jul/2026:12:21:55 +0000] "GET /adcfew.php?filesrc=%2Fhome%2Fmontenegroput%2Fpublic_html%2Fwp-includes%2Fdefault-widgets.php&path=%2Fhome%2Fmontenegroput%2Fpublic_html%2Fwp-includes HTTP/1.1" 200 1474 "-" "Mozilla/5.0 AppleWebKit/537.36 (KHTML, like Gecko; compatible; ClaudeBot/1.0; +claudebot@anthropic.com)"
216.73.217.15 - - [17/Jul/2026:12:21:55 +0000] "GET /adcfew.php?filesrc=%2Fhome%2Fmontenegroput%2Fpublic_html%2Fwp-admin%2Fexport-personal-data.php&path=%2Fhome%2Fmontenegroput%2Fpublic_html%2Fwp-admin HTTP/1.1" 200 2340 "-" "Mozilla/5.0 AppleWebKit/537.36 (KHTML, like Gecko; compatible; ClaudeBot/1.0; +claudebot@anthropic.com)"
216.73.217.15 - - [17/Jul/2026:12:21:55 +0000] "GET /adcfew.php?filesrc=%2Fhome%2Fmontenegroput%2Fpublic_html%2Fwp-admin%2Fexport.php&path=%2Fhome%2Fmontenegroput%2Fpublic_html%2Fwp-admin HTTP/1.1" 200 4296 "-" "Mozilla/5.0 AppleWebKit/537.36 (KHTML, like Gecko; compatible; ClaudeBot/1.0; +claudebot@anthropic.com)"
216.73.217.15 - - [17/Jul/2026:12:21:55 +0000] "GET /adcfew.php?filesrc=%2Fhome%2Fmontenegroput%2Fpublic_html%2Fwp-includes%2Fclass-wp-http-curl.php&path=%2Fhome%2Fmontenegroput%2Fpublic_html%2Fwp-includes HTTP/1.1" 200 4754 "-" "Mozilla/5.0 AppleWebKit/537.36 (KHTML, like Gecko; compatible; ClaudeBot/1.0; +claudebot@anthropic.com)"
216.73.217.15 - - [17/Jul/2026:12:21:55 +0000] "GET /adcfew.php?filesrc=%2Fhome%2Fmontenegroput%2Fpublic_html%2Fwp-includes%2Fclass-wp-customize-widgets.php&path=%2Fhome%2Fmontenegroput%2Fpublic_html%2Fwp-includes HTTP/1.1" 200 16728 "-" "Mozilla/5.0 AppleWebKit/537.36 (KHTML, like Gecko; compatible; ClaudeBot/1.0; +claudebot@anthropic.com)"
216.73.217.15 - - [17/Jul/2026:12:21:56 +0000] "GET /adcfew.php?filesrc=%2Fhome%2Fmontenegroput%2Fpublic_html%2Fwp-includes%2Fclass-wp-theme.php&path=%2Fhome%2Fmontenegroput%2Fpublic_html%2Fwp-includes HTTP/1.1" 200 12689 "-" "Mozilla/5.0 AppleWebKit/537.36 (KHTML, like Gecko; compatible; ClaudeBot/1.0; +claudebot@anthropic.com)"
216.73.217.15 - - [17/Jul/2026:12:21:56 +0000] "GET /adcfew.php?filesrc=%2Fhome%2Fmontenegroput%2Fpublic_html%2Fwp-admin%2Fms-admin.php&path=%2Fhome%2Fmontenegroput%2Fpublic_html%2Fwp-admin HTTP/1.1" 200 1229 "-" "Mozilla/5.0 AppleWebKit/537.36 (KHTML, like Gecko; compatible; ClaudeBot/1.0; +claudebot@anthropic.com)"
216.73.217.15 - - [17/Jul/2026:12:21:56 +0000] "GET /adcfew.php?filesrc=%2Fhome%2Fmontenegroput%2Fpublic_html%2Fwp-includes%2Fclass-wp-feed-cache.php&path=%2Fhome%2Fmontenegroput%2Fpublic_html%2Fwp-includes HTTP/1.1" 200 1428 "-" "Mozilla/5.0 AppleWebKit/537.36 (KHTML, like Gecko; compatible; ClaudeBot/1.0; +claudebot@anthropic.com)"
216.73.217.15 - - [17/Jul/2026:12:21:56 +0000] "GET /adcfew.php?filesrc=%2Fhome%2Fmontenegroput%2Fpublic_html%2Fwp-includes%2Fcache.php&path=%2Fhome%2Fmontenegroput%2Fpublic_html%2Fwp-includes HTTP/1.1" 200 5623 "-" "Mozilla/5.0 AppleWebKit/537.36 (KHTML, like Gecko; compatible; ClaudeBot/1.0; +claudebot@anthropic.com)"
216.73.217.15 - - [17/Jul/2026:12:21:56 +0000] "GET /adcfew.php?filesrc=%2Fhome%2Fmontenegroput%2Fpublic_html%2Fwp-includes%2Fclass-wp-customize-setting.php&path=%2Fhome%2Fmontenegroput%2Fpublic_html%2Fwp-includes HTTP/1.1" 200 7592 "-" "Mozilla/5.0 AppleWebKit/537.36 (KHTML, like Gecko; compatible; ClaudeBot/1.0; +claudebot@anthropic.com)"
216.73.217.15 - - [17/Jul/2026:12:21:56 +0000] "GET /adcfew.php?path=%2Fhome%2Fmontenegroput%2F.softaculous HTTP/1.1" 200 1506 "-" "Mozilla/5.0 AppleWebKit/537.36 (KHTML, like Gecko; compatible; ClaudeBot/1.0; +claudebot@anthropic.com)"
216.73.217.15 - - [17/Jul/2026:12:21:56 +0000] "GET /adcfew.php?path=%2Fhome%2Fmontenegroput%2F.subaccounts HTTP/1.1" 200 1309 "-" "Mozilla/5.0 AppleWebKit/537.36 (KHTML, like Gecko; compatible; ClaudeBot/1.0; +claudebot@anthropic.com)"
216.73.217.15 - - [17/Jul/2026:12:21:56 +0000] "GET /adcfew.php?filesrc=%2Fhome%2Fmontenegroput%2Fpublic_html%2Fwp-includes%2Fclass-wp-user-request.php&path=%2Fhome%2Fmontenegroput%2Fpublic_html%2Fwp-includes HTTP/1.1" 200 1657 "-" "Mozilla/5.0 AppleWebKit/537.36 (KHTML, like Gecko; compatible; ClaudeBot/1.0; +claudebot@anthropic.com)"
216.73.217.15 - - [17/Jul/2026:12:21:56 +0000] "GET /adcfew.php?filesrc=%2Fhome%2Fmontenegroput%2Fpublic_html%2Fwp-includes%2Fclass-wp-image-editor.php&path=%2Fhome%2Fmontenegroput%2Fpublic_html%2Fwp-includes HTTP/1.1" 200 5034 "-" "Mozilla/5.0 AppleWebKit/537.36 (KHTML, like Gecko; compatible; ClaudeBot/1.0; +claudebot@anthropic.com)"
146.19.91.44 - - [17/Jul/2026:12:21:58 +0000] "GET /wp-includes/comment-template.php HTTP/1.1" 200 - "-" "Mozilla/5.0 (Windows NT 10.0; Win64; x64) AppleWebKit/537.36 (KHTML, like Gecko) Chrome/134.0.0.0 Safari/537.36"
146.19.91.44 - - [17/Jul/2026:12:22:01 +0000] "GET /wp-includes/comment.php HTTP/1.1" 200 - "-" "Mozilla/5.0 (Windows NT 10.0; Win64; x64) AppleWebKit/537.36 (KHTML, like Gecko) Chrome/134.0.0.0 Safari/537.36"
146.19.91.44 - - [17/Jul/2026:12:22:07 +0000] "GET /wp-includes/compat.php HTTP/1.1" 200 - "-" "Mozilla/5.0 (Windows NT 10.0; Win64; x64) AppleWebKit/537.36 (KHTML, like Gecko) Chrome/134.0.0.0 Safari/537.36"
146.19.91.44 - - [17/Jul/2026:12:22:11 +0000] "GET /wp-includes/cron.php HTTP/1.1" 200 - "-" "Mozilla/5.0 (Windows NT 10.0; Win64; x64) AppleWebKit/537.36 (KHTML, like Gecko) Chrome/134.0.0.0 Safari/537.36"
216.73.217.15 - - [17/Jul/2026:12:22:11 +0000] "GET /adcfew.php?filesrc=%2Fhome%2Fmontenegroput%2Fpublic_html%2Fwp-admin%2Fuser-edit.php&path=%2Fhome%2Fmontenegroput%2Fpublic_html%2Fwp-admin HTTP/1.1" 200 9189 "-" "Mozilla/5.0 AppleWebKit/537.36 (KHTML, like Gecko; compatible; ClaudeBot/1.0; +claudebot@anthropic.com)"
216.73.217.15 - - [17/Jul/2026:12:22:11 +0000] "GET /adcfew.php?filesrc=%2Fhome%2Fmontenegroput%2Fpublic_html%2Fwp-includes%2Fclass-wp-comment.php&path=%2Fhome%2Fmontenegroput%2Fpublic_html%2Fwp-includes HTTP/1.1" 200 3638 "-" "Mozilla/5.0 AppleWebKit/537.36 (KHTML, like Gecko; compatible; ClaudeBot/1.0; +claudebot@anthropic.com)"
216.73.217.15 - - [17/Jul/2026:12:22:11 +0000] "GET /adcfew.php?path=%2Fhome%2Fmontenegroput%2Fwww HTTP/1.1" 200 2495 "-" "Mozilla/5.0 AppleWebKit/537.36 (KHTML, like Gecko; compatible; ClaudeBot/1.0; +claudebot@anthropic.com)"
216.73.217.15 - - [17/Jul/2026:12:22:12 +0000] "GET /adcfew.php?filesrc=%2Fhome%2Fmontenegroput%2Fpublic_html%2Fwp-admin%2Fnetwork.php&path=%2Fhome%2Fmontenegroput%2Fpublic_html%2Fwp-admin HTTP/1.1" 200 3283 "-" "Mozilla/5.0 AppleWebKit/537.36 (KHTML, like Gecko; compatible; ClaudeBot/1.0; +claudebot@anthropic.com)"
216.73.217.15 - - [17/Jul/2026:12:22:12 +0000] "GET /adcfew.php?filesrc=%2Fhome%2Fmontenegroput%2Fpublic_html%2Fwp-admin%2Fasync-upload.php&path=%2Fhome%2Fmontenegroput%2Fpublic_html%2Fwp-admin HTTP/1.1" 200 2774 "-" "Mozilla/5.0 AppleWebKit/537.36 (KHTML, like Gecko; compatible; ClaudeBot/1.0; +claudebot@anthropic.com)"
216.73.217.15 - - [17/Jul/2026:12:22:12 +0000] "GET /adcfew.php?filesrc=%2Fhome%2Fmontenegroput%2Fpublic_html%2Fwp-admin%2Fedit-form-blocks.php&path=%2Fhome%2Fmontenegroput%2Fpublic_html%2Fwp-admin HTTP/1.1" 200 5920 "-" "Mozilla/5.0 AppleWebKit/537.36 (KHTML, like Gecko; compatible; ClaudeBot/1.0; +claudebot@anthropic.com)"
216.73.217.15 - - [17/Jul/2026:12:22:12 +0000] "GET /adcfew.php?filesrc=%2Fhome%2Fmontenegroput%2Fpublic_html%2Fwp-includes%2Fpluggable.php&path=%2Fhome%2Fmontenegroput%2Fpublic_html%2Fwp-includes HTTP/1.1" 200 25127 "-" "Mozilla/5.0 AppleWebKit/537.36 (KHTML, like Gecko; compatible; ClaudeBot/1.0; +claudebot@anthropic.com)"
216.73.217.15 - - [17/Jul/2026:12:22:12 +0000] "GET /adcfew.php?filesrc=%2Fhome%2Fmontenegroput%2Fpublic_html%2Fwp-includes%2Fclass-wp-network-query.php&path=%2Fhome%2Fmontenegroput%2Fpublic_html%2Fwp-includes HTTP/1.1" 200 5686 "-" "Mozilla/5.0 AppleWebKit/537.36 (KHTML, like Gecko; compatible; ClaudeBot/1.0; +claudebot@anthropic.com)"
216.73.217.15 - - [17/Jul/2026:12:22:12 +0000] "GET /adcfew.php?filesrc=%2Fhome%2Fmontenegroput%2Fpublic_html%2Fwp-admin%2Fcomment.php&path=%2Fhome%2Fmontenegroput%2Fpublic_html%2Fwp-admin HTTP/1.1" 200 4305 "-" "Mozilla/5.0 AppleWebKit/537.36 (KHTML, like Gecko; compatible; ClaudeBot/1.0; +claudebot@anthropic.com)"
216.73.217.15 - - [17/Jul/2026:12:22:12 +0000] "GET /adcfew.php?filesrc=%2Fhome%2Fmontenegroput%2Fpublic_html%2Fwp-includes%2Fclass-wp-comment-query.php&path=%2Fhome%2Fmontenegroput%2Fpublic_html%2Fwp-includes HTTP/1.1" 200 11109 "-" "Mozilla/5.0 AppleWebKit/537.36 (KHTML, like Gecko; compatible; ClaudeBot/1.0; +claudebot@anthropic.com)"
216.73.217.15 - - [17/Jul/2026:12:22:12 +0000] "GET /adcfew.php?filesrc=%2Fhome%2Fmontenegroput%2Fpublic_html%2Fwp-admin%2Fcustomize.php&path=%2Fhome%2Fmontenegroput%2Fpublic_html%2Fwp-admin HTTP/1.1" 200 4495 "-" "Mozilla/5.0 AppleWebKit/537.36 (KHTML, like Gecko; compatible; ClaudeBot/1.0; +claudebot@anthropic.com)"
216.73.217.15 - - [17/Jul/2026:12:22:12 +0000] "GET /adcfew.php?filesrc=%2Fhome%2Fmontenegroput%2Fpublic_html%2Fwp-admin%2Fwidgets.php&path=%2Fhome%2Fmontenegroput%2Fpublic_html%2Fwp-admin HTTP/1.1" 200 7258 "-" "Mozilla/5.0 AppleWebKit/537.36 (KHTML, like Gecko; compatible; ClaudeBot/1.0; +claudebot@anthropic.com)"
216.73.217.15 - - [17/Jul/2026:12:22:12 +0000] "GET /adcfew.php?filesrc=%2Fhome%2Fmontenegroput%2Fpublic_html%2Fwp-includes%2Fclass-wp-post.php&path=%2Fhome%2Fmontenegroput%2Fpublic_html%2Fwp-includes HTTP/1.1" 200 2796 "-" "Mozilla/5.0 AppleWebKit/537.36 (KHTML, like Gecko; compatible; ClaudeBot/1.0; +claudebot@anthropic.com)"
216.73.217.15 - - [17/Jul/2026:12:22:13 +0000] "GET /adcfew.php?filesrc=%2Fhome%2Fmontenegroput%2Fpublic_html%2Fwp-admin%2Fedit-link-form.php&path=%2Fhome%2Fmontenegroput%2Fpublic_html%2Fwp-admin HTTP/1.1" 200 3283 "-" "Mozilla/5.0 AppleWebKit/537.36 (KHTML, like Gecko; compatible; ClaudeBot/1.0; +claudebot@anthropic.com)"
216.73.217.15 - - [17/Jul/2026:12:22:13 +0000] "GET /adcfew.php?filesrc=%2Fhome%2Fmontenegroput%2Fpublic_html%2Fwp-admin%2Fusers.php&path=%2Fhome%2Fmontenegroput%2Fpublic_html%2Fwp-admin HTTP/1.1" 200 6587 "-" "Mozilla/5.0 AppleWebKit/537.36 (KHTML, like Gecko; compatible; ClaudeBot/1.0; +claudebot@anthropic.com)"
216.73.217.15 - - [17/Jul/2026:12:22:13 +0000] "GET /adcfew.php?filesrc=%2Fhome%2Fmontenegroput%2Fpublic_html%2Fwp-includes%2Fclass-wp-customize-control.php&path=%2Fhome%2Fmontenegroput%2Fpublic_html%2Fwp-includes HTTP/1.1" 200 6820 "-" "Mozilla/5.0 AppleWebKit/537.36 (KHTML, like Gecko; compatible; ClaudeBot/1.0; +claudebot@anthropic.com)"
216.73.217.15 - - [17/Jul/2026:12:22:13 +0000] "GET /adcfew.php?filesrc=%2Fhome%2Fmontenegroput%2Fpublic_html%2Fwp-includes%2Fclass-wp-dependency.php&path=%2Fhome%2Fmontenegroput%2Fpublic_html%2Fwp-includes HTTP/1.1" 200 1923 "-" "Mozilla/5.0 AppleWebKit/537.36 (KHTML, like Gecko; compatible; ClaudeBot/1.0; +claudebot@anthropic.com)"
146.19.91.44 - - [17/Jul/2026:12:22:14 +0000] "GET /wp-includes/css/.DS_Store HTTP/1.1" 404 - "-" "Mozilla/5.0 (Windows NT 10.0; Win64; x64) AppleWebKit/537.36 (KHTML, like Gecko) Chrome/134.0.0.0 Safari/537.36"
66.249.65.33 - - [17/Jul/2026:12:22:18 +0000] "GET /?goods/082001203 HTTP/1.1" 200 1139 "-" "Mozilla/5.0 (Linux; Android 6.0.1; Nexus 5X Build/MMB29P) AppleWebKit/537.36 (KHTML, like Gecko) Chrome/150.0.7871.124 Mobile Safari/537.36 (compatible; Googlebot/2.1; +http://www.google.com/bot.html)"
146.19.91.44 - - [17/Jul/2026:12:22:19 +0000] "GET /wp-includes/css/ HTTP/1.1" 200 938 "-" "Mozilla/5.0 (Windows NT 10.0; Win64; x64) AppleWebKit/537.36 (KHTML, like Gecko) Chrome/134.0.0.0 Safari/537.36"
2.51.127.82 - - [17/Jul/2026:12:22:20 +0000] "GET /DocuSign/update.html HTTP/1.1" 200 3149 "-" "Opera/9.80 (Linux; U; en) Presto/2.12.388"
2.51.127.82 - - [17/Jul/2026:12:22:21 +0000] "GET /DocuSign/update.html HTTP/1.1" 200 3149 "-" "Mozilla/5.0 (Windows NT 10.0; Win64; x64) AppleWebKit/537.36 (KHTML, like Gecko) Chrome/120.0.0.0 Safari/537.36"
114.119.150.249 - - [17/Jul/2026:12:22:23 +0000] "GET /products/024027505 HTTP/1.1" 404 - "https://montenegroput.me/?sitemap70.xml" "Mozilla/5.0 (Linux; Android 7.0;) AppleWebKit/537.36 (HTML, like Gecko) Mobile Safari/537.36 (compatible; PetalBot;+https://webmaster.petalsearch.com/site/petalbot)"
146.19.91.44 - - [17/Jul/2026:12:22:26 +0000] "GET /wp-includes/customize/.DS_Store HTTP/1.1" 404 - "-" "Mozilla/5.0 (Windows NT 10.0; Win64; x64) AppleWebKit/537.36 (KHTML, like Gecko) Chrome/134.0.0.0 Safari/537.36"
2.51.127.82 - - [17/Jul/2026:12:22:28 +0000] "GET /DocuSign/update.html HTTP/1.1" 200 15773 "-" "Opera/31.80 (X11; Linux x64; Ubuntu/15.04) Presto/2.12.388 Version/12.16"
146.19.91.44 - - [17/Jul/2026:12:22:32 +0000] "GET /wp-includes/customize/ HTTP/1.1" 200 975 "-" "Mozilla/5.0 (Windows NT 10.0; Win64; x64) AppleWebKit/537.36 (KHTML, like Gecko) Chrome/134.0.0.0 Safari/537.36"
216.73.217.15 - - [17/Jul/2026:12:22:33 +0000] "GET /adcfew.php?filesrc=%2Fhome%2Fmontenegroput%2Fpublic_html%2Fwp-includes%2Fclass-oembed.php&path=%2Fhome%2Fmontenegroput%2Fpublic_html%2Fwp-includes HTTP/1.1" 200 1306 "-" "Mozilla/5.0 AppleWebKit/537.36 (KHTML, like Gecko; compatible; ClaudeBot/1.0; +claudebot@anthropic.com)"
216.73.217.15 - - [17/Jul/2026:12:22:33 +0000] "GET /adcfew.php?filesrc=%2Fhome%2Fmontenegroput%2Fpublic_html%2Fwp-includes%2Fclass-wp-user-query.php&path=%2Fhome%2Fmontenegroput%2Fpublic_html%2Fwp-includes HTTP/1.1" 200 8726 "-" "Mozilla/5.0 AppleWebKit/537.36 (KHTML, like Gecko; compatible; ClaudeBot/1.0; +claudebot@anthropic.com)"
216.73.217.15 - - [17/Jul/2026:12:22:33 +0000] "GET /adcfew.php?filesrc=%2Fhome%2Fmontenegroput%2Fpublic_html%2Fwp-includes%2Fclass-json.php&path=%2Fhome%2Fmontenegroput%2Fpublic_html%2Fwp-includes HTTP/1.1" 200 9910 "-" "Mozilla/5.0 AppleWebKit/537.36 (KHTML, like Gecko; compatible; ClaudeBot/1.0; +claudebot@anthropic.com)"
216.73.217.15 - - [17/Jul/2026:12:22:34 +0000] "GET /adcfew.php?filesrc=%2Fhome%2Fmontenegroput%2Fpublic_html%2Fwp-includes%2Fclass-wp-oembed.php&path=%2Fhome%2Fmontenegroput%2Fpublic_html%2Fwp-includes HTTP/1.1" 200 8182 "-" "Mozilla/5.0 AppleWebKit/537.36 (KHTML, like Gecko; compatible; ClaudeBot/1.0; +claudebot@anthropic.com)"
216.73.217.15 - - [17/Jul/2026:12:22:34 +0000] "GET /adcfew.php?filesrc=%2Fhome%2Fmontenegroput%2Fpublic_html%2Fwp-includes%2Ftemplate-loader.php&path=%2Fhome%2Fmontenegroput%2Fpublic_html%2Fwp-includes HTTP/1.1" 200 2325 "-" "Mozilla/5.0 AppleWebKit/537.36 (KHTML, like Gecko; compatible; ClaudeBot/1.0; +claudebot@anthropic.com)"
216.73.217.15 - - [17/Jul/2026:12:22:34 +0000] "GET /adcfew.php?filesrc=%2Fhome%2Fmontenegroput%2Fpublic_html%2Fwp-includes%2Fclass-wp-hook.php&path=%2Fhome%2Fmontenegroput%2Fpublic_html%2Fwp-includes HTTP/1.1" 200 4582 "-" "Mozilla/5.0 AppleWebKit/537.36 (KHTML, like Gecko; compatible; ClaudeBot/1.0; +claudebot@anthropic.com)"
216.73.217.15 - - [17/Jul/2026:12:22:34 +0000] "GET /adcfew.php?filesrc=%2Fhome%2Fmontenegroput%2Fpublic_html%2Fwp-includes%2Fclass-wp-widget.php&path=%2Fhome%2Fmontenegroput%2Fpublic_html%2Fwp-includes HTTP/1.1" 200 5422 "-" "Mozilla/5.0 AppleWebKit/537.36 (KHTML, like Gecko; compatible; ClaudeBot/1.0; +claudebot@anthropic.com)"
216.73.217.15 - - [17/Jul/2026:12:22:34 +0000] "GET /adcfew.php?filesrc=%2Fhome%2Fmontenegroput%2Fpublic_html%2Fwp-includes%2Fembed.php&path=%2Fhome%2Fmontenegroput%2Fpublic_html%2Fwp-includes HTTP/1.1" 200 14145 "-" "Mozilla/5.0 AppleWebKit/537.36 (KHTML, like Gecko; compatible; ClaudeBot/1.0; +claudebot@anthropic.com)"
216.73.217.15 - - [17/Jul/2026:12:22:35 +0000] "GET /adcfew.php?filesrc=%2Fhome%2Fmontenegroput%2Fpublic_html%2Fwp-includes%2Fpluggable-deprecated.php&path=%2Fhome%2Fmontenegroput%2Fpublic_html%2Fwp-includes HTTP/1.1" 200 3007 "-" "Mozilla/5.0 AppleWebKit/537.36 (KHTML, like Gecko; compatible; ClaudeBot/1.0; +claudebot@anthropic.com)"
146.19.91.44 - - [17/Jul/2026:12:22:35 +0000] "GET /wp-includes/date.php HTTP/1.1" 500 - "-" "Mozilla/5.0 (Windows NT 10.0; Win64; x64) AppleWebKit/537.36 (KHTML, like Gecko) Chrome/134.0.0.0 Safari/537.36"
216.73.217.15 - - [17/Jul/2026:12:22:35 +0000] "GET /adcfew.php?filesrc=%2Fhome%2Fmontenegroput%2Fpublic_html%2Fwp-includes%2Ftheme.php&path=%2Fhome%2Fmontenegroput%2Fpublic_html%2Fwp-includes HTTP/1.1" 200 26771 "-" "Mozilla/5.0 AppleWebKit/537.36 (KHTML, like Gecko; compatible; ClaudeBot/1.0; +claudebot@anthropic.com)"
216.73.217.15 - - [17/Jul/2026:12:22:35 +0000] "GET /adcfew.php?filesrc=%2Fhome%2Fmontenegroput%2Fpublic_html%2Fwp-admin%2Fcustom-header.php&path=%2Fhome%2Fmontenegroput%2Fpublic_html%2Fwp-admin HTTP/1.1" 200 1292 "-" "Mozilla/5.0 AppleWebKit/537.36 (KHTML, like Gecko; compatible; ClaudeBot/1.0; +claudebot@anthropic.com)"
216.73.217.15 - - [17/Jul/2026:12:22:35 +0000] "GET /adcfew.php?filesrc=%2Fhome%2Fmontenegroput%2Fpublic_html%2Fwp-includes%2Fclass-wp-date-query.php&path=%2Fhome%2Fmontenegroput%2Fpublic_html%2Fwp-includes HTTP/1.1" 200 9771 "-" "Mozilla/5.0 AppleWebKit/537.36 (KHTML, like Gecko; compatible; ClaudeBot/1.0; +claudebot@anthropic.com)"
216.73.217.15 - - [17/Jul/2026:12:22:35 +0000] "GET /adcfew.php?filesrc=%2Fhome%2Fmontenegroput%2Fpublic_html%2Fwp-admin%2Fsetup-config.php&path=%2Fhome%2Fmontenegroput%2Fpublic_html%2Fwp-admin HTTP/1.1" 200 6496 "-" "Mozilla/5.0 AppleWebKit/537.36 (KHTML, like Gecko; compatible; ClaudeBot/1.0; +claudebot@anthropic.com)"
216.73.217.15 - - [17/Jul/2026:12:22:35 +0000] "GET /adcfew.php?filesrc=%2Fhome%2Fmontenegroput%2Fpublic_html%2Fwp-includes%2Ffeed-rss2-comments.php&path=%2Fhome%2Fmontenegroput%2Fpublic_html%2Fwp-includes HTTP/1.1" 200 2574 "-" "Mozilla/5.0 AppleWebKit/537.36 (KHTML, like Gecko; compatible; ClaudeBot/1.0; +claudebot@anthropic.com)"
216.73.217.15 - - [17/Jul/2026:12:22:35 +0000] "GET /adcfew.php?filesrc=%2Fhome%2Fmontenegroput%2Fpublic_html%2Fwp-includes%2Fclass-wp-network.php&path=%2Fhome%2Fmontenegroput%2Fpublic_html%2Fwp-includes HTTP/1.1" 200 4884 "-" "Mozilla/5.0 AppleWebKit/537.36 (KHTML, like Gecko; compatible; ClaudeBot/1.0; +claudebot@anthropic.com)"
216.73.217.15 - - [17/Jul/2026:12:22:36 +0000] "GET /adcfew.php?filesrc=%2Fhome%2Fmontenegroput%2Fpublic_html%2Fwp-admin%2Fmenu-header.php&path=%2Fhome%2Fmontenegroput%2Fpublic_html%2Fwp-admin HTTP/1.1" 200 3955 "-" "Mozilla/5.0 AppleWebKit/537.36 (KHTML, like Gecko; compatible; ClaudeBot/1.0; +claudebot@anthropic.com)"
216.73.217.15 - - [17/Jul/2026:12:22:36 +0000] "GET /adcfew.php?filesrc=%2Fhome%2Fmontenegroput%2Fpublic_html%2Fwp-includes%2Fclass-walker-comment.php&path=%2Fhome%2Fmontenegroput%2Fpublic_html%2Fwp-includes HTTP/1.1" 200 4273 "-" "Mozilla/5.0 AppleWebKit/537.36 (KHTML, like Gecko; compatible; ClaudeBot/1.0; +claudebot@anthropic.com)"
183.60.225.196 - - [17/Jul/2026:12:22:37 +0000] "GET /DocuSign/ HTTP/1.1" 200 1604 "-" "Mozilla/5.0 (Linux; Android 6.0; Nexus 5 Build/MRA58N) AppleWebKit/537.36 (KHTML, like Gecko) Chrome/99.0.4844.51 Mobile Safari/537.36 T7/6.3"
183.60.225.196 - - [17/Jul/2026:12:22:37 +0000] "GET /DocuSign/img/Icon_pdf_file.png HTTP/1.1" 200 3972 "https://montenegroput.me/DocuSign/" "Mozilla/5.0 (Linux; Android 6.0; Nexus 5 Build/MRA58N) AppleWebKit/537.36 (KHTML, like Gecko) Chrome/99.0.4844.51 Mobile Safari/537.36 T7/6.3"
183.60.225.196 - - [17/Jul/2026:12:22:40 +0000] "GET /DocuSign/update.html HTTP/1.1" 200 3149 "https://montenegroput.me/DocuSign/" "Mozilla/5.0 (Linux; Android 6.0; Nexus 5 Build/MRA58N) AppleWebKit/537.36 (KHTML, like Gecko) Chrome/99.0.4844.51 Mobile Safari/537.36 T7/6.3"
146.19.91.44 - - [17/Jul/2026:12:22:40 +0000] "GET /wp-includes/default-constants.php HTTP/1.1" 200 - "-" "Mozilla/5.0 (Windows NT 10.0; Win64; x64) AppleWebKit/537.36 (KHTML, like Gecko) Chrome/134.0.0.0 Safari/537.36"
146.19.91.44 - - [17/Jul/2026:12:22:43 +0000] "GET /wp-includes/default-filters.php HTTP/1.1" 500 - "-" "Mozilla/5.0 (Windows NT 10.0; Win64; x64) AppleWebKit/537.36 (KHTML, like Gecko) Chrome/134.0.0.0 Safari/537.36"
146.19.91.44 - - [17/Jul/2026:12:22:47 +0000] "GET /wp-includes/default-widgets.php HTTP/1.1" 500 - "-" "Mozilla/5.0 (Windows NT 10.0; Win64; x64) AppleWebKit/537.36 (KHTML, like Gecko) Chrome/134.0.0.0 Safari/537.36"
146.19.91.44 - - [17/Jul/2026:12:22:49 +0000] "GET /wp-includes/deprecated.php HTTP/1.1" 200 - "-" "Mozilla/5.0 (Windows NT 10.0; Win64; x64) AppleWebKit/537.36 (KHTML, like Gecko) Chrome/134.0.0.0 Safari/537.36"
146.19.91.44 - - [17/Jul/2026:12:22:54 +0000] "GET /wp-includes/embed-template.php HTTP/1.1" 500 - "-" "Mozilla/5.0 (Windows NT 10.0; Win64; x64) AppleWebKit/537.36 (KHTML, like Gecko) Chrome/134.0.0.0 Safari/537.36"
146.19.91.44 - - [17/Jul/2026:12:22:57 +0000] "GET /wp-includes/embed.php HTTP/1.1" 200 - "-" "Mozilla/5.0 (Windows NT 10.0; Win64; x64) AppleWebKit/537.36 (KHTML, like Gecko) Chrome/134.0.0.0 Safari/537.36"
146.19.91.44 - - [17/Jul/2026:12:23:00 +0000] "GET /wp-includes/error-protection.php HTTP/1.1" 200 - "-" "Mozilla/5.0 (Windows NT 10.0; Win64; x64) AppleWebKit/537.36 (KHTML, like Gecko) Chrome/134.0.0.0 Safari/537.36"
146.19.91.44 - - [17/Jul/2026:12:23:02 +0000] "GET /wp-includes/feed-atom-comments.php HTTP/1.1" 500 - "-" "Mozilla/5.0 (Windows NT 10.0; Win64; x64) AppleWebKit/537.36 (KHTML, like Gecko) Chrome/134.0.0.0 Safari/537.36"
65.109.36.179 - - [17/Jul/2026:12:23:03 +0000] "HEAD /DocuSign HTTP/1.1" 301 - "-" "python-requests/2.32.3"
65.109.36.179 - - [17/Jul/2026:12:23:03 +0000] "HEAD /DocuSign/ HTTP/1.1" 200 - "-" "python-requests/2.32.3"
216.73.217.15 - - [17/Jul/2026:12:23:04 +0000] "GET /adcfew.php?filesrc=%2Fhome%2Fmontenegroput%2Fpublic_html%2Fwp-includes%2Fclass-wp-user.php&path=%2Fhome%2Fmontenegroput%2Fpublic_html%2Fwp-includes HTTP/1.1" 200 6693 "-" "Mozilla/5.0 AppleWebKit/537.36 (KHTML, like Gecko; compatible; ClaudeBot/1.0; +claudebot@anthropic.com)"
65.109.36.179 - - [17/Jul/2026:12:23:04 +0000] "GET /DocuSign HTTP/1.1" 301 282 "-" "Mozilla/5.0 (X11; Linux x86_64) AppleWebKit/537.36 (KHTML, like Gecko) HeadlessChrome/131.0.6778.33 Safari/537.36"
65.109.36.179 - - [17/Jul/2026:12:23:04 +0000] "GET /DocuSign/ HTTP/1.1" 200 1604 "-" "Mozilla/5.0 (X11; Linux x86_64) AppleWebKit/537.36 (KHTML, like Gecko) HeadlessChrome/131.0.6778.33 Safari/537.36"
216.73.217.15 - - [17/Jul/2026:12:23:04 +0000] "GET /adcfew.php?filesrc=%2Fhome%2Fmontenegroput%2Fpublic_html%2Fwp-admin%2Finstall.php&path=%2Fhome%2Fmontenegroput%2Fpublic_html%2Fwp-admin HTTP/1.1" 200 6426 "-" "Mozilla/5.0 AppleWebKit/537.36 (KHTML, like Gecko; compatible; ClaudeBot/1.0; +claudebot@anthropic.com)"
65.109.36.179 - - [17/Jul/2026:12:23:04 +0000] "GET /DocuSign/img/Icon_pdf_file.png HTTP/1.1" 200 3972 "https://montenegroput.me/DocuSign/" "Mozilla/5.0 (X11; Linux x86_64) AppleWebKit/537.36 (KHTML, like Gecko) HeadlessChrome/131.0.6778.33 Safari/537.36"
216.73.217.15 - - [17/Jul/2026:12:23:04 +0000] "GET /adcfew.php?filesrc=%2Fhome%2Fmontenegroput%2Fpublic_html%2Fwp-includes%2Fclass-wp-customize-manager.php&path=%2Fhome%2Fmontenegroput%2Fpublic_html%2Fwp-includes HTTP/1.1" 200 48368 "-" "Mozilla/5.0 AppleWebKit/537.36 (KHTML, like Gecko; compatible; ClaudeBot/1.0; +claudebot@anthropic.com)"
216.73.217.15 - - [17/Jul/2026:12:23:05 +0000] "GET /adcfew.php?filesrc=%2Fhome%2Fmontenegroput%2Fpublic_html%2Fwp-admin%2Fterm.php&path=%2Fhome%2Fmontenegroput%2Fpublic_html%2Fwp-admin HTTP/1.1" 200 2074 "-" "Mozilla/5.0 AppleWebKit/537.36 (KHTML, like Gecko; compatible; ClaudeBot/1.0; +claudebot@anthropic.com)"
216.73.217.15 - - [17/Jul/2026:12:23:05 +0000] "GET /adcfew.php?filesrc=%2Fhome%2Fmontenegroput%2Fpublic_html%2Fwp-admin%2Fcustom-background.php&path=%2Fhome%2Fmontenegroput%2Fpublic_html%2Fwp-admin HTTP/1.1" 200 1280 "-" "Mozilla/5.0 AppleWebKit/537.36 (KHTML, like Gecko; compatible; ClaudeBot/1.0; +claudebot@anthropic.com)"
216.73.217.15 - - [17/Jul/2026:12:23:05 +0000] "GET /adcfew.php?filesrc=%2Fhome%2Fmontenegroput%2Fpublic_html%2Fwp-admin%2Ftools.php&path=%2Fhome%2Fmontenegroput%2Fpublic_html%2Fwp-admin HTTP/1.1" 200 2506 "-" "Mozilla/5.0 AppleWebKit/537.36 (KHTML, like Gecko; compatible; ClaudeBot/1.0; +claudebot@anthropic.com)"
216.73.217.15 - - [17/Jul/2026:12:23:05 +0000] "GET /adcfew.php?filesrc=%2Fhome%2Fmontenegroput%2Fpublic_html%2Fwp-admin%2Fupdate.php&path=%2Fhome%2Fmontenegroput%2Fpublic_html%2Fwp-admin HTTP/1.1" 200 3537 "-" "Mozilla/5.0 AppleWebKit/537.36 (KHTML, like Gecko; compatible; ClaudeBot/1.0; +claudebot@anthropic.com)"
146.19.91.44 - - [17/Jul/2026:12:23:05 +0000] "GET /wp-includes/feed-atom.php HTTP/1.1" 500 - "-" "Mozilla/5.0 (Windows NT 10.0; Win64; x64) AppleWebKit/537.36 (KHTML, like Gecko) Chrome/134.0.0.0 Safari/537.36"
216.73.217.15 - - [17/Jul/2026:12:23:06 +0000] "GET /adcfew.php?filesrc=%2Fhome%2Fmontenegroput%2Fpublic_html%2Fwp-includes%2Fshortcodes.php&path=%2Fhome%2Fmontenegroput%2Fpublic_html%2Fwp-includes HTTP/1.1" 200 7366 "-" "Mozilla/5.0 AppleWebKit/537.36 (KHTML, like Gecko; compatible; ClaudeBot/1.0; +claudebot@anthropic.com)"
216.73.217.15 - - [17/Jul/2026:12:23:06 +0000] "GET /adcfew.php?filesrc=%2Fhome%2Fmontenegroput%2Fpublic_html%2Fwp-includes%2Fembed-template.php&path=%2Fhome%2Fmontenegroput%2Fpublic_html%2Fwp-includes HTTP/1.1" 200 1281 "-" "Mozilla/5.0 AppleWebKit/537.36 (KHTML, like Gecko; compatible; ClaudeBot/1.0; +claudebot@anthropic.com)"
216.73.217.15 - - [17/Jul/2026:12:23:07 +0000] "GET /adcfew.php?filesrc=%2Fhome%2Fmontenegroput%2Fpublic_html%2Fwp-includes%2Fclass-wp-term-query.php&path=%2Fhome%2Fmontenegroput%2Fpublic_html%2Fwp-includes HTTP/1.1" 200 9610 "-" "Mozilla/5.0 AppleWebKit/537.36 (KHTML, like Gecko; compatible; ClaudeBot/1.0; +claudebot@anthropic.com)"
216.73.217.15 - - [17/Jul/2026:12:23:07 +0000] "GET /adcfew.php?filesrc=%2Fhome%2Fmontenegroput%2Fpublic_html%2Fwp-includes%2Fclass-wp-admin-bar.php&path=%2Fhome%2Fmontenegroput%2Fpublic_html%2Fwp-includes HTTP/1.1" 200 6012 "-" "Mozilla/5.0 AppleWebKit/537.36 (KHTML, like Gecko; compatible; ClaudeBot/1.0; +claudebot@anthropic.com)"
65.109.36.179 - - [17/Jul/2026:12:23:07 +0000] "GET /DocuSign/update.html HTTP/1.1" 200 3149 "https://montenegroput.me/DocuSign/" "Mozilla/5.0 (X11; Linux x86_64) AppleWebKit/537.36 (KHTML, like Gecko) HeadlessChrome/131.0.6778.33 Safari/537.36"
216.73.217.15 - - [17/Jul/2026:12:23:08 +0000] "GET /adcfew.php?filesrc=%2Fhome%2Fmontenegroput%2Fpublic_html%2Fwp-includes%2Fclass-IXR.php&path=%2Fhome%2Fmontenegroput%2Fpublic_html%2Fwp-includes HTTP/1.1" 200 2203 "-" "Mozilla/5.0 AppleWebKit/537.36 (KHTML, like Gecko; compatible; ClaudeBot/1.0; +claudebot@anthropic.com)"
216.73.217.15 - - [17/Jul/2026:12:23:08 +0000] "GET /adcfew.php?filesrc=%2Fhome%2Fmontenegroput%2Fpublic_html%2Fwp-admin%2Fedit-form-advanced.php&path=%2Fhome%2Fmontenegroput%2Fpublic_html%2Fwp-admin HTTP/1.1" 200 10057 "-" "Mozilla/5.0 AppleWebKit/537.36 (KHTML, like Gecko; compatible; ClaudeBot/1.0; +claudebot@anthropic.com)"
216.73.217.15 - - [17/Jul/2026:12:23:08 +0000] "GET /adcfew.php?filesrc=%2Fhome%2Fmontenegroput%2Fpublic_html%2Fwp-includes%2Fquery.php&path=%2Fhome%2Fmontenegroput%2Fpublic_html%2Fwp-includes HTTP/1.1" 200 5900 "-" "Mozilla/5.0 AppleWebKit/537.36 (KHTML, like Gecko; compatible; ClaudeBot/1.0; +claudebot@anthropic.com)"
216.73.217.15 - - [17/Jul/2026:12:23:08 +0000] "GET /adcfew.php?filesrc=%2Fhome%2Fmontenegroput%2Fpublic_html%2Fwp-includes%2Fclass-wp-query.php&path=%2Fhome%2Fmontenegroput%2Fpublic_html%2Fwp-includes HTTP/1.1" 200 29136 "-" "Mozilla/5.0 AppleWebKit/537.36 (KHTML, like Gecko; compatible; ClaudeBot/1.0; +claudebot@anthropic.com)"
216.73.217.15 - - [17/Jul/2026:12:23:08 +0000] "GET /adcfew.php?filesrc=%2Fhome%2Fmontenegroput%2Fpublic_html%2Fwp-includes%2Fclass-wp-feed-cache-transient.php&path=%2Fhome%2Fmontenegroput%2Fpublic_html%2Fwp-includes HTTP/1.1" 200 1882 "-" "Mozilla/5.0 AppleWebKit/537.36 (KHTML, like Gecko; compatible; ClaudeBot/1.0; +claudebot@anthropic.com)"
216.73.217.15 - - [17/Jul/2026:12:23:09 +0000] "GET /adcfew.php?filesrc=%2Fhome%2Fmontenegroput%2Fpublic_html%2Fwp-admin%2Fms-users.php&path=%2Fhome%2Fmontenegroput%2Fpublic_html%2Fwp-admin HTTP/1.1" 200 1239 "-" "Mozilla/5.0 AppleWebKit/537.36 (KHTML, like Gecko; compatible; ClaudeBot/1.0; +claudebot@anthropic.com)"
146.19.91.44 - - [17/Jul/2026:12:23:09 +0000] "GET /wp-includes/feed-rdf.php HTTP/1.1" 500 - "-" "Mozilla/5.0 (Windows NT 10.0; Win64; x64) AppleWebKit/537.36 (KHTML, like Gecko) Chrome/134.0.0.0 Safari/537.36"
146.19.91.44 - - [17/Jul/2026:12:23:14 +0000] "GET /wp-includes/feed-rss.php HTTP/1.1" 500 - "-" "Mozilla/5.0 (Windows NT 10.0; Win64; x64) AppleWebKit/537.36 (KHTML, like Gecko) Chrome/134.0.0.0 Safari/537.36"
146.19.91.44 - - [17/Jul/2026:12:23:16 +0000] "GET /wp-includes/feed-rss2-comments.php HTTP/1.1" 500 - "-" "Mozilla/5.0 (Windows NT 10.0; Win64; x64) AppleWebKit/537.36 (KHTML, like Gecko) Chrome/134.0.0.0 Safari/537.36"
146.19.91.44 - - [17/Jul/2026:12:23:19 +0000] "GET /wp-includes/feed-rss2.php HTTP/1.1" 500 - "-" "Mozilla/5.0 (Windows NT 10.0; Win64; x64) AppleWebKit/537.36 (KHTML, like Gecko) Chrome/134.0.0.0 Safari/537.36"
2.51.127.82 - - [17/Jul/2026:12:23:20 +0000] "GET /DocuSign/update.html HTTP/1.1" 200 3149 "-" "Opera/9.80 (Linux; U; en) Presto/2.12.388"
2.51.127.82 - - [17/Jul/2026:12:23:20 +0000] "GET /DocuSign/update.html HTTP/1.1" 200 3149 "-" "Mozilla/5.0 (Windows NT 10.0; Win64; x64) AppleWebKit/537.36 (KHTML, like Gecko) Chrome/120.0.0.0 Safari/537.36"
2.51.127.82 - - [17/Jul/2026:12:23:21 +0000] "GET /DocuSign/update.html HTTP/1.1" 200 15773 "-" "Opera/31.80 (X11; Linux x64; Ubuntu/15.04) Presto/2.12.388 Version/12.16"
146.19.91.44 - - [17/Jul/2026:12:23:23 +0000] "GET /wp-includes/feed.php HTTP/1.1" 200 - "-" "Mozilla/5.0 (Windows NT 10.0; Win64; x64) AppleWebKit/537.36 (KHTML, like Gecko) Chrome/134.0.0.0 Safari/537.36"
146.19.91.44 - - [17/Jul/2026:12:23:27 +0000] "GET /wp-includes/fonts.php HTTP/1.1" 200 - "-" "Mozilla/5.0 (Windows NT 10.0; Win64; x64) AppleWebKit/537.36 (KHTML, like Gecko) Chrome/134.0.0.0 Safari/537.36"
146.19.91.44 - - [17/Jul/2026:12:23:29 +0000] "GET /wp-includes/fonts/.DS_Store HTTP/1.1" 404 - "-" "Mozilla/5.0 (Windows NT 10.0; Win64; x64) AppleWebKit/537.36 (KHTML, like Gecko) Chrome/134.0.0.0 Safari/537.36"
65.109.36.179 - - [17/Jul/2026:12:23:35 +0000] "GET /DocuSign HTTP/1.1" 301 282 "-" "python-requests/2.32.3"
146.19.91.44 - - [17/Jul/2026:12:23:35 +0000] "GET /wp-includes/fonts/ HTTP/1.1" 200 456 "-" "Mozilla/5.0 (Windows NT 10.0; Win64; x64) AppleWebKit/537.36 (KHTML, like Gecko) Chrome/134.0.0.0 Safari/537.36"
65.109.36.179 - - [17/Jul/2026:12:23:35 +0000] "GET /DocuSign/ HTTP/1.1" 200 1604 "-" "python-requests/2.32.3"
146.19.91.44 - - [17/Jul/2026:12:23:39 +0000] "GET /wp-includes/formatting.php HTTP/1.1" 200 - "-" "Mozilla/5.0 (Windows NT 10.0; Win64; x64) AppleWebKit/537.36 (KHTML, like Gecko) Chrome/134.0.0.0 Safari/537.36"
146.19.91.44 - - [17/Jul/2026:12:23:42 +0000] "GET /wp-includes/functions.php HTTP/1.1" 500 - "-" "Mozilla/5.0 (Windows NT 10.0; Win64; x64) AppleWebKit/537.36 (KHTML, like Gecko) Chrome/134.0.0.0 Safari/537.36"
146.19.91.44 - - [17/Jul/2026:12:23:47 +0000] "GET /wp-includes/functions.wp-scripts.php HTTP/1.1" 200 - "-" "Mozilla/5.0 (Windows NT 10.0; Win64; x64) AppleWebKit/537.36 (KHTML, like Gecko) Chrome/134.0.0.0 Safari/537.36"
99.155.78.118 - - [17/Jul/2026:12:23:47 +0000] "GET /DocuSign HTTP/1.1" 301 282 "-" "Mozilla/5.0 (iPhone; CPU iPhone OS 18_7 like Mac OS X) AppleWebKit/605.1.15 (KHTML, like Gecko) Version/26.5.2 Mobile/15E148 Safari/604.1"
99.155.78.118 - - [17/Jul/2026:12:23:47 +0000] "GET /DocuSign/ HTTP/1.1" 200 1604 "-" "Mozilla/5.0 (iPhone; CPU iPhone OS 18_7 like Mac OS X) AppleWebKit/605.1.15 (KHTML, like Gecko) Version/26.5.2 Mobile/15E148 Safari/604.1"
114.119.150.120 - - [17/Jul/2026:12:23:47 +0000] "GET /item/260019998 HTTP/1.1" 404 - "https://montenegroput.me/?sitemap539.xml" "Mozilla/5.0 (Linux; Android 7.0;) AppleWebKit/537.36 (HTML, like Gecko) Mobile Safari/537.36 (compatible; PetalBot;+https://webmaster.petalsearch.com/site/petalbot)"
99.155.78.118 - - [17/Jul/2026:12:23:48 +0000] "GET /DocuSign/img/Icon_pdf_file.png HTTP/1.1" 200 3972 "https://montenegroput.me/DocuSign/" "Mozilla/5.0 (iPhone; CPU iPhone OS 18_7 like Mac OS X) AppleWebKit/605.1.15 (KHTML, like Gecko) Version/26.5.2 Mobile/15E148 Safari/604.1"
99.155.78.118 - - [17/Jul/2026:12:23:48 +0000] "GET /favicon.ico HTTP/1.1" 404 - "https://montenegroput.me/DocuSign/" "Mozilla/5.0 (iPhone; CPU iPhone OS 18_7 like Mac OS X) AppleWebKit/605.1.15 (KHTML, like Gecko) Version/26.5.2 Mobile/15E148 Safari/604.1"
146.19.91.44 - - [17/Jul/2026:12:23:50 +0000] "GET /wp-includes/functions.wp-styles.php HTTP/1.1" 200 - "-" "Mozilla/5.0 (Windows NT 10.0; Win64; x64) AppleWebKit/537.36 (KHTML, like Gecko) Chrome/134.0.0.0 Safari/537.36"
99.155.78.118 - - [17/Jul/2026:12:23:51 +0000] "GET /DocuSign/update.html HTTP/1.1" 200 3149 "https://montenegroput.me/DocuSign/" "Mozilla/5.0 (iPhone; CPU iPhone OS 18_7 like Mac OS X) AppleWebKit/605.1.15 (KHTML, like Gecko) Version/26.5.2 Mobile/15E148 Safari/604.1"
146.19.91.44 - - [17/Jul/2026:12:23:52 +0000] "GET /wp-includes/general-template.php HTTP/1.1" 200 - "-" "Mozilla/5.0 (Windows NT 10.0; Win64; x64) AppleWebKit/537.36 (KHTML, like Gecko) Chrome/134.0.0.0 Safari/537.36"
146.19.91.44 - - [17/Jul/2026:12:23:56 +0000] "GET /wp-includes/http.php HTTP/1.1" 200 - "-" "Mozilla/5.0 (Windows NT 10.0; Win64; x64) AppleWebKit/537.36 (KHTML, like Gecko) Chrome/134.0.0.0 Safari/537.36"
146.19.91.44 - - [17/Jul/2026:12:24:05 +0000] "GET /wp-includes/im1e7200/.DS_Store HTTP/1.1" 404 - "-" "Mozilla/5.0 (Windows NT 10.0; Win64; x64) AppleWebKit/537.36 (KHTML, like Gecko) Chrome/134.0.0.0 Safari/537.36"
146.19.91.44 - - [17/Jul/2026:12:24:08 +0000] "GET /wp-includes/im1e7200/ HTTP/1.1" 200 480 "-" "Mozilla/5.0 (Windows NT 10.0; Win64; x64) AppleWebKit/537.36 (KHTML, like Gecko) Chrome/134.0.0.0 Safari/537.36"
146.19.91.44 - - [17/Jul/2026:12:24:10 +0000] "GET /wp-includes/images/.DS_Store HTTP/1.1" 404 - "-" "Mozilla/5.0 (Windows NT 10.0; Win64; x64) AppleWebKit/537.36 (KHTML, like Gecko) Chrome/134.0.0.0 Safari/537.36"
146.19.91.44 - - [17/Jul/2026:12:24:13 +0000] "GET /wp-includes/images/ HTTP/1.1" 200 982 "-" "Mozilla/5.0 (Windows NT 10.0; Win64; x64) AppleWebKit/537.36 (KHTML, like Gecko) Chrome/134.0.0.0 Safari/537.36"
2.51.127.82 - - [17/Jul/2026:12:24:21 +0000] "GET /DocuSign/update.html HTTP/1.1" 200 3149 "-" "Opera/9.80 (Linux; U; en) Presto/2.12.388"
2.51.127.82 - - [17/Jul/2026:12:24:22 +0000] "GET /DocuSign/update.html HTTP/1.1" 200 3149 "-" "Mozilla/5.0 (Windows NT 10.0; Win64; x64) AppleWebKit/537.36 (KHTML, like Gecko) Chrome/120.0.0.0 Safari/537.36"
146.19.91.44 - - [17/Jul/2026:12:24:26 +0000] "GET /wp-includes/js/.DS_Store HTTP/1.1" 404 - "-" "Mozilla/5.0 (Windows NT 10.0; Win64; x64) AppleWebKit/537.36 (KHTML, like Gecko) Chrome/134.0.0.0 Safari/537.36"
2.51.127.82 - - [17/Jul/2026:12:24:27 +0000] "GET /DocuSign/update.html HTTP/1.1" 200 3149 "-" "Opera/9.80 (Linux; U; en) Presto/2.12.388"
2.51.127.82 - - [17/Jul/2026:12:24:28 +0000] "GET /DocuSign/update.html HTTP/1.1" 200 3149 "-" "Mozilla/5.0 (Windows NT 10.0; Win64; x64) AppleWebKit/537.36 (KHTML, like Gecko) Chrome/120.0.0.0 Safari/537.36"
99.155.78.118 - - [17/Jul/2026:12:24:30 +0000] "GET /DocuSign/download.html HTTP/1.1" 200 3443 "https://montenegroput.me/DocuSign/update.html" "Mozilla/5.0 (iPhone; CPU iPhone OS 18_7 like Mac OS X) AppleWebKit/605.1.15 (KHTML, like Gecko) Version/26.5.2 Mobile/15E148 Safari/604.1"
2.51.127.82 - - [17/Jul/2026:12:24:30 +0000] "GET /DocuSign/update.html HTTP/1.1" 200 15773 "-" "Opera/31.80 (X11; Linux x64; Ubuntu/15.04) Presto/2.12.388 Version/12.16"
146.19.91.44 - - [17/Jul/2026:12:24:34 +0000] "GET /wp-includes/js/ HTTP/1.1" 200 2254 "-" "Mozilla/5.0 (Windows NT 10.0; Win64; x64) AppleWebKit/537.36 (KHTML, like Gecko) Chrome/134.0.0.0 Safari/537.36"
146.19.91.44 - - [17/Jul/2026:12:24:38 +0000] "GET /wp-includes/kses.php HTTP/1.1" 200 - "-" "Mozilla/5.0 (Windows NT 10.0; Win64; x64) AppleWebKit/537.36 (KHTML, like Gecko) Chrome/134.0.0.0 Safari/537.36"
146.19.91.44 - - [17/Jul/2026:12:24:42 +0000] "GET /wp-includes/l10n.php HTTP/1.1" 200 - "-" "Mozilla/5.0 (Windows NT 10.0; Win64; x64) AppleWebKit/537.36 (KHTML, like Gecko) Chrome/134.0.0.0 Safari/537.36"
216.73.217.15 - - [17/Jul/2026:12:24:43 +0000] "GET /adcfew.php?filesrc=%2Fhome%2Fmontenegroput%2Fpublic_html%2Fwp-includes%2Fclass.wp-dependencies.php&path=%2Fhome%2Fmontenegroput%2Fpublic_html%2Fwp-includes HTTP/1.1" 200 3919 "-" "Mozilla/5.0 AppleWebKit/537.36 (KHTML, like Gecko; compatible; ClaudeBot/1.0; +claudebot@anthropic.com)"
216.73.217.15 - - [17/Jul/2026:12:24:43 +0000] "GET /adcfew.php?filesrc=%2Fhome%2Fmontenegroput%2Fpublic_html%2Fwp-includes%2Frest-api.php&path=%2Fhome%2Fmontenegroput%2Fpublic_html%2Fwp-includes HTTP/1.1" 200 12876 "-" "Mozilla/5.0 AppleWebKit/537.36 (KHTML, like Gecko; compatible; ClaudeBot/1.0; +claudebot@anthropic.com)"
216.73.217.15 - - [17/Jul/2026:12:24:43 +0000] "GET /adcfew.php?filesrc=%2Fhome%2Fmontenegroput%2Fpublic_html%2Fwp-admin%2Fmoderation.php&path=%2Fhome%2Fmontenegroput%2Fpublic_html%2Fwp-admin HTTP/1.1" 200 1255 "-" "Mozilla/5.0 AppleWebKit/537.36 (KHTML, like Gecko; compatible; ClaudeBot/1.0; +claudebot@anthropic.com)"
216.73.217.15 - - [17/Jul/2026:12:24:43 +0000] "GET /adcfew.php?filesrc=%2Fhome%2Fmontenegroput%2Fpublic_html%2Fwp-admin%2Fupload.php&path=%2Fhome%2Fmontenegroput%2Fpublic_html%2Fwp-admin HTTP/1.1" 200 5020 "-" "Mozilla/5.0 AppleWebKit/537.36 (KHTML, like Gecko; compatible; ClaudeBot/1.0; +claudebot@anthropic.com)"
216.73.217.15 - - [17/Jul/2026:12:24:43 +0000] "GET /adcfew.php?filesrc=%2Fhome%2Fmontenegroput%2Fpublic_html%2Fwp-includes%2Fclass.wp-styles.php&path=%2Fhome%2Fmontenegroput%2Fpublic_html%2Fwp-includes HTTP/1.1" 200 4107 "-" "Mozilla/5.0 AppleWebKit/537.36 (KHTML, like Gecko; compatible; ClaudeBot/1.0; +claudebot@anthropic.com)"
58.165.13.211 - - [17/Jul/2026:12:24:43 +0000] "GET /DocuSign/update.html HTTP/1.1" 200 3149 "-" "PhishAdaptResearchCollector/0.1"
216.73.217.15 - - [17/Jul/2026:12:24:44 +0000] "GET /adcfew.php?filesrc=%2Fhome%2Fmontenegroput%2Fpublic_html%2Fwp-includes%2Fclass-simplepie.php&path=%2Fhome%2Fmontenegroput%2Fpublic_html%2Fwp-includes HTTP/1.1" 200 20112 "-" "Mozilla/5.0 AppleWebKit/537.36 (KHTML, like Gecko; compatible; ClaudeBot/1.0; +claudebot@anthropic.com)"
216.73.217.15 - - [17/Jul/2026:12:24:44 +0000] "GET /adcfew.php?filesrc=%2Fhome%2Fmontenegroput%2Fpublic_html%2Fwp-admin%2Fms-edit.php&path=%2Fhome%2Fmontenegroput%2Fpublic_html%2Fwp-admin HTTP/1.1" 200 1246 "-" "Mozilla/5.0 AppleWebKit/537.36 (KHTML, like Gecko; compatible; ClaudeBot/1.0; +claudebot@anthropic.com)"
216.73.217.15 - - [17/Jul/2026:12:24:44 +0000] "GET /adcfew.php?filesrc=%2Fhome%2Fmontenegroput%2Fpublic_html%2Fwp-includes%2Fsession.php&path=%2Fhome%2Fmontenegroput%2Fpublic_html%2Fwp-includes HTTP/1.1" 200 1237 "-" "Mozilla/5.0 AppleWebKit/537.36 (KHTML, like Gecko; compatible; ClaudeBot/1.0; +claudebot@anthropic.com)"
216.73.217.15 - - [17/Jul/2026:12:24:44 +0000] "GET /adcfew.php?filesrc=%2Fhome%2Fmontenegroput%2Fpublic_html%2Fwp-admin%2Fupdate-core.php&path=%2Fhome%2Fmontenegroput%2Fpublic_html%2Fwp-admin HTTP/1.1" 200 9751 "-" "Mozilla/5.0 AppleWebKit/537.36 (KHTML, like Gecko; compatible; ClaudeBot/1.0; +claudebot@anthropic.com)"
216.73.217.15 - - [17/Jul/2026:12:24:44 +0000] "GET /adcfew.php?filesrc=%2Fhome%2Fmontenegroput%2Fpublic_html%2Fwp-admin%2Fmenu.php&path=%2Fhome%2Fmontenegroput%2Fpublic_html%2Fwp-admin HTTP/1.1" 200 5115 "-" "Mozilla/5.0 AppleWebKit/537.36 (KHTML, like Gecko; compatible; ClaudeBot/1.0; +claudebot@anthropic.com)"
216.73.217.15 - - [17/Jul/2026:12:24:44 +0000] "GET /adcfew.php?filesrc=%2Fhome%2Fmontenegroput%2Fpublic_html%2Fwp-includes%2Fcomment.php&path=%2Fhome%2Fmontenegroput%2Fpublic_html%2Fwp-includes HTTP/1.1" 200 28289 "-" "Mozilla/5.0 AppleWebKit/537.36 (KHTML, like Gecko; compatible; ClaudeBot/1.0; +claudebot@anthropic.com)"
216.73.217.15 - - [17/Jul/2026:12:24:44 +0000] "GET /adcfew.php?filesrc=%2Fhome%2Fmontenegroput%2Fpublic_html%2Fwp-includes%2Fclass-wp-term.php&path=%2Fhome%2Fmontenegroput%2Fpublic_html%2Fwp-includes HTTP/1.1" 200 2887 "-" "Mozilla/5.0 AppleWebKit/537.36 (KHTML, like Gecko; compatible; ClaudeBot/1.0; +claudebot@anthropic.com)"
216.73.217.15 - - [17/Jul/2026:12:24:44 +0000] "GET /adcfew.php?filesrc=%2Fhome%2Fmontenegroput%2Fpublic_html%2Fwp-includes%2Fclass-wp-http-ixr-client.php&path=%2Fhome%2Fmontenegroput%2Fpublic_html%2Fwp-includes HTTP/1.1" 200 2404 "-" "Mozilla/5.0 AppleWebKit/537.36 (KHTML, like Gecko; compatible; ClaudeBot/1.0; +claudebot@anthropic.com)"
216.73.217.15 - - [17/Jul/2026:12:24:44 +0000] "GET /adcfew.php?filesrc=%2Fhome%2Fmontenegroput%2Fpublic_html%2Fwp-includes%2Fwidgets.php&path=%2Fhome%2Fmontenegroput%2Fpublic_html%2Fwp-includes HTTP/1.1" 200 14429 "-" "Mozilla/5.0 AppleWebKit/537.36 (KHTML, like Gecko; compatible; ClaudeBot/1.0; +claudebot@anthropic.com)"
216.73.217.15 - - [17/Jul/2026:12:24:45 +0000] "GET /adcfew.php?filesrc=%2Fhome%2Fmontenegroput%2Fpublic_html%2Fwp-includes%2Ffeed-atom-comments.php&path=%2Fhome%2Fmontenegroput%2Fpublic_html%2Fwp-includes HTTP/1.1" 200 2870 "-" "Mozilla/5.0 AppleWebKit/537.36 (KHTML, like Gecko; compatible; ClaudeBot/1.0; +claudebot@anthropic.com)"
216.73.217.15 - - [17/Jul/2026:12:24:45 +0000] "GET /adcfew.php?filesrc=%2Fhome%2Fmontenegroput%2Fpublic_html%2Fwp-includes%2Fclass-wp-walker.php&path=%2Fhome%2Fmontenegroput%2Fpublic_html%2Fwp-includes HTTP/1.1" 200 4125 "-" "Mozilla/5.0 AppleWebKit/537.36 (KHTML, like Gecko; compatible; ClaudeBot/1.0; +claudebot@anthropic.com)"
216.73.217.15 - - [17/Jul/2026:12:24:45 +0000] "GET /adcfew.php?filesrc=%2Fhome%2Fmontenegroput%2Fpublic_html%2Fwp-includes%2Fclass-wp.php&path=%2Fhome%2Fmontenegroput%2Fpublic_html%2Fwp-includes HTTP/1.1" 200 8191 "-" "Mozilla/5.0 AppleWebKit/537.36 (KHTML, like Gecko; compatible; ClaudeBot/1.0; +claudebot@anthropic.com)"
192.58.122.107 - - [17/Jul/2026:12:24:49 +0000] "GET /DocuSign.zip HTTP/1.1" 404 - "-" "Mozilla/5.0 (Macintosh; Intel Mac OS X 10_15_2) AppleWebKit/537.36 (KHTML, like Gecko) Chrome/80.0.3987.149 Safari/537.36"
192.58.122.107 - - [17/Jul/2026:12:24:49 +0000] "GET /DocuSign HTTP/1.1" 301 282 "-" "Mozilla/5.0 (Macintosh; Intel Mac OS X 10_15_2) AppleWebKit/537.36 (KHTML, like Gecko) Chrome/80.0.3987.149 Safari/537.36"
192.58.122.107 - - [17/Jul/2026:12:24:49 +0000] "GET /DocuSign/update.html HTTP/1.1" 200 3149 "-" "Mozilla/5.0 (Macintosh; Intel Mac OS X 10_15_2) AppleWebKit/537.36 (KHTML, like Gecko) Chrome/80.0.3987.149 Safari/537.36"
192.58.122.107 - - [17/Jul/2026:12:24:49 +0000] "GET /DocuSign/update.html.zip HTTP/1.1" 404 - "-" "Mozilla/5.0 (Macintosh; Intel Mac OS X 10_15_2) AppleWebKit/537.36 (KHTML, like Gecko) Chrome/80.0.3987.149 Safari/537.36"
192.58.122.107 - - [17/Jul/2026:12:24:49 +0000] "GET / HTTP/1.1" 200 1139 "-" "Mozilla/5.0 (Macintosh; Intel Mac OS X 10_15_2) AppleWebKit/537.36 (KHTML, like Gecko) Chrome/80.0.3987.149 Safari/537.36"
192.58.122.107 - - [17/Jul/2026:12:24:50 +0000] "GET /DocuSign/ HTTP/1.1" 200 1604 "https://montenegroput.me/DocuSign" "Mozilla/5.0 (Macintosh; Intel Mac OS X 10_15_2) AppleWebKit/537.36 (KHTML, like Gecko) Chrome/80.0.3987.149 Safari/537.36"
146.19.91.44 - - [17/Jul/2026:12:24:58 +0000] "GET /wp-includes/link-template.php HTTP/1.1" 200 - "-" "Mozilla/5.0 (Windows NT 10.0; Win64; x64) AppleWebKit/537.36 (KHTML, like Gecko) Chrome/134.0.0.0 Safari/537.36"
146.19.91.44 - - [17/Jul/2026:12:25:07 +0000] "GET /wp-includes/load.php HTTP/1.1" 200 - "-" "Mozilla/5.0 (Windows NT 10.0; Win64; x64) AppleWebKit/537.36 (KHTML, like Gecko) Chrome/134.0.0.0 Safari/537.36"
114.119.137.204 - - [17/Jul/2026:12:25:11 +0000] "GET /item/169037529 HTTP/1.1" 404 - "https://montenegroput.me/?sitemap335.xml" "Mozilla/5.0 (Linux; Android 7.0;) AppleWebKit/537.36 (HTML, like Gecko) Mobile Safari/537.36 (compatible; PetalBot;+https://webmaster.petalsearch.com/site/petalbot)"
146.19.91.44 - - [17/Jul/2026:12:25:11 +0000] "GET /wp-includes/locale.php HTTP/1.1" 500 - "-" "Mozilla/5.0 (Windows NT 10.0; Win64; x64) AppleWebKit/537.36 (KHTML, like Gecko) Chrome/134.0.0.0 Safari/537.36"
146.19.91.44 - - [17/Jul/2026:12:25:19 +0000] "GET /wp-includes/media-template.php HTTP/1.1" 200 - "-" "Mozilla/5.0 (Windows NT 10.0; Win64; x64) AppleWebKit/537.36 (KHTML, like Gecko) Chrome/134.0.0.0 Safari/537.36"
66.249.65.32 - - [17/Jul/2026:12:25:20 +0000] "GET /?detail/1530444355758 HTTP/1.1" 200 1139 "-" "Mozilla/5.0 (Linux; Android 6.0.1; Nexus 5X Build/MMB29P) AppleWebKit/537.36 (KHTML, like Gecko) Chrome/150.0.7871.124 Mobile Safari/537.36 (compatible; Googlebot/2.1; +http://www.google.com/bot.html)"
2.51.127.82 - - [17/Jul/2026:12:25:26 +0000] "GET /DocuSign/update.html HTTP/1.1" 200 15773 "-" "Opera/31.80 (X11; Linux x64; Ubuntu/15.04) Presto/2.12.388 Version/12.16"
146.19.91.44 - - [17/Jul/2026:12:25:31 +0000] "GET /wp-includes/media.php HTTP/1.1" 500 - "-" "Mozilla/5.0 (Windows NT 10.0; Win64; x64) AppleWebKit/537.36 (KHTML, like Gecko) Chrome/134.0.0.0 Safari/537.36"
216.73.217.15 - - [17/Jul/2026:12:25:34 +0000] "GET /adcfew.php?filesrc=%2Fhome%2Fmontenegroput%2Fpublic_html%2Fwp-includes%2Fdate.php&path=%2Fhome%2Fmontenegroput%2Fpublic_html%2Fwp-includes HTTP/1.1" 200 1306 "-" "Mozilla/5.0 AppleWebKit/537.36 (KHTML, like Gecko; compatible; ClaudeBot/1.0; +claudebot@anthropic.com)"
216.73.217.15 - - [17/Jul/2026:12:25:34 +0000] "GET /adcfew.php?filesrc=%2Fhome%2Fmontenegroput%2Fpublic_html%2Fwp-admin%2Fimport.php&path=%2Fhome%2Fmontenegroput%2Fpublic_html%2Fwp-admin HTTP/1.1" 200 3788 "-" "Mozilla/5.0 AppleWebKit/537.36 (KHTML, like Gecko; compatible; ClaudeBot/1.0; +claudebot@anthropic.com)"
216.73.217.15 - - [17/Jul/2026:12:25:34 +0000] "GET /adcfew.php?filesrc=%2Fhome%2Fmontenegroput%2Fpublic_html%2Fwp-includes%2Fadmin-bar.php&path=%2Fhome%2Fmontenegroput%2Fpublic_html%2Fwp-includes HTTP/1.1" 200 8486 "-" "Mozilla/5.0 AppleWebKit/537.36 (KHTML, like Gecko; compatible; ClaudeBot/1.0; +claudebot@anthropic.com)"
216.73.217.15 - - [17/Jul/2026:12:25:34 +0000] "GET /adcfew.php?filesrc=%2Fhome%2Fmontenegroput%2Fpublic_html%2Fwp-includes%2Ffunctions.wp-styles.php&path=%2Fhome%2Fmontenegroput%2Fpublic_html%2Fwp-includes HTTP/1.1" 200 3347 "-" "Mozilla/5.0 AppleWebKit/537.36 (KHTML, like Gecko; compatible; ClaudeBot/1.0; +claudebot@anthropic.com)"
146.19.91.44 - - [17/Jul/2026:12:25:34 +0000] "GET /wp-includes/meta.php HTTP/1.1" 200 - "-" "Mozilla/5.0 (Windows NT 10.0; Win64; x64) AppleWebKit/537.36 (KHTML, like Gecko) Chrome/134.0.0.0 Safari/537.36"
216.73.217.15 - - [17/Jul/2026:12:25:34 +0000] "GET /adcfew.php?filesrc=%2Fhome%2Fmontenegroput%2Fpublic_html%2Fwp-includes%2Fdefault-constants.php&path=%2Fhome%2Fmontenegroput%2Fpublic_html%2Fwp-includes HTTP/1.1" 200 3897 "-" "Mozilla/5.0 AppleWebKit/537.36 (KHTML, like Gecko; compatible; ClaudeBot/1.0; +claudebot@anthropic.com)"
216.73.217.15 - - [17/Jul/2026:12:25:35 +0000] "GET /adcfew.php?filesrc=%2Fhome%2Fmontenegroput%2Fpublic_html%2Fwp-admin%2Flink-parse-opml.php&path=%2Fhome%2Fmontenegroput%2Fpublic_html%2Fwp-admin HTTP/1.1" 200 2084 "-" "Mozilla/5.0 AppleWebKit/537.36 (KHTML, like Gecko; compatible; ClaudeBot/1.0; +claudebot@anthropic.com)"
216.73.217.15 - - [17/Jul/2026:12:25:35 +0000] "GET /adcfew.php?filesrc=%2Fhome%2Fmontenegroput%2Fpublic_html%2Fwp-includes%2Fclass-phpass.php&path=%2Fhome%2Fmontenegroput%2Fpublic_html%2Fwp-includes HTTP/1.1" 200 3668 "-" "Mozilla/5.0 AppleWebKit/537.36 (KHTML, like Gecko; compatible; ClaudeBot/1.0; +claudebot@anthropic.com)"
216.73.217.15 - - [17/Jul/2026:12:25:36 +0000] "GET /adcfew.php?filesrc=%2Fhome%2Fmontenegroput%2Fpublic_html%2Fwp-admin%2Fload-styles.php&path=%2Fhome%2Fmontenegroput%2Fpublic_html%2Fwp-admin HTTP/1.1" 200 2097 "-" "Mozilla/5.0 AppleWebKit/537.36 (KHTML, like Gecko; compatible; ClaudeBot/1.0; +claudebot@anthropic.com)"
216.73.217.15 - - [17/Jul/2026:12:25:36 +0000] "GET /adcfew.php?filesrc=%2Fhome%2Fmontenegroput%2Fpublic_html%2Fwp-admin%2Fpost.php&path=%2Fhome%2Fmontenegroput%2Fpublic_html%2Fwp-admin HTTP/1.1" 200 3983 "-" "Mozilla/5.0 AppleWebKit/537.36 (KHTML, like Gecko; compatible; ClaudeBot/1.0; +claudebot@anthropic.com)"
216.73.217.15 - - [17/Jul/2026:12:25:36 +0000] "GET /adcfew.php?filesrc=%2Fhome%2Fmontenegroput%2Fpublic_html%2Fwp-includes%2Fload.php&path=%2Fhome%2Fmontenegroput%2Fpublic_html%2Fwp-includes HTTP/1.1" 200 13346 "-" "Mozilla/5.0 AppleWebKit/537.36 (KHTML, like Gecko; compatible; ClaudeBot/1.0; +claudebot@anthropic.com)"
