102.89.85.19 - - [17/Jul/2026:14:28:34 +0000] "POST /uebpxbvb.php HTTP/1.1" 200 12494 "https://montenegroput.me/uebpxbvb.php" "Mozilla/5.0 (Windows NT 10.0; Win64; x64) AppleWebKit/537.36 (KHTML, like Gecko) Chrome/150.0.0.0 Safari/537.36"
209.38.113.189 - - [17/Jul/2026:14:28:34 +0000] "GET /update/ HTTP/1.1" 200 1253 "-" "Mozilla/5.0 (Linux; Android 10; K) AppleWebKit/537.36 (KHTML, like Gecko) Chrome/142.0.0.0 Mobile Safari/537.36"
209.38.113.189 - - [17/Jul/2026:14:28:34 +0000] "GET /update/adobe-logo.png HTTP/1.1" 200 70680 "https://montenegroput.me/update/" "Mozilla/5.0 (Linux; Android 10; K) AppleWebKit/537.36 (KHTML, like Gecko) Chrome/142.0.0.0 Mobile Safari/537.36"
23.82.96.182 - - [17/Jul/2026:14:28:34 +0000] "GET /update HTTP/1.1" 301 280 "-" "Mozilla/5.0 (Linux; Android 10; K) AppleWebKit/537.36 (KHTML, like Gecko) Chrome/142.0.0.0 Mobile Safari/537.36"
23.82.96.182 - - [17/Jul/2026:14:28:34 +0000] "GET /update/ HTTP/1.1" 200 1253 "-" "Mozilla/5.0 (Linux; Android 10; K) AppleWebKit/537.36 (KHTML, like Gecko) Chrome/142.0.0.0 Mobile Safari/537.36"
23.82.96.182 - - [17/Jul/2026:14:28:35 +0000] "GET /update/adobe-logo.png HTTP/1.1" 200 70680 "https://montenegroput.me/update/" "Mozilla/5.0 (Linux; Android 10; K) AppleWebKit/537.36 (KHTML, like Gecko) Chrome/142.0.0.0 Mobile Safari/537.36"
23.82.96.179 - - [17/Jul/2026:14:28:35 +0000] "GET /update HTTP/1.1" 301 280 "-" "Mozilla/5.0 (Linux; Android 10; K) AppleWebKit/537.36 (KHTML, like Gecko) Chrome/142.0.0.0 Mobile Safari/537.36"
209.38.113.189 - - [17/Jul/2026:14:28:39 +0000] "GET /favicon.ico HTTP/1.1" 404 - "https://montenegroput.me/update/" "Mozilla/5.0 (Linux; Android 10; K) AppleWebKit/537.36 (KHTML, like Gecko) Chrome/142.0.0.0 Mobile Safari/537.36"
209.38.113.189 - - [17/Jul/2026:14:28:39 +0000] "GET /update/denied.html HTTP/1.1" 200 1037 "https://montenegroput.me/update/" "Mozilla/5.0 (Linux; Android 10; K) AppleWebKit/537.36 (KHTML, like Gecko) Chrome/142.0.0.0 Mobile Safari/537.36"
209.38.113.189 - - [17/Jul/2026:14:28:39 +0000] "GET /update/Screenshot%202025-04-25%20161700.png HTTP/1.1" 200 50730 "https://montenegroput.me/update/denied.html" "Mozilla/5.0 (Linux; Android 10; K) AppleWebKit/537.36 (KHTML, like Gecko) Chrome/142.0.0.0 Mobile Safari/537.36"
102.89.85.19 - - [17/Jul/2026:14:28:51 +0000] "POST /uebpxbvb.php HTTP/1.1" 200 3914 "https://montenegroput.me/uebpxbvb.php" "Mozilla/5.0 (Windows NT 10.0; Win64; x64) AppleWebKit/537.36 (KHTML, like Gecko) Chrome/150.0.0.0 Safari/537.36"
114.119.137.204 - - [17/Jul/2026:14:29:05 +0000] "GET /item/179018121 HTTP/1.1" 404 - "https://montenegroput.me/?sitemap539.xml" "Mozilla/5.0 (Linux; Android 7.0;) AppleWebKit/537.36 (HTML, like Gecko) Mobile Safari/537.36 (compatible; PetalBot;+https://webmaster.petalsearch.com/site/petalbot)"
102.89.85.19 - - [17/Jul/2026:14:29:07 +0000] "POST /uebpxbvb.php HTTP/1.1" 200 4957 "https://montenegroput.me/uebpxbvb.php" "Mozilla/5.0 (Windows NT 10.0; Win64; x64) AppleWebKit/537.36 (KHTML, like Gecko) Chrome/150.0.0.0 Safari/537.36"
102.89.85.19 - - [17/Jul/2026:14:29:09 +0000] "POST /uebpxbvb.php HTTP/1.1" 200 3073 "https://montenegroput.me/uebpxbvb.php" "Mozilla/5.0 (Windows NT 10.0; Win64; x64) AppleWebKit/537.36 (KHTML, like Gecko) Chrome/150.0.0.0 Safari/537.36"
57.129.137.189 - - [17/Jul/2026:14:29:12 +0000] "GET /test.php HTTP/1.1" 200 198 "-" "Mozilla/5.0 (iPhone; CPU iPhone OS 18_6 like Mac OS X) AppleWebKit/605.1.15 (KHTML, like Gecko) CriOS/150.0.7871.115 Mobile/15E148 Safari/604.1"
23.80.89.37 - - [17/Jul/2026:14:29:12 +0000] "GET /test.php HTTP/1.1" 200 198 "-" "Mozilla/5.0 (iPhone; CPU iPhone OS 18_6 like Mac OS X) AppleWebKit/605.1.15 (KHTML, like Gecko) CriOS/150.0.7871.115 Mobile/15E148 Safari/604.1"
102.89.85.19 - - [17/Jul/2026:14:29:13 +0000] "POST /uebpxbvb.php HTTP/1.1" 200 3033 "https://montenegroput.me/uebpxbvb.php" "Mozilla/5.0 (Windows NT 10.0; Win64; x64) AppleWebKit/537.36 (KHTML, like Gecko) Chrome/150.0.0.0 Safari/537.36"
135.136.27.9 - - [17/Jul/2026:14:29:13 +0000] "GET /test.php HTTP/1.1" 200 198 "-" "Mozilla/5.0 (iPhone; CPU iPhone OS 18_6 like Mac OS X) AppleWebKit/605.1.15 (KHTML, like Gecko) CriOS/150.0.7871.115 Mobile/15E148 Safari/604.1"
102.89.85.19 - - [17/Jul/2026:14:29:21 +0000] "POST /uebpxbvb.php HTTP/1.1" 200 3073 "https://montenegroput.me/uebpxbvb.php" "Mozilla/5.0 (Windows NT 10.0; Win64; x64) AppleWebKit/537.36 (KHTML, like Gecko) Chrome/150.0.0.0 Safari/537.36"
102.89.85.19 - - [17/Jul/2026:14:29:29 +0000] "POST /uebpxbvb.php HTTP/1.1" 200 3075 "https://montenegroput.me/uebpxbvb.php" "Mozilla/5.0 (Windows NT 10.0; Win64; x64) AppleWebKit/537.36 (KHTML, like Gecko) Chrome/150.0.0.0 Safari/537.36"
102.89.85.19 - - [17/Jul/2026:14:29:31 +0000] "POST /uebpxbvb.php HTTP/1.1" 200 3033 "https://montenegroput.me/uebpxbvb.php" "Mozilla/5.0 (Windows NT 10.0; Win64; x64) AppleWebKit/537.36 (KHTML, like Gecko) Chrome/150.0.0.0 Safari/537.36"
46.62.234.38 - - [17/Jul/2026:14:29:47 +0000] "GET /test.php HTTP/1.1" 200 198 "-" "Mozilla/5.0 (iPhone; CPU iPhone OS 18_6 like Mac OS X) AppleWebKit/605.1.15 (KHTML, like Gecko) CriOS/150.0.7871.115 Mobile/15E148 Safari/604.1"
102.89.85.19 - - [17/Jul/2026:14:29:48 +0000] "POST /uebpxbvb.php HTTP/1.1" 200 4960 "https://montenegroput.me/uebpxbvb.php" "Mozilla/5.0 (Windows NT 10.0; Win64; x64) AppleWebKit/537.36 (KHTML, like Gecko) Chrome/150.0.0.0 Safari/537.36"
102.89.85.19 - - [17/Jul/2026:14:29:57 +0000] "POST /uebpxbvb.php HTTP/1.1" 200 3693 "https://montenegroput.me/uebpxbvb.php" "Mozilla/5.0 (Windows NT 10.0; Win64; x64) AppleWebKit/537.36 (KHTML, like Gecko) Chrome/150.0.0.0 Safari/537.36"
102.89.85.19 - - [17/Jul/2026:14:30:04 +0000] "POST /uebpxbvb.php HTTP/1.1" 200 3574 "https://montenegroput.me/uebpxbvb.php" "Mozilla/5.0 (Windows NT 10.0; Win64; x64) AppleWebKit/537.36 (KHTML, like Gecko) Chrome/150.0.0.0 Safari/537.36"
114.119.150.120 - - [17/Jul/2026:14:30:29 +0000] "GET /item/171003221 HTTP/1.1" 404 - "https://montenegroput.me/?sitemap335.xml" "Mozilla/5.0 (Linux; Android 7.0;) AppleWebKit/537.36 (HTML, like Gecko) Mobile Safari/537.36 (compatible; PetalBot;+https://webmaster.petalsearch.com/site/petalbot)"
102.89.85.19 - - [17/Jul/2026:14:30:30 +0000] "POST /uebpxbvb.php HTTP/1.1" 200 3478 "https://montenegroput.me/uebpxbvb.php" "Mozilla/5.0 (Windows NT 10.0; Win64; x64) AppleWebKit/537.36 (KHTML, like Gecko) Chrome/150.0.0.0 Safari/537.36"
102.89.85.19 - - [17/Jul/2026:14:30:37 +0000] "POST /uebpxbvb.php HTTP/1.1" 200 3420 "https://montenegroput.me/uebpxbvb.php" "Mozilla/5.0 (Windows NT 10.0; Win64; x64) AppleWebKit/537.36 (KHTML, like Gecko) Chrome/150.0.0.0 Safari/537.36"
102.89.85.19 - - [17/Jul/2026:14:30:41 +0000] "POST /uebpxbvb.php HTTP/1.1" 200 3063 "https://montenegroput.me/uebpxbvb.php" "Mozilla/5.0 (Windows NT 10.0; Win64; x64) AppleWebKit/537.36 (KHTML, like Gecko) Chrome/150.0.0.0 Safari/537.36"
102.89.85.19 - - [17/Jul/2026:14:30:45 +0000] "POST /uebpxbvb.php HTTP/1.1" 200 3420 "https://montenegroput.me/uebpxbvb.php" "Mozilla/5.0 (Windows NT 10.0; Win64; x64) AppleWebKit/537.36 (KHTML, like Gecko) Chrome/150.0.0.0 Safari/537.36"
102.89.85.19 - - [17/Jul/2026:14:30:48 +0000] "POST /uebpxbvb.php HTTP/1.1" 200 3420 "https://montenegroput.me/uebpxbvb.php" "Mozilla/5.0 (Windows NT 10.0; Win64; x64) AppleWebKit/537.36 (KHTML, like Gecko) Chrome/150.0.0.0 Safari/537.36"
102.89.85.19 - - [17/Jul/2026:14:30:53 +0000] "POST /uebpxbvb.php HTTP/1.1" 200 3167 "https://montenegroput.me/uebpxbvb.php" "Mozilla/5.0 (Windows NT 10.0; Win64; x64) AppleWebKit/537.36 (KHTML, like Gecko) Chrome/150.0.0.0 Safari/537.36"
102.89.85.19 - - [17/Jul/2026:14:30:56 +0000] "POST /uebpxbvb.php HTTP/1.1" 200 3079 "https://montenegroput.me/uebpxbvb.php" "Mozilla/5.0 (Windows NT 10.0; Win64; x64) AppleWebKit/537.36 (KHTML, like Gecko) Chrome/150.0.0.0 Safari/537.36"
102.89.85.19 - - [17/Jul/2026:14:31:00 +0000] "POST /uebpxbvb.php HTTP/1.1" 200 3167 "https://montenegroput.me/uebpxbvb.php" "Mozilla/5.0 (Windows NT 10.0; Win64; x64) AppleWebKit/537.36 (KHTML, like Gecko) Chrome/150.0.0.0 Safari/537.36"
102.89.85.19 - - [17/Jul/2026:14:31:02 +0000] "POST /uebpxbvb.php HTTP/1.1" 200 3147 "https://montenegroput.me/uebpxbvb.php" "Mozilla/5.0 (Windows NT 10.0; Win64; x64) AppleWebKit/537.36 (KHTML, like Gecko) Chrome/150.0.0.0 Safari/537.36"
102.89.85.19 - - [17/Jul/2026:14:31:05 +0000] "POST /uebpxbvb.php HTTP/1.1" 200 3070 "https://montenegroput.me/uebpxbvb.php" "Mozilla/5.0 (Windows NT 10.0; Win64; x64) AppleWebKit/537.36 (KHTML, like Gecko) Chrome/150.0.0.0 Safari/537.36"
102.89.85.19 - - [17/Jul/2026:14:31:08 +0000] "POST /uebpxbvb.php HTTP/1.1" 200 3198 "https://montenegroput.me/uebpxbvb.php" "Mozilla/5.0 (Windows NT 10.0; Win64; x64) AppleWebKit/537.36 (KHTML, like Gecko) Chrome/150.0.0.0 Safari/537.36"
57.129.134.182 - - [17/Jul/2026:14:31:46 +0000] "GET /doc/ HTTP/1.1" 200 1253 "-" "Mozilla/5.0 (Windows NT 10.0; Win64; x64) AppleWebKit/537.36 (KHTML, like Gecko) Chrome/148.0.0.0 Safari/537.36"
57.129.134.182 - - [17/Jul/2026:14:31:46 +0000] "GET /doc/adobe-logo.png HTTP/1.1" 200 70680 "https://montenegroput.me/doc/" "Mozilla/5.0 (Windows NT 10.0; Win64; x64) AppleWebKit/537.36 (KHTML, like Gecko) Chrome/148.0.0.0 Safari/537.36"
141.227.139.224 - - [17/Jul/2026:14:31:46 +0000] "GET /doc/ HTTP/1.1" 200 1253 "-" "Mozilla/5.0 (Windows NT 10.0; Win64; x64) AppleWebKit/537.36 (KHTML, like Gecko) Chrome/148.0.0.0 Safari/537.36"
136.36.143.231 - - [17/Jul/2026:14:31:51 +0000] "GET /doc/ HTTP/1.1" 200 1253 "-" "Mozilla/5.0 (Windows NT 10.0; Win64; x64) AppleWebKit/537.36 (KHTML, like Gecko) Chrome/148.0.0.0 Safari/537.36"
136.36.143.231 - - [17/Jul/2026:14:31:51 +0000] "GET /doc/adobe-logo.png HTTP/1.1" 200 70680 "https://montenegroput.me/doc/" "Mozilla/5.0 (Windows NT 10.0; Win64; x64) AppleWebKit/537.36 (KHTML, like Gecko) Chrome/148.0.0.0 Safari/537.36"
114.119.150.120 - - [17/Jul/2026:14:31:53 +0000] "GET /item/162023934 HTTP/1.1" 404 - "https://montenegroput.me/?sitemap335.xml" "Mozilla/5.0 (Linux; Android 7.0;) AppleWebKit/537.36 (HTML, like Gecko) Mobile Safari/537.36 (compatible; PetalBot;+https://webmaster.petalsearch.com/site/petalbot)"
136.36.143.231 - - [17/Jul/2026:14:32:01 +0000] "GET /favicon.ico HTTP/1.1" 404 - "https://montenegroput.me/doc/" "Mozilla/5.0 (Windows NT 10.0; Win64; x64) AppleWebKit/537.36 (KHTML, like Gecko) Chrome/148.0.0.0 Safari/537.36"
45.137.76.40 - - [17/Jul/2026:14:32:16 +0000] "GET /DocuSign/update.html HTTP/1.1" 200 3149 "-" "Mozilla/5.0 (Linux; Android 10; K) AppleWebKit/537.36 (KHTML, like Gecko) Chrome/149.0.0.0 Mobile Safari/537.36"
45.137.76.40 - - [17/Jul/2026:14:32:17 +0000] "GET /favicon.ico HTTP/1.1" 404 - "https://montenegroput.me/DocuSign/update.html" "Mozilla/5.0 (Linux; Android 10; K) AppleWebKit/537.36 (KHTML, like Gecko) Chrome/149.0.0.0 Mobile Safari/537.36"
45.137.76.40 - - [17/Jul/2026:14:32:19 +0000] "GET /DocuSign/download.html HTTP/1.1" 200 3443 "https://montenegroput.me/DocuSign/update.html" "Mozilla/5.0 (Linux; Android 10; K) AppleWebKit/537.36 (KHTML, like Gecko) Chrome/149.0.0.0 Mobile Safari/537.36"
4.16.47.130 - - [17/Jul/2026:14:32:27 +0000] "GET /DocuSign/update.html HTTP/1.1" 200 3149 "-" "Python/3.11 aiohttp/3.9.3"
102.89.85.19 - - [17/Jul/2026:14:32:27 +0000] "POST /uebpxbvb.php HTTP/1.1" 200 3196 "https://montenegroput.me/uebpxbvb.php" "Mozilla/5.0 (Windows NT 10.0; Win64; x64) AppleWebKit/537.36 (KHTML, like Gecko) Chrome/150.0.0.0 Safari/537.36"
45.137.76.40 - - [17/Jul/2026:14:32:28 +0000] "GET /DocuSign/update.html HTTP/1.1" 200 3149 "-" "Mozilla/5.0 (Linux; Android 10; K) AppleWebKit/537.36 (KHTML, like Gecko) Chrome/149.0.0.0 Mobile Safari/537.36"
4.16.47.130 - - [17/Jul/2026:14:32:29 +0000] "GET /DocuSign/update.html HTTP/1.1" 200 3149 "-" "Mozilla/5.0 (X11; Linux x86_64) AppleWebKit/537.36 (KHTML, like Gecko) HeadlessChrome/124.0.6367.91 Safari/537.36"
102.89.85.19 - - [17/Jul/2026:14:32:35 +0000] "POST /uebpxbvb.php HTTP/1.1" 200 2821 "https://montenegroput.me/uebpxbvb.php" "Mozilla/5.0 (Windows NT 10.0; Win64; x64) AppleWebKit/537.36 (KHTML, like Gecko) Chrome/150.0.0.0 Safari/537.36"
66.249.65.34 - - [17/Jul/2026:14:32:35 +0000] "GET /?jp/231047981.html HTTP/1.1" 200 1143 "-" "Mozilla/5.0 (Linux; Android 6.0.1; Nexus 5X Build/MMB29P) AppleWebKit/537.36 (KHTML, like Gecko) Chrome/150.0.7871.124 Mobile Safari/537.36 (compatible; Googlebot/2.1; +http://www.google.com/bot.html)"
4.16.47.130 - - [17/Jul/2026:14:32:36 +0000] "GET /favicon.ico HTTP/1.1" 404 - "-" "Python/3.11 aiohttp/3.9.3"
66.249.65.34 - - [17/Jul/2026:14:32:36 +0000] "GET /?detail/017022662845 HTTP/1.1" 200 1143 "-" "Mozilla/5.0 (Linux; Android 6.0.1; Nexus 5X Build/MMB29P) AppleWebKit/537.36 (KHTML, like Gecko) Chrome/150.0.7871.124 Mobile Safari/537.36 (compatible; Googlebot/2.1; +http://www.google.com/bot.html)"
102.89.85.19 - - [17/Jul/2026:14:32:45 +0000] "POST /uebpxbvb.php HTTP/1.1" 200 2478 "https://montenegroput.me/uebpxbvb.php" "Mozilla/5.0 (Windows NT 10.0; Win64; x64) AppleWebKit/537.36 (KHTML, like Gecko) Chrome/150.0.0.0 Safari/537.36"
102.89.85.19 - - [17/Jul/2026:14:32:46 +0000] "POST /uebpxbvb.php HTTP/1.1" 200 2808 "https://montenegroput.me/uebpxbvb.php" "Mozilla/5.0 (Windows NT 10.0; Win64; x64) AppleWebKit/537.36 (KHTML, like Gecko) Chrome/150.0.0.0 Safari/537.36"
66.249.74.9 - - [17/Jul/2026:14:32:47 +0000] "GET /?detail/2100229576863 HTTP/1.1" 200 1143 "-" "Mozilla/5.0 (Linux; Android 6.0.1; Nexus 5X Build/MMB29P) AppleWebKit/537.36 (KHTML, like Gecko) Chrome/150.0.7871.124 Mobile Safari/537.36 (compatible; Googlebot/2.1; +http://www.google.com/bot.html)"
102.89.85.19 - - [17/Jul/2026:14:32:49 +0000] "POST /uebpxbvb.php HTTP/1.1" 200 3212 "https://montenegroput.me/uebpxbvb.php" "Mozilla/5.0 (Windows NT 10.0; Win64; x64) AppleWebKit/537.36 (KHTML, like Gecko) Chrome/150.0.0.0 Safari/537.36"
66.249.65.32 - - [17/Jul/2026:14:32:53 +0000] "GET /products/085023996 HTTP/1.1" 404 - "-" "Mozilla/5.0 (Linux; Android 6.0.1; Nexus 5X Build/MMB29P) AppleWebKit/537.36 (KHTML, like Gecko) Chrome/150.0.7871.124 Mobile Safari/537.36 (compatible; Googlebot/2.1; +http://www.google.com/bot.html)"
102.89.85.19 - - [17/Jul/2026:14:33:05 +0000] "POST /uebpxbvb.php HTTP/1.1" 200 2810 "https://montenegroput.me/uebpxbvb.php" "Mozilla/5.0 (Windows NT 10.0; Win64; x64) AppleWebKit/537.36 (KHTML, like Gecko) Chrome/150.0.0.0 Safari/537.36"
114.119.137.204 - - [17/Jul/2026:14:33:15 +0000] "GET /item/161009551 HTTP/1.1" 404 - "https://montenegroput.me/?sitemap70.xml" "Mozilla/5.0 (Linux; Android 7.0;) AppleWebKit/537.36 (HTML, like Gecko) Mobile Safari/537.36 (compatible; PetalBot;+https://webmaster.petalsearch.com/site/petalbot)"
66.249.65.34 - - [17/Jul/2026:14:33:21 +0000] "GET /?detail/20100949584830 HTTP/1.1" 200 1143 "-" "Mozilla/5.0 (Linux; Android 6.0.1; Nexus 5X Build/MMB29P) AppleWebKit/537.36 (KHTML, like Gecko) Chrome/150.0.7871.124 Mobile Safari/537.36 (compatible; Googlebot/2.1; +http://www.google.com/bot.html)"
102.89.85.19 - - [17/Jul/2026:14:33:24 +0000] "POST /uebpxbvb.php HTTP/1.1" 200 3215 "https://montenegroput.me/uebpxbvb.php" "Mozilla/5.0 (Windows NT 10.0; Win64; x64) AppleWebKit/537.36 (KHTML, like Gecko) Chrome/150.0.0.0 Safari/537.36"
66.249.74.10 - - [17/Jul/2026:14:33:45 +0000] "GET /products/284000469 HTTP/1.1" 404 - "-" "Mozilla/5.0 (Linux; Android 6.0.1; Nexus 5X Build/MMB29P) AppleWebKit/537.36 (KHTML, like Gecko) Chrome/150.0.7871.124 Mobile Safari/537.36 (compatible; Googlebot/2.1; +http://www.google.com/bot.html)"
102.89.85.19 - - [17/Jul/2026:14:33:50 +0000] "POST /uebpxbvb.php HTTP/1.1" 200 3267 "https://montenegroput.me/uebpxbvb.php" "Mozilla/5.0 (Windows NT 10.0; Win64; x64) AppleWebKit/537.36 (KHTML, like Gecko) Chrome/150.0.0.0 Safari/537.36"
66.249.74.10 - - [17/Jul/2026:14:33:57 +0000] "GET / HTTP/1.1" 200 1143 "-" "Mozilla/5.0 (Linux; Android 6.0.1; Nexus 5X Build/MMB29P) AppleWebKit/537.36 (KHTML, like Gecko) Chrome/150.0.7871.124 Mobile Safari/537.36 (compatible; Googlebot/2.1; +http://www.google.com/bot.html)"
66.249.65.32 - - [17/Jul/2026:14:33:59 +0000] "GET /?detail/0190347714799 HTTP/1.1" 200 1143 "-" "Mozilla/5.0 (Linux; Android 6.0.1; Nexus 5X Build/MMB29P) AppleWebKit/537.36 (KHTML, like Gecko) Chrome/150.0.7871.124 Mobile Safari/537.36 (compatible; Googlebot/2.1; +http://www.google.com/bot.html)"
102.89.85.19 - - [17/Jul/2026:14:34:05 +0000] "POST /uebpxbvb.php HTTP/1.1" 200 2816 "https://montenegroput.me/uebpxbvb.php" "Mozilla/5.0 (Windows NT 10.0; Win64; x64) AppleWebKit/537.36 (KHTML, like Gecko) Chrome/150.0.0.0 Safari/537.36"
103.118.28.165 - - [17/Jul/2026:14:34:13 +0000] "GET /DocuSign/update.html HTTP/1.1" 200 3149 "-" "Mozilla/5.0 (X11; Linux x86_64; rv:123.0) Gecko/20100101 Firefox/123.0"
66.249.74.11 - - [17/Jul/2026:14:34:25 +0000] "GET / HTTP/1.1" 200 1143 "-" "Mozilla/5.0 (Linux; Android 6.0.1; Nexus 5X Build/MMB29P) AppleWebKit/537.36 (KHTML, like Gecko) Chrome/99.0.4844.84 Mobile Safari/537.36 (compatible; Googlebot/2.1; +http://www.google.com/bot.html)"
213.139.9.172 - - [17/Jul/2026:14:34:28 +0000] "GET /doc HTTP/1.1" 301 277 "-" "Mozilla/5.0 (Windows NT 10.0; Win64; x64; rv:150.0) Gecko/20100101 Firefox/150.0"
23.82.96.181 - - [17/Jul/2026:14:34:28 +0000] "GET /doc HTTP/1.1" 301 277 "-" "Mozilla/5.0 (Windows NT 10.0; Win64; x64; rv:150.0) Gecko/20100101 Firefox/150.0"
46.62.234.38 - - [17/Jul/2026:14:34:29 +0000] "GET /doc HTTP/1.1" 301 277 "-" "Mozilla/5.0 (Windows NT 10.0; Win64; x64; rv:150.0) Gecko/20100101 Firefox/150.0"
102.89.85.19 - - [17/Jul/2026:14:34:29 +0000] "POST /uebpxbvb.php HTTP/1.1" 200 2473 "https://montenegroput.me/uebpxbvb.php" "Mozilla/5.0 (Windows NT 10.0; Win64; x64) AppleWebKit/537.36 (KHTML, like Gecko) Chrome/150.0.0.0 Safari/537.36"
102.89.85.19 - - [17/Jul/2026:14:34:30 +0000] "POST /uebpxbvb.php HTTP/1.1" 200 2801 "https://montenegroput.me/uebpxbvb.php" "Mozilla/5.0 (Windows NT 10.0; Win64; x64) AppleWebKit/537.36 (KHTML, like Gecko) Chrome/150.0.0.0 Safari/537.36"
23.82.96.181 - - [17/Jul/2026:14:34:31 +0000] "GET /doc/ HTTP/1.1" 200 1253 "https://montenegroput.me/doc" "Mozilla/5.0 (Windows NT 10.0; Win64; x64; rv:150.0) Gecko/20100101 Firefox/150.0"
46.62.234.38 - - [17/Jul/2026:14:34:32 +0000] "GET /doc/ HTTP/1.1" 200 1253 "https://montenegroput.me/doc" "Mozilla/5.0 (Windows NT 10.0; Win64; x64; rv:150.0) Gecko/20100101 Firefox/150.0"
102.89.85.19 - - [17/Jul/2026:14:34:33 +0000] "POST /uebpxbvb.php HTTP/1.1" 200 3272 "https://montenegroput.me/uebpxbvb.php" "Mozilla/5.0 (Windows NT 10.0; Win64; x64) AppleWebKit/537.36 (KHTML, like Gecko) Chrome/150.0.0.0 Safari/537.36"
141.227.139.224 - - [17/Jul/2026:14:34:36 +0000] "GET /doc HTTP/1.1" 301 277 "-" "Mozilla/5.0 (Windows NT 10.0; Win64; x64; rv:150.0) Gecko/20100101 Firefox/150.0"
213.139.9.172 - - [17/Jul/2026:14:34:37 +0000] "GET /doc/ HTTP/1.1" 200 1253 "https://montenegroput.me/doc" "Mozilla/5.0 (Windows NT 10.0; Win64; x64; rv:150.0) Gecko/20100101 Firefox/150.0"
114.119.131.199 - - [17/Jul/2026:14:34:39 +0000] "GET /item/146048430 HTTP/1.1" 404 - "https://montenegroput.me/?sitemap70.xml" "Mozilla/5.0 (Linux; Android 7.0;) AppleWebKit/537.36 (HTML, like Gecko) Mobile Safari/537.36 (compatible; PetalBot;+https://webmaster.petalsearch.com/site/petalbot)"
141.227.139.224 - - [17/Jul/2026:14:34:48 +0000] "GET /doc/ HTTP/1.1" 200 1253 "https://montenegroput.me/doc" "Mozilla/5.0 (Windows NT 10.0; Win64; x64; rv:150.0) Gecko/20100101 Firefox/150.0"
66.249.65.33 - - [17/Jul/2026:14:34:48 +0000] "GET /?goods/236009859 HTTP/1.1" 200 1143 "-" "Mozilla/5.0 (Linux; Android 6.0.1; Nexus 5X Build/MMB29P) AppleWebKit/537.36 (KHTML, like Gecko) Chrome/150.0.7871.124 Mobile Safari/537.36 (compatible; Googlebot/2.1; +http://www.google.com/bot.html)"
66.249.65.32 - - [17/Jul/2026:14:34:57 +0000] "GET /?goods/212044599 HTTP/1.1" 200 1143 "-" "Mozilla/5.0 (Linux; Android 6.0.1; Nexus 5X Build/MMB29P) AppleWebKit/537.36 (KHTML, like Gecko) Chrome/150.0.7871.124 Mobile Safari/537.36 (compatible; Googlebot/2.1; +http://www.google.com/bot.html)"
66.249.65.32 - - [17/Jul/2026:14:34:58 +0000] "GET /?jp/188013950.html HTTP/1.1" 200 1143 "-" "Mozilla/5.0 (Linux; Android 6.0.1; Nexus 5X Build/MMB29P) AppleWebKit/537.36 (KHTML, like Gecko) Chrome/150.0.7871.124 Mobile Safari/537.36 (compatible; Googlebot/2.1; +http://www.google.com/bot.html)"
66.249.65.32 - - [17/Jul/2026:14:34:59 +0000] "GET /?detail/275024047793 HTTP/1.1" 200 1143 "-" "Mozilla/5.0 (Linux; Android 6.0.1; Nexus 5X Build/MMB29P) AppleWebKit/537.36 (KHTML, like Gecko) Chrome/150.0.7871.124 Mobile Safari/537.36 (compatible; Googlebot/2.1; +http://www.google.com/bot.html)"
102.89.85.19 - - [17/Jul/2026:14:35:13 +0000] "POST /uebpxbvb.php HTTP/1.1" 200 2788 "https://montenegroput.me/uebpxbvb.php" "Mozilla/5.0 (Windows NT 10.0; Win64; x64) AppleWebKit/537.36 (KHTML, like Gecko) Chrome/150.0.0.0 Safari/537.36"
102.89.85.19 - - [17/Jul/2026:14:35:17 +0000] "POST /uebpxbvb.php HTTP/1.1" 200 2808 "https://montenegroput.me/uebpxbvb.php" "Mozilla/5.0 (Windows NT 10.0; Win64; x64) AppleWebKit/537.36 (KHTML, like Gecko) Chrome/150.0.0.0 Safari/537.36"
102.89.85.19 - - [17/Jul/2026:14:35:20 +0000] "POST /uebpxbvb.php HTTP/1.1" 200 3317 "https://montenegroput.me/uebpxbvb.php" "Mozilla/5.0 (Windows NT 10.0; Win64; x64) AppleWebKit/537.36 (KHTML, like Gecko) Chrome/150.0.0.0 Safari/537.36"
44.202.249.152 - - [17/Jul/2026:14:35:23 +0000] "GET /DocuSign/update.html HTTP/1.1" 200 3149 "-" "Mozilla/5.0 (iPhone; CPU iPhone OS 18_7_8 like Mac OS X) AppleWebKit/605.1.15 (KHTML, like Gecko) Version/26.0 Mobile/15E148 Safari/604.1"
44.202.249.152 - - [17/Jul/2026:14:35:24 +0000] "GET /favicon.ico HTTP/1.1" 404 - "-" "okhttp/5.3.0"
44.202.249.152 - - [17/Jul/2026:14:35:24 +0000] "GET /favicon.png HTTP/1.1" 404 - "-" "okhttp/5.3.0"
66.249.65.33 - - [17/Jul/2026:14:35:38 +0000] "GET /?goods/205014716 HTTP/1.1" 200 1143 "-" "Mozilla/5.0 (Linux; Android 6.0.1; Nexus 5X Build/MMB29P) AppleWebKit/537.36 (KHTML, like Gecko) Chrome/150.0.7871.124 Mobile Safari/537.36 (compatible; Googlebot/2.1; +http://www.google.com/bot.html)"
66.249.65.32 - - [17/Jul/2026:14:35:39 +0000] "GET /?jp/014005716.html HTTP/1.1" 200 1143 "-" "Mozilla/5.0 (Linux; Android 6.0.1; Nexus 5X Build/MMB29P) AppleWebKit/537.36 (KHTML, like Gecko) Chrome/150.0.7871.124 Mobile Safari/537.36 (compatible; Googlebot/2.1; +http://www.google.com/bot.html)"
66.249.65.32 - - [17/Jul/2026:14:35:39 +0000] "GET /category/148/1/listing HTTP/1.1" 404 - "-" "Mozilla/5.0 (Linux; Android 6.0.1; Nexus 5X Build/MMB29P) AppleWebKit/537.36 (KHTML, like Gecko) Chrome/150.0.7871.124 Mobile Safari/537.36 (compatible; Googlebot/2.1; +http://www.google.com/bot.html)"
102.89.85.19 - - [17/Jul/2026:14:35:39 +0000] "POST /uebpxbvb.php HTTP/1.1" 200 94667 "https://montenegroput.me/uebpxbvb.php" "Mozilla/5.0 (Windows NT 10.0; Win64; x64) AppleWebKit/537.36 (KHTML, like Gecko) Chrome/150.0.0.0 Safari/537.36"
66.249.65.32 - - [17/Jul/2026:14:35:44 +0000] "GET /?goods/053003162 HTTP/1.1" 200 1143 "-" "Mozilla/5.0 (Linux; Android 6.0.1; Nexus 5X Build/MMB29P) AppleWebKit/537.36 (KHTML, like Gecko) Chrome/150.0.7871.124 Mobile Safari/537.36 (compatible; Googlebot/2.1; +http://www.google.com/bot.html)"
66.249.65.32 - - [17/Jul/2026:14:35:44 +0000] "GET /?jp/162015650.html HTTP/1.1" 200 1143 "-" "Mozilla/5.0 (Linux; Android 6.0.1; Nexus 5X Build/MMB29P) AppleWebKit/537.36 (KHTML, like Gecko) Chrome/150.0.7871.124 Mobile Safari/537.36 (compatible; Googlebot/2.1; +http://www.google.com/bot.html)"
66.249.65.32 - - [17/Jul/2026:14:35:44 +0000] "GET /?detail/2240017850062 HTTP/1.1" 200 1143 "-" "Mozilla/5.0 (Linux; Android 6.0.1; Nexus 5X Build/MMB29P) AppleWebKit/537.36 (KHTML, like Gecko) Chrome/150.0.7871.124 Mobile Safari/537.36 (compatible; Googlebot/2.1; +http://www.google.com/bot.html)"
66.249.65.32 - - [17/Jul/2026:14:35:44 +0000] "GET /?detail/123041017261 HTTP/1.1" 200 1143 "-" "Mozilla/5.0 (Linux; Android 6.0.1; Nexus 5X Build/MMB29P) AppleWebKit/537.36 (KHTML, like Gecko) Chrome/150.0.7871.124 Mobile Safari/537.36 (compatible; Googlebot/2.1; +http://www.google.com/bot.html)"
102.89.85.19 - - [17/Jul/2026:14:35:48 +0000] "POST /uebpxbvb.php HTTP/1.1" 200 3316 "https://montenegroput.me/uebpxbvb.php" "Mozilla/5.0 (Windows NT 10.0; Win64; x64) AppleWebKit/537.36 (KHTML, like Gecko) Chrome/150.0.0.0 Safari/537.36"
102.89.85.19 - - [17/Jul/2026:14:35:54 +0000] "POST /uebpxbvb.php HTTP/1.1" 200 2790 "https://montenegroput.me/uebpxbvb.php" "Mozilla/5.0 (Windows NT 10.0; Win64; x64) AppleWebKit/537.36 (KHTML, like Gecko) Chrome/150.0.0.0 Safari/537.36"
44.202.249.152 - - [17/Jul/2026:14:35:59 +0000] "GET /DocuSign/update.html HTTP/1.1" 200 3149 "-" "Mozilla/5.0 (iPhone; CPU iPhone OS 18_7_8 like Mac OS X) AppleWebKit/605.1.15 (KHTML, like Gecko) Version/26.0 Mobile/15E148 Safari/604.1"
114.119.145.65 - - [17/Jul/2026:14:36:01 +0000] "GET /item/144013218 HTTP/1.1" 404 - "https://montenegroput.me/?sitemap70.xml" "Mozilla/5.0 (Linux; Android 7.0;) AppleWebKit/537.36 (HTML, like Gecko) Mobile Safari/537.36 (compatible; PetalBot;+https://webmaster.petalsearch.com/site/petalbot)"
66.249.65.32 - - [17/Jul/2026:14:36:02 +0000] "GET /?goods/064008087 HTTP/1.1" 200 1143 "-" "Mozilla/5.0 (Linux; Android 6.0.1; Nexus 5X Build/MMB29P) AppleWebKit/537.36 (KHTML, like Gecko) Chrome/150.0.7871.124 Mobile Safari/537.36 (compatible; Googlebot/2.1; +http://www.google.com/bot.html)"
66.249.65.32 - - [17/Jul/2026:14:36:03 +0000] "GET /?jp/120035157.html HTTP/1.1" 200 1143 "-" "Mozilla/5.0 (Linux; Android 6.0.1; Nexus 5X Build/MMB29P) AppleWebKit/537.36 (KHTML, like Gecko) Chrome/150.0.7871.124 Mobile Safari/537.36 (compatible; Googlebot/2.1; +http://www.google.com/bot.html)"
44.202.249.152 - - [17/Jul/2026:14:36:03 +0000] "GET /favicon.ico HTTP/1.1" 404 - "https://montenegroput.me/DocuSign/update.html" "Mozilla/5.0 (iPhone; CPU iPhone OS 18_7_8 like Mac OS X) AppleWebKit/605.1.15 (KHTML, like Gecko) Version/26.0 Mobile/15E148 Safari/604.1"
102.89.85.19 - - [17/Jul/2026:14:36:01 +0000] "POST /uebpxbvb.php HTTP/1.1" 200 95312 "https://montenegroput.me/uebpxbvb.php" "Mozilla/5.0 (Windows NT 10.0; Win64; x64) AppleWebKit/537.36 (KHTML, like Gecko) Chrome/150.0.0.0 Safari/537.36"
102.89.85.19 - - [17/Jul/2026:14:36:08 +0000] "POST /uebpxbvb.php HTTP/1.1" 200 3322 "https://montenegroput.me/uebpxbvb.php" "Mozilla/5.0 (Windows NT 10.0; Win64; x64) AppleWebKit/537.36 (KHTML, like Gecko) Chrome/150.0.0.0 Safari/537.36"
102.89.85.19 - - [17/Jul/2026:14:36:18 +0000] "POST /uebpxbvb.php HTTP/1.1" 200 2785 "https://montenegroput.me/uebpxbvb.php" "Mozilla/5.0 (Windows NT 10.0; Win64; x64) AppleWebKit/537.36 (KHTML, like Gecko) Chrome/150.0.0.0 Safari/537.36"
102.89.85.19 - - [17/Jul/2026:14:36:23 +0000] "POST /uebpxbvb.php HTTP/1.1" 200 3318 "https://montenegroput.me/uebpxbvb.php" "Mozilla/5.0 (Windows NT 10.0; Win64; x64) AppleWebKit/537.36 (KHTML, like Gecko) Chrome/150.0.0.0 Safari/537.36"
102.89.85.19 - - [17/Jul/2026:14:36:26 +0000] "POST /uebpxbvb.php HTTP/1.1" 200 2810 "https://montenegroput.me/uebpxbvb.php" "Mozilla/5.0 (Windows NT 10.0; Win64; x64) AppleWebKit/537.36 (KHTML, like Gecko) Chrome/150.0.0.0 Safari/537.36"
66.249.74.9 - - [17/Jul/2026:14:36:32 +0000] "GET /DocuSign/update.html HTTP/1.1" 200 3149 "-" "Mozilla/5.0 (compatible; Googlebot/2.1; +http://www.google.com/bot.html)"
66.249.74.9 - - [17/Jul/2026:14:36:32 +0000] "GET /DocuSign/update.html HTTP/1.1" 200 3149 "-" "Mozilla/5.0 (Linux; Android 6.0.1; Nexus 5X Build/MMB29P) AppleWebKit/537.36 (KHTML, like Gecko) Chrome/99.0.4844.84 Mobile Safari/537.36 (compatible; Googlebot/2.1; +http://www.google.com/bot.html)"
66.249.65.33 - - [17/Jul/2026:14:36:34 +0000] "GET /?goods/045042174 HTTP/1.1" 200 1143 "-" "Mozilla/5.0 (Linux; Android 6.0.1; Nexus 5X Build/MMB29P) AppleWebKit/537.36 (KHTML, like Gecko) Chrome/150.0.7871.124 Mobile Safari/537.36 (compatible; Googlebot/2.1; +http://www.google.com/bot.html)"
66.249.65.32 - - [17/Jul/2026:14:36:35 +0000] "GET /?jp/237017739.html HTTP/1.1" 200 1143 "-" "Mozilla/5.0 (Linux; Android 6.0.1; Nexus 5X Build/MMB29P) AppleWebKit/537.36 (KHTML, like Gecko) Chrome/150.0.7871.124 Mobile Safari/537.36 (compatible; Googlebot/2.1; +http://www.google.com/bot.html)"
185.18.222.147 - - [17/Jul/2026:14:36:36 +0000] "GET /adcfew.php HTTP/1.1" 200 2521 "-" "Mozilla/5.0 (iPhone; CPU iPhone OS 16_0 like Mac OS X) AppleWebKit/605.1.15 (KHTML, like Gecko) Version/16.0 Mobile/15E148 Safari/604.1"
66.249.65.33 - - [17/Jul/2026:14:36:36 +0000] "GET /?detail/19203092942248 HTTP/1.1" 200 1143 "-" "Mozilla/5.0 (Linux; Android 6.0.1; Nexus 5X Build/MMB29P) AppleWebKit/537.36 (KHTML, like Gecko) Chrome/150.0.7871.124 Mobile Safari/537.36 (compatible; Googlebot/2.1; +http://www.google.com/bot.html)"
128.90.0.223 - - [17/Jul/2026:14:36:37 +0000] "GET /adcfew.php HTTP/1.1" 200 2521 "-" "Mozilla/5.0 (iPhone; CPU iPhone OS 16_0 like Mac OS X) AppleWebKit/605.1.15 (KHTML, like Gecko) Version/16.0 Mobile/15E148 Safari/604.1"
66.249.65.32 - - [17/Jul/2026:14:36:37 +0000] "GET /?goods/007017541 HTTP/1.1" 200 1143 "-" "Mozilla/5.0 (Linux; Android 6.0.1; Nexus 5X Build/MMB29P) AppleWebKit/537.36 (KHTML, like Gecko) Chrome/150.0.7871.124 Mobile Safari/537.36 (compatible; Googlebot/2.1; +http://www.google.com/bot.html)"
102.89.85.19 - - [17/Jul/2026:14:36:40 +0000] "POST /uebpxbvb.php HTTP/1.1" 200 2466 "https://montenegroput.me/uebpxbvb.php" "Mozilla/5.0 (Windows NT 10.0; Win64; x64) AppleWebKit/537.36 (KHTML, like Gecko) Chrome/150.0.0.0 Safari/537.36"
45.151.161.44 - - [17/Jul/2026:14:36:40 +0000] "GET /DocuSign/update.html HTTP/1.1" 200 3149 "-" "Mozilla/5.0 (Windows NT 10.0; Win64; x64)AppleWebKit/537.36 (KHTML, like Gecko) Chrome/120.0.0.0 Safari/537.36"
102.89.85.19 - - [17/Jul/2026:14:36:40 +0000] "POST /uebpxbvb.php HTTP/1.1" 200 2806 "https://montenegroput.me/uebpxbvb.php" "Mozilla/5.0 (Windows NT 10.0; Win64; x64) AppleWebKit/537.36 (KHTML, like Gecko) Chrome/150.0.0.0 Safari/537.36"
138.199.39.141 - - [17/Jul/2026:14:36:42 +0000] "GET /adcfew.php HTTP/1.1" 200 2521 "-" "Mozilla/5.0 (iPhone; CPU iPhone OS 16_0 like Mac OS X) AppleWebKit/605.1.15 (KHTML, like Gecko) Version/16.0 Mobile/15E148 Safari/604.1"
102.89.85.19 - - [17/Jul/2026:14:36:43 +0000] "POST /uebpxbvb.php HTTP/1.1" 200 3320 "https://montenegroput.me/uebpxbvb.php" "Mozilla/5.0 (Windows NT 10.0; Win64; x64) AppleWebKit/537.36 (KHTML, like Gecko) Chrome/150.0.0.0 Safari/537.36"
66.249.74.9 - - [17/Jul/2026:14:36:44 +0000] "GET /?jp/123037729.html HTTP/1.1" 200 1143 "-" "Mozilla/5.0 (Linux; Android 6.0.1; Nexus 5X Build/MMB29P) AppleWebKit/537.36 (KHTML, like Gecko) Chrome/150.0.7871.124 Mobile Safari/537.36 (compatible; Googlebot/2.1; +http://www.google.com/bot.html)"
106.161.65.206 - - [17/Jul/2026:14:36:50 +0000] "GET /adcfew.php HTTP/1.1" 200 2521 "-" "Mozilla/5.0 (iPhone; CPU iPhone OS 16_0 like Mac OS X) AppleWebKit/605.1.15 (KHTML, like Gecko) Version/16.0 Mobile/15E148 Safari/604.1"
66.249.74.9 - - [17/Jul/2026:14:36:55 +0000] "GET /?goods/287025699 HTTP/1.1" 200 1143 "-" "Mozilla/5.0 (Linux; Android 6.0.1; Nexus 5X Build/MMB29P) AppleWebKit/537.36 (KHTML, like Gecko) Chrome/150.0.7871.124 Mobile Safari/537.36 (compatible; Googlebot/2.1; +http://www.google.com/bot.html)"
102.89.85.19 - - [17/Jul/2026:14:37:01 +0000] "POST /uebpxbvb.php HTTP/1.1" 200 2795 "https://montenegroput.me/uebpxbvb.php" "Mozilla/5.0 (Windows NT 10.0; Win64; x64) AppleWebKit/537.36 (KHTML, like Gecko) Chrome/150.0.0.0 Safari/537.36"
102.89.85.19 - - [17/Jul/2026:14:37:04 +0000] "POST /uebpxbvb.php HTTP/1.1" 200 2814 "https://montenegroput.me/uebpxbvb.php" "Mozilla/5.0 (Windows NT 10.0; Win64; x64) AppleWebKit/537.36 (KHTML, like Gecko) Chrome/150.0.0.0 Safari/537.36"
13.57.3.57 - - [17/Jul/2026:14:37:09 +0000] "GET /doc HTTP/1.1" 301 281 "-" "Mozilla/5.0 (Macintosh; Intel Mac OS X 10_10_5) AppleWebKit/537.36 (KHTML, like Gecko) Chrome/52.0.2743.116 Safari/537.36"
13.57.3.57 - - [17/Jul/2026:14:37:09 +0000] "GET /doc/ HTTP/1.1" 200 2786 "-" "Mozilla/5.0 (Macintosh; Intel Mac OS X 10_10_5) AppleWebKit/537.36 (KHTML, like Gecko) Chrome/52.0.2743.116 Safari/537.36"
102.89.85.19 - - [17/Jul/2026:14:37:11 +0000] "POST /uebpxbvb.php HTTP/1.1" 200 3354 "https://montenegroput.me/uebpxbvb.php" "Mozilla/5.0 (Windows NT 10.0; Win64; x64) AppleWebKit/537.36 (KHTML, like Gecko) Chrome/150.0.0.0 Safari/537.36"
114.119.137.123 - - [17/Jul/2026:14:37:26 +0000] "GET /item/111018751 HTTP/1.1" 404 - "https://montenegroput.me/?sitemap539.xml" "Mozilla/5.0 (Linux; Android 7.0;) AppleWebKit/537.36 (HTML, like Gecko) Mobile Safari/537.36 (compatible; PetalBot;+https://webmaster.petalsearch.com/site/petalbot)"
102.89.85.19 - - [17/Jul/2026:14:37:28 +0000] "POST /uebpxbvb.php HTTP/1.1" 200 20534 "https://montenegroput.me/uebpxbvb.php" "Mozilla/5.0 (Windows NT 10.0; Win64; x64) AppleWebKit/537.36 (KHTML, like Gecko) Chrome/150.0.0.0 Safari/537.36"
102.89.85.19 - - [17/Jul/2026:14:37:34 +0000] "POST /uebpxbvb.php HTTP/1.1" 200 3357 "https://montenegroput.me/uebpxbvb.php" "Mozilla/5.0 (Windows NT 10.0; Win64; x64) AppleWebKit/537.36 (KHTML, like Gecko) Chrome/150.0.0.0 Safari/537.36"
102.89.85.19 - - [17/Jul/2026:14:37:46 +0000] "POST /uebpxbvb.php HTTP/1.1" 200 2799 "https://montenegroput.me/uebpxbvb.php" "Mozilla/5.0 (Windows NT 10.0; Win64; x64) AppleWebKit/537.36 (KHTML, like Gecko) Chrome/150.0.0.0 Safari/537.36"
66.249.74.11 - - [17/Jul/2026:14:37:51 +0000] "GET /?detail/15600934367504 HTTP/1.1" 200 1143 "-" "Mozilla/5.0 (Linux; Android 6.0.1; Nexus 5X Build/MMB29P) AppleWebKit/537.36 (KHTML, like Gecko) Chrome/150.0.7871.124 Mobile Safari/537.36 (compatible; Googlebot/2.1; +http://www.google.com/bot.html)"
102.89.85.19 - - [17/Jul/2026:14:37:53 +0000] "POST /uebpxbvb.php HTTP/1.1" 200 37802 "https://montenegroput.me/uebpxbvb.php" "Mozilla/5.0 (Windows NT 10.0; Win64; x64) AppleWebKit/537.36 (KHTML, like Gecko) Chrome/150.0.0.0 Safari/537.36"
23.82.96.181 - - [17/Jul/2026:14:37:56 +0000] "GET //click.php HTTP/1.1" 200 242 "-" "Mozilla/5.0 (Linux; Android 10; K) AppleWebKit/537.36 (KHTML, like Gecko) Chrome/149.0.0.0 Mobile Safari/537.36"
66.249.74.10 - - [17/Jul/2026:14:37:58 +0000] "GET /item/099029523 HTTP/1.1" 404 - "-" "Mozilla/5.0 (Linux; Android 6.0.1; Nexus 5X Build/MMB29P) AppleWebKit/537.36 (KHTML, like Gecko) Chrome/150.0.7871.124 Mobile Safari/537.36 (compatible; Googlebot/2.1; +http://www.google.com/bot.html)"
103.1.212.247 - - [17/Jul/2026:14:38:01 +0000] "GET //click.php HTTP/1.1" 200 242 "-" "Mozilla/5.0 (Linux; Android 10; K) AppleWebKit/537.36 (KHTML, like Gecko) Chrome/149.0.0.0 Mobile Safari/537.36"
146.190.203.144 - - [17/Jul/2026:14:38:01 +0000] "GET //click.php HTTP/1.1" 200 242 "-" "Mozilla/5.0 (Linux; Android 10; K) AppleWebKit/537.36 (KHTML, like Gecko) Chrome/149.0.0.0 Mobile Safari/537.36"
102.89.85.19 - - [17/Jul/2026:14:38:03 +0000] "POST /uebpxbvb.php HTTP/1.1" 200 37804 "https://montenegroput.me/uebpxbvb.php" "Mozilla/5.0 (Windows NT 10.0; Win64; x64) AppleWebKit/537.36 (KHTML, like Gecko) Chrome/150.0.0.0 Safari/537.36"
102.89.85.19 - - [17/Jul/2026:14:38:07 +0000] "POST /uebpxbvb.php HTTP/1.1" 200 3352 "https://montenegroput.me/uebpxbvb.php" "Mozilla/5.0 (Windows NT 10.0; Win64; x64) AppleWebKit/537.36 (KHTML, like Gecko) Chrome/150.0.0.0 Safari/537.36"
193.101.132.8 - - [17/Jul/2026:14:38:09 +0000] "GET /cdn-cgi/image/width=144,height=144,quality=100,fit=crop/https://api.typedream.com/v0/document/public/7db1e736-d3f6-4451-b7b7-68ae6cc1aeb8/2zj1naJUQ43GpHTQhrHnQuU3g4u_Logo-Bybit.png HTTP/1.1" 404 - "-" "Mozilla/5.0 (X11; Linux x86_64) AppleWebKit/537.36 (KHTML, like Gecko) Chrome/131.0.0.0 Safari/537.36"
66.249.65.33 - - [17/Jul/2026:14:38:10 +0000] "GET /?jp/190007089.html HTTP/1.1" 200 1143 "-" "Mozilla/5.0 (Linux; Android 6.0.1; Nexus 5X Build/MMB29P) AppleWebKit/537.36 (KHTML, like Gecko) Chrome/150.0.7871.124 Mobile Safari/537.36 (compatible; Googlebot/2.1; +http://www.google.com/bot.html)"
66.249.74.9 - - [17/Jul/2026:14:38:21 +0000] "GET /?goods/135023732 HTTP/1.1" 200 1143 "-" "Mozilla/5.0 (Linux; Android 6.0.1; Nexus 5X Build/MMB29P) AppleWebKit/537.36 (KHTML, like Gecko) Chrome/150.0.7871.124 Mobile Safari/537.36 (compatible; Googlebot/2.1; +http://www.google.com/bot.html)"
91.134.142.216 - - [17/Jul/2026:14:38:38 +0000] "GET //wp-log1n.php HTTP/1.1" 200 242 "-" "Mozilla/5.0 (Linux; Android 10; K) AppleWebKit/537.36 (KHTML, like Gecko) Chrome/148.0.0.0 Mobile Safari/537.36"
57.131.13.95 - - [17/Jul/2026:14:38:38 +0000] "GET //wp-log1n.php HTTP/1.1" 200 242 "-" "Mozilla/5.0 (Linux; Android 10; K) AppleWebKit/537.36 (KHTML, like Gecko) Chrome/148.0.0.0 Mobile Safari/537.36"
65.49.1.162 - - [17/Jul/2026:14:38:42 +0000] "GET / HTTP/1.1" 200 1143 "-" "Mozilla/5.0 (X11; Linux x86_64; rv:102.0) Gecko/20100101 Firefox/102.0"
136.144.168.61 - - [17/Jul/2026:14:38:47 +0000] "GET //wp-log1n.php HTTP/1.1" 200 242 "-" "Mozilla/5.0 (Linux; Android 10; K) AppleWebKit/537.36 (KHTML, like Gecko) Chrome/148.0.0.0 Mobile Safari/537.36"
114.119.131.199 - - [17/Jul/2026:14:38:49 +0000] "GET /item/086040202 HTTP/1.1" 404 - "https://montenegroput.me/?sitemap70.xml" "Mozilla/5.0 (Linux; Android 7.0;) AppleWebKit/537.36 (HTML, like Gecko) Mobile Safari/537.36 (compatible; PetalBot;+https://webmaster.petalsearch.com/site/petalbot)"
66.249.74.10 - - [17/Jul/2026:14:38:53 +0000] "GET /?detail/1780102958245 HTTP/1.1" 200 1143 "-" "Mozilla/5.0 (Linux; Android 6.0.1; Nexus 5X Build/MMB29P) AppleWebKit/537.36 (KHTML, like Gecko) Chrome/150.0.7871.124 Mobile Safari/537.36 (compatible; Googlebot/2.1; +http://www.google.com/bot.html)"
66.249.74.9 - - [17/Jul/2026:14:38:53 +0000] "GET /item/118011664 HTTP/1.1" 404 - "-" "Mozilla/5.0 (Linux; Android 6.0.1; Nexus 5X Build/MMB29P) AppleWebKit/537.36 (KHTML, like Gecko) Chrome/150.0.7871.124 Mobile Safari/537.36 (compatible; Googlebot/2.1; +http://www.google.com/bot.html)"
102.89.85.19 - - [17/Jul/2026:14:38:54 +0000] "POST /uebpxbvb.php HTTP/1.1" 200 2785 "https://montenegroput.me/uebpxbvb.php" "Mozilla/5.0 (Windows NT 10.0; Win64; x64) AppleWebKit/537.36 (KHTML, like Gecko) Chrome/150.0.0.0 Safari/537.36"
66.249.74.9 - - [17/Jul/2026:14:38:58 +0000] "GET /item/006048734 HTTP/1.1" 404 - "-" "Mozilla/5.0 (Linux; Android 6.0.1; Nexus 5X Build/MMB29P) AppleWebKit/537.36 (KHTML, like Gecko) Chrome/150.0.7871.124 Mobile Safari/537.36 (compatible; Googlebot/2.1; +http://www.google.com/bot.html)"
102.89.85.19 - - [17/Jul/2026:14:39:04 +0000] "POST /uebpxbvb.php HTTP/1.1" 200 2446 "https://montenegroput.me/uebpxbvb.php" "Mozilla/5.0 (Windows NT 10.0; Win64; x64) AppleWebKit/537.36 (KHTML, like Gecko) Chrome/150.0.0.0 Safari/537.36"
102.89.85.19 - - [17/Jul/2026:14:39:04 +0000] "POST /uebpxbvb.php HTTP/1.1" 200 2788 "https://montenegroput.me/uebpxbvb.php" "Mozilla/5.0 (Windows NT 10.0; Win64; x64) AppleWebKit/537.36 (KHTML, like Gecko) Chrome/150.0.0.0 Safari/537.36"
102.89.85.19 - - [17/Jul/2026:14:39:06 +0000] "POST /uebpxbvb.php HTTP/1.1" 200 3356 "https://montenegroput.me/uebpxbvb.php" "Mozilla/5.0 (Windows NT 10.0; Win64; x64) AppleWebKit/537.36 (KHTML, like Gecko) Chrome/150.0.0.0 Safari/537.36"
102.89.85.19 - - [17/Jul/2026:14:39:06 +0000] "POST /uebpxbvb.php HTTP/1.1" 200 3356 "https://montenegroput.me/uebpxbvb.php" "Mozilla/5.0 (Windows NT 10.0; Win64; x64) AppleWebKit/537.36 (KHTML, like Gecko) Chrome/150.0.0.0 Safari/537.36"
185.18.222.147 - - [17/Jul/2026:14:39:13 +0000] "GET //wp-log1n.php HTTP/1.1" 200 242 "-" "Mozilla/5.0 (Linux; Android 10; K) AppleWebKit/537.36 (KHTML, like Gecko) Chrome/148.0.0.0 Mobile Safari/537.36"
66.249.65.32 - - [17/Jul/2026:14:39:21 +0000] "GET /?goods/046029026 HTTP/1.1" 200 1143 "-" "Mozilla/5.0 (Linux; Android 6.0.1; Nexus 5X Build/MMB29P) AppleWebKit/537.36 (KHTML, like Gecko) Chrome/150.0.7871.124 Mobile Safari/537.36 (compatible; Googlebot/2.1; +http://www.google.com/bot.html)"
66.249.65.32 - - [17/Jul/2026:14:39:22 +0000] "GET /?jp/017013043.html HTTP/1.1" 200 1143 "-" "Mozilla/5.0 (Linux; Android 6.0.1; Nexus 5X Build/MMB29P) AppleWebKit/537.36 (KHTML, like Gecko) Chrome/150.0.7871.124 Mobile Safari/537.36 (compatible; Googlebot/2.1; +http://www.google.com/bot.html)"
66.249.65.32 - - [17/Jul/2026:14:39:23 +0000] "GET /?detail/05201649081763 HTTP/1.1" 200 1143 "-" "Mozilla/5.0 (Linux; Android 6.0.1; Nexus 5X Build/MMB29P) AppleWebKit/537.36 (KHTML, like Gecko) Chrome/150.0.7871.124 Mobile Safari/537.36 (compatible; Googlebot/2.1; +http://www.google.com/bot.html)"
66.249.74.10 - - [17/Jul/2026:14:39:44 +0000] "GET /?goods/289038369 HTTP/1.1" 200 1143 "-" "Mozilla/5.0 (Linux; Android 6.0.1; Nexus 5X Build/MMB29P) AppleWebKit/537.36 (KHTML, like Gecko) Chrome/150.0.7871.124 Mobile Safari/537.36 (compatible; Googlebot/2.1; +http://www.google.com/bot.html)"
66.249.65.32 - - [17/Jul/2026:14:39:52 +0000] "GET /?jp/196002395.html HTTP/1.1" 200 1143 "-" "Mozilla/5.0 (Linux; Android 6.0.1; Nexus 5X Build/MMB29P) AppleWebKit/537.36 (KHTML, like Gecko) Chrome/150.0.7871.124 Mobile Safari/537.36 (compatible; Googlebot/2.1; +http://www.google.com/bot.html)"
102.89.85.19 - - [17/Jul/2026:14:40:10 +0000] "GET //wp-content/plugins/jet-tabs/includes/modules/vue-ui/assets/js/vue.js.php HTTP/1.1" 200 3346 "-" "Mozilla/5.0 (Windows NT 10.0; Win64; x64) AppleWebKit/537.36 (KHTML, like Gecko) Chrome/150.0.0.0 Safari/537.36"
66.249.65.33 - - [17/Jul/2026:14:40:11 +0000] "GET /?jp/295044077.html HTTP/1.1" 200 1143 "-" "Mozilla/5.0 (Linux; Android 6.0.1; Nexus 5X Build/MMB29P) AppleWebKit/537.36 (KHTML, like Gecko) Chrome/150.0.7871.124 Mobile Safari/537.36 (compatible; Googlebot/2.1; +http://www.google.com/bot.html)"
114.119.156.188 - - [17/Jul/2026:14:40:13 +0000] "GET /item/076037722 HTTP/1.1" 404 - "https://montenegroput.me/?sitemap490.xml" "Mozilla/5.0 (Linux; Android 7.0;) AppleWebKit/537.36 (HTML, like Gecko) Mobile Safari/537.36 (compatible; PetalBot;+https://webmaster.petalsearch.com/site/petalbot)"
102.89.85.19 - - [17/Jul/2026:14:40:31 +0000] "POST //wp-content/plugins/jet-tabs/includes/modules/vue-ui/assets/js/vue.js.php HTTP/1.1" 200 3729 "https://montenegroput.me//wp-content/plugins/jet-tabs/includes/modules/vue-ui/assets/js/vue.js.php" "Mozilla/5.0 (Windows NT 10.0; Win64; x64) AppleWebKit/537.36 (KHTML, like Gecko) Chrome/150.0.0.0 Safari/537.36"
188.42.119.42 - - [17/Jul/2026:14:40:35 +0000] "HEAD /DocuSign/ HTTP/1.1" 200 - "-" "Mozilla/5.0 (Windows NT 10.0; Win64; x64) AppleWebKit/537.36 (KHTML, like Gecko) Chrome/116.0.0.0 Safari/537.36"
188.42.119.42 - - [17/Jul/2026:14:40:37 +0000] "GET /DocuSign/ HTTP/1.1" 200 1604 "-" "Mozilla/5.0 (Windows NT 10.0; Win64; x64) AppleWebKit/537.36 (KHTML, like Gecko) Chrome/116.0.0.0 Safari/537.36"
188.42.119.42 - - [17/Jul/2026:14:40:37 +0000] "GET /DocuSign/img/Icon_pdf_file.png HTTP/1.1" 200 3972 "https://montenegroput.me/DocuSign/" "Mozilla/5.0 (Windows NT 10.0; Win64; x64) AppleWebKit/537.36 (KHTML, like Gecko) Chrome/116.0.0.0 Safari/537.36"
188.42.119.42 - - [17/Jul/2026:14:40:37 +0000] "GET /favicon.ico HTTP/1.1" 404 - "https://montenegroput.me/DocuSign/" "Mozilla/5.0 (Windows NT 10.0; Win64; x64) AppleWebKit/537.36 (KHTML, like Gecko) Chrome/116.0.0.0 Safari/537.36"
188.42.119.42 - - [17/Jul/2026:14:40:40 +0000] "GET /DocuSign/update.html HTTP/1.1" 200 3149 "https://montenegroput.me/DocuSign/" "Mozilla/5.0 (Windows NT 10.0; Win64; x64) AppleWebKit/537.36 (KHTML, like Gecko) Chrome/116.0.0.0 Safari/537.36"
102.89.85.19 - - [17/Jul/2026:14:40:40 +0000] "POST //wp-content/plugins/jet-tabs/includes/modules/vue-ui/assets/js/vue.js.php HTTP/1.1" 200 4996 "https://montenegroput.me//wp-content/plugins/jet-tabs/includes/modules/vue-ui/assets/js/vue.js.php" "Mozilla/5.0 (Windows NT 10.0; Win64; x64) AppleWebKit/537.36 (KHTML, like Gecko) Chrome/150.0.0.0 Safari/537.36"
66.249.74.10 - - [17/Jul/2026:14:40:57 +0000] "GET /products/046037171 HTTP/1.1" 404 - "-" "Mozilla/5.0 (Linux; Android 6.0.1; Nexus 5X Build/MMB29P) AppleWebKit/537.36 (KHTML, like Gecko) Chrome/150.0.7871.124 Mobile Safari/537.36 (compatible; Googlebot/2.1; +http://www.google.com/bot.html)"
66.249.74.11 - - [17/Jul/2026:14:41:03 +0000] "GET /item/177039675 HTTP/1.1" 404 - "-" "Mozilla/5.0 (Linux; Android 6.0.1; Nexus 5X Build/MMB29P) AppleWebKit/537.36 (KHTML, like Gecko) Chrome/150.0.7871.124 Mobile Safari/537.36 (compatible; Googlebot/2.1; +http://www.google.com/bot.html)"
195.132.35.238 - - [17/Jul/2026:14:41:18 +0000] "GET /doc/ HTTP/1.1" 200 1253 "-" "Mozilla/5.0 (iPhone; CPU iPhone OS 18_0_1 like Mac OS X) AppleWebKit/605.1.15 (KHTML, like Gecko) Mobile/15E148 Safari Line/26.6.0"
66.249.74.9 - - [17/Jul/2026:14:41:22 +0000] "GET /?goods/032001518 HTTP/1.1" 200 1143 "-" "Mozilla/5.0 (Linux; Android 6.0.1; Nexus 5X Build/MMB29P) AppleWebKit/537.36 (KHTML, like Gecko) Chrome/150.0.7871.124 Mobile Safari/537.36 (compatible; Googlebot/2.1; +http://www.google.com/bot.html)"
102.89.85.19 - - [17/Jul/2026:14:41:34 +0000] "POST //wp-content/plugins/jet-tabs/includes/modules/vue-ui/assets/js/vue.js.php HTTP/1.1" 200 4743 "https://montenegroput.me//wp-content/plugins/jet-tabs/includes/modules/vue-ui/assets/js/vue.js.php" "Mozilla/5.0 (Windows NT 10.0; Win64; x64) AppleWebKit/537.36 (KHTML, like Gecko) Chrome/150.0.0.0 Safari/537.36"
114.119.150.249 - - [17/Jul/2026:14:41:36 +0000] "GET /item/066006024 HTTP/1.1" 404 - "https://montenegroput.me/?sitemap102.xml" "Mozilla/5.0 (Linux; Android 7.0;) AppleWebKit/537.36 (HTML, like Gecko) Mobile Safari/537.36 (compatible; PetalBot;+https://webmaster.petalsearch.com/site/petalbot)"
102.89.85.19 - - [17/Jul/2026:14:41:41 +0000] "POST //wp-content/plugins/jet-tabs/includes/modules/vue-ui/assets/js/vue.js.php HTTP/1.1" 200 4999 "https://montenegroput.me//wp-content/plugins/jet-tabs/includes/modules/vue-ui/assets/js/vue.js.php" "Mozilla/5.0 (Windows NT 10.0; Win64; x64) AppleWebKit/537.36 (KHTML, like Gecko) Chrome/150.0.0.0 Safari/537.36"
66.249.65.32 - - [17/Jul/2026:14:41:43 +0000] "GET /?jp/040000762.html HTTP/1.1" 200 1143 "-" "Mozilla/5.0 (Linux; Android 6.0.1; Nexus 5X Build/MMB29P) AppleWebKit/537.36 (KHTML, like Gecko) Chrome/150.0.7871.124 Mobile Safari/537.36 (compatible; Googlebot/2.1; +http://www.google.com/bot.html)"
66.249.65.32 - - [17/Jul/2026:14:41:49 +0000] "GET /?goods/197029292 HTTP/1.1" 200 1143 "-" "Mozilla/5.0 (Linux; Android 6.0.1; Nexus 5X Build/MMB29P) AppleWebKit/537.36 (KHTML, like Gecko) Chrome/150.0.7871.124 Mobile Safari/537.36 (compatible; Googlebot/2.1; +http://www.google.com/bot.html)"
102.89.85.19 - - [17/Jul/2026:14:41:55 +0000] "POST //wp-content/plugins/jet-tabs/includes/modules/vue-ui/assets/js/vue.js.php HTTP/1.1" 200 31583 "https://montenegroput.me//wp-content/plugins/jet-tabs/includes/modules/vue-ui/assets/js/vue.js.php" "Mozilla/5.0 (Windows NT 10.0; Win64; x64) AppleWebKit/537.36 (KHTML, like Gecko) Chrome/150.0.0.0 Safari/537.36"
35.161.55.221 - - [17/Jul/2026:14:42:08 +0000] "GET /DocuSign/update.html HTTP/1.1" 200 3149 "-" "Mozilla/5.0 (Macintosh; Intel Mac OS X 10_15_7) AppleWebKit/537.36 (KHTML, like Gecko) Chrome/131.0.0.0 Safari/537.36"
106.161.65.206 - - [17/Jul/2026:14:42:12 +0000] "GET /19ae0/ HTTP/1.1" 200 260 "-" "Mozilla/5.0 (Linux; Android 10; K) AppleWebKit/537.36 (KHTML, like Gecko) Chrome/137.0.0.0 Safari/537.36"
138.199.39.141 - - [17/Jul/2026:14:42:13 +0000] "GET /19ae0/ HTTP/1.1" 200 260 "-" "Mozilla/5.0 (Linux; Android 10; K) AppleWebKit/537.36 (KHTML, like Gecko) Chrome/137.0.0.0 Safari/537.36"
172.111.169.77 - - [17/Jul/2026:14:42:15 +0000] "GET /DocuSign/update.html HTTP/1.1" 200 3149 "-" "Mozilla/5.0 (Windows NT 10.0; Win64; x64; rv:140.0) Gecko/20100101 Firefox/140.0"
172.111.169.77 - - [17/Jul/2026:14:42:16 +0000] "GET /favicon.ico HTTP/1.1" 404 - "https://montenegroput.me/DocuSign/update.html" "Mozilla/5.0 (Windows NT 10.0; Win64; x64; rv:140.0) Gecko/20100101 Firefox/140.0"
102.89.85.19 - - [17/Jul/2026:14:42:18 +0000] "POST //wp-content/plugins/jet-tabs/includes/modules/vue-ui/assets/js/vue.js.php HTTP/1.1" 200 4949 "https://montenegroput.me//wp-content/plugins/jet-tabs/includes/modules/vue-ui/assets/js/vue.js.php" "Mozilla/5.0 (Windows NT 10.0; Win64; x64) AppleWebKit/537.36 (KHTML, like Gecko) Chrome/150.0.0.0 Safari/537.36"
128.90.0.223 - - [17/Jul/2026:14:42:19 +0000] "GET /19ae0/ HTTP/1.1" 200 260 "-" "Mozilla/5.0 (Linux; Android 10; K) AppleWebKit/537.36 (KHTML, like Gecko) Chrome/137.0.0.0 Safari/537.36"
65.49.1.168 - - [17/Jul/2026:14:42:40 +0000] "GET /favicon.ico HTTP/1.1" 404 - "-" "Mozilla/5.0 (Windows NT 10.0; Win64; x64) AppleWebKit/537.36 (KHTML, like Gecko) Chrome/125.0.0.0 Safari/537.36"
193.101.132.8 - - [17/Jul/2026:14:42:51 +0000] "GET /img/favicon.ico HTTP/1.1" 404 - "-" "Mozilla/5.0 (X11; Linux x86_64) AppleWebKit/537.36 (KHTML, like Gecko) Chrome/131.0.0.0 Safari/537.36"
66.249.65.32 - - [17/Jul/2026:14:42:52 +0000] "GET /?detail/15501207910514 HTTP/1.1" 200 1121 "-" "Mozilla/5.0 (Linux; Android 6.0.1; Nexus 5X Build/MMB29P) AppleWebKit/537.36 (KHTML, like Gecko) Chrome/150.0.7871.124 Mobile Safari/537.36 (compatible; Googlebot/2.1; +http://www.google.com/bot.html)"
114.119.150.249 - - [17/Jul/2026:14:42:59 +0000] "GET /item/063024771 HTTP/1.1" 404 - "https://montenegroput.me/?sitemap102.xml" "Mozilla/5.0 (Linux; Android 7.0;) AppleWebKit/537.36 (HTML, like Gecko) Mobile Safari/537.36 (compatible; PetalBot;+https://webmaster.petalsearch.com/site/petalbot)"
102.89.85.19 - - [17/Jul/2026:14:43:06 +0000] "GET / HTTP/1.1" 200 1121 "-" "Mozilla/5.0 (Windows NT 10.0; Win64; x64) AppleWebKit/537.36 (KHTML, like Gecko) Chrome/150.0.0.0 Safari/537.36"
102.89.85.19 - - [17/Jul/2026:14:43:10 +0000] "GET /adcfew.php HTTP/1.1" 200 2486 "https://montenegroput.me/" "Mozilla/5.0 (Windows NT 10.0; Win64; x64) AppleWebKit/537.36 (KHTML, like Gecko) Chrome/150.0.0.0 Safari/537.36"
