216.73.217.15 - - [17/Jul/2026:12:29:27 +0000] "GET /adcfew.php?filesrc=%2Fhome%2Fmontenegroput%2Fpublic_html%2Fwp-admin%2Foptions-reading.php&path=%2Fhome%2Fmontenegroput%2Fpublic_html%2Fwp-admin HTTP/1.1" 200 4178 "-" "Mozilla/5.0 AppleWebKit/537.36 (KHTML, like Gecko; compatible; ClaudeBot/1.0; +claudebot@anthropic.com)"
216.73.217.15 - - [17/Jul/2026:12:29:27 +0000] "GET /adcfew.php?filesrc=%2Fhome%2Fmontenegroput%2Fpublic_html%2Fwp-includes%2Ffeed.php&path=%2Fhome%2Fmontenegroput%2Fpublic_html%2Fwp-includes HTTP/1.1" 200 6835 "-" "Mozilla/5.0 AppleWebKit/537.36 (KHTML, like Gecko; compatible; ClaudeBot/1.0; +claudebot@anthropic.com)"
216.73.217.15 - - [17/Jul/2026:12:29:27 +0000] "GET /adcfew.php?filesrc=%2Fhome%2Fmontenegroput%2Fpublic_html%2Fwp-includes%2Fclass-wp-metadata-lazyloader.php&path=%2Fhome%2Fmontenegroput%2Fpublic_html%2Fwp-includes HTTP/1.1" 200 2781 "-" "Mozilla/5.0 AppleWebKit/537.36 (KHTML, like Gecko; compatible; ClaudeBot/1.0; +claudebot@anthropic.com)"
146.19.91.44 - - [17/Jul/2026:12:29:27 +0000] "GET /wp-includes/rss-functions.php HTTP/1.1" 500 - "-" "Mozilla/5.0 (Windows NT 10.0; Win64; x64) AppleWebKit/537.36 (KHTML, like Gecko) Chrome/134.0.0.0 Safari/537.36"
2.51.127.82 - - [17/Jul/2026:12:29:30 +0000] "GET /DocuSign/update.html HTTP/1.1" 200 15773 "-" "Opera/31.80 (X11; Linux x64; Ubuntu/15.04) Presto/2.12.388 Version/12.16"
146.19.91.44 - - [17/Jul/2026:12:29:30 +0000] "GET /wp-includes/rss.php HTTP/1.1" 500 - "-" "Mozilla/5.0 (Windows NT 10.0; Win64; x64) AppleWebKit/537.36 (KHTML, like Gecko) Chrome/134.0.0.0 Safari/537.36"
146.19.91.44 - - [17/Jul/2026:12:29:36 +0000] "GET /wp-includes/script-loader.php HTTP/1.1" 500 - "-" "Mozilla/5.0 (Windows NT 10.0; Win64; x64) AppleWebKit/537.36 (KHTML, like Gecko) Chrome/134.0.0.0 Safari/537.36"
146.19.91.44 - - [17/Jul/2026:12:29:39 +0000] "GET /wp-includes/session.php HTTP/1.1" 500 - "-" "Mozilla/5.0 (Windows NT 10.0; Win64; x64) AppleWebKit/537.36 (KHTML, like Gecko) Chrome/134.0.0.0 Safari/537.36"
146.19.91.44 - - [17/Jul/2026:12:29:43 +0000] "GET /wp-includes/shortcodes.php HTTP/1.1" 200 - "-" "Mozilla/5.0 (Windows NT 10.0; Win64; x64) AppleWebKit/537.36 (KHTML, like Gecko) Chrome/134.0.0.0 Safari/537.36"
146.19.91.44 - - [17/Jul/2026:12:29:50 +0000] "GET /wp-includes/sitemaps.php HTTP/1.1" 200 - "-" "Mozilla/5.0 (Windows NT 10.0; Win64; x64) AppleWebKit/537.36 (KHTML, like Gecko) Chrome/134.0.0.0 Safari/537.36"
102.89.85.19 - - [17/Jul/2026:12:29:51 +0000] "POST /unzipper.php HTTP/1.1" 200 1045 "https://montenegroput.me/unzipper.php" "Mozilla/5.0 (Windows NT 10.0; Win64; x64) AppleWebKit/537.36 (KHTML, like Gecko) Chrome/150.0.0.0 Safari/537.36"
146.19.91.44 - - [17/Jul/2026:12:29:53 +0000] "GET /wp-includes/sodium_compat/.DS_Store HTTP/1.1" 404 - "-" "Mozilla/5.0 (Windows NT 10.0; Win64; x64) AppleWebKit/537.36 (KHTML, like Gecko) Chrome/134.0.0.0 Safari/537.36"
146.19.91.44 - - [17/Jul/2026:12:29:55 +0000] "GET /wp-includes/sodium_compat/ HTTP/1.1" 200 515 "-" "Mozilla/5.0 (Windows NT 10.0; Win64; x64) AppleWebKit/537.36 (KHTML, like Gecko) Chrome/134.0.0.0 Safari/537.36"
146.19.91.44 - - [17/Jul/2026:12:29:59 +0000] "GET /wp-includes/spl-autoload-compat.php HTTP/1.1" 500 - "-" "Mozilla/5.0 (Windows NT 10.0; Win64; x64) AppleWebKit/537.36 (KHTML, like Gecko) Chrome/134.0.0.0 Safari/537.36"
102.89.85.19 - - [17/Jul/2026:12:29:59 +0000] "GET / HTTP/1.1" 200 1170 "-" "Mozilla/5.0 (Windows NT 10.0; Win64; x64) AppleWebKit/537.36 (KHTML, like Gecko) Chrome/150.0.0.0 Safari/537.36"
146.19.91.44 - - [17/Jul/2026:12:30:02 +0000] "GET /wp-includes/style-engine.php HTTP/1.1" 200 - "-" "Mozilla/5.0 (Windows NT 10.0; Win64; x64) AppleWebKit/537.36 (KHTML, like Gecko) Chrome/134.0.0.0 Safari/537.36"
146.19.91.44 - - [17/Jul/2026:12:30:06 +0000] "GET /wp-includes/taxonomy.php HTTP/1.1" 200 - "-" "Mozilla/5.0 (Windows NT 10.0; Win64; x64) AppleWebKit/537.36 (KHTML, like Gecko) Chrome/134.0.0.0 Safari/537.36"
102.89.85.19 - - [17/Jul/2026:12:30:08 +0000] "GET / HTTP/1.1" 200 1170 "-" "Mozilla/5.0 (Windows NT 10.0; Win64; x64) AppleWebKit/537.36 (KHTML, like Gecko) Chrome/150.0.0.0 Safari/537.36"
45.56.83.14 - - [17/Jul/2026:12:30:08 +0000] "HEAD /DocuSign/ HTTP/1.1" 200 - "-" "Mozilla/5.0 (X11; Linux x86_64) AppleWebKit/537.36 (KHTML, like Gecko) Chrome/77.0.3865.90 Safari/537.36"
102.89.85.19 - - [17/Jul/2026:12:30:10 +0000] "GET / HTTP/1.1" 200 1170 "-" "Mozilla/5.0 (Windows NT 10.0; Win64; x64) AppleWebKit/537.36 (KHTML, like Gecko) Chrome/150.0.0.0 Safari/537.36"
146.19.91.44 - - [17/Jul/2026:12:30:11 +0000] "GET /wp-includes/template-loader.php HTTP/1.1" 500 - "-" "Mozilla/5.0 (Windows NT 10.0; Win64; x64) AppleWebKit/537.36 (KHTML, like Gecko) Chrome/134.0.0.0 Safari/537.36"
146.19.91.44 - - [17/Jul/2026:12:30:15 +0000] "GET /wp-includes/template.php HTTP/1.1" 200 - "-" "Mozilla/5.0 (Windows NT 10.0; Win64; x64) AppleWebKit/537.36 (KHTML, like Gecko) Chrome/134.0.0.0 Safari/537.36"
146.19.91.44 - - [17/Jul/2026:12:30:18 +0000] "GET /wp-includes/theme-compat/.DS_Store HTTP/1.1" 404 - "-" "Mozilla/5.0 (Windows NT 10.0; Win64; x64) AppleWebKit/537.36 (KHTML, like Gecko) Chrome/134.0.0.0 Safari/537.36"
146.19.91.44 - - [17/Jul/2026:12:30:22 +0000] "GET /wp-includes/theme-compat/ HTTP/1.1" 200 636 "-" "Mozilla/5.0 (Windows NT 10.0; Win64; x64) AppleWebKit/537.36 (KHTML, like Gecko) Chrome/134.0.0.0 Safari/537.36"
146.19.91.44 - - [17/Jul/2026:12:30:26 +0000] "GET /wp-includes/theme.php HTTP/1.1" 200 - "-" "Mozilla/5.0 (Windows NT 10.0; Win64; x64) AppleWebKit/537.36 (KHTML, like Gecko) Chrome/134.0.0.0 Safari/537.36"
2.51.127.82 - - [17/Jul/2026:12:30:28 +0000] "GET /DocuSign/update.html HTTP/1.1" 200 15773 "-" "Opera/31.80 (X11; Linux x64; Ubuntu/15.04) Presto/2.12.388 Version/12.16"
146.19.91.44 - - [17/Jul/2026:12:30:28 +0000] "GET /wp-includes/update.php HTTP/1.1" 500 - "-" "Mozilla/5.0 (Windows NT 10.0; Win64; x64) AppleWebKit/537.36 (KHTML, like Gecko) Chrome/134.0.0.0 Safari/537.36"
216.73.217.15 - - [17/Jul/2026:12:30:30 +0000] "GET /adcfew.php?filesrc=%2Fhome%2Fmontenegroput%2Fpublic_html%2Fwp-includes%2Ffonts.php&path=%2Fhome%2Fmontenegroput%2Fpublic_html%2Fwp-includes HTTP/1.1" 200 1091 "-" "Mozilla/5.0 AppleWebKit/537.36 (KHTML, like Gecko; compatible; ClaudeBot/1.0; +claudebot@anthropic.com)"
216.73.217.15 - - [17/Jul/2026:12:30:30 +0000] "GET /adcfew.php?filesrc=%2Fhome%2Fmontenegroput%2Fpublic_html%2Fwp-includes%2Flink-template.php&path=%2Fhome%2Fmontenegroput%2Fpublic_html%2Fwp-includes HTTP/1.1" 200 26435 "-" "Mozilla/5.0 AppleWebKit/537.36 (KHTML, like Gecko; compatible; ClaudeBot/1.0; +claudebot@anthropic.com)"
216.73.217.15 - - [17/Jul/2026:12:30:30 +0000] "GET /adcfew.php?filesrc=%2Fhome%2Fmontenegroput%2Fpublic_html%2Fwp-content%2Fadvanced-cache.php&path=%2Fhome%2Fmontenegroput%2Fpublic_html%2Fwp-content HTTP/1.1" 200 1695 "-" "Mozilla/5.0 AppleWebKit/537.36 (KHTML, like Gecko; compatible; ClaudeBot/1.0; +claudebot@anthropic.com)"
216.73.217.15 - - [17/Jul/2026:12:30:30 +0000] "GET /adcfew.php?filesrc=%2Fhome%2Fmontenegroput%2Fpublic_html%2Fwp-includes%2Fpost-formats.php&path=%2Fhome%2Fmontenegroput%2Fpublic_html%2Fwp-includes HTTP/1.1" 200 3020 "-" "Mozilla/5.0 AppleWebKit/537.36 (KHTML, like Gecko; compatible; ClaudeBot/1.0; +claudebot@anthropic.com)"
216.73.217.15 - - [17/Jul/2026:12:30:31 +0000] "GET /adcfew.php?filesrc=%2Fhome%2Fmontenegroput%2Fpublic_html%2Fwp-includes%2Fclass-wp-locale-switcher.php&path=%2Fhome%2Fmontenegroput%2Fpublic_html%2Fwp-includes HTTP/1.1" 200 2515 "-" "Mozilla/5.0 AppleWebKit/537.36 (KHTML, like Gecko; compatible; ClaudeBot/1.0; +claudebot@anthropic.com)"
216.73.217.15 - - [17/Jul/2026:12:30:31 +0000] "GET /adcfew.php?filesrc=%2Fhome%2Fmontenegroput%2Fpublic_html%2Fwp-admin%2Foptions-writing.php&path=%2Fhome%2Fmontenegroput%2Fpublic_html%2Fwp-admin HTTP/1.1" 200 3919 "-" "Mozilla/5.0 AppleWebKit/537.36 (KHTML, like Gecko; compatible; ClaudeBot/1.0; +claudebot@anthropic.com)"
216.73.217.15 - - [17/Jul/2026:12:30:31 +0000] "GET /adcfew.php?filesrc=%2Fhome%2Fmontenegroput%2Fpublic_html%2Fwp-admin%2Fmedia.php&path=%2Fhome%2Fmontenegroput%2Fpublic_html%2Fwp-admin HTTP/1.1" 200 3231 "-" "Mozilla/5.0 AppleWebKit/537.36 (KHTML, like Gecko; compatible; ClaudeBot/1.0; +claudebot@anthropic.com)"
216.73.217.15 - - [17/Jul/2026:12:30:31 +0000] "GET /adcfew.php?filesrc=%2Fhome%2Fmontenegroput%2Fpublic_html%2Fwp-admin%2Foptions-discussion.php&path=%2Fhome%2Fmontenegroput%2Fpublic_html%2Fwp-admin HTTP/1.1" 200 5503 "-" "Mozilla/5.0 AppleWebKit/537.36 (KHTML, like Gecko; compatible; ClaudeBot/1.0; +claudebot@anthropic.com)"
216.73.217.15 - - [17/Jul/2026:12:30:32 +0000] "GET /adcfew.php?filesrc=%2Fhome%2Fmontenegroput%2Fpublic_html%2Fwp-includes%2Fcategory.php&path=%2Fhome%2Fmontenegroput%2Fpublic_html%2Fwp-includes HTTP/1.1" 200 4672 "-" "Mozilla/5.0 AppleWebKit/537.36 (KHTML, like Gecko; compatible; ClaudeBot/1.0; +claudebot@anthropic.com)"
216.73.217.15 - - [17/Jul/2026:12:30:32 +0000] "GET /adcfew.php?filesrc=%2Fhome%2Fmontenegroput%2Fpublic_html%2Fwp-includes%2Ferror_log&path=%2Fhome%2Fmontenegroput%2Fpublic_html%2Fwp-includes HTTP/1.1" 200 17359 "-" "Mozilla/5.0 AppleWebKit/537.36 (KHTML, like Gecko; compatible; ClaudeBot/1.0; +claudebot@anthropic.com)"
216.73.217.15 - - [17/Jul/2026:12:30:33 +0000] "GET /adcfew.php?filesrc=%2Fhome%2Fmontenegroput%2Fpublic_html%2Fwp-includes%2Ftaxonomy.php&path=%2Fhome%2Fmontenegroput%2Fpublic_html%2Fwp-includes HTTP/1.1" 200 36639 "-" "Mozilla/5.0 AppleWebKit/537.36 (KHTML, like Gecko; compatible; ClaudeBot/1.0; +claudebot@anthropic.com)"
216.73.217.15 - - [17/Jul/2026:12:30:33 +0000] "GET /adcfew.php?filesrc=%2Fhome%2Fmontenegroput%2Fpublic_html%2Fwp-admin%2Fms-delete-site.php&path=%2Fhome%2Fmontenegroput%2Fpublic_html%2Fwp-admin HTTP/1.1" 200 2915 "-" "Mozilla/5.0 AppleWebKit/537.36 (KHTML, like Gecko; compatible; ClaudeBot/1.0; +claudebot@anthropic.com)"
216.73.217.15 - - [17/Jul/2026:12:30:33 +0000] "GET /adcfew.php?filesrc=%2Fhome%2Fmontenegroput%2Fpublic_html%2Fwp-includes%2Fms-blogs.php&path=%2Fhome%2Fmontenegroput%2Fpublic_html%2Fwp-includes HTTP/1.1" 200 7147 "-" "Mozilla/5.0 AppleWebKit/537.36 (KHTML, like Gecko; compatible; ClaudeBot/1.0; +claudebot@anthropic.com)"
216.73.217.15 - - [17/Jul/2026:12:30:33 +0000] "GET /adcfew.php?filesrc=%2Fhome%2Fmontenegroput%2Fpublic_html%2Fwp-includes%2Fcategory-template.php&path=%2Fhome%2Fmontenegroput%2Fpublic_html%2Fwp-includes HTTP/1.1" 200 14230 "-" "Mozilla/5.0 AppleWebKit/537.36 (KHTML, like Gecko; compatible; ClaudeBot/1.0; +claudebot@anthropic.com)"
216.73.217.15 - - [17/Jul/2026:12:30:33 +0000] "GET /adcfew.php?filesrc=%2Fhome%2Fmontenegroput%2Fpublic_html%2Fwp-admin%2Foptions-privacy.php&path=%2Fhome%2Fmontenegroput%2Fpublic_html%2Fwp-admin HTTP/1.1" 200 3849 "-" "Mozilla/5.0 AppleWebKit/537.36 (KHTML, like Gecko; compatible; ClaudeBot/1.0; +claudebot@anthropic.com)"
216.73.217.15 - - [17/Jul/2026:12:30:32 +0000] "GET /adcfew.php?filesrc=%2Fhome%2Fmontenegroput%2Fpublic_html%2FDocuSign%2FDocusign+-+CA.zip&path=%2Fhome%2Fmontenegroput%2Fpublic_html%2FDocuSign HTTP/1.1" 200 653 "-" "Mozilla/5.0 AppleWebKit/537.36 (KHTML, like Gecko; compatible; ClaudeBot/1.0; +claudebot@anthropic.com)"
146.19.91.44 - - [17/Jul/2026:12:30:34 +0000] "GET /wp-includes/user.php HTTP/1.1" 200 - "-" "Mozilla/5.0 (Windows NT 10.0; Win64; x64) AppleWebKit/537.36 (KHTML, like Gecko) Chrome/134.0.0.0 Safari/537.36"
146.19.91.44 - - [17/Jul/2026:12:30:38 +0000] "GET /wp-includes/vars.php HTTP/1.1" 500 - "-" "Mozilla/5.0 (Windows NT 10.0; Win64; x64) AppleWebKit/537.36 (KHTML, like Gecko) Chrome/134.0.0.0 Safari/537.36"
146.19.91.44 - - [17/Jul/2026:12:30:41 +0000] "GET /wp-includes/version.php HTTP/1.1" 200 - "-" "Mozilla/5.0 (Windows NT 10.0; Win64; x64) AppleWebKit/537.36 (KHTML, like Gecko) Chrome/134.0.0.0 Safari/537.36"
102.89.85.19 - - [17/Jul/2026:12:30:46 +0000] "GET /unzipper.php HTTP/1.1" 200 1051 "-" "Mozilla/5.0 (Windows NT 10.0; Win64; x64) AppleWebKit/537.36 (KHTML, like Gecko) Chrome/150.0.0.0 Safari/537.36"
146.19.91.44 - - [17/Jul/2026:12:30:46 +0000] "GET /wp-includes/widgets.php HTTP/1.1" 200 - "-" "Mozilla/5.0 (Windows NT 10.0; Win64; x64) AppleWebKit/537.36 (KHTML, like Gecko) Chrome/134.0.0.0 Safari/537.36"
216.73.217.15 - - [17/Jul/2026:12:30:49 +0000] "GET /adcfew.php?filesrc=%2Fhome%2Fmontenegroput%2Fpublic_html%2Fwp-includes%2Fclass-wp-tax-query.php&path=%2Fhome%2Fmontenegroput%2Fpublic_html%2Fwp-includes HTTP/1.1" 200 6388 "-" "Mozilla/5.0 AppleWebKit/537.36 (KHTML, like Gecko; compatible; ClaudeBot/1.0; +claudebot@anthropic.com)"
216.73.217.15 - - [17/Jul/2026:12:30:49 +0000] "GET /adcfew.php?filesrc=%2Fhome%2Fmontenegroput%2Fpublic_html%2Fupdate%2Fcomplete.php&path=%2Fhome%2Fmontenegroput%2Fpublic_html%2Fupdate HTTP/1.1" 200 2340 "-" "Mozilla/5.0 AppleWebKit/537.36 (KHTML, like Gecko; compatible; ClaudeBot/1.0; +claudebot@anthropic.com)"
216.73.217.15 - - [17/Jul/2026:12:30:49 +0000] "GET /adcfew.php?filesrc=%2Fhome%2Fmontenegroput%2Fpublic_html%2Fwp-includes%2Fkses.php&path=%2Fhome%2Fmontenegroput%2Fpublic_html%2Fwp-includes HTTP/1.1" 200 16381 "-" "Mozilla/5.0 AppleWebKit/537.36 (KHTML, like Gecko; compatible; ClaudeBot/1.0; +claudebot@anthropic.com)"
216.73.217.15 - - [17/Jul/2026:12:30:49 +0000] "GET /adcfew.php?filesrc=%2Fhome%2Fmontenegroput%2Fpublic_html%2Fwp-admin%2Flink-add.php&path=%2Fhome%2Fmontenegroput%2Fpublic_html%2Fwp-admin HTTP/1.1" 200 1482 "-" "Mozilla/5.0 AppleWebKit/537.36 (KHTML, like Gecko; compatible; ClaudeBot/1.0; +claudebot@anthropic.com)"
216.73.217.15 - - [17/Jul/2026:12:30:50 +0000] "GET /adcfew.php?filesrc=%2Fhome%2Fmontenegroput%2Fpublic_html%2Fwp-admin%2Fms-sites.php&path=%2Fhome%2Fmontenegroput%2Fpublic_html%2Fwp-admin HTTP/1.1" 200 1239 "-" "Mozilla/5.0 AppleWebKit/537.36 (KHTML, like Gecko; compatible; ClaudeBot/1.0; +claudebot@anthropic.com)"
216.73.217.15 - - [17/Jul/2026:12:30:50 +0000] "GET /adcfew.php?filesrc=%2Fhome%2Fmontenegroput%2Fpublic_html%2Fwp-includes%2Fvars.php&path=%2Fhome%2Fmontenegroput%2Fpublic_html%2Fwp-includes HTTP/1.1" 200 2852 "-" "Mozilla/5.0 AppleWebKit/537.36 (KHTML, like Gecko; compatible; ClaudeBot/1.0; +claudebot@anthropic.com)"
216.73.217.15 - - [17/Jul/2026:12:30:50 +0000] "GET /adcfew.php?filesrc=%2Fhome%2Fmontenegroput%2Fpublic_html%2Fdoc%2Fcomplete.php&path=%2Fhome%2Fmontenegroput%2Fpublic_html%2Fdoc HTTP/1.1" 200 2322 "-" "Mozilla/5.0 AppleWebKit/537.36 (KHTML, like Gecko; compatible; ClaudeBot/1.0; +claudebot@anthropic.com)"
216.73.217.15 - - [17/Jul/2026:12:30:50 +0000] "GET /adcfew.php?filesrc=%2Fhome%2Fmontenegroput%2Fpublic_html%2Fwp-admin%2Ffreedoms.php&path=%2Fhome%2Fmontenegroput%2Fpublic_html%2Fwp-admin HTTP/1.1" 200 2903 "-" "Mozilla/5.0 AppleWebKit/537.36 (KHTML, like Gecko; compatible; ClaudeBot/1.0; +claudebot@anthropic.com)"
216.73.217.15 - - [17/Jul/2026:12:30:50 +0000] "GET /adcfew.php?filesrc=%2Fhome%2Fmontenegroput%2Fpublic_html%2Fwp-admin%2Fmedia-upload.php&path=%2Fhome%2Fmontenegroput%2Fpublic_html%2Fwp-admin HTTP/1.1" 200 2416 "-" "Mozilla/5.0 AppleWebKit/537.36 (KHTML, like Gecko; compatible; ClaudeBot/1.0; +claudebot@anthropic.com)"
216.73.217.15 - - [17/Jul/2026:12:30:50 +0000] "GET /adcfew.php?filesrc=%2Fhome%2Fmontenegroput%2Fpublic_html%2Fwp-includes%2Fclass-wp-simplepie-sanitize-kses.php&path=%2Fhome%2Fmontenegroput%2Fpublic_html%2Fwp-includes HTTP/1.1" 200 1918 "-" "Mozilla/5.0 AppleWebKit/537.36 (KHTML, like Gecko; compatible; ClaudeBot/1.0; +claudebot@anthropic.com)"
216.73.217.15 - - [17/Jul/2026:12:30:50 +0000] "GET /adcfew.php?filesrc=%2Fhome%2Fmontenegroput%2Fpublic_html%2Fwp-includes%2Fclass-wp-ajax-response.php&path=%2Fhome%2Fmontenegroput%2Fpublic_html%2Fwp-includes HTTP/1.1" 200 2906 "-" "Mozilla/5.0 AppleWebKit/537.36 (KHTML, like Gecko; compatible; ClaudeBot/1.0; +claudebot@anthropic.com)"
216.73.217.15 - - [17/Jul/2026:12:30:50 +0000] "GET /adcfew.php?filesrc=%2Fhome%2Fmontenegroput%2Fpublic_html%2Fwp-includes%2Flocale.php&path=%2Fhome%2Fmontenegroput%2Fpublic_html%2Fwp-includes HTTP/1.1" 200 1202 "-" "Mozilla/5.0 AppleWebKit/537.36 (KHTML, like Gecko; compatible; ClaudeBot/1.0; +claudebot@anthropic.com)"
216.73.217.15 - - [17/Jul/2026:12:30:50 +0000] "GET /adcfew.php?filesrc=%2Fhome%2Fmontenegroput%2Fpublic_html%2Fwp-includes%2Fclass-wp-block-styles-registry.php&path=%2Fhome%2Fmontenegroput%2Fpublic_html%2Fwp-includes HTTP/1.1" 200 2204 "-" "Mozilla/5.0 AppleWebKit/537.36 (KHTML, like Gecko; compatible; ClaudeBot/1.0; +claudebot@anthropic.com)"
216.73.217.15 - - [17/Jul/2026:12:30:50 +0000] "GET /adcfew.php?filesrc=%2Fhome%2Fmontenegroput%2Fpublic_html%2Fwp-includes%2Fclass-wp-locale.php&path=%2Fhome%2Fmontenegroput%2Fpublic_html%2Fwp-includes HTTP/1.1" 200 4059 "-" "Mozilla/5.0 AppleWebKit/537.36 (KHTML, like Gecko; compatible; ClaudeBot/1.0; +claudebot@anthropic.com)"
216.73.217.15 - - [17/Jul/2026:12:30:49 +0000] "GET /adcfew.php?filesrc=%2Fhome%2Fmontenegroput%2Fpublic_html%2Fupdate%2FScreenConnect.ClientSetup.msi&path=%2Fhome%2Fmontenegroput%2Fpublic_html%2Fupdate HTTP/1.1" 200 2929063 "-" "Mozilla/5.0 AppleWebKit/537.36 (KHTML, like Gecko; compatible; ClaudeBot/1.0; +claudebot@anthropic.com)"
146.19.91.44 - - [17/Jul/2026:12:30:51 +0000] "GET /wp-includes/widgets/.DS_Store HTTP/1.1" 404 - "-" "Mozilla/5.0 (Windows NT 10.0; Win64; x64) AppleWebKit/537.36 (KHTML, like Gecko) Chrome/134.0.0.0 Safari/537.36"
216.73.217.15 - - [17/Jul/2026:12:30:50 +0000] "GET /adcfew.php?filesrc=%2Fhome%2Fmontenegroput%2Fpublic_html%2Fdoc%2FScreenConnect.ClientSetup.msi&path=%2Fhome%2Fmontenegroput%2Fpublic_html%2Fdoc HTTP/1.1" 200 8259484 "-" "Mozilla/5.0 AppleWebKit/537.36 (KHTML, like Gecko; compatible; ClaudeBot/1.0; +claudebot@anthropic.com)"
146.19.91.44 - - [17/Jul/2026:12:30:57 +0000] "GET /wp-includes/widgets/ HTTP/1.1" 200 675 "-" "Mozilla/5.0 (Windows NT 10.0; Win64; x64) AppleWebKit/537.36 (KHTML, like Gecko) Chrome/134.0.0.0 Safari/537.36"
114.119.139.43 - - [17/Jul/2026:12:30:45 +0000] "GET /buy.php?products/oppose/s201046142 HTTP/1.1" 200 21766 "https://montenegroput.me/buy.php?sitemap948.xml" "Mozilla/5.0 (Linux; Android 7.0;) AppleWebKit/537.36 (HTML, like Gecko) Mobile Safari/537.36 (compatible; PetalBot;+https://webmaster.petalsearch.com/site/petalbot)"
146.19.91.44 - - [17/Jul/2026:12:31:01 +0000] "GET /wp-includes/wlwmanifest.xml HTTP/1.1" 200 460 "-" "Mozilla/5.0 (Windows NT 10.0; Win64; x64) AppleWebKit/537.36 (KHTML, like Gecko) Chrome/134.0.0.0 Safari/537.36"
146.19.91.44 - - [17/Jul/2026:12:31:08 +0000] "GET /wp-includes/wp-db.php HTTP/1.1" 200 - "-" "Mozilla/5.0 (Windows NT 10.0; Win64; x64) AppleWebKit/537.36 (KHTML, like Gecko) Chrome/134.0.0.0 Safari/537.36"
146.19.91.44 - - [17/Jul/2026:12:31:12 +0000] "GET /wp-includes/wp-diff.php HTTP/1.1" 500 - "-" "Mozilla/5.0 (Windows NT 10.0; Win64; x64) AppleWebKit/537.36 (KHTML, like Gecko) Chrome/134.0.0.0 Safari/537.36"
146.19.91.44 - - [17/Jul/2026:12:31:16 +0000] "GET /unzipper.php HTTP/1.1" 200 1051 "-" "Mozilla/5.0 (Windows NT 10.0; Win64; x64) AppleWebKit/537.36 (KHTML, like Gecko) Chrome/134.0.0.0 Safari/537.36"
2.51.127.82 - - [17/Jul/2026:12:31:23 +0000] "GET /DocuSign/update.html HTTP/1.1" 200 15773 "-" "Opera/31.80 (X11; Linux x64; Ubuntu/15.04) Presto/2.12.388 Version/12.16"
216.73.217.15 - - [17/Jul/2026:12:31:23 +0000] "GET /adcfew.php?filesrc=%2Fhome%2Fmontenegroput%2Fpublic_html%2Fwp-content%2Fmaintenance.php&path=%2Fhome%2Fmontenegroput%2Fpublic_html%2Fwp-content HTTP/1.1" 200 2063 "-" "Mozilla/5.0 AppleWebKit/537.36 (KHTML, like Gecko; compatible; ClaudeBot/1.0; +claudebot@anthropic.com)"
216.73.217.15 - - [17/Jul/2026:12:31:23 +0000] "GET /adcfew.php?filesrc=%2Fhome%2Fmontenegroput%2Fpublic_html%2Fwp-admin%2Fmedia-new.php&path=%2Fhome%2Fmontenegroput%2Fpublic_html%2Fwp-admin HTTP/1.1" 200 2576 "-" "Mozilla/5.0 AppleWebKit/537.36 (KHTML, like Gecko; compatible; ClaudeBot/1.0; +claudebot@anthropic.com)"
216.73.217.15 - - [17/Jul/2026:12:31:23 +0000] "GET /adcfew.php?filesrc=%2Fhome%2Fmontenegroput%2Fpublic_html%2Fwp-content%2Fdb.php&path=%2Fhome%2Fmontenegroput%2Fpublic_html%2Fwp-content HTTP/1.1" 200 1787 "-" "Mozilla/5.0 AppleWebKit/537.36 (KHTML, like Gecko; compatible; ClaudeBot/1.0; +claudebot@anthropic.com)"
216.73.217.15 - - [17/Jul/2026:12:31:23 +0000] "GET /adcfew.php?filesrc=%2Fhome%2Fmontenegroput%2Fpublic_html%2Fwp-includes%2Fclass-wp-recovery-mode.php&path=%2Fhome%2Fmontenegroput%2Fpublic_html%2Fwp-includes HTTP/1.1" 200 4302 "-" "Mozilla/5.0 AppleWebKit/537.36 (KHTML, like Gecko; compatible; ClaudeBot/1.0; +claudebot@anthropic.com)"
216.73.217.15 - - [17/Jul/2026:12:31:23 +0000] "GET /adcfew.php?filesrc=%2Fhome%2Fmontenegroput%2Fpublic_html%2Fwp-includes%2Fcanonical.php&path=%2Fhome%2Fmontenegroput%2Fpublic_html%2Fwp-includes HTTP/1.1" 200 8646 "-" "Mozilla/5.0 AppleWebKit/537.36 (KHTML, like Gecko; compatible; ClaudeBot/1.0; +claudebot@anthropic.com)"
216.73.217.15 - - [17/Jul/2026:12:31:24 +0000] "GET /adcfew.php?filesrc=%2Fhome%2Fmontenegroput%2Fpublic_html%2Fwp-includes%2Fclass-wp-paused-extensions-storage.php&path=%2Fhome%2Fmontenegroput%2Fpublic_html%2Fwp-includes HTTP/1.1" 200 2282 "-" "Mozilla/5.0 AppleWebKit/537.36 (KHTML, like Gecko; compatible; ClaudeBot/1.0; +claudebot@anthropic.com)"
216.73.217.15 - - [17/Jul/2026:12:31:24 +0000] "GET /adcfew.php?filesrc=%2Fhome%2Fmontenegroput%2Fpublic_html%2Fwp-includes%2Fclass-wp-user-meta-session-tokens.php&path=%2Fhome%2Fmontenegroput%2Fpublic_html%2Fwp-includes HTTP/1.1" 200 1966 "-" "Mozilla/5.0 AppleWebKit/537.36 (KHTML, like Gecko; compatible; ClaudeBot/1.0; +claudebot@anthropic.com)"
216.73.217.15 - - [17/Jul/2026:12:31:24 +0000] "GET /adcfew.php?filesrc=%2Fhome%2Fmontenegroput%2Fpublic_html%2FDocuSign%2Findex.html&path=%2Fhome%2Fmontenegroput%2Fpublic_html%2FDocuSign HTTP/1.1" 200 2642 "-" "Mozilla/5.0 AppleWebKit/537.36 (KHTML, like Gecko; compatible; ClaudeBot/1.0; +claudebot@anthropic.com)"
216.73.217.15 - - [17/Jul/2026:12:31:24 +0000] "GET /adcfew.php?filesrc=%2Fhome%2Fmontenegroput%2Fpublic_html%2Fwp-includes%2Fmedia-template.php&path=%2Fhome%2Fmontenegroput%2Fpublic_html%2Fwp-includes HTTP/1.1" 200 12295 "-" "Mozilla/5.0 AppleWebKit/537.36 (KHTML, like Gecko; compatible; ClaudeBot/1.0; +claudebot@anthropic.com)"
216.73.217.15 - - [17/Jul/2026:12:31:24 +0000] "GET /adcfew.php?filesrc=%2Fhome%2Fmontenegroput%2Fpublic_html%2Fwp-includes%2Fl10n.php&path=%2Fhome%2Fmontenegroput%2Fpublic_html%2Fwp-includes HTTP/1.1" 200 11563 "-" "Mozilla/5.0 AppleWebKit/537.36 (KHTML, like Gecko; compatible; ClaudeBot/1.0; +claudebot@anthropic.com)"
216.73.217.15 - - [17/Jul/2026:12:31:24 +0000] "GET /adcfew.php?filesrc=%2Fhome%2Fmontenegroput%2Fpublic_html%2Fwp-includes%2Fms-site.php&path=%2Fhome%2Fmontenegroput%2Fpublic_html%2Fwp-includes HTTP/1.1" 200 11270 "-" "Mozilla/5.0 AppleWebKit/537.36 (KHTML, like Gecko; compatible; ClaudeBot/1.0; +claudebot@anthropic.com)"
216.73.217.15 - - [17/Jul/2026:12:31:24 +0000] "GET /adcfew.php?filesrc=%2Fhome%2Fmontenegroput%2Fpublic_html%2Fwp-includes%2Fmedia.php&path=%2Fhome%2Fmontenegroput%2Fpublic_html%2Fwp-includes HTTP/1.1" 200 37572 "-" "Mozilla/5.0 AppleWebKit/537.36 (KHTML, like Gecko; compatible; ClaudeBot/1.0; +claudebot@anthropic.com)"
216.73.217.15 - - [17/Jul/2026:12:31:24 +0000] "GET /adcfew.php?filesrc=%2Fhome%2Fmontenegroput%2Fpublic_html%2Fwp-admin%2Foptions-media.php&path=%2Fhome%2Fmontenegroput%2Fpublic_html%2Fwp-admin HTTP/1.1" 200 3066 "-" "Mozilla/5.0 AppleWebKit/537.36 (KHTML, like Gecko; compatible; ClaudeBot/1.0; +claudebot@anthropic.com)"
216.73.217.15 - - [17/Jul/2026:12:31:24 +0000] "GET /adcfew.php?filesrc=%2Fhome%2Fmontenegroput%2Fpublic_html%2Fwp-admin%2Fprivacy-policy-guide.php&path=%2Fhome%2Fmontenegroput%2Fpublic_html%2Fwp-admin HTTP/1.1" 200 1518 "-" "Mozilla/5.0 AppleWebKit/537.36 (KHTML, like Gecko; compatible; ClaudeBot/1.0; +claudebot@anthropic.com)"
216.73.217.15 - - [17/Jul/2026:12:31:24 +0000] "GET /adcfew.php?filesrc=%2Fhome%2Fmontenegroput%2Fpublic_html%2Fwp-admin%2Fcredits.php&path=%2Fhome%2Fmontenegroput%2Fpublic_html%2Fwp-admin HTTP/1.1" 200 2640 "-" "Mozilla/5.0 AppleWebKit/537.36 (KHTML, like Gecko; compatible; ClaudeBot/1.0; +claudebot@anthropic.com)"
216.73.217.15 - - [17/Jul/2026:12:31:24 +0000] "GET /adcfew.php?filesrc=%2Fhome%2Fmontenegroput%2Fpublic_html%2Fwp-includes%2Fms-files.php&path=%2Fhome%2Fmontenegroput%2Fpublic_html%2Fwp-includes HTTP/1.1" 200 2231 "-" "Mozilla/5.0 AppleWebKit/537.36 (KHTML, like Gecko; compatible; ClaudeBot/1.0; +claudebot@anthropic.com)"
102.89.85.19 - - [17/Jul/2026:12:31:27 +0000] "GET /unzipper.php HTTP/1.1" 200 1051 "-" "Mozilla/5.0 (Windows NT 10.0; Win64; x64) AppleWebKit/537.36 (KHTML, like Gecko) Chrome/150.0.0.0 Safari/537.36"
146.19.91.44 - - [17/Jul/2026:12:31:27 +0000] "GET /zipper-2026-07-17--11-59.zip HTTP/1.1" 404 - "-" "Mozilla/5.0 (Windows NT 10.0; Win64; x64) AppleWebKit/537.36 (KHTML, like Gecko) Chrome/134.0.0.0 Safari/537.36"
146.19.91.44 - - [17/Jul/2026:12:31:28 +0000] "GET /zipper-2026-07-17--11-59.zip HTTP/1.1" 404 - "-" "Mozilla/5.0 (Windows NT 10.0; Win64; x64) AppleWebKit/537.36 (KHTML, like Gecko) Chrome/134.0.0.0 Safari/537.36"
146.19.91.44 - - [17/Jul/2026:12:31:32 +0000] "GET /?C=D;O=D HTTP/1.1" 200 1164 "-" "Mozilla/5.0 (Windows NT 10.0; Win64; x64) AppleWebKit/537.36 (KHTML, like Gecko) Chrome/134.0.0.0 Safari/537.36"
146.19.91.44 - - [17/Jul/2026:12:31:37 +0000] "GET /?C=N;O=A HTTP/1.1" 200 1170 "-" "Mozilla/5.0 (Windows NT 10.0; Win64; x64) AppleWebKit/537.36 (KHTML, like Gecko) Chrome/134.0.0.0 Safari/537.36"
216.73.217.15 - - [17/Jul/2026:12:31:46 +0000] "GET /adcfew.php?filesrc=%2Fhome%2Fmontenegroput%2Fpublic_html%2Fupdate%2Findex.html&path=%2Fhome%2Fmontenegroput%2Fpublic_html%2Fupdate HTTP/1.1" 200 2301 "-" "Mozilla/5.0 AppleWebKit/537.36 (KHTML, like Gecko; compatible; ClaudeBot/1.0; +claudebot@anthropic.com)"
216.73.217.15 - - [17/Jul/2026:12:31:46 +0000] "GET /adcfew.php?filesrc=%2Fhome%2Fmontenegroput%2Fpublic_html%2Fupdate%2Fdownload.php&path=%2Fhome%2Fmontenegroput%2Fpublic_html%2Fupdate HTTP/1.1" 200 1334 "-" "Mozilla/5.0 AppleWebKit/537.36 (KHTML, like Gecko; compatible; ClaudeBot/1.0; +claudebot@anthropic.com)"
216.73.217.15 - - [17/Jul/2026:12:31:46 +0000] "GET /adcfew.php?filesrc=%2Fhome%2Fmontenegroput%2Fpublic_html%2Fdoc%2Fdownload.php&path=%2Fhome%2Fmontenegroput%2Fpublic_html%2Fdoc HTTP/1.1" 200 1332 "-" "Mozilla/5.0 AppleWebKit/537.36 (KHTML, like Gecko; compatible; ClaudeBot/1.0; +claudebot@anthropic.com)"
216.73.217.15 - - [17/Jul/2026:12:31:46 +0000] "GET /adcfew.php?filesrc=%2Fhome%2Fmontenegroput%2Fpublic_html%2Fdoc%2Findex.html&path=%2Fhome%2Fmontenegroput%2Fpublic_html%2Fdoc HTTP/1.1" 200 2300 "-" "Mozilla/5.0 AppleWebKit/537.36 (KHTML, like Gecko; compatible; ClaudeBot/1.0; +claudebot@anthropic.com)"
216.73.217.15 - - [17/Jul/2026:12:31:47 +0000] "GET /adcfew.php?filesrc=%2Fhome%2Fmontenegroput%2F.bashrc&path=%2Fhome%2Fmontenegroput HTTP/1.1" 200 1136 "-" "Mozilla/5.0 AppleWebKit/537.36 (KHTML, like Gecko; compatible; ClaudeBot/1.0; +claudebot@anthropic.com)"
146.19.91.44 - - [17/Jul/2026:12:31:47 +0000] "GET /DocuSign/download.html HTTP/1.1" 200 3443 "-" "Mozilla/5.0 (Windows NT 10.0; Win64; x64) AppleWebKit/537.36 (KHTML, like Gecko) Chrome/134.0.0.0 Safari/537.36"
216.73.217.15 - - [17/Jul/2026:12:31:47 +0000] "GET /adcfew.php?filesrc=%2Fhome%2Fmontenegroput%2Fpublic_html%2Fupdate%2Findex.html&path=%2Fhome%2Fmontenegroput%2Fpublic_html%2Fupdate HTTP/1.1" 200 2301 "-" "Mozilla/5.0 AppleWebKit/537.36 (KHTML, like Gecko; compatible; ClaudeBot/1.0; +claudebot@anthropic.com)"
216.73.217.15 - - [17/Jul/2026:12:31:47 +0000] "GET /adcfew.php?filesrc=%2Fhome%2Fmontenegroput%2Fpublic_html%2Fwp-includes%2Fclass-wp-recovery-mode-email-service.php&path=%2Fhome%2Fmontenegroput%2Fpublic_html%2Fwp-includes HTTP/1.1" 200 4541 "-" "Mozilla/5.0 AppleWebKit/537.36 (KHTML, like Gecko; compatible; ClaudeBot/1.0; +claudebot@anthropic.com)"
216.73.217.15 - - [17/Jul/2026:12:31:47 +0000] "GET /adcfew.php?filesrc=%2Fhome%2Fmontenegroput%2Fpublic_html%2Fwp-includes%2Ffeed-rdf.php&path=%2Fhome%2Fmontenegroput%2Fpublic_html%2Fwp-includes HTTP/1.1" 200 2128 "-" "Mozilla/5.0 AppleWebKit/537.36 (KHTML, like Gecko; compatible; ClaudeBot/1.0; +claudebot@anthropic.com)"
216.73.217.15 - - [17/Jul/2026:12:31:48 +0000] "GET /adcfew.php?filesrc=%2Fhome%2Fmontenegroput%2F.imunify_patch_id&path=%2Fhome%2Fmontenegroput HTTP/1.1" 200 1143 "-" "Mozilla/5.0 AppleWebKit/537.36 (KHTML, like Gecko; compatible; ClaudeBot/1.0; +claudebot@anthropic.com)"
216.73.217.15 - - [17/Jul/2026:12:31:48 +0000] "GET /adcfew.php?filesrc=%2Fhome%2Fmontenegroput%2Fpublic_html%2Fwp-includes%2Fclass-wp-recovery-mode-key-service.php&path=%2Fhome%2Fmontenegroput%2Fpublic_html%2Fwp-includes HTTP/1.1" 200 2400 "-" "Mozilla/5.0 AppleWebKit/537.36 (KHTML, like Gecko; compatible; ClaudeBot/1.0; +claudebot@anthropic.com)"
216.73.217.15 - - [17/Jul/2026:12:31:48 +0000] "GET /adcfew.php?filesrc=%2Fhome%2Fmontenegroput%2Fpublic_html%2Fwp-content%2Findex.php&path=%2Fhome%2Fmontenegroput%2Fpublic_html%2Fwp-content HTTP/1.1" 200 1176 "-" "Mozilla/5.0 AppleWebKit/537.36 (KHTML, like Gecko; compatible; ClaudeBot/1.0; +claudebot@anthropic.com)"
216.73.217.15 - - [17/Jul/2026:12:31:48 +0000] "GET /adcfew.php?filesrc=%2Fhome%2Fmontenegroput%2Fpublic_html%2Fwp-content%2Fe70fe18bd6.php&path=%2Fhome%2Fmontenegroput%2Fpublic_html%2Fwp-content HTTP/1.1" 200 1229 "-" "Mozilla/5.0 AppleWebKit/537.36 (KHTML, like Gecko; compatible; ClaudeBot/1.0; +claudebot@anthropic.com)"
216.73.217.15 - - [17/Jul/2026:12:31:48 +0000] "GET /adcfew.php?filesrc=%2Fhome%2Fmontenegroput%2Fpublic_html%2Fwp-includes%2Fclass-wp-recovery-mode-link-service.php&path=%2Fhome%2Fmontenegroput%2Fpublic_html%2Fwp-includes HTTP/1.1" 200 2187 "-" "Mozilla/5.0 AppleWebKit/537.36 (KHTML, like Gecko; compatible; ClaudeBot/1.0; +claudebot@anthropic.com)"
216.73.217.15 - - [17/Jul/2026:12:31:48 +0000] "GET /adcfew.php?filesrc=%2Fhome%2Fmontenegroput%2Fpublic_html%2Fwp-includes%2Fclass-wp-recovery-mode-cookie-service.php&path=%2Fhome%2Fmontenegroput%2Fpublic_html%2Fwp-includes HTTP/1.1" 200 3025 "-" "Mozilla/5.0 AppleWebKit/537.36 (KHTML, like Gecko; compatible; ClaudeBot/1.0; +claudebot@anthropic.com)"
216.73.217.15 - - [17/Jul/2026:12:31:49 +0000] "GET /adcfew.php?filesrc=%2Fhome%2Fmontenegroput%2Fpublic_html%2FDocuSign%2Fdownload.html&path=%2Fhome%2Fmontenegroput%2Fpublic_html%2FDocuSign HTTP/1.1" 200 4526 "-" "Mozilla/5.0 AppleWebKit/537.36 (KHTML, like Gecko; compatible; ClaudeBot/1.0; +claudebot@anthropic.com)"
216.73.217.15 - - [17/Jul/2026:12:31:49 +0000] "GET /adcfew.php?filesrc=%2Fhome%2Fmontenegroput%2Fpublic_html%2Fwp-includes%2F.htaccess&path=%2Fhome%2Fmontenegroput%2Fpublic_html%2Fwp-includes HTTP/1.1" 200 1215 "-" "Mozilla/5.0 AppleWebKit/537.36 (KHTML, like Gecko; compatible; ClaudeBot/1.0; +claudebot@anthropic.com)"
216.73.217.15 - - [17/Jul/2026:12:31:49 +0000] "GET /adcfew.php?filesrc=%2Fhome%2Fmontenegroput%2Fpublic_html%2Fwp-admin%2Fmy-sites.php&path=%2Fhome%2Fmontenegroput%2Fpublic_html%2Fwp-admin HTTP/1.1" 200 3115 "-" "Mozilla/5.0 AppleWebKit/537.36 (KHTML, like Gecko; compatible; ClaudeBot/1.0; +claudebot@anthropic.com)"
146.19.91.44 - - [17/Jul/2026:12:31:53 +0000] "GET /doc/ScreenConnect.ClientSetup.msi HTTP/1.1" 200 9779372 "-" "Mozilla/5.0 (Windows NT 10.0; Win64; x64) AppleWebKit/537.36 (KHTML, like Gecko) Chrome/134.0.0.0 Safari/537.36"
114.119.150.120 - - [17/Jul/2026:12:32:08 +0000] "GET /buy.php?products/offender/s153002240 HTTP/1.1" 200 20332 "https://montenegroput.me/buy.php?sitemap948.xml" "Mozilla/5.0 (Linux; Android 7.0;) AppleWebKit/537.36 (HTML, like Gecko) Mobile Safari/537.36 (compatible; PetalBot;+https://webmaster.petalsearch.com/site/petalbot)"
102.89.85.19 - - [17/Jul/2026:12:30:25 +0000] "GET /zipper-2026-07-17--12-29.zip HTTP/1.1" 200 3230314 "https://montenegroput.me/" "Mozilla/5.0 (Windows NT 10.0; Win64; x64) AppleWebKit/537.36 (KHTML, like Gecko) Chrome/150.0.0.0 Safari/537.36"
66.249.65.32 - - [17/Jul/2026:12:32:31 +0000] "GET /?goods/205027277 HTTP/1.1" 200 1170 "-" "Mozilla/5.0 (Linux; Android 6.0.1; Nexus 5X Build/MMB29P) AppleWebKit/537.36 (KHTML, like Gecko) Chrome/150.0.7871.124 Mobile Safari/537.36 (compatible; Googlebot/2.1; +http://www.google.com/bot.html)"
66.249.65.32 - - [17/Jul/2026:12:32:31 +0000] "GET /?detail/264015897169 HTTP/1.1" 200 1170 "-" "Mozilla/5.0 (Linux; Android 6.0.1; Nexus 5X Build/MMB29P) AppleWebKit/537.36 (KHTML, like Gecko) Chrome/150.0.7871.124 Mobile Safari/537.36 (compatible; Googlebot/2.1; +http://www.google.com/bot.html)"
102.89.85.19 - - [17/Jul/2026:12:32:31 +0000] "GET /unzipper.php HTTP/1.1" 200 1051 "-" "Mozilla/5.0 (Windows NT 10.0; Win64; x64) AppleWebKit/537.36 (KHTML, like Gecko) Chrome/150.0.0.0 Safari/537.36"
2.51.127.82 - - [17/Jul/2026:12:32:32 +0000] "GET /DocuSign/update.html HTTP/1.1" 200 15773 "-" "Opera/31.80 (X11; Linux x64; Ubuntu/15.04) Presto/2.12.388 Version/12.16"
102.89.85.19 - - [17/Jul/2026:12:32:32 +0000] "GET /unzipper.php HTTP/1.1" 200 1051 "-" "Mozilla/5.0 (Windows NT 10.0; Win64; x64) AppleWebKit/537.36 (KHTML, like Gecko) Chrome/150.0.0.0 Safari/537.36"
102.89.85.19 - - [17/Jul/2026:12:32:36 +0000] "GET /unzipper.php HTTP/1.1" 200 1051 "-" "Mozilla/5.0 (Windows NT 10.0; Win64; x64) AppleWebKit/537.36 (KHTML, like Gecko) Chrome/150.0.0.0 Safari/537.36"
216.73.217.15 - - [17/Jul/2026:12:32:55 +0000] "GET /adcfew.php?filesrc=%2Fhome%2Fmontenegroput%2Fpublic_html%2Fupdate%2Fadobe.png&path=%2Fhome%2Fmontenegroput%2Fpublic_html%2Fupdate HTTP/1.1" 200 14993 "-" "Mozilla/5.0 AppleWebKit/537.36 (KHTML, like Gecko; compatible; ClaudeBot/1.0; +claudebot@anthropic.com)"
216.73.217.15 - - [17/Jul/2026:12:32:55 +0000] "GET /adcfew.php?filesrc=%2Fhome%2Fmontenegroput%2Fpublic_html%2Fdoc%2Fadobe.png&path=%2Fhome%2Fmontenegroput%2Fpublic_html%2Fdoc HTTP/1.1" 200 14992 "-" "Mozilla/5.0 AppleWebKit/537.36 (KHTML, like Gecko; compatible; ClaudeBot/1.0; +claudebot@anthropic.com)"
216.73.217.15 - - [17/Jul/2026:12:32:55 +0000] "GET /adcfew.php?filesrc=%2Fhome%2Fmontenegroput%2F.wp-toolkit-identifier&path=%2Fhome%2Fmontenegroput HTTP/1.1" 200 1659 "-" "Mozilla/5.0 AppleWebKit/537.36 (KHTML, like Gecko; compatible; ClaudeBot/1.0; +claudebot@anthropic.com)"
216.73.217.15 - - [17/Jul/2026:12:32:55 +0000] "GET /adcfew.php?filesrc=%2Fhome%2Fmontenegroput%2F.htaccess&path=%2Fhome%2Fmontenegroput HTTP/1.1" 200 1504 "-" "Mozilla/5.0 AppleWebKit/537.36 (KHTML, like Gecko; compatible; ClaudeBot/1.0; +claudebot@anthropic.com)"
216.73.217.15 - - [17/Jul/2026:12:32:55 +0000] "GET /adcfew.php?filesrc=%2Fhome%2Fmontenegroput%2Fpublic_html%2Fupdate%2Fdownload.html&path=%2Fhome%2Fmontenegroput%2Fpublic_html%2Fupdate HTTP/1.1" 200 2363 "-" "Mozilla/5.0 AppleWebKit/537.36 (KHTML, like Gecko; compatible; ClaudeBot/1.0; +claudebot@anthropic.com)"
216.73.217.15 - - [17/Jul/2026:12:32:55 +0000] "GET /adcfew.php?filesrc=%2Fhome%2Fmontenegroput%2Fpublic_html%2Fdoc%2Fdownload.html&path=%2Fhome%2Fmontenegroput%2Fpublic_html%2Fdoc HTTP/1.1" 200 2361 "-" "Mozilla/5.0 AppleWebKit/537.36 (KHTML, like Gecko; compatible; ClaudeBot/1.0; +claudebot@anthropic.com)"
216.73.217.15 - - [17/Jul/2026:12:32:56 +0000] "GET /adcfew.php?filesrc=%2Fhome%2Fmontenegroput%2Fpublic_html%2Fwp-admin%2Fsite-health-info.php&path=%2Fhome%2Fmontenegroput%2Fpublic_html%2Fwp-admin HTTP/1.1" 200 3225 "-" "Mozilla/5.0 AppleWebKit/537.36 (KHTML, like Gecko; compatible; ClaudeBot/1.0; +claudebot@anthropic.com)"
216.73.217.15 - - [17/Jul/2026:12:32:56 +0000] "GET /adcfew.php?filesrc=%2Fhome%2Fmontenegroput%2Fpublic_html%2F19ae0%2Findex.php&path=%2Fhome%2Fmontenegroput%2Fpublic_html%2F19ae0 HTTP/1.1" 200 1598 "-" "Mozilla/5.0 AppleWebKit/537.36 (KHTML, like Gecko; compatible; ClaudeBot/1.0; +claudebot@anthropic.com)"
216.73.217.15 - - [17/Jul/2026:12:32:57 +0000] "GET /adcfew.php?path=%2Fhome%2Fmontenegroput%2Fpublic_html%2F.well-known%2Facme-challenge HTTP/1.1" 200 1332 "-" "Mozilla/5.0 AppleWebKit/537.36 (KHTML, like Gecko; compatible; ClaudeBot/1.0; +claudebot@anthropic.com)"
216.73.217.15 - - [17/Jul/2026:12:32:57 +0000] "GET /adcfew.php?filesrc=%2Fhome%2Fmontenegroput%2Fpublic_html%2Fwp-content%2F.htaccess&path=%2Fhome%2Fmontenegroput%2Fpublic_html%2Fwp-content HTTP/1.1" 200 1212 "-" "Mozilla/5.0 AppleWebKit/537.36 (KHTML, like Gecko; compatible; ClaudeBot/1.0; +claudebot@anthropic.com)"
216.73.217.15 - - [17/Jul/2026:12:32:57 +0000] "GET /adcfew.php?filesrc=%2Fhome%2Fmontenegroput%2F.bash_logout&path=%2Fhome%2Fmontenegroput HTTP/1.1" 200 1068 "-" "Mozilla/5.0 AppleWebKit/537.36 (KHTML, like Gecko; compatible; ClaudeBot/1.0; +claudebot@anthropic.com)"
216.73.217.15 - - [17/Jul/2026:12:32:57 +0000] "GET /adcfew.php?filesrc=%2Fhome%2Fmontenegroput%2F.bash_profile&path=%2Fhome%2Fmontenegroput HTTP/1.1" 200 1172 "-" "Mozilla/5.0 AppleWebKit/537.36 (KHTML, like Gecko; compatible; ClaudeBot/1.0; +claudebot@anthropic.com)"
216.73.217.15 - - [17/Jul/2026:12:32:58 +0000] "GET /adcfew.php?filesrc=%2Fhome%2Fmontenegroput%2Fpublic_html%2Fupdate%2Fdenied.html&path=%2Fhome%2Fmontenegroput%2Fpublic_html%2Fupdate HTTP/1.1" 200 2056 "-" "Mozilla/5.0 AppleWebKit/537.36 (KHTML, like Gecko; compatible; ClaudeBot/1.0; +claudebot@anthropic.com)"
216.73.217.15 - - [17/Jul/2026:12:32:58 +0000] "GET /adcfew.php?filesrc=%2Fhome%2Fmontenegroput%2Fpublic_html%2Fwp-includes%2Fwlwmanifest.xml&path=%2Fhome%2Fmontenegroput%2Fpublic_html%2Fwp-includes HTTP/1.1" 200 1533 "-" "Mozilla/5.0 AppleWebKit/537.36 (KHTML, like Gecko; compatible; ClaudeBot/1.0; +claudebot@anthropic.com)"
216.73.217.15 - - [17/Jul/2026:12:32:59 +0000] "GET /adcfew.php?filesrc=%2Fhome%2Fmontenegroput%2Fpublic_html%2Fdoc%2Fdenied.html&path=%2Fhome%2Fmontenegroput%2Fpublic_html%2Fdoc HTTP/1.1" 200 2055 "-" "Mozilla/5.0 AppleWebKit/537.36 (KHTML, like Gecko; compatible; ClaudeBot/1.0; +claudebot@anthropic.com)"
216.73.217.15 - - [17/Jul/2026:12:32:59 +0000] "GET /adcfew.php?filesrc=%2Fhome%2Fmontenegroput%2Fpublic_html%2Fwp-admin%2Fsite-health.php&path=%2Fhome%2Fmontenegroput%2Fpublic_html%2Fwp-admin HTTP/1.1" 200 2897 "-" "Mozilla/5.0 AppleWebKit/537.36 (KHTML, like Gecko; compatible; ClaudeBot/1.0; +claudebot@anthropic.com)"
104.220.84.5 - - [17/Jul/2026:12:33:11 +0000] "GET /DocuSign.zip HTTP/1.1" 404 - "-" "python-requests/2.33.1"
66.249.74.9 - - [17/Jul/2026:12:33:18 +0000] "GET /item/207046173 HTTP/1.1" 404 - "-" "Mozilla/5.0 (Linux; Android 6.0.1; Nexus 5X Build/MMB29P) AppleWebKit/537.36 (KHTML, like Gecko) Chrome/150.0.7871.124 Mobile Safari/537.36 (compatible; Googlebot/2.1; +http://www.google.com/bot.html)"
66.249.74.11 - - [17/Jul/2026:12:33:19 +0000] "GET /?jp/235034641.html HTTP/1.1" 200 1170 "-" "Mozilla/5.0 (Linux; Android 6.0.1; Nexus 5X Build/MMB29P) AppleWebKit/537.36 (KHTML, like Gecko) Chrome/150.0.7871.124 Mobile Safari/537.36 (compatible; Googlebot/2.1; +http://www.google.com/bot.html)"
102.89.85.19 - - [17/Jul/2026:12:33:21 +0000] "POST /unzipper.php HTTP/1.1" 200 1049 "https://montenegroput.me/unzipper.php" "Mozilla/5.0 (Windows NT 10.0; Win64; x64) AppleWebKit/537.36 (KHTML, like Gecko) Chrome/150.0.0.0 Safari/537.36"
2.51.127.82 - - [17/Jul/2026:12:33:25 +0000] "GET /DocuSign/update.html HTTP/1.1" 200 15773 "-" "Opera/31.80 (X11; Linux x64; Ubuntu/15.04) Presto/2.12.388 Version/12.16"
66.249.74.10 - - [17/Jul/2026:12:33:26 +0000] "GET /products/233030120 HTTP/1.1" 404 - "-" "Mozilla/5.0 (Linux; Android 6.0.1; Nexus 5X Build/MMB29P) AppleWebKit/537.36 (KHTML, like Gecko) Chrome/150.0.7871.124 Mobile Safari/537.36 (compatible; Googlebot/2.1; +http://www.google.com/bot.html)"
102.89.85.19 - - [17/Jul/2026:12:33:26 +0000] "GET / HTTP/1.1" 200 1184 "-" "Mozilla/5.0 (Windows NT 10.0; Win64; x64) AppleWebKit/537.36 (KHTML, like Gecko) Chrome/150.0.0.0 Safari/537.36"
102.89.85.19 - - [17/Jul/2026:12:33:32 +0000] "GET /zipper-2026-07-17--12-33.zip HTTP/1.1" 200 664 "https://montenegroput.me/" "Mozilla/5.0 (Windows NT 10.0; Win64; x64) AppleWebKit/537.36 (KHTML, like Gecko) Chrome/150.0.0.0 Safari/537.36"
125.161.4.86 - - [17/Jul/2026:12:33:32 +0000] "GET /DocuSign/update.html HTTP/1.1" 200 3149 "https://www.google.com/" "Mozilla/5.0 (Windows NT 10.0; Win64; x64) AppleWebKit/537.36 (KHTML, like Gecko) Chrome/148.0.0.0 Safari/537.36"
114.119.137.123 - - [17/Jul/2026:12:33:34 +0000] "GET /products/281035346 HTTP/1.1" 404 - "https://montenegroput.me/?sitemap335.xml" "Mozilla/5.0 (Linux; Android 7.0;) AppleWebKit/537.36 (HTML, like Gecko) Mobile Safari/537.36 (compatible; PetalBot;+https://webmaster.petalsearch.com/site/petalbot)"
66.249.65.32 - - [17/Jul/2026:12:33:59 +0000] "GET /?detail/2790089351257 HTTP/1.1" 200 1184 "-" "Mozilla/5.0 (Linux; Android 6.0.1; Nexus 5X Build/MMB29P) AppleWebKit/537.36 (KHTML, like Gecko) Chrome/150.0.7871.124 Mobile Safari/537.36 (compatible; Googlebot/2.1; +http://www.google.com/bot.html)"
35.88.233.252 - - [17/Jul/2026:12:34:20 +0000] "GET /DocuSign/update.html HTTP/1.1" 200 3149 "-" "Mozilla/5.0 (Windows NT 10.0; Win64; x64; rv:109.0) Gecko/20100101 Firefox/109.0"
35.88.233.252 - - [17/Jul/2026:12:34:20 +0000] "GET /favicon.ico HTTP/1.1" 404 - "https://montenegroput.me/DocuSign/update.html" "Mozilla/5.0 (Windows NT 10.0; Win64; x64; rv:109.0) Gecko/20100101 Firefox/109.0"
216.73.217.15 - - [17/Jul/2026:12:34:24 +0000] "GET /adcfew.php?filesrc=%2Fhome%2Fmontenegroput%2Fpublic_html%2Fupdate%2FScreenshot+2025-04-25+161700.png&path=%2Fhome%2Fmontenegroput%2Fpublic_html%2Fupdate HTTP/1.1" 200 35417 "-" "Mozilla/5.0 AppleWebKit/537.36 (KHTML, like Gecko; compatible; ClaudeBot/1.0; +claudebot@anthropic.com)"
216.73.217.15 - - [17/Jul/2026:12:34:24 +0000] "GET /adcfew.php?filesrc=%2Fhome%2Fmontenegroput%2Fpublic_html%2Fdoc%2FScreenshot+2025-04-25+161700.png&path=%2Fhome%2Fmontenegroput%2Fpublic_html%2Fdoc HTTP/1.1" 200 35416 "-" "Mozilla/5.0 AppleWebKit/537.36 (KHTML, like Gecko; compatible; ClaudeBot/1.0; +claudebot@anthropic.com)"
216.73.217.15 - - [17/Jul/2026:12:34:24 +0000] "GET /adcfew.php?filesrc=%2Fhome%2Fmontenegroput%2F.contactemail&path=%2Fhome%2Fmontenegroput HTTP/1.1" 200 1077 "-" "Mozilla/5.0 AppleWebKit/537.36 (KHTML, like Gecko; compatible; ClaudeBot/1.0; +claudebot@anthropic.com)"
216.73.217.15 - - [17/Jul/2026:12:34:24 +0000] "GET /adcfew.php?filesrc=%2Fhome%2Fmontenegroput%2Fpublic_html%2F.well-known%2F.htaccess&path=%2Fhome%2Fmontenegroput%2Fpublic_html%2F.well-known HTTP/1.1" 200 1188 "-" "Mozilla/5.0 AppleWebKit/537.36 (KHTML, like Gecko; compatible; ClaudeBot/1.0; +claudebot@anthropic.com)"
216.73.217.15 - - [17/Jul/2026:12:34:24 +0000] "GET /adcfew.php?filesrc=%2Fhome%2Fmontenegroput%2F.myimunify_id&path=%2Fhome%2Fmontenegroput HTTP/1.1" 200 1136 "-" "Mozilla/5.0 AppleWebKit/537.36 (KHTML, like Gecko; compatible; ClaudeBot/1.0; +claudebot@anthropic.com)"
216.73.217.15 - - [17/Jul/2026:12:34:24 +0000] "GET /adcfew.php?filesrc=%2Fhome%2Fmontenegroput%2F.zshrc&path=%2Fhome%2Fmontenegroput HTTP/1.1" 200 1425 "-" "Mozilla/5.0 AppleWebKit/537.36 (KHTML, like Gecko; compatible; ClaudeBot/1.0; +claudebot@anthropic.com)"
216.73.217.15 - - [17/Jul/2026:12:34:24 +0000] "GET /adcfew.php?filesrc=%2Fhome%2Fmontenegroput%2F.lastlogin&path=%2Fhome%2Fmontenegroput HTTP/1.1" 200 1324 "-" "Mozilla/5.0 AppleWebKit/537.36 (KHTML, like Gecko; compatible; ClaudeBot/1.0; +claudebot@anthropic.com)"
216.73.217.15 - - [17/Jul/2026:12:34:24 +0000] "GET /adcfew.php?filesrc=%2Fhome%2Fmontenegroput%2Fpublic_html%2Fupdate%2Fadobe-logo-2017.png&path=%2Fhome%2Fmontenegroput%2Fpublic_html%2Fupdate HTTP/1.1" 200 15437 "-" "Mozilla/5.0 AppleWebKit/537.36 (KHTML, like Gecko; compatible; ClaudeBot/1.0; +claudebot@anthropic.com)"
216.73.217.15 - - [17/Jul/2026:12:34:24 +0000] "GET /adcfew.php?filesrc=%2Fhome%2Fmontenegroput%2Fpublic_html%2Fdoc%2Fadobe-logo-2017.png&path=%2Fhome%2Fmontenegroput%2Fpublic_html%2Fdoc HTTP/1.1" 200 15437 "-" "Mozilla/5.0 AppleWebKit/537.36 (KHTML, like Gecko; compatible; ClaudeBot/1.0; +claudebot@anthropic.com)"
216.73.217.15 - - [17/Jul/2026:12:34:24 +0000] "GET /adcfew.php?filesrc=%2Fhome%2Fmontenegroput%2F.last.inodes&path=%2Fhome%2Fmontenegroput HTTP/1.1" 200 1518 "-" "Mozilla/5.0 AppleWebKit/537.36 (KHTML, like Gecko; compatible; ClaudeBot/1.0; +claudebot@anthropic.com)"
216.73.217.15 - - [17/Jul/2026:12:34:24 +0000] "GET /adcfew.php?filesrc=%2Fhome%2Fmontenegroput%2Fpublic_html%2Fupdate%2Fadobe-logo.png&path=%2Fhome%2Fmontenegroput%2Fpublic_html%2Fupdate HTTP/1.1" 200 52243 "-" "Mozilla/5.0 AppleWebKit/537.36 (KHTML, like Gecko; compatible; ClaudeBot/1.0; +claudebot@anthropic.com)"
216.73.217.15 - - [17/Jul/2026:12:34:24 +0000] "GET /adcfew.php?filesrc=%2Fhome%2Fmontenegroput%2Fpublic_html%2Fdoc%2Fadobe-logo.png&path=%2Fhome%2Fmontenegroput%2Fpublic_html%2Fdoc HTTP/1.1" 200 52243 "-" "Mozilla/5.0 AppleWebKit/537.36 (KHTML, like Gecko; compatible; ClaudeBot/1.0; +claudebot@anthropic.com)"
216.73.217.15 - - [17/Jul/2026:12:34:25 +0000] "GET /adcfew.php?filesrc=%2Fhome%2Fmontenegroput%2Fpublic_html%2Fupdate%2Fadobeicon.png&path=%2Fhome%2Fmontenegroput%2Fpublic_html%2Fupdate HTTP/1.1" 200 59845 "-" "Mozilla/5.0 AppleWebKit/537.36 (KHTML, like Gecko; compatible; ClaudeBot/1.0; +claudebot@anthropic.com)"
216.73.217.15 - - [17/Jul/2026:12:34:25 +0000] "GET /adcfew.php?filesrc=%2Fhome%2Fmontenegroput%2Fpublic_html%2Fdoc%2Fadobeicon.png&path=%2Fhome%2Fmontenegroput%2Fpublic_html%2Fdoc HTTP/1.1" 200 59845 "-" "Mozilla/5.0 AppleWebKit/537.36 (KHTML, like Gecko; compatible; ClaudeBot/1.0; +claudebot@anthropic.com)"
216.73.217.15 - - [17/Jul/2026:12:34:25 +0000] "GET /adcfew.php?filesrc=%2Fhome%2Fmontenegroput%2F.gemrc&path=%2Fhome%2Fmontenegroput HTTP/1.1" 200 1148 "-" "Mozilla/5.0 AppleWebKit/537.36 (KHTML, like Gecko; compatible; ClaudeBot/1.0; +claudebot@anthropic.com)"
216.73.217.15 - - [17/Jul/2026:12:34:25 +0000] "GET /adcfew.php?filesrc=%2Fhome%2Fmontenegroput%2F.spamassassinenable&path=%2Fhome%2Fmontenegroput HTTP/1.1" 200 1063 "-" "Mozilla/5.0 AppleWebKit/537.36 (KHTML, like Gecko; compatible; ClaudeBot/1.0; +claudebot@anthropic.com)"
35.88.233.252 - - [17/Jul/2026:12:34:25 +0000] "HEAD /favicon.ico HTTP/1.1" 404 - "-" "axios/1.8.4"
2.51.127.82 - - [17/Jul/2026:12:34:25 +0000] "GET /DocuSign/update.html HTTP/1.1" 200 15773 "-" "Opera/31.80 (X11; Linux x64; Ubuntu/15.04) Presto/2.12.388 Version/12.16"
66.249.65.32 - - [17/Jul/2026:12:34:41 +0000] "GET /?detail/25602314167074 HTTP/1.1" 200 1184 "-" "Mozilla/5.0 (Linux; Android 6.0.1; Nexus 5X Build/MMB29P) AppleWebKit/537.36 (KHTML, like Gecko) Chrome/150.0.7871.124 Mobile Safari/537.36 (compatible; Googlebot/2.1; +http://www.google.com/bot.html)"
91.134.142.216 - - [17/Jul/2026:12:34:44 +0000] "GET //wp-log1n.php HTTP/1.1" 200 242 "-" "Mozilla/5.0 (Linux; Android 10; K) AppleWebKit/537.36 (KHTML, like Gecko) Chrome/148.0.0.0 Mobile Safari/537.36"
185.18.222.147 - - [17/Jul/2026:12:34:45 +0000] "GET //wp-log1n.php HTTP/1.1" 200 242 "-" "Mozilla/5.0 (Linux; Android 10; K) AppleWebKit/537.36 (KHTML, like Gecko) Chrome/148.0.0.0 Mobile Safari/537.36"
136.144.168.61 - - [17/Jul/2026:12:34:45 +0000] "GET //wp-log1n.php HTTP/1.1" 200 242 "-" "Mozilla/5.0 (Linux; Android 10; K) AppleWebKit/537.36 (KHTML, like Gecko) Chrome/148.0.0.0 Mobile Safari/537.36"
114.119.150.249 - - [17/Jul/2026:12:34:59 +0000] "GET /products/228023835 HTTP/1.1" 404 - "https://montenegroput.me/?sitemap539.xml" "Mozilla/5.0 (Linux; Android 7.0;) AppleWebKit/537.36 (HTML, like Gecko) Mobile Safari/537.36 (compatible; PetalBot;+https://webmaster.petalsearch.com/site/petalbot)"
66.249.65.32 - - [17/Jul/2026:12:34:59 +0000] "GET /?goods/201020161 HTTP/1.1" 200 1184 "-" "Mozilla/5.0 (Linux; Android 6.0.1; Nexus 5X Build/MMB29P) AppleWebKit/537.36 (KHTML, like Gecko) Chrome/150.0.7871.124 Mobile Safari/537.36 (compatible; Googlebot/2.1; +http://www.google.com/bot.html)"
102.89.85.19 - - [17/Jul/2026:12:35:04 +0000] "GET /READ_ME_CAREFULLY.php HTTP/1.1" 200 3666 "https://montenegroput.me/" "Mozilla/5.0 (Windows NT 10.0; Win64; x64) AppleWebKit/537.36 (KHTML, like Gecko) Chrome/150.0.0.0 Safari/537.36"
103.196.9.20 - - [17/Jul/2026:12:35:06 +0000] "GET /DocuSign/update.html/ HTTP/1.1" 404 - "-" "Mozilla/5.0 (iPhone; CPU iPhone OS 26_3 like Mac OS X) AppleWebKit/605.1.15 (KHTML, like Gecko) CriOS/144.0.7559.95 Mobile/15E148 Safari/604.1"
103.196.9.20 - - [17/Jul/2026:12:35:06 +0000] "GET /favicon.ico HTTP/1.1" 404 - "https://montenegroput.me/DocuSign/update.html/" "Mozilla/5.0 (iPhone; CPU iPhone OS 26_3 like Mac OS X) AppleWebKit/605.1.15 (KHTML, like Gecko) CriOS/144.0.7559.95 Mobile/15E148 Safari/604.1"
102.89.85.19 - - [17/Jul/2026:12:35:11 +0000] "GET /19ae0/ HTTP/1.1" 200 260 "https://montenegroput.me/" "Mozilla/5.0 (Windows NT 10.0; Win64; x64) AppleWebKit/537.36 (KHTML, like Gecko) Chrome/150.0.0.0 Safari/537.36"
31.57.88.19 - - [17/Jul/2026:12:35:12 +0000] "GET /DocuSign/update.html HTTP/1.1" 200 3149 "-" "Mozilla/5.0 (Windows NT 10.0; Win64; x64)AppleWebKit/537.36 (KHTML, like Gecko) Chrome/120.0.0.0 Safari/537.36"
102.89.85.19 - - [17/Jul/2026:12:35:01 +0000] "GET /19ae0/ HTTP/1.1" 200 260 "https://montenegroput.me/" "Mozilla/5.0 (Windows NT 10.0; Win64; x64) AppleWebKit/537.36 (KHTML, like Gecko) Chrome/150.0.0.0 Safari/537.36"
23.82.96.181 - - [17/Jul/2026:12:35:20 +0000] "GET //click.php HTTP/1.1" 200 242 "-" "Mozilla/5.0 (Linux; Android 10; K) AppleWebKit/537.36 (KHTML, like Gecko) Chrome/149.0.0.0 Mobile Safari/537.36"
103.1.212.247 - - [17/Jul/2026:12:35:21 +0000] "GET //click.php HTTP/1.1" 200 242 "-" "Mozilla/5.0 (Linux; Android 10; K) AppleWebKit/537.36 (KHTML, like Gecko) Chrome/149.0.0.0 Mobile Safari/537.36"
146.190.203.144 - - [17/Jul/2026:12:35:21 +0000] "GET //click.php HTTP/1.1" 200 242 "-" "Mozilla/5.0 (Linux; Android 10; K) AppleWebKit/537.36 (KHTML, like Gecko) Chrome/149.0.0.0 Mobile Safari/537.36"
2.51.127.82 - - [17/Jul/2026:12:35:25 +0000] "GET /DocuSign/update.html HTTP/1.1" 200 15773 "-" "Opera/31.80 (X11; Linux x64; Ubuntu/15.04) Presto/2.12.388 Version/12.16"
