66.249.65.40 - - [17/Jul/2026:14:34:47 +0000] "GET /products/277025140 HTTP/1.1" 404 - "-" "Mozilla/5.0 (Linux; Android 6.0.1; Nexus 5X Build/MMB29P) AppleWebKit/537.36 (KHTML, like Gecko) Chrome/150.0.7871.124 Mobile Safari/537.36 (compatible; Googlebot/2.1; +http://www.google.com/bot.html)"
74.7.243.244 - - [17/Jul/2026:14:34:29 +0000] "GET /buy.php?detail/03602577428301 HTTP/1.1" 200 36 "http://montenegroput.me/buy.php?detail/07504450289122" "Mozilla/5.0 AppleWebKit/537.36 (KHTML, like Gecko; compatible; GPTBot/1.4; +https://openai.com/gptbot)"
74.7.243.244 - - [17/Jul/2026:14:34:50 +0000] "GET /buy.php?detail/04903186627465 HTTP/1.1" 200 20827 "http://montenegroput.me/buy.php?m55224746888" "Mozilla/5.0 AppleWebKit/537.36 (KHTML, like Gecko; compatible; GPTBot/1.4; +https://openai.com/gptbot)"
74.7.243.244 - - [17/Jul/2026:14:35:05 +0000] "GET /buy.php?detail/14802908543360 HTTP/1.1" 200 20916 "http://montenegroput.me/buy.php?detail/04201541265123" "Mozilla/5.0 AppleWebKit/537.36 (KHTML, like Gecko; compatible; GPTBot/1.4; +https://openai.com/gptbot)"
74.7.243.244 - - [17/Jul/2026:14:35:20 +0000] "GET /buy.php?goods/254019847 HTTP/1.1" 200 20540 "http://montenegroput.me/buy.php?detail/25400923818689" "Mozilla/5.0 AppleWebKit/537.36 (KHTML, like Gecko; compatible; GPTBot/1.4; +https://openai.com/gptbot)"
66.249.65.40 - - [17/Jul/2026:14:35:34 +0000] "GET /shop/sciatically/horseflesh173070549836.shtml HTTP/1.1" 404 - "-" "Mozilla/5.0 (Linux; Android 6.0.1; Nexus 5X Build/MMB29P) AppleWebKit/537.36 (KHTML, like Gecko) Chrome/150.0.7871.124 Mobile Safari/537.36 (compatible; Googlebot/2.1; +http://www.google.com/bot.html)"
66.249.65.38 - - [17/Jul/2026:14:35:36 +0000] "GET /products/044011063 HTTP/1.1" 404 - "-" "Mozilla/5.0 (Linux; Android 6.0.1; Nexus 5X Build/MMB29P) AppleWebKit/537.36 (KHTML, like Gecko) Chrome/150.0.7871.124 Mobile Safari/537.36 (compatible; Googlebot/2.1; +http://www.google.com/bot.html)"
66.249.65.38 - - [17/Jul/2026:14:35:39 +0000] "GET /shop/flacherie/denumerable103695392169.shtml HTTP/1.1" 404 - "-" "Mozilla/5.0 (Linux; Android 6.0.1; Nexus 5X Build/MMB29P) AppleWebKit/537.36 (KHTML, like Gecko) Chrome/150.0.7871.124 Mobile Safari/537.36 (compatible; Googlebot/2.1; +http://www.google.com/bot.html)"
66.249.65.39 - - [17/Jul/2026:14:35:41 +0000] "GET /products/077020352 HTTP/1.1" 404 - "-" "Mozilla/5.0 (Linux; Android 6.0.1; Nexus 5X Build/MMB29P) AppleWebKit/537.36 (KHTML, like Gecko) Chrome/150.0.7871.124 Mobile Safari/537.36 (compatible; Googlebot/2.1; +http://www.google.com/bot.html)"
66.249.65.38 - - [17/Jul/2026:14:35:43 +0000] "GET /products/110008637 HTTP/1.1" 404 - "-" "Mozilla/5.0 (Linux; Android 6.0.1; Nexus 5X Build/MMB29P) AppleWebKit/537.36 (KHTML, like Gecko) Chrome/150.0.7871.124 Mobile Safari/537.36 (compatible; Googlebot/2.1; +http://www.google.com/bot.html)"
159.223.242.210 - - [17/Jul/2026:14:35:46 +0000] "GET //wp-log1n.php HTTP/1.1" 200 242 "-" "Mozilla/5.0 (Windows NT 10.0; Win64; x64; rv:150.0) Gecko/20100101 Firefox/150.0"
141.227.137.47 - - [17/Jul/2026:14:35:46 +0000] "GET //wp-log1n.php HTTP/1.1" 200 242 "-" "Mozilla/5.0 (Windows NT 10.0; Win64; x64; rv:150.0) Gecko/20100101 Firefox/150.0"
145.239.81.102 - - [17/Jul/2026:14:35:46 +0000] "GET //wp-log1n.php HTTP/1.1" 200 242 "-" "Mozilla/5.0 (Windows NT 10.0; Win64; x64; rv:150.0) Gecko/20100101 Firefox/150.0"
141.227.129.69 - - [17/Jul/2026:14:35:48 +0000] "GET //wp-log1n.php HTTP/1.1" 200 242 "-" "Mozilla/5.0 (Windows NT 10.0; Win64; x64; rv:150.0) Gecko/20100101 Firefox/150.0"
74.7.243.244 - - [17/Jul/2026:14:35:33 +0000] "GET /buy.php?detail/10001676939324 HTTP/1.1" 200 36 "http://montenegroput.me/buy.php?detail/26201908739463" "Mozilla/5.0 AppleWebKit/537.36 (KHTML, like Gecko; compatible; GPTBot/1.4; +https://openai.com/gptbot)"
66.249.65.38 - - [17/Jul/2026:14:35:53 +0000] "GET /shop/surpassed/tumefaction172369354152.shtml HTTP/1.1" 404 - "-" "Mozilla/5.0 (Linux; Android 6.0.1; Nexus 5X Build/MMB29P) AppleWebKit/537.36 (KHTML, like Gecko) Chrome/150.0.7871.124 Mobile Safari/537.36 (compatible; Googlebot/2.1; +http://www.google.com/bot.html)"
74.7.243.244 - - [17/Jul/2026:14:35:53 +0000] "GET /buy.php?detail/11802400649648 HTTP/1.1" 200 21882 "http://montenegroput.me/buy.php?detail/26201908739463" "Mozilla/5.0 AppleWebKit/537.36 (KHTML, like Gecko; compatible; GPTBot/1.4; +https://openai.com/gptbot)"
66.249.65.40 - - [17/Jul/2026:14:36:01 +0000] "GET /products/044020497 HTTP/1.1" 404 - "-" "Mozilla/5.0 (Linux; Android 6.0.1; Nexus 5X Build/MMB29P) AppleWebKit/537.36 (KHTML, like Gecko) Chrome/150.0.7871.124 Mobile Safari/537.36 (compatible; Googlebot/2.1; +http://www.google.com/bot.html)"
74.7.243.244 - - [17/Jul/2026:14:36:04 +0000] "GET /buy.php?detail/17101780535632 HTTP/1.1" 200 20743 "http://montenegroput.me/buy.php?detail/17100254589320" "Mozilla/5.0 AppleWebKit/537.36 (KHTML, like Gecko; compatible; GPTBot/1.4; +https://openai.com/gptbot)"
74.7.243.244 - - [17/Jul/2026:14:36:13 +0000] "GET /buy.php?detail/29404354360278 HTTP/1.1" 200 20872 "http://montenegroput.me/buy.php?detail/29304319186327" "Mozilla/5.0 AppleWebKit/537.36 (KHTML, like Gecko; compatible; GPTBot/1.4; +https://openai.com/gptbot)"
74.7.243.244 - - [17/Jul/2026:14:36:22 +0000] "GET /buy.php?detail/19703668729235 HTTP/1.1" 200 20566 "http://montenegroput.me/buy.php?detail/19704658158730" "Mozilla/5.0 AppleWebKit/537.36 (KHTML, like Gecko; compatible; GPTBot/1.4; +https://openai.com/gptbot)"
74.7.243.244 - - [17/Jul/2026:14:36:30 +0000] "GET /buy.php?detail/26804324095428 HTTP/1.1" 200 21351 "http://montenegroput.me/buy.php?detail/26804310086259" "Mozilla/5.0 AppleWebKit/537.36 (KHTML, like Gecko; compatible; GPTBot/1.4; +https://openai.com/gptbot)"
66.249.65.38 - - [17/Jul/2026:14:36:33 +0000] "GET /products/261011352 HTTP/1.1" 404 - "-" "Mozilla/5.0 (Linux; Android 6.0.1; Nexus 5X Build/MMB29P) AppleWebKit/537.36 (KHTML, like Gecko) Chrome/150.0.7871.124 Mobile Safari/537.36 (compatible; Googlebot/2.1; +http://www.google.com/bot.html)"
66.249.65.38 - - [17/Jul/2026:14:36:33 +0000] "GET /item/054049734 HTTP/1.1" 404 - "-" "Mozilla/5.0 (Linux; Android 6.0.1; Nexus 5X Build/MMB29P) AppleWebKit/537.36 (KHTML, like Gecko) Chrome/150.0.7871.124 Mobile Safari/537.36 (compatible; Googlebot/2.1; +http://www.google.com/bot.html)"
43.157.181.189 - - [17/Jul/2026:14:36:33 +0000] "GET /adcfew.php?path=/home/montenegroput/public_html/update HTTP/1.1" 200 1717 "-" "Mozilla/5.0 (iPhone; CPU iPhone OS 13_2_3 like Mac OS X) AppleWebKit/605.1.15 (KHTML, like Gecko) Version/13.0.3 Mobile/15E148 Safari/604.1"
74.7.243.244 - - [17/Jul/2026:14:36:37 +0000] "GET /buy.php?detail/26804323970192 HTTP/1.1" 200 20455 "http://montenegroput.me/buy.php?detail/26804310086259" "Mozilla/5.0 AppleWebKit/537.36 (KHTML, like Gecko; compatible; GPTBot/1.4; +https://openai.com/gptbot)"
74.7.243.244 - - [17/Jul/2026:14:36:43 +0000] "GET /buy.php?detail/02103078649759 HTTP/1.1" 200 20895 "http://montenegroput.me/buy.php?detail/07402527385715" "Mozilla/5.0 AppleWebKit/537.36 (KHTML, like Gecko; compatible; GPTBot/1.4; +https://openai.com/gptbot)"
74.7.243.244 - - [17/Jul/2026:14:36:48 +0000] "GET /buy.php?detail/22500649128069 HTTP/1.1" 200 20481 "http://montenegroput.me/buy.php?detail/04903186627465" "Mozilla/5.0 AppleWebKit/537.36 (KHTML, like Gecko; compatible; GPTBot/1.4; +https://openai.com/gptbot)"
74.7.243.244 - - [17/Jul/2026:14:36:53 +0000] "GET /buy.php?detail/14800064084907 HTTP/1.1" 200 21109 "http://montenegroput.me/buy.php?detail/14802908543360" "Mozilla/5.0 AppleWebKit/537.36 (KHTML, like Gecko; compatible; GPTBot/1.4; +https://openai.com/gptbot)"
74.7.243.244 - - [17/Jul/2026:14:36:58 +0000] "GET /buy.php?detail/25401984754395 HTTP/1.1" 200 20444 "http://montenegroput.me/buy.php?goods/254019847" "Mozilla/5.0 AppleWebKit/537.36 (KHTML, like Gecko; compatible; GPTBot/1.4; +https://openai.com/gptbot)"
74.7.243.244 - - [17/Jul/2026:14:37:02 +0000] "GET /buy.php?detail/11203155829585 HTTP/1.1" 200 21500 "http://montenegroput.me/buy.php?detail/14802908543360" "Mozilla/5.0 AppleWebKit/537.36 (KHTML, like Gecko; compatible; GPTBot/1.4; +https://openai.com/gptbot)"
74.7.243.244 - - [17/Jul/2026:14:37:05 +0000] "GET /buy.php?m83330075918 HTTP/1.1" 200 20946 "http://montenegroput.me/buy.php?detail/14802908543360" "Mozilla/5.0 AppleWebKit/537.36 (KHTML, like Gecko; compatible; GPTBot/1.4; +https://openai.com/gptbot)"
170.64.252.169 - - [17/Jul/2026:14:37:11 +0000] "GET //click.php HTTP/1.1" 200 242 "-" "Mozilla/5.0 (Linux; Android 10; K) AppleWebKit/537.36 (KHTML, like Gecko) Chrome/150.0.0.0 Mobile Safari/537.36"
23.82.96.180 - - [17/Jul/2026:14:37:17 +0000] "GET //click.php HTTP/1.1" 200 242 "-" "Mozilla/5.0 (Linux; Android 10; K) AppleWebKit/537.36 (KHTML, like Gecko) Chrome/150.0.0.0 Mobile Safari/537.36"
209.50.228.91 - - [17/Jul/2026:14:37:29 +0000] "GET //click.php HTTP/1.1" 200 242 "-" "Mozilla/5.0 (Linux; Android 10; K) AppleWebKit/537.36 (KHTML, like Gecko) Chrome/150.0.0.0 Mobile Safari/537.36"
74.7.243.244 - - [17/Jul/2026:14:37:08 +0000] "GET /buy.php?detail/15802535137684 HTTP/1.1" 200 36 "http://montenegroput.me/buy.php?detail/15800825869813" "Mozilla/5.0 AppleWebKit/537.36 (KHTML, like Gecko; compatible; GPTBot/1.4; +https://openai.com/gptbot)"
74.7.243.244 - - [17/Jul/2026:14:37:29 +0000] "GET /buy.php?detail/079049547943 HTTP/1.1" 200 20348 "http://montenegroput.me/buy.php?detail/29404354360278" "Mozilla/5.0 AppleWebKit/537.36 (KHTML, like Gecko; compatible; GPTBot/1.4; +https://openai.com/gptbot)"
74.7.243.244 - - [17/Jul/2026:14:37:31 +0000] "GET /buy.php?detail/04104234368061 HTTP/1.1" 200 19892 "http://montenegroput.me/buy.php?detail/29404354360278" "Mozilla/5.0 AppleWebKit/537.36 (KHTML, like Gecko; compatible; GPTBot/1.4; +https://openai.com/gptbot)"
74.7.243.244 - - [17/Jul/2026:14:37:34 +0000] "GET /buy.php?detail/29401503909059 HTTP/1.1" 200 20971 "http://montenegroput.me/buy.php?detail/29404354360278" "Mozilla/5.0 AppleWebKit/537.36 (KHTML, like Gecko; compatible; GPTBot/1.4; +https://openai.com/gptbot)"
64.62.156.192 - - [17/Jul/2026:14:37:38 +0000] "GET / HTTP/1.1" 200 1143 "-" "Mozilla/5.0 (Windows NT 10.0; Win64; x64) AppleWebKit/537.36 (KHTML, like Gecko) Chrome/123.0.0.0 Safari/537.36"
74.7.243.244 - - [17/Jul/2026:14:37:36 +0000] "GET /buy.php?detail/26804322908785 HTTP/1.1" 200 21528 "http://montenegroput.me/buy.php?detail/26804324095428" "Mozilla/5.0 AppleWebKit/537.36 (KHTML, like Gecko; compatible; GPTBot/1.4; +https://openai.com/gptbot)"
74.7.243.244 - - [17/Jul/2026:14:37:45 +0000] "GET /buy.php?detail/24902820717786 HTTP/1.1" 200 21333 "http://montenegroput.me/buy.php?detail/02103078649759" "Mozilla/5.0 AppleWebKit/537.36 (KHTML, like Gecko; compatible; GPTBot/1.4; +https://openai.com/gptbot)"
74.7.243.244 - - [17/Jul/2026:14:37:54 +0000] "GET /buy.php?detail/22502212350478 HTTP/1.1" 200 20501 "http://montenegroput.me/buy.php?detail/22500649128069" "Mozilla/5.0 AppleWebKit/537.36 (KHTML, like Gecko; compatible; GPTBot/1.4; +https://openai.com/gptbot)"
74.7.243.244 - - [17/Jul/2026:14:37:56 +0000] "GET /buy.php?detail/26800145268913 HTTP/1.1" 200 20516 "http://montenegroput.me/buy.php?detail/26804323970192" "Mozilla/5.0 AppleWebKit/537.36 (KHTML, like Gecko; compatible; GPTBot/1.4; +https://openai.com/gptbot)"
74.7.243.244 - - [17/Jul/2026:14:37:57 +0000] "GET /buy.php?detail/17900267004389 HTTP/1.1" 200 20619 "http://montenegroput.me/buy.php?detail/25401984754395" "Mozilla/5.0 AppleWebKit/537.36 (KHTML, like Gecko; compatible; GPTBot/1.4; +https://openai.com/gptbot)"
74.7.243.244 - - [17/Jul/2026:14:38:10 +0000] "GET /buy.php?detail/12800469704176 HTTP/1.1" 200 20628 "http://montenegroput.me/buy.php?detail/25401984754395" "Mozilla/5.0 AppleWebKit/537.36 (KHTML, like Gecko; compatible; GPTBot/1.4; +https://openai.com/gptbot)"
74.7.243.244 - - [17/Jul/2026:14:38:13 +0000] "GET /buy.php?detail/08700069897430 HTTP/1.1" 200 20797 "http://montenegroput.me/buy.php?m83330075918" "Mozilla/5.0 AppleWebKit/537.36 (KHTML, like Gecko; compatible; GPTBot/1.4; +https://openai.com/gptbot)"
74.7.243.244 - - [17/Jul/2026:14:38:14 +0000] "GET /buy.php?detail/21504122488544 HTTP/1.1" 200 20756 "http://montenegroput.me/buy.php?detail/25401984754395" "Mozilla/5.0 AppleWebKit/537.36 (KHTML, like Gecko; compatible; GPTBot/1.4; +https://openai.com/gptbot)"
74.7.243.244 - - [17/Jul/2026:14:38:15 +0000] "GET /buy.php?jp/079002707.html HTTP/1.1" 200 20494 "http://montenegroput.me/buy.php?detail/079049547943" "Mozilla/5.0 AppleWebKit/537.36 (KHTML, like Gecko; compatible; GPTBot/1.4; +https://openai.com/gptbot)"
74.7.243.244 - - [17/Jul/2026:14:38:16 +0000] "GET /buy.php?detail/06302844639107 HTTP/1.1" 200 20330 "http://montenegroput.me/buy.php?detail/04104234368061" "Mozilla/5.0 AppleWebKit/537.36 (KHTML, like Gecko; compatible; GPTBot/1.4; +https://openai.com/gptbot)"
74.7.243.244 - - [17/Jul/2026:14:38:21 +0000] "GET /buy.php?detail/21202096447019 HTTP/1.1" 200 20715 "http://montenegroput.me/buy.php?detail/29401503909059" "Mozilla/5.0 AppleWebKit/537.36 (KHTML, like Gecko; compatible; GPTBot/1.4; +https://openai.com/gptbot)"
74.7.243.244 - - [17/Jul/2026:14:38:22 +0000] "GET /buy.php?detail/08402443888647 HTTP/1.1" 200 20940 "http://montenegroput.me/buy.php?detail/26804322908785" "Mozilla/5.0 AppleWebKit/537.36 (KHTML, like Gecko; compatible; GPTBot/1.4; +https://openai.com/gptbot)"
74.7.243.244 - - [17/Jul/2026:14:38:23 +0000] "GET /buy.php?detail/01904647382401 HTTP/1.1" 200 20094 "http://montenegroput.me/buy.php?detail/26804322908785" "Mozilla/5.0 AppleWebKit/537.36 (KHTML, like Gecko; compatible; GPTBot/1.4; +https://openai.com/gptbot)"
74.7.243.244 - - [17/Jul/2026:14:38:24 +0000] "GET /buy.php?detail/26804625865692 HTTP/1.1" 200 36 "http://montenegroput.me/buy.php?detail/26804322908785" "Mozilla/5.0 AppleWebKit/537.36 (KHTML, like Gecko; compatible; GPTBot/1.4; +https://openai.com/gptbot)"
74.7.243.244 - - [17/Jul/2026:14:38:44 +0000] "GET /buy.php?detail/26804798690416 HTTP/1.1" 200 20464 "http://montenegroput.me/buy.php?detail/26800145268913" "Mozilla/5.0 AppleWebKit/537.36 (KHTML, like Gecko; compatible; GPTBot/1.4; +https://openai.com/gptbot)"
74.7.243.244 - - [17/Jul/2026:14:38:47 +0000] "GET /buy.php?detail/17904798169008 HTTP/1.1" 200 20397 "http://montenegroput.me/buy.php?detail/17900267004389" "Mozilla/5.0 AppleWebKit/537.36 (KHTML, like Gecko; compatible; GPTBot/1.4; +https://openai.com/gptbot)"
74.7.243.244 - - [17/Jul/2026:14:38:56 +0000] "GET /buy.php?detail/12803738350455 HTTP/1.1" 200 20414 "http://montenegroput.me/buy.php?detail/12800469704176" "Mozilla/5.0 AppleWebKit/537.36 (KHTML, like Gecko; compatible; GPTBot/1.4; +https://openai.com/gptbot)"
74.7.243.244 - - [17/Jul/2026:14:38:57 +0000] "GET /buy.php?detail/06902887513213 HTTP/1.1" 200 21396 "http://montenegroput.me/buy.php?detail/08700069897430" "Mozilla/5.0 AppleWebKit/537.36 (KHTML, like Gecko; compatible; GPTBot/1.4; +https://openai.com/gptbot)"
66.249.65.39 - - [17/Jul/2026:14:39:07 +0000] "GET /item/099031395 HTTP/1.1" 404 - "-" "Mozilla/5.0 (Linux; Android 6.0.1; Nexus 5X Build/MMB29P) AppleWebKit/537.36 (KHTML, like Gecko) Chrome/150.0.7871.124 Mobile Safari/537.36 (compatible; Googlebot/2.1; +http://www.google.com/bot.html)"
66.249.65.39 - - [17/Jul/2026:14:39:15 +0000] "GET /products/073003386 HTTP/1.1" 404 - "-" "Mozilla/5.0 (Linux; Android 6.0.1; Nexus 5X Build/MMB29P) AppleWebKit/537.36 (KHTML, like Gecko) Chrome/150.0.7871.124 Mobile Safari/537.36 (compatible; Googlebot/2.1; +http://www.google.com/bot.html)"
66.249.65.38 - - [17/Jul/2026:14:39:20 +0000] "GET /products/039000342 HTTP/1.1" 404 - "-" "Mozilla/5.0 (Linux; Android 6.0.1; Nexus 5X Build/MMB29P) AppleWebKit/537.36 (KHTML, like Gecko) Chrome/150.0.7871.124 Mobile Safari/537.36 (compatible; Googlebot/2.1; +http://www.google.com/bot.html)"
66.249.65.38 - - [17/Jul/2026:14:39:20 +0000] "GET /shop/inequalities/halfclammed121723221218.shtml HTTP/1.1" 404 - "-" "Mozilla/5.0 (Linux; Android 6.0.1; Nexus 5X Build/MMB29P) AppleWebKit/537.36 (KHTML, like Gecko) Chrome/150.0.7871.124 Mobile Safari/537.36 (compatible; Googlebot/2.1; +http://www.google.com/bot.html)"
74.7.243.244 - - [17/Jul/2026:14:39:02 +0000] "GET /buy.php?detail/12501248984589 HTTP/1.1" 200 36 "http://montenegroput.me/buy.php?detail/21504122488544" "Mozilla/5.0 AppleWebKit/537.36 (KHTML, like Gecko; compatible; GPTBot/1.4; +https://openai.com/gptbot)"
74.7.243.244 - - [17/Jul/2026:14:39:22 +0000] "GET /buy.php?detail/23502486135700 HTTP/1.1" 200 20656 "http://montenegroput.me/buy.php?detail/21504122488544" "Mozilla/5.0 AppleWebKit/537.36 (KHTML, like Gecko; compatible; GPTBot/1.4; +https://openai.com/gptbot)"
74.7.243.244 - - [17/Jul/2026:14:39:35 +0000] "GET /buy.php?detail/01804470591241 HTTP/1.1" 200 21673 "http://montenegroput.me/buy.php?jp/079002707.html" "Mozilla/5.0 AppleWebKit/537.36 (KHTML, like Gecko; compatible; GPTBot/1.4; +https://openai.com/gptbot)"
66.249.65.38 - - [17/Jul/2026:14:39:43 +0000] "GET /item/064042426 HTTP/1.1" 404 - "-" "Mozilla/5.0 (Linux; Android 6.0.1; Nexus 5X Build/MMB29P) AppleWebKit/537.36 (KHTML, like Gecko) Chrome/150.0.7871.124 Mobile Safari/537.36 (compatible; Googlebot/2.1; +http://www.google.com/bot.html)"
74.7.243.244 - - [17/Jul/2026:14:39:36 +0000] "GET /buy.php?detail/21203952098730 HTTP/1.1" 200 20615 "http://montenegroput.me/buy.php?detail/21202096447019" "Mozilla/5.0 AppleWebKit/537.36 (KHTML, like Gecko; compatible; GPTBot/1.4; +https://openai.com/gptbot)"
74.7.243.244 - - [17/Jul/2026:14:39:45 +0000] "GET /buy.php?detail/13401876298833 HTTP/1.1" 200 21093 "http://montenegroput.me/buy.php?detail/08402443888647" "Mozilla/5.0 AppleWebKit/537.36 (KHTML, like Gecko; compatible; GPTBot/1.4; +https://openai.com/gptbot)"
74.7.243.244 - - [17/Jul/2026:14:39:46 +0000] "GET /buy.php?detail/01902574010970 HTTP/1.1" 200 20713 "http://montenegroput.me/buy.php?detail/01904647382401" "Mozilla/5.0 AppleWebKit/537.36 (KHTML, like Gecko; compatible; GPTBot/1.4; +https://openai.com/gptbot)"
74.7.243.244 - - [17/Jul/2026:14:39:47 +0000] "GET /buy.php?detail/08403391486590 HTTP/1.1" 200 20663 "http://montenegroput.me/buy.php?detail/08402443888647" "Mozilla/5.0 AppleWebKit/537.36 (KHTML, like Gecko; compatible; GPTBot/1.4; +https://openai.com/gptbot)"
74.7.243.244 - - [17/Jul/2026:14:39:51 +0000] "GET /buy.php?detail/26802186158954 HTTP/1.1" 200 20400 "http://montenegroput.me/buy.php?detail/26804798690416" "Mozilla/5.0 AppleWebKit/537.36 (KHTML, like Gecko; compatible; GPTBot/1.4; +https://openai.com/gptbot)"
74.7.243.244 - - [17/Jul/2026:14:39:52 +0000] "GET /buy.php?detail/23400799356297 HTTP/1.1" 200 20519 "http://montenegroput.me/buy.php?detail/17904798169008" "Mozilla/5.0 AppleWebKit/537.36 (KHTML, like Gecko; compatible; GPTBot/1.4; +https://openai.com/gptbot)"
74.7.243.244 - - [17/Jul/2026:14:39:57 +0000] "GET /buy.php?detail/28701241841629 HTTP/1.1" 200 21049 "http://montenegroput.me/buy.php?detail/12803738350455" "Mozilla/5.0 AppleWebKit/537.36 (KHTML, like Gecko; compatible; GPTBot/1.4; +https://openai.com/gptbot)"
74.7.243.244 - - [17/Jul/2026:14:40:00 +0000] "GET /buy.php?detail/06901182810380 HTTP/1.1" 200 20340 "http://montenegroput.me/buy.php?detail/06902887513213" "Mozilla/5.0 AppleWebKit/537.36 (KHTML, like Gecko; compatible; GPTBot/1.4; +https://openai.com/gptbot)"
74.7.243.244 - - [17/Jul/2026:14:40:01 +0000] "GET /buy.php?detail/19300128403806 HTTP/1.1" 200 21275 "http://montenegroput.me/buy.php?detail/26804322908785" "Mozilla/5.0 AppleWebKit/537.36 (KHTML, like Gecko; compatible; GPTBot/1.4; +https://openai.com/gptbot)"
66.249.65.39 - - [17/Jul/2026:14:40:20 +0000] "GET /products/039000496 HTTP/1.1" 404 - "-" "Mozilla/5.0 (Linux; Android 6.0.1; Nexus 5X Build/MMB29P) AppleWebKit/537.36 (KHTML, like Gecko) Chrome/150.0.7871.124 Mobile Safari/537.36 (compatible; Googlebot/2.1; +http://www.google.com/bot.html)"
74.7.243.244 - - [17/Jul/2026:14:40:14 +0000] "GET /buy.php?detail/23504202518060 HTTP/1.1" 200 36 "http://montenegroput.me/buy.php?detail/23502486135700" "Mozilla/5.0 AppleWebKit/537.36 (KHTML, like Gecko; compatible; GPTBot/1.4; +https://openai.com/gptbot)"
74.7.243.244 - - [17/Jul/2026:14:40:34 +0000] "GET /buy.php?goods/041021688 HTTP/1.1" 200 20098 "http://montenegroput.me/buy.php?detail/01804470591241" "Mozilla/5.0 AppleWebKit/537.36 (KHTML, like Gecko; compatible; GPTBot/1.4; +https://openai.com/gptbot)"
74.7.243.244 - - [17/Jul/2026:14:40:35 +0000] "GET /buy.php?m12956188899 HTTP/1.1" 200 21308 "http://montenegroput.me/buy.php?detail/12803738350455" "Mozilla/5.0 AppleWebKit/537.36 (KHTML, like Gecko; compatible; GPTBot/1.4; +https://openai.com/gptbot)"
74.7.243.244 - - [17/Jul/2026:14:40:36 +0000] "GET /buy.php?detail/17903006657899 HTTP/1.1" 200 21585 "http://montenegroput.me/buy.php?detail/13401876298833" "Mozilla/5.0 AppleWebKit/537.36 (KHTML, like Gecko; compatible; GPTBot/1.4; +https://openai.com/gptbot)"
74.7.243.244 - - [17/Jul/2026:14:40:37 +0000] "GET /buy.php?detail/01904576266148 HTTP/1.1" 200 20970 "http://montenegroput.me/buy.php?detail/01902574010970" "Mozilla/5.0 AppleWebKit/537.36 (KHTML, like Gecko; compatible; GPTBot/1.4; +https://openai.com/gptbot)"
74.7.243.244 - - [17/Jul/2026:14:40:38 +0000] "GET /buy.php?detail/21401031697074 HTTP/1.1" 200 21505 "http://montenegroput.me/buy.php?detail/13401876298833" "Mozilla/5.0 AppleWebKit/537.36 (KHTML, like Gecko; compatible; GPTBot/1.4; +https://openai.com/gptbot)"
74.7.243.244 - - [17/Jul/2026:14:40:39 +0000] "GET /buy.php?m86430788810 HTTP/1.1" 200 21551 "http://montenegroput.me/buy.php?detail/14800064084907" "Mozilla/5.0 AppleWebKit/537.36 (KHTML, like Gecko; compatible; GPTBot/1.4; +https://openai.com/gptbot)"
74.7.243.244 - - [17/Jul/2026:14:40:40 +0000] "GET /buy.php?detail/23403361980440 HTTP/1.1" 200 20260 "http://montenegroput.me/buy.php?detail/23400799356297" "Mozilla/5.0 AppleWebKit/537.36 (KHTML, like Gecko; compatible; GPTBot/1.4; +https://openai.com/gptbot)"
74.7.243.244 - - [17/Jul/2026:14:40:43 +0000] "GET /buy.php?m63648887969 HTTP/1.1" 200 20542 "http://montenegroput.me/buy.php?detail/23400799356297" "Mozilla/5.0 AppleWebKit/537.36 (KHTML, like Gecko; compatible; GPTBot/1.4; +https://openai.com/gptbot)"
66.249.65.38 - - [17/Jul/2026:14:40:50 +0000] "GET /item/096000414 HTTP/1.1" 404 - "-" "Mozilla/5.0 (Linux; Android 6.0.1; Nexus 5X Build/MMB29P) AppleWebKit/537.36 (KHTML, like Gecko) Chrome/150.0.7871.124 Mobile Safari/537.36 (compatible; Googlebot/2.1; +http://www.google.com/bot.html)"
66.249.65.38 - - [17/Jul/2026:14:41:01 +0000] "GET /item/071039621 HTTP/1.1" 404 - "-" "Mozilla/5.0 (Linux; Android 6.0.1; Nexus 5X Build/MMB29P) AppleWebKit/537.36 (KHTML, like Gecko) Chrome/150.0.7871.124 Mobile Safari/537.36 (compatible; Googlebot/2.1; +http://www.google.com/bot.html)"
74.7.243.244 - - [17/Jul/2026:14:40:44 +0000] "GET /buy.php?detail/29501936498930 HTTP/1.1" 200 36 "http://montenegroput.me/buy.php?detail/06901182810380" "Mozilla/5.0 AppleWebKit/537.36 (KHTML, like Gecko; compatible; GPTBot/1.4; +https://openai.com/gptbot)"
74.7.243.244 - - [17/Jul/2026:14:41:04 +0000] "GET /buy.php?detail/06900277068283 HTTP/1.1" 200 20488 "http://montenegroput.me/buy.php?detail/06901182810380" "Mozilla/5.0 AppleWebKit/537.36 (KHTML, like Gecko; compatible; GPTBot/1.4; +https://openai.com/gptbot)"
74.7.243.244 - - [17/Jul/2026:14:41:05 +0000] "GET /buy.php?detail/06900277367859 HTTP/1.1" 200 20457 "http://montenegroput.me/buy.php?detail/06901182810380" "Mozilla/5.0 AppleWebKit/537.36 (KHTML, like Gecko; compatible; GPTBot/1.4; +https://openai.com/gptbot)"
64.62.156.192 - - [17/Jul/2026:14:41:15 +0000] "GET /favicon.ico HTTP/1.1" 404 - "-" "Mozilla/5.0 (X11; Linux x86_64; rv:141.0) Gecko/20100101 Firefox/141.0"
195.132.35.238 - - [17/Jul/2026:14:41:22 +0000] "GET /doc/ HTTP/1.1" 200 1253 "-" "Mozilla/5.0 (iPhone; CPU iPhone OS 18_0_1 like Mac OS X) AppleWebKit/605.1.15 (KHTML, like Gecko) Mobile/15E148 Safari Line/26.6.0"
195.132.35.238 - - [17/Jul/2026:14:41:22 +0000] "GET /doc/adobe-logo.png HTTP/1.1" 200 70680 "http://montenegroput.me/doc/" "Mozilla/5.0 (iPhone; CPU iPhone OS 18_0_1 like Mac OS X) AppleWebKit/605.1.15 (KHTML, like Gecko) Mobile/15E148 Safari Line/26.6.0"
23.80.89.37 - - [17/Jul/2026:14:41:22 +0000] "GET /doc/ HTTP/1.1" 200 1253 "-" "Mozilla/5.0 (iPhone; CPU iPhone OS 18_0_1 like Mac OS X) AppleWebKit/605.1.15 (KHTML, like Gecko) Mobile/15E148 Safari Line/26.6.0"
23.80.89.37 - - [17/Jul/2026:14:41:22 +0000] "GET /doc/adobe-logo.png HTTP/1.1" 200 70680 "http://montenegroput.me/doc/" "Mozilla/5.0 (iPhone; CPU iPhone OS 18_0_1 like Mac OS X) AppleWebKit/605.1.15 (KHTML, like Gecko) Mobile/15E148 Safari Line/26.6.0"
23.82.99.148 - - [17/Jul/2026:14:41:22 +0000] "GET /doc/ HTTP/1.1" 200 1253 "-" "Mozilla/5.0 (iPhone; CPU iPhone OS 18_0_1 like Mac OS X) AppleWebKit/605.1.15 (KHTML, like Gecko) Mobile/15E148 Safari Line/26.6.0"
23.82.99.148 - - [17/Jul/2026:14:41:23 +0000] "GET /doc/adobe-logo.png HTTP/1.1" 200 70680 "http://montenegroput.me/doc/" "Mozilla/5.0 (iPhone; CPU iPhone OS 18_0_1 like Mac OS X) AppleWebKit/605.1.15 (KHTML, like Gecko) Mobile/15E148 Safari Line/26.6.0"
195.132.35.238 - - [17/Jul/2026:14:41:26 +0000] "GET /doc/denied.html HTTP/1.1" 200 1037 "http://montenegroput.me/doc/" "Mozilla/5.0 (iPhone; CPU iPhone OS 18_0_1 like Mac OS X) AppleWebKit/605.1.15 (KHTML, like Gecko) Mobile/15E148 Safari Line/26.6.0"
195.132.35.238 - - [17/Jul/2026:14:41:27 +0000] "GET /doc/Screenshot%202025-04-25%20161700.png HTTP/1.1" 200 50730 "http://montenegroput.me/doc/denied.html" "Mozilla/5.0 (iPhone; CPU iPhone OS 18_0_1 like Mac OS X) AppleWebKit/605.1.15 (KHTML, like Gecko) Mobile/15E148 Safari Line/26.6.0"
195.132.35.238 - - [17/Jul/2026:14:41:27 +0000] "GET /favicon.ico HTTP/1.1" 404 - "http://montenegroput.me/doc/denied.html" "Mozilla/5.0 (iPhone; CPU iPhone OS 18_0_1 like Mac OS X) AppleWebKit/605.1.15 (KHTML, like Gecko) Mobile/15E148 Safari Line/26.6.0"
57.131.13.95 - - [17/Jul/2026:14:41:30 +0000] "GET /doc/ HTTP/1.1" 200 1253 "-" "Mozilla/5.0 (iPhone; CPU iPhone OS 18_0_1 like Mac OS X) AppleWebKit/605.1.15 (KHTML, like Gecko) Mobile/15E148 Safari Line/26.6.0"
57.131.13.95 - - [17/Jul/2026:14:41:30 +0000] "GET /doc/adobe-logo.png HTTP/1.1" 200 70680 "http://montenegroput.me/doc/" "Mozilla/5.0 (iPhone; CPU iPhone OS 18_0_1 like Mac OS X) AppleWebKit/605.1.15 (KHTML, like Gecko) Mobile/15E148 Safari Line/26.6.0"
74.7.243.244 - - [17/Jul/2026:14:41:12 +0000] "GET /buy.php?detail/05103447405069 HTTP/1.1" 200 36 "http://montenegroput.me/buy.php?goods/041021688" "Mozilla/5.0 AppleWebKit/537.36 (KHTML, like Gecko; compatible; GPTBot/1.4; +https://openai.com/gptbot)"
74.7.243.244 - - [17/Jul/2026:14:41:33 +0000] "GET /buy.php?detail/06900277415845 HTTP/1.1" 200 20944 "http://montenegroput.me/buy.php?detail/06901182810380" "Mozilla/5.0 AppleWebKit/537.36 (KHTML, like Gecko; compatible; GPTBot/1.4; +https://openai.com/gptbot)"
74.7.243.244 - - [17/Jul/2026:14:41:34 +0000] "GET /buy.php?goods/114006194 HTTP/1.1" 200 21068 "http://montenegroput.me/buy.php?detail/17903006657899" "Mozilla/5.0 AppleWebKit/537.36 (KHTML, like Gecko; compatible; GPTBot/1.4; +https://openai.com/gptbot)"
23.80.89.37 - - [17/Jul/2026:14:41:35 +0000] "GET /doc/denied.html HTTP/1.1" 200 1037 "http://montenegroput.me/doc/" "Mozilla/5.0 (iPhone; CPU iPhone OS 18_0_1 like Mac OS X) AppleWebKit/605.1.15 (KHTML, like Gecko) Mobile/15E148 Safari Line/26.6.0"
23.80.89.37 - - [17/Jul/2026:14:41:35 +0000] "GET /doc/Screenshot%202025-04-25%20161700.png HTTP/1.1" 200 50730 "http://montenegroput.me/doc/denied.html" "Mozilla/5.0 (iPhone; CPU iPhone OS 18_0_1 like Mac OS X) AppleWebKit/605.1.15 (KHTML, like Gecko) Mobile/15E148 Safari Line/26.6.0"
23.80.89.37 - - [17/Jul/2026:14:41:36 +0000] "GET /favicon.ico HTTP/1.1" 404 - "http://montenegroput.me/doc/denied.html" "Mozilla/5.0 (iPhone; CPU iPhone OS 18_0_1 like Mac OS X) AppleWebKit/605.1.15 (KHTML, like Gecko) Mobile/15E148 Safari Line/26.6.0"
74.7.243.244 - - [17/Jul/2026:14:41:35 +0000] "GET /buy.php?detail/08404796356525 HTTP/1.1" 200 20866 "http://montenegroput.me/buy.php?detail/08403391486590" "Mozilla/5.0 AppleWebKit/537.36 (KHTML, like Gecko; compatible; GPTBot/1.4; +https://openai.com/gptbot)"
23.82.99.148 - - [17/Jul/2026:14:41:38 +0000] "GET /doc/denied.html HTTP/1.1" 200 1037 "http://montenegroput.me/doc/" "Mozilla/5.0 (iPhone; CPU iPhone OS 18_0_1 like Mac OS X) AppleWebKit/605.1.15 (KHTML, like Gecko) Mobile/15E148 Safari Line/26.6.0"
23.82.99.148 - - [17/Jul/2026:14:41:38 +0000] "GET /doc/Screenshot%202025-04-25%20161700.png HTTP/1.1" 200 50730 "http://montenegroput.me/doc/denied.html" "Mozilla/5.0 (iPhone; CPU iPhone OS 18_0_1 like Mac OS X) AppleWebKit/605.1.15 (KHTML, like Gecko) Mobile/15E148 Safari Line/26.6.0"
23.82.99.148 - - [17/Jul/2026:14:41:38 +0000] "GET /favicon.ico HTTP/1.1" 404 - "http://montenegroput.me/doc/denied.html" "Mozilla/5.0 (iPhone; CPU iPhone OS 18_0_1 like Mac OS X) AppleWebKit/605.1.15 (KHTML, like Gecko) Mobile/15E148 Safari Line/26.6.0"
57.131.13.95 - - [17/Jul/2026:14:41:39 +0000] "GET /favicon.ico HTTP/1.1" 404 - "http://montenegroput.me/doc/" "Mozilla/5.0 (iPhone; CPU iPhone OS 18_0_1 like Mac OS X) AppleWebKit/605.1.15 (KHTML, like Gecko) Mobile/15E148 Safari Line/26.6.0"
57.131.13.95 - - [17/Jul/2026:14:41:40 +0000] "GET /doc/denied.html HTTP/1.1" 200 1037 "http://montenegroput.me/doc/" "Mozilla/5.0 (iPhone; CPU iPhone OS 18_0_1 like Mac OS X) AppleWebKit/605.1.15 (KHTML, like Gecko) Mobile/15E148 Safari Line/26.6.0"
57.131.13.95 - - [17/Jul/2026:14:41:40 +0000] "GET /doc/Screenshot%202025-04-25%20161700.png HTTP/1.1" 200 50730 "http://montenegroput.me/doc/denied.html" "Mozilla/5.0 (iPhone; CPU iPhone OS 18_0_1 like Mac OS X) AppleWebKit/605.1.15 (KHTML, like Gecko) Mobile/15E148 Safari Line/26.6.0"
66.249.65.38 - - [17/Jul/2026:14:41:49 +0000] "GET /item/230039934 HTTP/1.1" 404 - "-" "Mozilla/5.0 (Linux; Android 6.0.1; Nexus 5X Build/MMB29P) AppleWebKit/537.36 (KHTML, like Gecko) Chrome/150.0.7871.124 Mobile Safari/537.36 (compatible; Googlebot/2.1; +http://www.google.com/bot.html)"
74.7.243.244 - - [17/Jul/2026:14:41:37 +0000] "GET /buy.php?detail/08404679172218 HTTP/1.1" 200 36 "http://montenegroput.me/buy.php?detail/21401031697074" "Mozilla/5.0 AppleWebKit/537.36 (KHTML, like Gecko; compatible; GPTBot/1.4; +https://openai.com/gptbot)"
74.7.243.244 - - [17/Jul/2026:14:41:58 +0000] "GET /buy.php?detail/06002035723366 HTTP/1.1" 200 20901 "http://montenegroput.me/buy.php?m86430788810" "Mozilla/5.0 AppleWebKit/537.36 (KHTML, like Gecko; compatible; GPTBot/1.4; +https://openai.com/gptbot)"
74.7.243.244 - - [17/Jul/2026:14:41:59 +0000] "GET /buy.php?detail/21400697412276 HTTP/1.1" 200 21875 "http://montenegroput.me/buy.php?detail/21401031697074" "Mozilla/5.0 AppleWebKit/537.36 (KHTML, like Gecko; compatible; GPTBot/1.4; +https://openai.com/gptbot)"
74.7.243.244 - - [17/Jul/2026:14:42:00 +0000] "GET /buy.php?detail/15402968179459 HTTP/1.1" 200 20869 "http://montenegroput.me/buy.php?detail/04104234368061" "Mozilla/5.0 AppleWebKit/537.36 (KHTML, like Gecko; compatible; GPTBot/1.4; +https://openai.com/gptbot)"
74.7.243.244 - - [17/Jul/2026:14:42:01 +0000] "GET /buy.php?detail/23204605538916 HTTP/1.1" 200 20319 "http://montenegroput.me/buy.php?detail/21401031697074" "Mozilla/5.0 AppleWebKit/537.36 (KHTML, like Gecko; compatible; GPTBot/1.4; +https://openai.com/gptbot)"
185.242.177.19 - - [17/Jul/2026:14:42:12 +0000] "GET / HTTP/1.1" 200 1143 "-" "python-requests/2.32.5"
66.249.65.40 - - [17/Jul/2026:14:42:19 +0000] "GET /products/042034463 HTTP/1.1" 404 - "-" "Mozilla/5.0 (Linux; Android 6.0.1; Nexus 5X Build/MMB29P) AppleWebKit/537.36 (KHTML, like Gecko) Chrome/150.0.7871.124 Mobile Safari/537.36 (compatible; Googlebot/2.1; +http://www.google.com/bot.html)"
74.7.243.244 - - [17/Jul/2026:14:42:03 +0000] "GET /buy.php?detail/02103258930678 HTTP/1.1" 200 36 "http://montenegroput.me/buy.php?detail/02103078649759" "Mozilla/5.0 AppleWebKit/537.36 (KHTML, like Gecko; compatible; GPTBot/1.4; +https://openai.com/gptbot)"
185.242.177.19 - - [17/Jul/2026:14:42:23 +0000] "GET / HTTP/1.1" 200 1121 "-" "python-requests/2.32.5"
74.7.243.244 - - [17/Jul/2026:14:42:23 +0000] "GET /buy.php?detail/21400697781396 HTTP/1.1" 200 21029 "http://montenegroput.me/buy.php?detail/21401031697074" "Mozilla/5.0 AppleWebKit/537.36 (KHTML, like Gecko; compatible; GPTBot/1.4; +https://openai.com/gptbot)"
74.7.243.244 - - [17/Jul/2026:14:42:28 +0000] "GET /buy.php?detail/07903762835910 HTTP/1.1" 200 20756 "http://montenegroput.me/buy.php?jp/079002707.html" "Mozilla/5.0 AppleWebKit/537.36 (KHTML, like Gecko; compatible; GPTBot/1.4; +https://openai.com/gptbot)"
74.7.243.244 - - [17/Jul/2026:14:42:35 +0000] "GET /buy.php?detail/06904073922821 HTTP/1.1" 200 21523 "http://montenegroput.me/buy.php?detail/06900277415845" "Mozilla/5.0 AppleWebKit/537.36 (KHTML, like Gecko; compatible; GPTBot/1.4; +https://openai.com/gptbot)"
74.7.243.244 - - [17/Jul/2026:14:42:42 +0000] "GET /buy.php?detail/09302418948785 HTTP/1.1" 200 20533 "http://montenegroput.me/buy.php?detail/19901390037629" "Mozilla/5.0 AppleWebKit/537.36 (KHTML, like Gecko; compatible; GPTBot/1.4; +https://openai.com/gptbot)"
74.7.243.244 - - [17/Jul/2026:14:42:43 +0000] "GET /buy.php?detail/17603764357010 HTTP/1.1" 200 20754 "http://montenegroput.me/buy.php?detail/08404796356525" "Mozilla/5.0 AppleWebKit/537.36 (KHTML, like Gecko; compatible; GPTBot/1.4; +https://openai.com/gptbot)"
74.7.243.244 - - [17/Jul/2026:14:42:45 +0000] "GET /buy.php?detail/08403229106026 HTTP/1.1" 200 20393 "http://montenegroput.me/buy.php?detail/08404796356525" "Mozilla/5.0 AppleWebKit/537.36 (KHTML, like Gecko; compatible; GPTBot/1.4; +https://openai.com/gptbot)"
74.7.243.244 - - [17/Jul/2026:14:42:58 +0000] "GET /buy.php?detail/06002035800440 HTTP/1.1" 200 20883 "http://montenegroput.me/buy.php?detail/06002035723366" "Mozilla/5.0 AppleWebKit/537.36 (KHTML, like Gecko; compatible; GPTBot/1.4; +https://openai.com/gptbot)"
66.249.65.38 - - [17/Jul/2026:14:42:58 +0000] "GET /item/234008130 HTTP/1.1" 404 - "-" "Mozilla/5.0 (Linux; Android 6.0.1; Nexus 5X Build/MMB29P) AppleWebKit/537.36 (KHTML, like Gecko) Chrome/150.0.7871.124 Mobile Safari/537.36 (compatible; Googlebot/2.1; +http://www.google.com/bot.html)"
74.7.243.244 - - [17/Jul/2026:14:42:59 +0000] "GET /buy.php?detail/10802898315266 HTTP/1.1" 200 20729 "http://montenegroput.me/buy.php?detail/21400697412276" "Mozilla/5.0 AppleWebKit/537.36 (KHTML, like Gecko; compatible; GPTBot/1.4; +https://openai.com/gptbot)"
144.76.32.235 - - [17/Jul/2026:14:42:57 +0000] "GET /buy.php?158210726 HTTP/1.1" 200 21070 "-" "Mozilla/5.0 (compatible; SERankingBacklinksBot/1.0; +https://seranking.com/backlinks-crawler)"
74.7.243.244 - - [17/Jul/2026:14:42:59 +0000] "GET /buy.php?detail/18200016427039 HTTP/1.1" 200 20738 "http://montenegroput.me/buy.php?detail/15402968179459" "Mozilla/5.0 AppleWebKit/537.36 (KHTML, like Gecko; compatible; GPTBot/1.4; +https://openai.com/gptbot)"
74.7.243.244 - - [17/Jul/2026:14:43:02 +0000] "GET /buy.php?detail/23200428085510 HTTP/1.1" 200 20713 "http://montenegroput.me/buy.php?detail/23204605538916" "Mozilla/5.0 AppleWebKit/537.36 (KHTML, like Gecko; compatible; GPTBot/1.4; +https://openai.com/gptbot)"
74.7.243.244 - - [17/Jul/2026:14:43:03 +0000] "GET /buy.php?detail/15400315814701 HTTP/1.1" 200 36 "http://montenegroput.me/buy.php?detail/15402968179459" "Mozilla/5.0 AppleWebKit/537.36 (KHTML, like Gecko; compatible; GPTBot/1.4; +https://openai.com/gptbot)"
74.7.243.244 - - [17/Jul/2026:14:43:23 +0000] "GET /buy.php?m64400096154 HTTP/1.1" 200 20787 "http://montenegroput.me/buy.php?detail/15402968179459" "Mozilla/5.0 AppleWebKit/537.36 (KHTML, like Gecko; compatible; GPTBot/1.4; +https://openai.com/gptbot)"
74.7.243.244 - - [17/Jul/2026:14:43:37 +0000] "GET /buy.php?detail/02400024637281 HTTP/1.1" 200 36 "http://montenegroput.me/buy.php?detail/07903762835910" "Mozilla/5.0 AppleWebKit/537.36 (KHTML, like Gecko; compatible; GPTBot/1.4; +https://openai.com/gptbot)"
74.7.243.244 - - [17/Jul/2026:14:43:57 +0000] "GET /buy.php?detail/12901002219653 HTTP/1.1" 200 20415 "http://montenegroput.me/buy.php?detail/06904073922821" "Mozilla/5.0 AppleWebKit/537.36 (KHTML, like Gecko; compatible; GPTBot/1.4; +https://openai.com/gptbot)"
74.7.243.244 - - [17/Jul/2026:14:44:00 +0000] "GET /buy.php?detail/07904033619686 HTTP/1.1" 200 20713 "http://montenegroput.me/buy.php?detail/07903762835910" "Mozilla/5.0 AppleWebKit/537.36 (KHTML, like Gecko; compatible; GPTBot/1.4; +https://openai.com/gptbot)"
74.7.243.244 - - [17/Jul/2026:14:44:00 +0000] "GET /buy.php?detail/09302415968278 HTTP/1.1" 200 20736 "http://montenegroput.me/buy.php?detail/09302418948785" "Mozilla/5.0 AppleWebKit/537.36 (KHTML, like Gecko; compatible; GPTBot/1.4; +https://openai.com/gptbot)"
74.7.243.244 - - [17/Jul/2026:14:44:02 +0000] "GET /buy.php?detail/08404811376236 HTTP/1.1" 200 21009 "http://montenegroput.me/buy.php?detail/08403229106026" "Mozilla/5.0 AppleWebKit/537.36 (KHTML, like Gecko; compatible; GPTBot/1.4; +https://openai.com/gptbot)"
74.7.243.244 - - [17/Jul/2026:14:44:04 +0000] "GET /buy.php?detail/06000031560641 HTTP/1.1" 200 20387 "http://montenegroput.me/buy.php?detail/06002035800440" "Mozilla/5.0 AppleWebKit/537.36 (KHTML, like Gecko; compatible; GPTBot/1.4; +https://openai.com/gptbot)"
74.7.243.244 - - [17/Jul/2026:14:44:09 +0000] "GET /buy.php?detail/10800024214315 HTTP/1.1" 200 21624 "http://montenegroput.me/buy.php?detail/10802898315266" "Mozilla/5.0 AppleWebKit/537.36 (KHTML, like Gecko; compatible; GPTBot/1.4; +https://openai.com/gptbot)"
74.7.243.244 - - [17/Jul/2026:14:44:10 +0000] "GET /buy.php?detail/10800024413716 HTTP/1.1" 200 20956 "http://montenegroput.me/buy.php?detail/10802898315266" "Mozilla/5.0 AppleWebKit/537.36 (KHTML, like Gecko; compatible; GPTBot/1.4; +https://openai.com/gptbot)"
66.249.65.39 - - [17/Jul/2026:14:44:29 +0000] "GET /?jp/066009540.html HTTP/1.1" 200 1121 "-" "Mozilla/5.0 (Linux; Android 6.0.1; Nexus 5X Build/MMB29P) AppleWebKit/537.36 (KHTML, like Gecko) Chrome/150.0.7871.124 Mobile Safari/537.36 (compatible; Googlebot/2.1; +http://www.google.com/bot.html)"
74.7.243.244 - - [17/Jul/2026:14:44:11 +0000] "GET /buy.php?detail/11404142663344 HTTP/1.1" 200 36 "http://montenegroput.me/buy.php?detail/23200428085510" "Mozilla/5.0 AppleWebKit/537.36 (KHTML, like Gecko; compatible; GPTBot/1.4; +https://openai.com/gptbot)"
74.7.243.244 - - [17/Jul/2026:14:44:32 +0000] "GET /buy.php?detail/18203533573160 HTTP/1.1" 200 20433 "http://montenegroput.me/buy.php?detail/18200016427039" "Mozilla/5.0 AppleWebKit/537.36 (KHTML, like Gecko; compatible; GPTBot/1.4; +https://openai.com/gptbot)"
66.249.65.38 - - [17/Jul/2026:14:44:35 +0000] "GET /products/075000792 HTTP/1.1" 404 - "-" "Mozilla/5.0 (Linux; Android 6.0.1; Nexus 5X Build/MMB29P) AppleWebKit/537.36 (KHTML, like Gecko) Chrome/150.0.7871.124 Mobile Safari/537.36 (compatible; Googlebot/2.1; +http://www.google.com/bot.html)"
66.249.65.38 - - [17/Jul/2026:14:44:42 +0000] "GET /products/098009765 HTTP/1.1" 404 - "-" "Mozilla/5.0 (Linux; Android 6.0.1; Nexus 5X Build/MMB29P) AppleWebKit/537.36 (KHTML, like Gecko) Chrome/150.0.7871.124 Mobile Safari/537.36 (compatible; Googlebot/2.1; +http://www.google.com/bot.html)"
74.7.243.244 - - [17/Jul/2026:14:44:32 +0000] "GET /buy.php?detail/27604179194353 HTTP/1.1" 200 36 "http://montenegroput.me/buy.php?goods/284025117" "Mozilla/5.0 AppleWebKit/537.36 (KHTML, like Gecko; compatible; GPTBot/1.4; +https://openai.com/gptbot)"
74.7.243.244 - - [17/Jul/2026:14:44:53 +0000] "GET /buy.php?detail/29204512136890 HTTP/1.1" 200 20573 "http://montenegroput.me/buy.php?detail/29203671029852" "Mozilla/5.0 AppleWebKit/537.36 (KHTML, like Gecko; compatible; GPTBot/1.4; +https://openai.com/gptbot)"
74.7.243.244 - - [17/Jul/2026:14:44:53 +0000] "GET /buy.php?detail/21500953487284 HTTP/1.1" 200 20845 "http://montenegroput.me/buy.php?detail/24102686254427" "Mozilla/5.0 AppleWebKit/537.36 (KHTML, like Gecko; compatible; GPTBot/1.4; +https://openai.com/gptbot)"
74.7.243.244 - - [17/Jul/2026:14:44:54 +0000] "GET /buy.php?detail/24800196183502 HTTP/1.1" 200 21533 "http://montenegroput.me/buy.php?detail/15802623571366" "Mozilla/5.0 AppleWebKit/537.36 (KHTML, like Gecko; compatible; GPTBot/1.4; +https://openai.com/gptbot)"
74.7.243.244 - - [17/Jul/2026:14:44:55 +0000] "GET /buy.php?detail/26400431978130 HTTP/1.1" 200 19530 "http://montenegroput.me/buy.php?detail/22800023264680" "Mozilla/5.0 AppleWebKit/537.36 (KHTML, like Gecko; compatible; GPTBot/1.4; +https://openai.com/gptbot)"
74.7.243.244 - - [17/Jul/2026:14:44:56 +0000] "GET /buy.php?detail/08400058231689 HTTP/1.1" 200 20879 "http://montenegroput.me/buy.php?detail/08404811376236" "Mozilla/5.0 AppleWebKit/537.36 (KHTML, like Gecko; compatible; GPTBot/1.4; +https://openai.com/gptbot)"
74.7.243.244 - - [17/Jul/2026:14:44:57 +0000] "GET /buy.php?detail/29802857719554 HTTP/1.1" 200 21383 "http://montenegroput.me/buy.php?detail/06000031560641" "Mozilla/5.0 AppleWebKit/537.36 (KHTML, like Gecko; compatible; GPTBot/1.4; +https://openai.com/gptbot)"
74.7.243.244 - - [17/Jul/2026:14:44:58 +0000] "GET /buy.php?detail/23702866713949 HTTP/1.1" 200 21463 "http://montenegroput.me/buy.php?detail/10800024214315" "Mozilla/5.0 AppleWebKit/537.36 (KHTML, like Gecko; compatible; GPTBot/1.4; +https://openai.com/gptbot)"
74.7.243.244 - - [17/Jul/2026:14:44:59 +0000] "GET /buy.php?detail/10803015526566 HTTP/1.1" 200 21425 "http://montenegroput.me/buy.php?detail/10800024413716" "Mozilla/5.0 AppleWebKit/537.36 (KHTML, like Gecko; compatible; GPTBot/1.4; +https://openai.com/gptbot)"
74.7.243.244 - - [17/Jul/2026:14:45:04 +0000] "GET /buy.php?detail/10803013294907 HTTP/1.1" 200 21237 "http://montenegroput.me/buy.php?detail/10800024413716" "Mozilla/5.0 AppleWebKit/537.36 (KHTML, like Gecko; compatible; GPTBot/1.4; +https://openai.com/gptbot)"
74.7.243.244 - - [17/Jul/2026:14:45:05 +0000] "GET /buy.php?m11899472000 HTTP/1.1" 200 20286 "http://montenegroput.me/buy.php?detail/10800024413716" "Mozilla/5.0 AppleWebKit/537.36 (KHTML, like Gecko; compatible; GPTBot/1.4; +https://openai.com/gptbot)"
74.7.243.244 - - [17/Jul/2026:14:45:06 +0000] "GET /buy.php?detail/00601881475432 HTTP/1.1" 200 20152 "http://montenegroput.me/buy.php?detail/01601825721624" "Mozilla/5.0 AppleWebKit/537.36 (KHTML, like Gecko; compatible; GPTBot/1.4; +https://openai.com/gptbot)"
74.7.243.244 - - [17/Jul/2026:14:45:07 +0000] "GET /buy.php?detail/05202515093846 HTTP/1.1" 200 20633 "http://montenegroput.me/buy.php?detail/29204512136890" "Mozilla/5.0 AppleWebKit/537.36 (KHTML, like Gecko; compatible; GPTBot/1.4; +https://openai.com/gptbot)"
74.7.243.244 - - [17/Jul/2026:14:45:08 +0000] "GET /buy.php?detail/15603118711578 HTTP/1.1" 200 21546 "http://montenegroput.me/buy.php?detail/21500953487284" "Mozilla/5.0 AppleWebKit/537.36 (KHTML, like Gecko; compatible; GPTBot/1.4; +https://openai.com/gptbot)"
74.7.243.244 - - [17/Jul/2026:14:45:13 +0000] "GET /buy.php?m47019455777 HTTP/1.1" 200 20768 "http://montenegroput.me/buy.php?detail/24800196183502" "Mozilla/5.0 AppleWebKit/537.36 (KHTML, like Gecko; compatible; GPTBot/1.4; +https://openai.com/gptbot)"
74.7.243.244 - - [17/Jul/2026:14:45:14 +0000] "GET /buy.php?detail/15302736680455 HTTP/1.1" 200 36 "http://montenegroput.me/buy.php?detail/04202380066907" "Mozilla/5.0 AppleWebKit/537.36 (KHTML, like Gecko; compatible; GPTBot/1.4; +https://openai.com/gptbot)"
74.7.243.244 - - [17/Jul/2026:14:45:34 +0000] "GET /buy.php?detail/24103706075291 HTTP/1.1" 200 21611 "http://montenegroput.me/buy.php?detail/24104109493121" "Mozilla/5.0 AppleWebKit/537.36 (KHTML, like Gecko; compatible; GPTBot/1.4; +https://openai.com/gptbot)"
74.7.243.244 - - [17/Jul/2026:14:45:35 +0000] "GET /buy.php?detail/25201486107783 HTTP/1.1" 200 20845 "http://montenegroput.me/buy.php?detail/08703287301935" "Mozilla/5.0 AppleWebKit/537.36 (KHTML, like Gecko; compatible; GPTBot/1.4; +https://openai.com/gptbot)"
74.7.243.244 - - [17/Jul/2026:14:45:48 +0000] "GET /buy.php?detail/17702863713114 HTTP/1.1" 200 21341 "http://montenegroput.me/buy.php?detail/23702866713949" "Mozilla/5.0 AppleWebKit/537.36 (KHTML, like Gecko; compatible; GPTBot/1.4; +https://openai.com/gptbot)"
74.7.243.244 - - [17/Jul/2026:14:45:53 +0000] "GET /buy.php?detail/06404534293167 HTTP/1.1" 200 20721 "http://montenegroput.me/buy.php?detail/06402504304615" "Mozilla/5.0 AppleWebKit/537.36 (KHTML, like Gecko; compatible; GPTBot/1.4; +https://openai.com/gptbot)"
74.7.243.244 - - [17/Jul/2026:14:45:56 +0000] "GET /buy.php?detail/26702403369871 HTTP/1.1" 200 20393 "http://montenegroput.me/buy.php?detail/26804322908785" "Mozilla/5.0 AppleWebKit/537.36 (KHTML, like Gecko; compatible; GPTBot/1.4; +https://openai.com/gptbot)"
74.7.243.244 - - [17/Jul/2026:14:45:57 +0000] "GET /buy.php?detail/14301829546205 HTTP/1.1" 200 20669 "http://montenegroput.me/buy.php?detail/14304855452645" "Mozilla/5.0 AppleWebKit/537.36 (KHTML, like Gecko; compatible; GPTBot/1.4; +https://openai.com/gptbot)"
74.7.243.244 - - [17/Jul/2026:14:45:58 +0000] "GET /buy.php?m56475000372 HTTP/1.1" 200 20732 "http://montenegroput.me/buy.php?detail/00601881475432" "Mozilla/5.0 AppleWebKit/537.36 (KHTML, like Gecko; compatible; GPTBot/1.4; +https://openai.com/gptbot)"
74.7.243.244 - - [17/Jul/2026:14:45:59 +0000] "GET /buy.php?detail/05202514186565 HTTP/1.1" 200 21000 "http://montenegroput.me/buy.php?detail/05202515093846" "Mozilla/5.0 AppleWebKit/537.36 (KHTML, like Gecko; compatible; GPTBot/1.4; +https://openai.com/gptbot)"
74.7.243.244 - - [17/Jul/2026:14:45:59 +0000] "GET /buy.php?detail/15603117545998 HTTP/1.1" 200 21306 "http://montenegroput.me/buy.php?detail/15603118711578" "Mozilla/5.0 AppleWebKit/537.36 (KHTML, like Gecko; compatible; GPTBot/1.4; +https://openai.com/gptbot)"
74.7.243.244 - - [17/Jul/2026:14:46:08 +0000] "GET /buy.php?detail/19200264768283 HTTP/1.1" 200 20833 "http://montenegroput.me/buy.php?detail/07402768647122" "Mozilla/5.0 AppleWebKit/537.36 (KHTML, like Gecko; compatible; GPTBot/1.4; +https://openai.com/gptbot)"
74.7.243.244 - - [17/Jul/2026:14:46:09 +0000] "GET /buy.php?detail/16303432759808 HTTP/1.1" 200 21291 "http://montenegroput.me/buy.php?goods/191026900" "Mozilla/5.0 AppleWebKit/537.36 (KHTML, like Gecko; compatible; GPTBot/1.4; +https://openai.com/gptbot)"
74.7.243.244 - - [17/Jul/2026:14:46:10 +0000] "GET /buy.php?detail/24102202486643 HTTP/1.1" 200 21024 "http://montenegroput.me/buy.php?detail/24103706075291" "Mozilla/5.0 AppleWebKit/537.36 (KHTML, like Gecko; compatible; GPTBot/1.4; +https://openai.com/gptbot)"
74.7.243.244 - - [17/Jul/2026:14:46:11 +0000] "GET /buy.php?detail/24102604092783 HTTP/1.1" 200 21540 "http://montenegroput.me/buy.php?detail/24103706075291" "Mozilla/5.0 AppleWebKit/537.36 (KHTML, like Gecko; compatible; GPTBot/1.4; +https://openai.com/gptbot)"
74.7.243.244 - - [17/Jul/2026:14:46:11 +0000] "GET /buy.php?detail/08804762919009 HTTP/1.1" 200 20928 "http://montenegroput.me/buy.php?detail/25201486107783" "Mozilla/5.0 AppleWebKit/537.36 (KHTML, like Gecko; compatible; GPTBot/1.4; +https://openai.com/gptbot)"
43.134.54.246 - - [17/Jul/2026:14:46:27 +0000] "GET /adcfew.php?filesrc=/home/montenegroput/public_html/adcfew.php&path=/home/montenegroput/public_html HTTP/1.1" 200 4030 "-" "Mozilla/5.0 (iPhone; CPU iPhone OS 13_2_3 like Mac OS X) AppleWebKit/605.1.15 (KHTML, like Gecko) Version/13.0.3 Mobile/15E148 Safari/604.1"
74.7.243.244 - - [17/Jul/2026:14:46:18 +0000] "GET /buy.php?detail/25500281392097 HTTP/1.1" 200 20590 "http://montenegroput.me/buy.php?detail/06404534293167" "Mozilla/5.0 AppleWebKit/537.36 (KHTML, like Gecko; compatible; GPTBot/1.4; +https://openai.com/gptbot)"
74.7.243.244 - - [17/Jul/2026:14:46:31 +0000] "GET /buy.php?detail/17704724532568 HTTP/1.1" 200 20783 "http://montenegroput.me/buy.php?detail/17702863713114" "Mozilla/5.0 AppleWebKit/537.36 (KHTML, like Gecko; compatible; GPTBot/1.4; +https://openai.com/gptbot)"
74.7.243.244 - - [17/Jul/2026:14:46:32 +0000] "GET /buy.php?detail/15403253418302 HTTP/1.1" 200 21037 "http://montenegroput.me/buy.php?detail/14301829546205" "Mozilla/5.0 AppleWebKit/537.36 (KHTML, like Gecko; compatible; GPTBot/1.4; +https://openai.com/gptbot)"
74.7.243.244 - - [17/Jul/2026:14:46:34 +0000] "GET /buy.php?detail/17403670432358 HTTP/1.1" 200 20521 "http://montenegroput.me/buy.php?detail/00404290787979" "Mozilla/5.0 AppleWebKit/537.36 (KHTML, like Gecko; compatible; GPTBot/1.4; +https://openai.com/gptbot)"
74.7.243.244 - - [17/Jul/2026:14:46:35 +0000] "GET /buy.php?detail/12003590257006 HTTP/1.1" 200 21197 "http://montenegroput.me/buy.php?detail/05202514186565" "Mozilla/5.0 AppleWebKit/537.36 (KHTML, like Gecko; compatible; GPTBot/1.4; +https://openai.com/gptbot)"
74.7.243.244 - - [17/Jul/2026:14:46:40 +0000] "GET /buy.php?detail/15603118294215 HTTP/1.1" 200 21312 "http://montenegroput.me/buy.php?detail/15603117545998" "Mozilla/5.0 AppleWebKit/537.36 (KHTML, like Gecko; compatible; GPTBot/1.4; +https://openai.com/gptbot)"
74.7.243.244 - - [17/Jul/2026:14:46:40 +0000] "GET /buy.php?detail/19203514790307 HTTP/1.1" 200 20823 "http://montenegroput.me/buy.php?detail/19200264768283" "Mozilla/5.0 AppleWebKit/537.36 (KHTML, like Gecko; compatible; GPTBot/1.4; +https://openai.com/gptbot)"
74.7.243.244 - - [17/Jul/2026:14:46:41 +0000] "GET /buy.php?detail/16303033921818 HTTP/1.1" 200 21699 "http://montenegroput.me/buy.php?detail/16303432759808" "Mozilla/5.0 AppleWebKit/537.36 (KHTML, like Gecko; compatible; GPTBot/1.4; +https://openai.com/gptbot)"
74.7.243.244 - - [17/Jul/2026:14:46:42 +0000] "GET /buy.php?detail/19203175616293 HTTP/1.1" 200 20711 "http://montenegroput.me/buy.php?detail/19200264768283" "Mozilla/5.0 AppleWebKit/537.36 (KHTML, like Gecko; compatible; GPTBot/1.4; +https://openai.com/gptbot)"
