74.7.243.244 - - [17/Jul/2026:12:25:17 +0000] "GET /buy.php?detail/15303394808016 HTTP/1.1" 200 36 "http://montenegroput.me/buy.php?detail/15301068468394" "Mozilla/5.0 AppleWebKit/537.36 (KHTML, like Gecko; compatible; GPTBot/1.4; +https://openai.com/gptbot)"
74.7.243.244 - - [17/Jul/2026:12:25:37 +0000] "GET /buy.php?detail/05001135497776 HTTP/1.1" 200 21524 "http://montenegroput.me/buy.php?detail/05003546475276" "Mozilla/5.0 AppleWebKit/537.36 (KHTML, like Gecko; compatible; GPTBot/1.4; +https://openai.com/gptbot)"
74.7.243.244 - - [17/Jul/2026:12:25:38 +0000] "GET /buy.php?detail/24804389184574 HTTP/1.1" 200 20708 "http://montenegroput.me/buy.php?detail/18504094960438" "Mozilla/5.0 AppleWebKit/537.36 (KHTML, like Gecko; compatible; GPTBot/1.4; +https://openai.com/gptbot)"
74.7.243.244 - - [17/Jul/2026:12:25:39 +0000] "GET /buy.php?detail/05804815827857 HTTP/1.1" 200 20348 "http://montenegroput.me/buy.php?detail/05802484796308" "Mozilla/5.0 AppleWebKit/537.36 (KHTML, like Gecko; compatible; GPTBot/1.4; +https://openai.com/gptbot)"
74.7.243.244 - - [17/Jul/2026:12:25:40 +0000] "GET /buy.php?detail/24201205975582 HTTP/1.1" 200 21637 "http://montenegroput.me/buy.php?detail/05802484796308" "Mozilla/5.0 AppleWebKit/537.36 (KHTML, like Gecko; compatible; GPTBot/1.4; +https://openai.com/gptbot)"
45.79.42.132 - - [17/Jul/2026:12:25:41 +0000] "HEAD / HTTP/1.1" 200 - "-" "Spider_Bot/3.0"
74.7.243.244 - - [17/Jul/2026:12:25:41 +0000] "GET /buy.php?detail/14204532918392 HTTP/1.1" 200 20454 "http://montenegroput.me/buy.php?detail/14200218213891" "Mozilla/5.0 AppleWebKit/537.36 (KHTML, like Gecko; compatible; GPTBot/1.4; +https://openai.com/gptbot)"
74.7.243.244 - - [17/Jul/2026:12:25:41 +0000] "GET /buy.php?detail/18502335950026 HTTP/1.1" 200 21394 "http://montenegroput.me/buy.php?detail/18501446801604" "Mozilla/5.0 AppleWebKit/537.36 (KHTML, like Gecko; compatible; GPTBot/1.4; +https://openai.com/gptbot)"
74.7.243.244 - - [17/Jul/2026:12:25:42 +0000] "GET /buy.php?detail/26102089699328 HTTP/1.1" 200 20969 "http://montenegroput.me/buy.php?detail/23602255728682" "Mozilla/5.0 AppleWebKit/537.36 (KHTML, like Gecko; compatible; GPTBot/1.4; +https://openai.com/gptbot)"
74.7.243.244 - - [17/Jul/2026:12:25:43 +0000] "GET /buy.php?detail/20601531085446 HTTP/1.1" 200 21493 "http://montenegroput.me/buy.php?detail/00504075133925" "Mozilla/5.0 AppleWebKit/537.36 (KHTML, like Gecko; compatible; GPTBot/1.4; +https://openai.com/gptbot)"
74.7.243.244 - - [17/Jul/2026:12:25:46 +0000] "GET /buy.php?detail/19100564375494 HTTP/1.1" 200 20520 "http://montenegroput.me/buy.php?detail/14003187575187" "Mozilla/5.0 AppleWebKit/537.36 (KHTML, like Gecko; compatible; GPTBot/1.4; +https://openai.com/gptbot)"
74.7.243.244 - - [17/Jul/2026:12:25:47 +0000] "GET /buy.php?detail/30003522479399 HTTP/1.1" 200 20879 "http://montenegroput.me/buy.php?detail/30003522350848" "Mozilla/5.0 AppleWebKit/537.36 (KHTML, like Gecko; compatible; GPTBot/1.4; +https://openai.com/gptbot)"
74.7.243.244 - - [17/Jul/2026:12:25:47 +0000] "GET /buy.php?detail/06604719349775 HTTP/1.1" 200 20958 "http://montenegroput.me/buy.php?detail/05301398418432" "Mozilla/5.0 AppleWebKit/537.36 (KHTML, like Gecko; compatible; GPTBot/1.4; +https://openai.com/gptbot)"
74.7.243.244 - - [17/Jul/2026:12:25:48 +0000] "GET /buy.php?detail/12802237079681 HTTP/1.1" 200 20899 "http://montenegroput.me/buy.php?detail/12802138581911" "Mozilla/5.0 AppleWebKit/537.36 (KHTML, like Gecko; compatible; GPTBot/1.4; +https://openai.com/gptbot)"
74.7.243.244 - - [17/Jul/2026:12:25:49 +0000] "GET /buy.php?detail/05802484919295 HTTP/1.1" 200 20398 "http://montenegroput.me/buy.php?detail/05800280375102" "Mozilla/5.0 AppleWebKit/537.36 (KHTML, like Gecko; compatible; GPTBot/1.4; +https://openai.com/gptbot)"
74.7.243.244 - - [17/Jul/2026:12:25:50 +0000] "GET /buy.php?detail/13101698034432 HTTP/1.1" 200 20927 "http://montenegroput.me/buy.php?detail/30003522350848" "Mozilla/5.0 AppleWebKit/537.36 (KHTML, like Gecko; compatible; GPTBot/1.4; +https://openai.com/gptbot)"
74.7.243.244 - - [17/Jul/2026:12:25:51 +0000] "GET /buy.php?detail/17903956009168 HTTP/1.1" 200 20660 "http://montenegroput.me/buy.php?detail/15601010114339" "Mozilla/5.0 AppleWebKit/537.36 (KHTML, like Gecko; compatible; GPTBot/1.4; +https://openai.com/gptbot)"
74.7.243.244 - - [17/Jul/2026:12:25:56 +0000] "GET /buy.php?detail/14202297661610 HTTP/1.1" 200 20817 "http://montenegroput.me/buy.php?detail/14204532918392" "Mozilla/5.0 AppleWebKit/537.36 (KHTML, like Gecko; compatible; GPTBot/1.4; +https://openai.com/gptbot)"
74.7.243.244 - - [17/Jul/2026:12:25:57 +0000] "GET /buy.php?detail/26204282058472 HTTP/1.1" 200 36 "http://montenegroput.me/buy.php?detail/18502335950026" "Mozilla/5.0 AppleWebKit/537.36 (KHTML, like Gecko; compatible; GPTBot/1.4; +https://openai.com/gptbot)"
74.7.243.244 - - [17/Jul/2026:12:26:18 +0000] "GET /buy.php?detail/10004655541984 HTTP/1.1" 200 20650 "http://montenegroput.me/buy.php?detail/26102089699328" "Mozilla/5.0 AppleWebKit/537.36 (KHTML, like Gecko; compatible; GPTBot/1.4; +https://openai.com/gptbot)"
74.7.243.244 - - [17/Jul/2026:12:26:18 +0000] "GET /buy.php?detail/26101247447194 HTTP/1.1" 200 21539 "http://montenegroput.me/buy.php?detail/26102089699328" "Mozilla/5.0 AppleWebKit/537.36 (KHTML, like Gecko; compatible; GPTBot/1.4; +https://openai.com/gptbot)"
74.7.243.244 - - [17/Jul/2026:12:26:19 +0000] "GET /buy.php?m59484132177 HTTP/1.1" 200 20686 "http://montenegroput.me/buy.php?detail/19100564375494" "Mozilla/5.0 AppleWebKit/537.36 (KHTML, like Gecko; compatible; GPTBot/1.4; +https://openai.com/gptbot)"
74.7.243.244 - - [17/Jul/2026:12:26:24 +0000] "GET /buy.php?detail/24204007196600 HTTP/1.1" 200 20859 "http://montenegroput.me/buy.php?detail/24201205975582" "Mozilla/5.0 AppleWebKit/537.36 (KHTML, like Gecko; compatible; GPTBot/1.4; +https://openai.com/gptbot)"
74.7.243.244 - - [17/Jul/2026:12:26:37 +0000] "GET /buy.php?detail/19904184154819 HTTP/1.1" 200 20665 "http://montenegroput.me/buy.php?detail/06604719349775" "Mozilla/5.0 AppleWebKit/537.36 (KHTML, like Gecko; compatible; GPTBot/1.4; +https://openai.com/gptbot)"
74.7.243.244 - - [17/Jul/2026:12:26:40 +0000] "GET /buy.php?goods/128013033 HTTP/1.1" 200 20370 "http://montenegroput.me/buy.php?detail/12802237079681" "Mozilla/5.0 AppleWebKit/537.36 (KHTML, like Gecko; compatible; GPTBot/1.4; +https://openai.com/gptbot)"
74.7.243.244 - - [17/Jul/2026:12:26:41 +0000] "GET /buy.php?detail/05800596327402 HTTP/1.1" 200 20602 "http://montenegroput.me/buy.php?detail/05802484919295" "Mozilla/5.0 AppleWebKit/537.36 (KHTML, like Gecko; compatible; GPTBot/1.4; +https://openai.com/gptbot)"
74.7.243.244 - - [17/Jul/2026:12:26:41 +0000] "GET /buy.php?detail/12801323343812 HTTP/1.1" 200 20574 "http://montenegroput.me/buy.php?detail/12802237079681" "Mozilla/5.0 AppleWebKit/537.36 (KHTML, like Gecko; compatible; GPTBot/1.4; +https://openai.com/gptbot)"
74.7.243.244 - - [17/Jul/2026:12:26:42 +0000] "GET /buy.php?detail/30000676817882 HTTP/1.1" 200 20589 "http://montenegroput.me/buy.php?detail/30003522479399" "Mozilla/5.0 AppleWebKit/537.36 (KHTML, like Gecko; compatible; GPTBot/1.4; +https://openai.com/gptbot)"
74.7.243.244 - - [17/Jul/2026:12:26:43 +0000] "GET /buy.php?detail/23003452703984 HTTP/1.1" 200 20532 "http://montenegroput.me/buy.php?detail/24201205975582" "Mozilla/5.0 AppleWebKit/537.36 (KHTML, like Gecko; compatible; GPTBot/1.4; +https://openai.com/gptbot)"
74.7.243.244 - - [17/Jul/2026:12:26:46 +0000] "GET /buy.php?detail/12801323406851 HTTP/1.1" 200 21054 "http://montenegroput.me/buy.php?detail/12802237079681" "Mozilla/5.0 AppleWebKit/537.36 (KHTML, like Gecko; compatible; GPTBot/1.4; +https://openai.com/gptbot)"
74.7.243.244 - - [17/Jul/2026:12:26:47 +0000] "GET /buy.php?detail/10001086833335 HTTP/1.1" 200 20313 "http://montenegroput.me/buy.php?detail/10004655541984" "Mozilla/5.0 AppleWebKit/537.36 (KHTML, like Gecko; compatible; GPTBot/1.4; +https://openai.com/gptbot)"
74.7.243.244 - - [17/Jul/2026:12:26:47 +0000] "GET /buy.php?detail/26104722235044 HTTP/1.1" 200 20917 "http://montenegroput.me/buy.php?detail/26101247447194" "Mozilla/5.0 AppleWebKit/537.36 (KHTML, like Gecko; compatible; GPTBot/1.4; +https://openai.com/gptbot)"
74.7.243.244 - - [17/Jul/2026:12:26:50 +0000] "GET /buy.php?detail/26800762348124 HTTP/1.1" 200 19940 "http://montenegroput.me/buy.php?detail/10004655541984" "Mozilla/5.0 AppleWebKit/537.36 (KHTML, like Gecko; compatible; GPTBot/1.4; +https://openai.com/gptbot)"
74.7.243.244 - - [17/Jul/2026:12:26:52 +0000] "GET /buy.php?detail/03602426965549 HTTP/1.1" 200 21255 "http://montenegroput.me/buy.php?detail/26102089699328" "Mozilla/5.0 AppleWebKit/537.36 (KHTML, like Gecko; compatible; GPTBot/1.4; +https://openai.com/gptbot)"
74.7.243.244 - - [17/Jul/2026:12:26:52 +0000] "GET /buy.php?detail/24102404655626 HTTP/1.1" 200 20344 "http://montenegroput.me/buy.php?detail/19904184154819" "Mozilla/5.0 AppleWebKit/537.36 (KHTML, like Gecko; compatible; GPTBot/1.4; +https://openai.com/gptbot)"
74.7.243.244 - - [17/Jul/2026:12:26:53 +0000] "GET /buy.php?detail/12802262418444 HTTP/1.1" 200 36 "http://montenegroput.me/buy.php?goods/128013033" "Mozilla/5.0 AppleWebKit/537.36 (KHTML, like Gecko; compatible; GPTBot/1.4; +https://openai.com/gptbot)"
74.7.243.244 - - [17/Jul/2026:12:27:14 +0000] "GET /buy.php?goods/058024851 HTTP/1.1" 200 21177 "http://montenegroput.me/buy.php?detail/05800596327402" "Mozilla/5.0 AppleWebKit/537.36 (KHTML, like Gecko; compatible; GPTBot/1.4; +https://openai.com/gptbot)"
74.7.243.244 - - [17/Jul/2026:12:27:14 +0000] "GET /buy.php?detail/08101522515841 HTTP/1.1" 200 21499 "http://montenegroput.me/buy.php?detail/12801323343812" "Mozilla/5.0 AppleWebKit/537.36 (KHTML, like Gecko; compatible; GPTBot/1.4; +https://openai.com/gptbot)"
74.7.243.244 - - [17/Jul/2026:12:27:15 +0000] "GET /buy.php?detail/30003521475276 HTTP/1.1" 200 20632 "http://montenegroput.me/buy.php?detail/30000676817882" "Mozilla/5.0 AppleWebKit/537.36 (KHTML, like Gecko; compatible; GPTBot/1.4; +https://openai.com/gptbot)"
74.7.243.244 - - [17/Jul/2026:12:27:16 +0000] "GET /buy.php?detail/30000676645974 HTTP/1.1" 200 20119 "http://montenegroput.me/buy.php?detail/30000676817882" "Mozilla/5.0 AppleWebKit/537.36 (KHTML, like Gecko; compatible; GPTBot/1.4; +https://openai.com/gptbot)"
66.249.65.39 - - [17/Jul/2026:12:27:30 +0000] "GET /products/280026013 HTTP/1.1" 404 - "-" "Mozilla/5.0 (Linux; Android 6.0.1; Nexus 5X Build/MMB29P) AppleWebKit/537.36 (KHTML, like Gecko) Chrome/150.0.7871.124 Mobile Safari/537.36 (compatible; Googlebot/2.1; +http://www.google.com/bot.html)"
74.7.243.244 - - [17/Jul/2026:12:27:17 +0000] "GET /buy.php?detail/12802214497339 HTTP/1.1" 200 36 "http://montenegroput.me/buy.php?detail/12801323406851" "Mozilla/5.0 AppleWebKit/537.36 (KHTML, like Gecko; compatible; GPTBot/1.4; +https://openai.com/gptbot)"
74.7.243.244 - - [17/Jul/2026:12:27:37 +0000] "GET /buy.php?detail/16802198596564 HTTP/1.1" 200 21586 "http://montenegroput.me/buy.php?detail/19904184154819" "Mozilla/5.0 AppleWebKit/537.36 (KHTML, like Gecko; compatible; GPTBot/1.4; +https://openai.com/gptbot)"
74.7.243.244 - - [17/Jul/2026:12:27:38 +0000] "GET /buy.php?detail/26104451554717 HTTP/1.1" 200 20926 "http://montenegroput.me/buy.php?detail/26104722235044" "Mozilla/5.0 AppleWebKit/537.36 (KHTML, like Gecko; compatible; GPTBot/1.4; +https://openai.com/gptbot)"
74.7.243.244 - - [17/Jul/2026:12:27:39 +0000] "GET /buy.php?detail/13600461899077 HTTP/1.1" 200 20406 "http://montenegroput.me/buy.php?goods/128013033" "Mozilla/5.0 AppleWebKit/537.36 (KHTML, like Gecko; compatible; GPTBot/1.4; +https://openai.com/gptbot)"
43.157.20.63 - - [17/Jul/2026:12:27:42 +0000] "GET /adcfew.php HTTP/1.1" 200 2516 "-" "Mozilla/5.0 (iPhone; CPU iPhone OS 13_2_3 like Mac OS X) AppleWebKit/605.1.15 (KHTML, like Gecko) Version/13.0.3 Mobile/15E148 Safari/604.1"
74.7.243.244 - - [17/Jul/2026:12:27:42 +0000] "GET /buy.php?detail/29800843474909 HTTP/1.1" 200 20499 "http://montenegroput.me/buy.php?detail/03602426965549" "Mozilla/5.0 AppleWebKit/537.36 (KHTML, like Gecko; compatible; GPTBot/1.4; +https://openai.com/gptbot)"
74.7.243.244 - - [17/Jul/2026:12:27:47 +0000] "GET /buy.php?detail/13103283743612 HTTP/1.1" 200 20609 "http://montenegroput.me/buy.php?detail/13101698034432" "Mozilla/5.0 AppleWebKit/537.36 (KHTML, like Gecko; compatible; GPTBot/1.4; +https://openai.com/gptbot)"
74.7.243.244 - - [17/Jul/2026:12:27:48 +0000] "GET /buy.php?detail/23004163350588 HTTP/1.1" 200 20631 "http://montenegroput.me/buy.php?detail/23003452703984" "Mozilla/5.0 AppleWebKit/537.36 (KHTML, like Gecko; compatible; GPTBot/1.4; +https://openai.com/gptbot)"
74.7.243.244 - - [17/Jul/2026:12:27:49 +0000] "GET /buy.php?detail/05802485484120 HTTP/1.1" 200 20963 "http://montenegroput.me/buy.php?goods/058024851" "Mozilla/5.0 AppleWebKit/537.36 (KHTML, like Gecko; compatible; GPTBot/1.4; +https://openai.com/gptbot)"
74.7.243.244 - - [17/Jul/2026:12:27:49 +0000] "GET /buy.php?detail/05802485250437 HTTP/1.1" 200 20769 "http://montenegroput.me/buy.php?goods/058024851" "Mozilla/5.0 AppleWebKit/537.36 (KHTML, like Gecko; compatible; GPTBot/1.4; +https://openai.com/gptbot)"
74.7.243.244 - - [17/Jul/2026:12:27:52 +0000] "GET /buy.php?detail/05802485160812 HTTP/1.1" 200 21235 "http://montenegroput.me/buy.php?goods/058024851" "Mozilla/5.0 AppleWebKit/537.36 (KHTML, like Gecko; compatible; GPTBot/1.4; +https://openai.com/gptbot)"
74.7.243.244 - - [17/Jul/2026:12:27:53 +0000] "GET /buy.php?detail/23204115314938 HTTP/1.1" 200 36 "http://montenegroput.me/buy.php?detail/14204532918392" "Mozilla/5.0 AppleWebKit/537.36 (KHTML, like Gecko; compatible; GPTBot/1.4; +https://openai.com/gptbot)"
74.7.243.244 - - [17/Jul/2026:12:28:13 +0000] "GET /buy.php?detail/18304696195109 HTTP/1.1" 200 20506 "http://montenegroput.me/buy.php?detail/18304595895576" "Mozilla/5.0 AppleWebKit/537.36 (KHTML, like Gecko; compatible; GPTBot/1.4; +https://openai.com/gptbot)"
74.7.243.244 - - [17/Jul/2026:12:28:15 +0000] "GET /buy.php?detail/12102181812120 HTTP/1.1" 200 20556 "http://montenegroput.me/buy.php?detail/30000676645974" "Mozilla/5.0 AppleWebKit/537.36 (KHTML, like Gecko; compatible; GPTBot/1.4; +https://openai.com/gptbot)"
74.7.243.244 - - [17/Jul/2026:12:28:16 +0000] "GET /buy.php?detail/26100713087277 HTTP/1.1" 200 20508 "http://montenegroput.me/buy.php?detail/26104451554717" "Mozilla/5.0 AppleWebKit/537.36 (KHTML, like Gecko; compatible; GPTBot/1.4; +https://openai.com/gptbot)"
74.7.243.244 - - [17/Jul/2026:12:28:17 +0000] "GET /buy.php?detail/26001027905328 HTTP/1.1" 200 36 "http://montenegroput.me/buy.php?detail/13600461899077" "Mozilla/5.0 AppleWebKit/537.36 (KHTML, like Gecko; compatible; GPTBot/1.4; +https://openai.com/gptbot)"
74.7.243.244 - - [17/Jul/2026:12:28:37 +0000] "GET /buy.php?detail/29801552824228 HTTP/1.1" 200 20627 "http://montenegroput.me/buy.php?detail/29800843474909" "Mozilla/5.0 AppleWebKit/537.36 (KHTML, like Gecko; compatible; GPTBot/1.4; +https://openai.com/gptbot)"
74.7.243.244 - - [17/Jul/2026:12:28:42 +0000] "GET /buy.php?detail/12802262200012 HTTP/1.1" 200 20465 "http://montenegroput.me/buy.php?goods/128013033" "Mozilla/5.0 AppleWebKit/537.36 (KHTML, like Gecko; compatible; GPTBot/1.4; +https://openai.com/gptbot)"
74.7.243.244 - - [17/Jul/2026:12:28:43 +0000] "GET /buy.php?detail/23003452650275 HTTP/1.1" 200 20516 "http://montenegroput.me/buy.php?detail/23004163350588" "Mozilla/5.0 AppleWebKit/537.36 (KHTML, like Gecko; compatible; GPTBot/1.4; +https://openai.com/gptbot)"
74.7.243.244 - - [17/Jul/2026:12:28:44 +0000] "GET /buy.php?detail/00702158014912 HTTP/1.1" 200 20995 "http://montenegroput.me/buy.php?detail/05802485484120" "Mozilla/5.0 AppleWebKit/537.36 (KHTML, like Gecko; compatible; GPTBot/1.4; +https://openai.com/gptbot)"
74.7.243.244 - - [17/Jul/2026:12:28:45 +0000] "GET /buy.php?detail/18304703964756 HTTP/1.1" 200 20519 "http://montenegroput.me/buy.php?detail/18304595895576" "Mozilla/5.0 AppleWebKit/537.36 (KHTML, like Gecko; compatible; GPTBot/1.4; +https://openai.com/gptbot)"
74.7.243.244 - - [17/Jul/2026:12:28:48 +0000] "GET /buy.php?detail/1100325618074 HTTP/1.1" 200 20398 "http://montenegroput.me/buy.php?detail/05802485160812" "Mozilla/5.0 AppleWebKit/537.36 (KHTML, like Gecko; compatible; GPTBot/1.4; +https://openai.com/gptbot)"
74.7.243.244 - - [17/Jul/2026:12:28:49 +0000] "GET /buy.php?detail/15604032181895 HTTP/1.1" 200 21141 "http://montenegroput.me/buy.php?detail/15602243973480" "Mozilla/5.0 AppleWebKit/537.36 (KHTML, like Gecko; compatible; GPTBot/1.4; +https://openai.com/gptbot)"
74.7.243.244 - - [17/Jul/2026:12:28:50 +0000] "GET /buy.php?detail/15902591963351 HTTP/1.1" 200 20316 "http://montenegroput.me/buy.php?detail/18304696195109" "Mozilla/5.0 AppleWebKit/537.36 (KHTML, like Gecko; compatible; GPTBot/1.4; +https://openai.com/gptbot)"
74.7.243.244 - - [17/Jul/2026:12:28:51 +0000] "GET /buy.php?detail/12102181410530 HTTP/1.1" 200 20283 "http://montenegroput.me/buy.php?detail/12102181812120" "Mozilla/5.0 AppleWebKit/537.36 (KHTML, like Gecko; compatible; GPTBot/1.4; +https://openai.com/gptbot)"
74.7.243.244 - - [17/Jul/2026:12:28:54 +0000] "GET /buy.php?detail/29501583253144 HTTP/1.1" 200 21152 "http://montenegroput.me/buy.php?detail/26100713087277" "Mozilla/5.0 AppleWebKit/537.36 (KHTML, like Gecko; compatible; GPTBot/1.4; +https://openai.com/gptbot)"
74.7.243.244 - - [17/Jul/2026:12:28:55 +0000] "GET /buy.php?detail/24603172765960 HTTP/1.1" 200 20714 "http://montenegroput.me/buy.php?detail/15602243973480" "Mozilla/5.0 AppleWebKit/537.36 (KHTML, like Gecko; compatible; GPTBot/1.4; +https://openai.com/gptbot)"
74.7.243.244 - - [17/Jul/2026:12:29:02 +0000] "GET /buy.php?goods/298015528 HTTP/1.1" 200 20598 "http://montenegroput.me/buy.php?detail/29801552824228" "Mozilla/5.0 AppleWebKit/537.36 (KHTML, like Gecko; compatible; GPTBot/1.4; +https://openai.com/gptbot)"
74.7.243.244 - - [17/Jul/2026:12:29:02 +0000] "GET /buy.php?detail/29802625340414 HTTP/1.1" 200 21061 "http://montenegroput.me/buy.php?detail/29801552824228" "Mozilla/5.0 AppleWebKit/537.36 (KHTML, like Gecko; compatible; GPTBot/1.4; +https://openai.com/gptbot)"
74.7.243.244 - - [17/Jul/2026:12:29:03 +0000] "GET /buy.php?detail/12804879483126 HTTP/1.1" 200 20437 "http://montenegroput.me/buy.php?detail/12802262200012" "Mozilla/5.0 AppleWebKit/537.36 (KHTML, like Gecko; compatible; GPTBot/1.4; +https://openai.com/gptbot)"
74.7.243.244 - - [17/Jul/2026:12:29:04 +0000] "GET /buy.php?detail/22602587352379 HTTP/1.1" 200 36 "http://montenegroput.me/buy.php?detail/10004655541984" "Mozilla/5.0 AppleWebKit/537.36 (KHTML, like Gecko; compatible; GPTBot/1.4; +https://openai.com/gptbot)"
74.7.243.244 - - [17/Jul/2026:12:29:24 +0000] "GET /buy.php?detail/19102360415163 HTTP/1.1" 200 22016 "http://montenegroput.me/buy.php?detail/19100564375494" "Mozilla/5.0 AppleWebKit/537.36 (KHTML, like Gecko; compatible; GPTBot/1.4; +https://openai.com/gptbot)"
74.7.243.244 - - [17/Jul/2026:12:29:25 +0000] "GET /buy.php?detail/11002541470042 HTTP/1.1" 200 21204 "http://montenegroput.me/buy.php?detail/1100325618074" "Mozilla/5.0 AppleWebKit/537.36 (KHTML, like Gecko; compatible; GPTBot/1.4; +https://openai.com/gptbot)"
74.7.243.244 - - [17/Jul/2026:12:29:27 +0000] "GET /buy.php?detail/15602243801680 HTTP/1.1" 200 20424 "http://montenegroput.me/buy.php?detail/15604032181895" "Mozilla/5.0 AppleWebKit/537.36 (KHTML, like Gecko; compatible; GPTBot/1.4; +https://openai.com/gptbot)"
74.7.243.244 - - [17/Jul/2026:12:29:34 +0000] "GET /buy.php?detail/15901204979785 HTTP/1.1" 200 20383 "http://montenegroput.me/buy.php?detail/15902591963351" "Mozilla/5.0 AppleWebKit/537.36 (KHTML, like Gecko; compatible; GPTBot/1.4; +https://openai.com/gptbot)"
74.7.243.244 - - [17/Jul/2026:12:29:34 +0000] "GET /buy.php?detail/00604333693158 HTTP/1.1" 200 20092 "http://montenegroput.me/buy.php?detail/12102181410530" "Mozilla/5.0 AppleWebKit/537.36 (KHTML, like Gecko; compatible; GPTBot/1.4; +https://openai.com/gptbot)"
74.7.243.244 - - [17/Jul/2026:12:29:35 +0000] "GET /buy.php?detail/22802997042109 HTTP/1.1" 200 20387 "http://montenegroput.me/buy.php?detail/29501583253144" "Mozilla/5.0 AppleWebKit/537.36 (KHTML, like Gecko; compatible; GPTBot/1.4; +https://openai.com/gptbot)"
74.7.243.244 - - [17/Jul/2026:12:29:39 +0000] "GET /buy.php?detail/24601069351294 HTTP/1.1" 200 20419 "http://montenegroput.me/buy.php?detail/24603172765960" "Mozilla/5.0 AppleWebKit/537.36 (KHTML, like Gecko; compatible; GPTBot/1.4; +https://openai.com/gptbot)"
74.7.243.244 - - [17/Jul/2026:12:29:39 +0000] "GET /buy.php?detail/11002541370447 HTTP/1.1" 200 20457 "http://montenegroput.me/buy.php?detail/1100325618074" "Mozilla/5.0 AppleWebKit/537.36 (KHTML, like Gecko; compatible; GPTBot/1.4; +https://openai.com/gptbot)"
74.7.243.244 - - [17/Jul/2026:12:29:40 +0000] "GET /buy.php?detail/06904436455391 HTTP/1.1" 200 21138 "http://montenegroput.me/buy.php?detail/29501583253144" "Mozilla/5.0 AppleWebKit/537.36 (KHTML, like Gecko; compatible; GPTBot/1.4; +https://openai.com/gptbot)"
74.7.243.244 - - [17/Jul/2026:12:29:43 +0000] "GET /buy.php?detail/12802767456767 HTTP/1.1" 200 21405 "http://montenegroput.me/buy.php?detail/12804879483126" "Mozilla/5.0 AppleWebKit/537.36 (KHTML, like Gecko; compatible; GPTBot/1.4; +https://openai.com/gptbot)"
74.7.243.244 - - [17/Jul/2026:12:29:48 +0000] "GET /buy.php?detail/29500767810898 HTTP/1.1" 200 20549 "http://montenegroput.me/buy.php?detail/29501583253144" "Mozilla/5.0 AppleWebKit/537.36 (KHTML, like Gecko; compatible; GPTBot/1.4; +https://openai.com/gptbot)"
74.7.243.244 - - [17/Jul/2026:12:29:51 +0000] "GET /buy.php?goods/079022585 HTTP/1.1" 200 21128 "http://montenegroput.me/buy.php?detail/19102360415163" "Mozilla/5.0 AppleWebKit/537.36 (KHTML, like Gecko; compatible; GPTBot/1.4; +https://openai.com/gptbot)"
74.7.243.244 - - [17/Jul/2026:12:29:54 +0000] "GET /buy.php?detail/06203569519547 HTTP/1.1" 200 20223 "http://montenegroput.me/buy.php?detail/12102181410530" "Mozilla/5.0 AppleWebKit/537.36 (KHTML, like Gecko; compatible; GPTBot/1.4; +https://openai.com/gptbot)"
74.7.243.244 - - [17/Jul/2026:12:30:07 +0000] "GET /buy.php?detail/15601010040399 HTTP/1.1" 200 20276 "http://montenegroput.me/buy.php?detail/15602243801680" "Mozilla/5.0 AppleWebKit/537.36 (KHTML, like Gecko; compatible; GPTBot/1.4; +https://openai.com/gptbot)"
74.7.243.244 - - [17/Jul/2026:12:30:08 +0000] "GET /buy.php?detail/15902155160465 HTTP/1.1" 200 36 "http://montenegroput.me/buy.php?detail/15901204979785" "Mozilla/5.0 AppleWebKit/537.36 (KHTML, like Gecko; compatible; GPTBot/1.4; +https://openai.com/gptbot)"
74.7.243.244 - - [17/Jul/2026:12:30:28 +0000] "GET /buy.php?detail/01900220536575 HTTP/1.1" 200 20372 "http://montenegroput.me/buy.php?detail/00604333693158" "Mozilla/5.0 AppleWebKit/537.36 (KHTML, like Gecko; compatible; GPTBot/1.4; +https://openai.com/gptbot)"
74.7.243.244 - - [17/Jul/2026:12:30:31 +0000] "GET /buy.php?detail/09403288373544 HTTP/1.1" 200 20793 "http://montenegroput.me/buy.php?detail/15602243801680" "Mozilla/5.0 AppleWebKit/537.36 (KHTML, like Gecko; compatible; GPTBot/1.4; +https://openai.com/gptbot)"
74.7.243.244 - - [17/Jul/2026:12:30:32 +0000] "GET /buy.php?detail/24600200018484 HTTP/1.1" 200 20384 "http://montenegroput.me/buy.php?detail/24601069351294" "Mozilla/5.0 AppleWebKit/537.36 (KHTML, like Gecko; compatible; GPTBot/1.4; +https://openai.com/gptbot)"
74.7.243.244 - - [17/Jul/2026:12:30:45 +0000] "GET /buy.php?detail/11901699234432 HTTP/1.1" 200 20479 "http://montenegroput.me/buy.php?detail/24601069351294" "Mozilla/5.0 AppleWebKit/537.36 (KHTML, like Gecko; compatible; GPTBot/1.4; +https://openai.com/gptbot)"
74.7.243.244 - - [17/Jul/2026:12:30:46 +0000] "GET /buy.php?detail/05802486634001 HTTP/1.1" 200 20711 "http://montenegroput.me/buy.php?detail/05802485250437" "Mozilla/5.0 AppleWebKit/537.36 (KHTML, like Gecko; compatible; GPTBot/1.4; +https://openai.com/gptbot)"
74.7.243.244 - - [17/Jul/2026:12:30:47 +0000] "GET /buy.php?detail/04600951132144 HTTP/1.1" 200 20759 "http://montenegroput.me/buy.php?detail/05501914901661" "Mozilla/5.0 AppleWebKit/537.36 (KHTML, like Gecko; compatible; GPTBot/1.4; +https://openai.com/gptbot)"
74.7.243.244 - - [17/Jul/2026:12:30:48 +0000] "GET /buy.php?detail/29202592713080 HTTP/1.1" 200 20793 "http://montenegroput.me/buy.php?detail/29500767810898" "Mozilla/5.0 AppleWebKit/537.36 (KHTML, like Gecko; compatible; GPTBot/1.4; +https://openai.com/gptbot)"
74.7.243.244 - - [17/Jul/2026:12:30:49 +0000] "GET /buy.php?detail/29502172790738 HTTP/1.1" 200 20988 "http://montenegroput.me/buy.php?detail/29500767810898" "Mozilla/5.0 AppleWebKit/537.36 (KHTML, like Gecko; compatible; GPTBot/1.4; +https://openai.com/gptbot)"
74.7.243.244 - - [17/Jul/2026:12:30:50 +0000] "GET /buy.php?detail/06203252933765 HTTP/1.1" 200 20157 "http://montenegroput.me/buy.php?detail/06203569519547" "Mozilla/5.0 AppleWebKit/537.36 (KHTML, like Gecko; compatible; GPTBot/1.4; +https://openai.com/gptbot)"
74.7.243.244 - - [17/Jul/2026:12:30:50 +0000] "GET /buy.php?detail/25203784661819 HTTP/1.1" 200 20946 "http://montenegroput.me/buy.php?detail/22803892788970" "Mozilla/5.0 AppleWebKit/537.36 (KHTML, like Gecko; compatible; GPTBot/1.4; +https://openai.com/gptbot)"
74.7.243.244 - - [17/Jul/2026:12:30:55 +0000] "GET /buy.php?detail/28703594465287 HTTP/1.1" 200 20539 "http://montenegroput.me/buy.php?detail/06203569519547" "Mozilla/5.0 AppleWebKit/537.36 (KHTML, like Gecko; compatible; GPTBot/1.4; +https://openai.com/gptbot)"
74.7.243.244 - - [17/Jul/2026:12:30:56 +0000] "GET /buy.php?detail/28601499430454 HTTP/1.1" 200 20420 "http://montenegroput.me/buy.php?detail/01900220536575" "Mozilla/5.0 AppleWebKit/537.36 (KHTML, like Gecko; compatible; GPTBot/1.4; +https://openai.com/gptbot)"
74.7.243.244 - - [17/Jul/2026:12:30:59 +0000] "GET /buy.php?detail/01900220909259 HTTP/1.1" 200 20045 "http://montenegroput.me/buy.php?detail/01900220536575" "Mozilla/5.0 AppleWebKit/537.36 (KHTML, like Gecko; compatible; GPTBot/1.4; +https://openai.com/gptbot)"
74.7.243.244 - - [17/Jul/2026:12:31:00 +0000] "GET /buy.php?m64137666568 HTTP/1.1" 200 20942 "http://montenegroput.me/buy.php?detail/05800441333290" "Mozilla/5.0 AppleWebKit/537.36 (KHTML, like Gecko; compatible; GPTBot/1.4; +https://openai.com/gptbot)"
74.7.243.244 - - [17/Jul/2026:12:31:01 +0000] "GET /buy.php?detail/11901700325466 HTTP/1.1" 200 21358 "http://montenegroput.me/buy.php?detail/11901699234432" "Mozilla/5.0 AppleWebKit/537.36 (KHTML, like Gecko; compatible; GPTBot/1.4; +https://openai.com/gptbot)"
74.7.243.244 - - [17/Jul/2026:12:31:02 +0000] "GET /buy.php?detail/04504618933470 HTTP/1.1" 200 21128 "http://montenegroput.me/buy.php?detail/05802486634001" "Mozilla/5.0 AppleWebKit/537.36 (KHTML, like Gecko; compatible; GPTBot/1.4; +https://openai.com/gptbot)"
74.7.243.244 - - [17/Jul/2026:12:31:03 +0000] "GET /buy.php?detail/04601554215103 HTTP/1.1" 200 36 "http://montenegroput.me/buy.php?detail/04600951132144" "Mozilla/5.0 AppleWebKit/537.36 (KHTML, like Gecko; compatible; GPTBot/1.4; +https://openai.com/gptbot)"
74.7.243.244 - - [17/Jul/2026:12:31:23 +0000] "GET /buy.php?detail/29202590525283 HTTP/1.1" 200 20620 "http://montenegroput.me/buy.php?detail/29202592713080" "Mozilla/5.0 AppleWebKit/537.36 (KHTML, like Gecko; compatible; GPTBot/1.4; +https://openai.com/gptbot)"
74.7.243.244 - - [17/Jul/2026:12:31:24 +0000] "GET /buy.php?detail/03900899995066 HTTP/1.1" 200 36 "http://montenegroput.me/buy.php?detail/29502172790738" "Mozilla/5.0 AppleWebKit/537.36 (KHTML, like Gecko; compatible; GPTBot/1.4; +https://openai.com/gptbot)"
74.7.243.244 - - [17/Jul/2026:12:31:44 +0000] "GET /buy.php?detail/05802485720785 HTTP/1.1" 200 20556 "http://montenegroput.me/buy.php?detail/05802486634001" "Mozilla/5.0 AppleWebKit/537.36 (KHTML, like Gecko; compatible; GPTBot/1.4; +https://openai.com/gptbot)"
74.7.243.244 - - [17/Jul/2026:12:31:49 +0000] "GET /buy.php?detail/22701120799614 HTTP/1.1" 200 21707 "http://montenegroput.me/buy.php?detail/29202592713080" "Mozilla/5.0 AppleWebKit/537.36 (KHTML, like Gecko; compatible; GPTBot/1.4; +https://openai.com/gptbot)"
74.7.243.244 - - [17/Jul/2026:12:31:50 +0000] "GET /buy.php?detail/06203253311618 HTTP/1.1" 200 20398 "http://montenegroput.me/buy.php?detail/06203252933765" "Mozilla/5.0 AppleWebKit/537.36 (KHTML, like Gecko; compatible; GPTBot/1.4; +https://openai.com/gptbot)"
74.7.243.244 - - [17/Jul/2026:12:31:51 +0000] "GET /buy.php?detail/28702560767514 HTTP/1.1" 200 21149 "http://montenegroput.me/buy.php?detail/28703594465287" "Mozilla/5.0 AppleWebKit/537.36 (KHTML, like Gecko; compatible; GPTBot/1.4; +https://openai.com/gptbot)"
74.7.243.244 - - [17/Jul/2026:12:31:51 +0000] "GET /buy.php?detail/04002267411537 HTTP/1.1" 200 20872 "http://montenegroput.me/buy.php?detail/01900220909259" "Mozilla/5.0 AppleWebKit/537.36 (KHTML, like Gecko; compatible; GPTBot/1.4; +https://openai.com/gptbot)"
74.7.243.244 - - [17/Jul/2026:12:31:54 +0000] "GET /buy.php?detail/29501080905937 HTTP/1.1" 200 21396 "http://montenegroput.me/buy.php?detail/29502172790738" "Mozilla/5.0 AppleWebKit/537.36 (KHTML, like Gecko; compatible; GPTBot/1.4; +https://openai.com/gptbot)"
74.7.243.244 - - [17/Jul/2026:12:31:55 +0000] "GET /buy.php?detail/03200416913184 HTTP/1.1" 200 20171 "http://montenegroput.me/buy.php?detail/04600951132144" "Mozilla/5.0 AppleWebKit/537.36 (KHTML, like Gecko; compatible; GPTBot/1.4; +https://openai.com/gptbot)"
74.7.243.244 - - [17/Jul/2026:12:31:58 +0000] "GET /buy.php?detail/20102781442812 HTTP/1.1" 200 20712 "http://montenegroput.me/buy.php?detail/04504618933470" "Mozilla/5.0 AppleWebKit/537.36 (KHTML, like Gecko; compatible; GPTBot/1.4; +https://openai.com/gptbot)"
74.7.243.244 - - [17/Jul/2026:12:31:59 +0000] "GET /buy.php?detail/11901821675725 HTTP/1.1" 200 20607 "http://montenegroput.me/buy.php?detail/11901699234432" "Mozilla/5.0 AppleWebKit/537.36 (KHTML, like Gecko; compatible; GPTBot/1.4; +https://openai.com/gptbot)"
74.7.243.244 - - [17/Jul/2026:12:32:01 +0000] "GET /buy.php?m19305242220 HTTP/1.1" 200 21327 "http://montenegroput.me/buy.php?detail/11901700325466" "Mozilla/5.0 AppleWebKit/537.36 (KHTML, like Gecko; compatible; GPTBot/1.4; +https://openai.com/gptbot)"
74.7.243.244 - - [17/Jul/2026:12:32:02 +0000] "GET /buy.php?m25344371888 HTTP/1.1" 200 20232 "http://montenegroput.me/buy.php?detail/05301398123808" "Mozilla/5.0 AppleWebKit/537.36 (KHTML, like Gecko; compatible; GPTBot/1.4; +https://openai.com/gptbot)"
74.7.243.244 - - [17/Jul/2026:12:32:03 +0000] "GET /buy.php?m66634009510 HTTP/1.1" 200 20250 "http://montenegroput.me/buy.php?detail/17604850956014" "Mozilla/5.0 AppleWebKit/537.36 (KHTML, like Gecko; compatible; GPTBot/1.4; +https://openai.com/gptbot)"
74.7.243.244 - - [17/Jul/2026:12:32:04 +0000] "GET /buy.php?m11240265298 HTTP/1.1" 200 21040 "http://montenegroput.me/buy.php?detail/22701120799614" "Mozilla/5.0 AppleWebKit/537.36 (KHTML, like Gecko; compatible; GPTBot/1.4; +https://openai.com/gptbot)"
74.7.243.244 - - [17/Jul/2026:12:32:05 +0000] "GET /buy.php?detail/18400099152211 HTTP/1.1" 200 20584 "http://montenegroput.me/buy.php?detail/06203253311618" "Mozilla/5.0 AppleWebKit/537.36 (KHTML, like Gecko; compatible; GPTBot/1.4; +https://openai.com/gptbot)"
74.7.243.244 - - [17/Jul/2026:12:32:06 +0000] "GET /buy.php?detail/28301786849728 HTTP/1.1" 200 20526 "http://montenegroput.me/buy.php?detail/06203253311618" "Mozilla/5.0 AppleWebKit/537.36 (KHTML, like Gecko; compatible; GPTBot/1.4; +https://openai.com/gptbot)"
74.7.243.244 - - [17/Jul/2026:12:32:07 +0000] "GET /buy.php?detail/2200042413734 HTTP/1.1" 200 20668 "http://montenegroput.me/buy.php?detail/04002267411537" "Mozilla/5.0 AppleWebKit/537.36 (KHTML, like Gecko; compatible; GPTBot/1.4; +https://openai.com/gptbot)"
74.7.243.244 - - [17/Jul/2026:12:32:08 +0000] "GET /buy.php?detail/29902970923943 HTTP/1.1" 200 20437 "http://montenegroput.me/buy.php?detail/29501080905937" "Mozilla/5.0 AppleWebKit/537.36 (KHTML, like Gecko; compatible; GPTBot/1.4; +https://openai.com/gptbot)"
74.7.243.244 - - [17/Jul/2026:12:32:10 +0000] "GET /buy.php?detail/18503774337546 HTTP/1.1" 200 20403 "http://montenegroput.me/buy.php?detail/22701120799614" "Mozilla/5.0 AppleWebKit/537.36 (KHTML, like Gecko; compatible; GPTBot/1.4; +https://openai.com/gptbot)"
74.7.243.244 - - [17/Jul/2026:12:32:11 +0000] "GET /buy.php?detail/11201207289627 HTTP/1.1" 200 21077 "http://montenegroput.me/buy.php?detail/04002267411537" "Mozilla/5.0 AppleWebKit/537.36 (KHTML, like Gecko; compatible; GPTBot/1.4; +https://openai.com/gptbot)"
74.7.243.244 - - [17/Jul/2026:12:32:15 +0000] "GET /buy.php?detail/03200416852823 HTTP/1.1" 200 20220 "http://montenegroput.me/buy.php?detail/03200416913184" "Mozilla/5.0 AppleWebKit/537.36 (KHTML, like Gecko; compatible; GPTBot/1.4; +https://openai.com/gptbot)"
74.7.243.244 - - [17/Jul/2026:12:32:16 +0000] "GET /buy.php?detail/06502546426190 HTTP/1.1" 200 21972 "http://montenegroput.me/buy.php?m19305242220" "Mozilla/5.0 AppleWebKit/537.36 (KHTML, like Gecko; compatible; GPTBot/1.4; +https://openai.com/gptbot)"
74.7.243.244 - - [17/Jul/2026:12:32:18 +0000] "GET /buy.php?m13520911102 HTTP/1.1" 200 19891 "http://montenegroput.me/buy.php?detail/05301398418432" "Mozilla/5.0 AppleWebKit/537.36 (KHTML, like Gecko; compatible; GPTBot/1.4; +https://openai.com/gptbot)"
74.7.243.244 - - [17/Jul/2026:12:32:23 +0000] "GET /buy.php?m11174022098 HTTP/1.1" 200 20607 "http://montenegroput.me/buy.php?detail/13900069575060" "Mozilla/5.0 AppleWebKit/537.36 (KHTML, like Gecko; compatible; GPTBot/1.4; +https://openai.com/gptbot)"
74.7.243.244 - - [17/Jul/2026:12:32:24 +0000] "GET /buy.php?m78931999263 HTTP/1.1" 200 20797 "http://montenegroput.me/buy.php?detail/11901699234432" "Mozilla/5.0 AppleWebKit/537.36 (KHTML, like Gecko; compatible; GPTBot/1.4; +https://openai.com/gptbot)"
74.7.243.244 - - [17/Jul/2026:12:32:25 +0000] "GET /buy.php?m41780894222 HTTP/1.1" 200 20474 "http://montenegroput.me/buy.php?detail/24600200018484" "Mozilla/5.0 AppleWebKit/537.36 (KHTML, like Gecko; compatible; GPTBot/1.4; +https://openai.com/gptbot)"
66.249.65.39 - - [17/Jul/2026:12:32:30 +0000] "GET /products/296021709 HTTP/1.1" 404 - "-" "Mozilla/5.0 (Linux; Android 6.0.1; Nexus 5X Build/MMB29P) AppleWebKit/537.36 (KHTML, like Gecko) Chrome/150.0.7871.124 Mobile Safari/537.36 (compatible; Googlebot/2.1; +http://www.google.com/bot.html)"
66.249.65.39 - - [17/Jul/2026:12:32:30 +0000] "GET /item/165013261 HTTP/1.1" 404 - "-" "Mozilla/5.0 (Linux; Android 6.0.1; Nexus 5X Build/MMB29P) AppleWebKit/537.36 (KHTML, like Gecko) Chrome/150.0.7871.124 Mobile Safari/537.36 (compatible; Googlebot/2.1; +http://www.google.com/bot.html)"
66.249.65.38 - - [17/Jul/2026:12:32:31 +0000] "GET /?jp/060000808.html HTTP/1.1" 200 1170 "-" "Mozilla/5.0 (Linux; Android 6.0.1; Nexus 5X Build/MMB29P) AppleWebKit/537.36 (KHTML, like Gecko) Chrome/150.0.7871.124 Mobile Safari/537.36 (compatible; Googlebot/2.1; +http://www.google.com/bot.html)"
74.7.243.244 - - [17/Jul/2026:12:32:26 +0000] "GET /buy.php?m90555925704 HTTP/1.1" 200 20936 "http://montenegroput.me/buy.php?detail/03602426965549" "Mozilla/5.0 AppleWebKit/537.36 (KHTML, like Gecko; compatible; GPTBot/1.4; +https://openai.com/gptbot)"
74.7.243.244 - - [17/Jul/2026:12:32:34 +0000] "GET /buy.php?detail/22000914951755 HTTP/1.1" 200 36 "http://montenegroput.me/buy.php?detail/2200042413734" "Mozilla/5.0 AppleWebKit/537.36 (KHTML, like Gecko; compatible; GPTBot/1.4; +https://openai.com/gptbot)"
74.7.243.244 - - [17/Jul/2026:12:32:54 +0000] "GET /buy.php?detail/10402584460065 HTTP/1.1" 200 21030 "http://montenegroput.me/buy.php?detail/29902970923943" "Mozilla/5.0 AppleWebKit/537.36 (KHTML, like Gecko; compatible; GPTBot/1.4; +https://openai.com/gptbot)"
74.7.243.244 - - [17/Jul/2026:12:32:56 +0000] "GET /buy.php?m57444377291 HTTP/1.1" 200 20161 "http://montenegroput.me/buy.php?detail/12802262200012" "Mozilla/5.0 AppleWebKit/537.36 (KHTML, like Gecko; compatible; GPTBot/1.4; +https://openai.com/gptbot)"
74.7.243.244 - - [17/Jul/2026:12:32:59 +0000] "GET /buy.php?m31888722023 HTTP/1.1" 200 21648 "http://montenegroput.me/buy.php?detail/05802486634001" "Mozilla/5.0 AppleWebKit/537.36 (KHTML, like Gecko; compatible; GPTBot/1.4; +https://openai.com/gptbot)"
74.7.243.244 - - [17/Jul/2026:12:33:00 +0000] "GET /buy.php?m52228969779 HTTP/1.1" 200 19930 "http://montenegroput.me/buy.php?detail/08901273850816" "Mozilla/5.0 AppleWebKit/537.36 (KHTML, like Gecko; compatible; GPTBot/1.4; +https://openai.com/gptbot)"
74.7.243.244 - - [17/Jul/2026:12:33:01 +0000] "GET /buy.php?m98109122246 HTTP/1.1" 200 36 "http://montenegroput.me/buy.php?detail/25203784661819" "Mozilla/5.0 AppleWebKit/537.36 (KHTML, like Gecko; compatible; GPTBot/1.4; +https://openai.com/gptbot)"
74.7.243.244 - - [17/Jul/2026:12:33:21 +0000] "GET /buy.php?m24188911126 HTTP/1.1" 200 20569 "http://montenegroput.me/buy.php?detail/24204007196600" "Mozilla/5.0 AppleWebKit/537.36 (KHTML, like Gecko; compatible; GPTBot/1.4; +https://openai.com/gptbot)"
74.7.243.244 - - [17/Jul/2026:12:33:26 +0000] "GET /buy.php?detail/01503494367618 HTTP/1.1" 200 21998 "http://montenegroput.me/buy.php?detail/01502128975753" "Mozilla/5.0 AppleWebKit/537.36 (KHTML, like Gecko; compatible; GPTBot/1.4; +https://openai.com/gptbot)"
66.249.65.40 - - [17/Jul/2026:12:33:33 +0000] "GET /products/022003741 HTTP/1.1" 404 - "-" "Mozilla/5.0 (Linux; Android 6.0.1; Nexus 5X Build/MMB29P) AppleWebKit/537.36 (KHTML, like Gecko) Chrome/150.0.7871.124 Mobile Safari/537.36 (compatible; Googlebot/2.1; +http://www.google.com/bot.html)"
74.7.243.244 - - [17/Jul/2026:12:33:27 +0000] "GET /buy.php?detail/14204767350789 HTTP/1.1" 200 36 "http://montenegroput.me/buy.php?detail/14200218213891" "Mozilla/5.0 AppleWebKit/537.36 (KHTML, like Gecko; compatible; GPTBot/1.4; +https://openai.com/gptbot)"
74.7.243.244 - - [17/Jul/2026:12:33:47 +0000] "GET /buy.php?m79360333084 HTTP/1.1" 200 20966 "http://montenegroput.me/buy.php?m41780894222" "Mozilla/5.0 AppleWebKit/537.36 (KHTML, like Gecko; compatible; GPTBot/1.4; +https://openai.com/gptbot)"
74.7.243.244 - - [17/Jul/2026:12:33:50 +0000] "GET /buy.php?detail/08804297127835 HTTP/1.1" 200 20691 "http://montenegroput.me/buy.php?detail/05800596327402" "Mozilla/5.0 AppleWebKit/537.36 (KHTML, like Gecko; compatible; GPTBot/1.4; +https://openai.com/gptbot)"
74.7.243.244 - - [17/Jul/2026:12:33:51 +0000] "GET /buy.php?detail/18304702696736 HTTP/1.1" 200 21583 "http://montenegroput.me/buy.php?detail/18304595895576" "Mozilla/5.0 AppleWebKit/537.36 (KHTML, like Gecko; compatible; GPTBot/1.4; +https://openai.com/gptbot)"
74.7.243.244 - - [17/Jul/2026:12:33:58 +0000] "GET /buy.php?detail/17902614544872 HTTP/1.1" 200 20447 "http://montenegroput.me/buy.php?detail/17901650040446" "Mozilla/5.0 AppleWebKit/537.36 (KHTML, like Gecko; compatible; GPTBot/1.4; +https://openai.com/gptbot)"
74.7.243.244 - - [17/Jul/2026:12:34:01 +0000] "GET /buy.php?detail/13003920698874 HTTP/1.1" 200 21461 "http://montenegroput.me/buy.php?detail/23904229137896" "Mozilla/5.0 AppleWebKit/537.36 (KHTML, like Gecko; compatible; GPTBot/1.4; +https://openai.com/gptbot)"
74.7.243.244 - - [17/Jul/2026:12:34:02 +0000] "GET /buy.php?products/crawl/h012002195 HTTP/1.1" 200 20551 "http://montenegroput.me/buy.php?m31888722023" "Mozilla/5.0 AppleWebKit/537.36 (KHTML, like Gecko; compatible; GPTBot/1.4; +https://openai.com/gptbot)"
35.88.233.252 - - [17/Jul/2026:12:34:25 +0000] "HEAD /DocuSign/update.html/favicon.ico HTTP/1.1" 404 - "-" "axios/1.8.4"
66.249.65.39 - - [17/Jul/2026:12:34:28 +0000] "GET /products/012010715 HTTP/1.1" 404 - "-" "Mozilla/5.0 (Linux; Android 6.0.1; Nexus 5X Build/MMB29P) AppleWebKit/537.36 (KHTML, like Gecko) Chrome/150.0.7871.124 Mobile Safari/537.36 (compatible; Googlebot/2.1; +http://www.google.com/bot.html)"
66.249.65.38 - - [17/Jul/2026:12:34:28 +0000] "GET /item/014020294 HTTP/1.1" 404 - "-" "Mozilla/5.0 (Linux; Android 6.0.1; Nexus 5X Build/MMB29P) AppleWebKit/537.36 (KHTML, like Gecko) Chrome/150.0.7871.124 Mobile Safari/537.36 (compatible; Googlebot/2.1; +http://www.google.com/bot.html)"
66.249.65.40 - - [17/Jul/2026:12:34:29 +0000] "GET /?detail/0670171887156 HTTP/1.1" 200 1184 "-" "Mozilla/5.0 (Linux; Android 6.0.1; Nexus 5X Build/MMB29P) AppleWebKit/537.36 (KHTML, like Gecko) Chrome/150.0.7871.124 Mobile Safari/537.36 (compatible; Googlebot/2.1; +http://www.google.com/bot.html)"
74.7.243.244 - - [17/Jul/2026:12:34:39 +0000] "GET /buy.php?detail/28503272061564 HTTP/1.1" 200 20629 "http://montenegroput.me/buy.php?detail/24600200018484" "Mozilla/5.0 AppleWebKit/537.36 (KHTML, like Gecko; compatible; GPTBot/1.4; +https://openai.com/gptbot)"
74.7.243.244 - - [17/Jul/2026:12:34:40 +0000] "GET /buy.php?detail/20803232183266 HTTP/1.1" 200 21774 "http://montenegroput.me/buy.php?m24188911126" "Mozilla/5.0 AppleWebKit/537.36 (KHTML, like Gecko; compatible; GPTBot/1.4; +https://openai.com/gptbot)"
74.7.243.244 - - [17/Jul/2026:12:34:42 +0000] "GET /buy.php?detail/19102360694708 HTTP/1.1" 200 21045 "http://montenegroput.me/buy.php?detail/19100564375494" "Mozilla/5.0 AppleWebKit/537.36 (KHTML, like Gecko; compatible; GPTBot/1.4; +https://openai.com/gptbot)"
74.7.243.244 - - [17/Jul/2026:12:34:43 +0000] "GET /buy.php?detail/28101425396366 HTTP/1.1" 200 20798 "http://montenegroput.me/buy.php?detail/15301068468394" "Mozilla/5.0 AppleWebKit/537.36 (KHTML, like Gecko; compatible; GPTBot/1.4; +https://openai.com/gptbot)"
74.7.243.244 - - [17/Jul/2026:12:34:09 +0000] "GET /buy.php?detail/22102447663579 HTTP/1.1" 200 36 "http://montenegroput.me/buy.php?detail/22803892788970" "Mozilla/5.0 AppleWebKit/537.36 (KHTML, like Gecko; compatible; GPTBot/1.4; +https://openai.com/gptbot)"
74.7.243.244 - - [17/Jul/2026:12:34:44 +0000] "GET /buy.php?detail/16504053280764 HTTP/1.1" 200 36 "http://montenegroput.me/buy.php?detail/16501607777526" "Mozilla/5.0 AppleWebKit/537.36 (KHTML, like Gecko; compatible; GPTBot/1.4; +https://openai.com/gptbot)"
74.7.243.244 - - [17/Jul/2026:12:35:05 +0000] "GET /buy.php?detail/11403281578930 HTTP/1.1" 200 21019 "http://montenegroput.me/buy.php?detail/01101569914195" "Mozilla/5.0 AppleWebKit/537.36 (KHTML, like Gecko; compatible; GPTBot/1.4; +https://openai.com/gptbot)"
74.7.243.244 - - [17/Jul/2026:12:35:09 +0000] "GET /buy.php?detail/08102883084076 HTTP/1.1" 200 19910 "http://montenegroput.me/buy.php?detail/18304702696736" "Mozilla/5.0 AppleWebKit/537.36 (KHTML, like Gecko; compatible; GPTBot/1.4; +https://openai.com/gptbot)"
74.7.243.244 - - [17/Jul/2026:12:35:10 +0000] "GET /buy.php?detail/24101774492020 HTTP/1.1" 200 22028 "http://montenegroput.me/buy.php?detail/18304702696736" "Mozilla/5.0 AppleWebKit/537.36 (KHTML, like Gecko; compatible; GPTBot/1.4; +https://openai.com/gptbot)"
74.7.243.244 - - [17/Jul/2026:12:35:11 +0000] "GET /buy.php?detail/13000361217346 HTTP/1.1" 200 20560 "http://montenegroput.me/buy.php?detail/13003920698874" "Mozilla/5.0 AppleWebKit/537.36 (KHTML, like Gecko; compatible; GPTBot/1.4; +https://openai.com/gptbot)"
66.249.65.38 - - [17/Jul/2026:12:35:27 +0000] "GET /item/086032532 HTTP/1.1" 404 - "-" "Mozilla/5.0 (Linux; Android 6.0.1; Nexus 5X Build/MMB29P) AppleWebKit/537.36 (KHTML, like Gecko) Chrome/150.0.7871.124 Mobile Safari/537.36 (compatible; Googlebot/2.1; +http://www.google.com/bot.html)"
74.7.243.244 - - [17/Jul/2026:12:35:12 +0000] "GET /buy.php?products/nod/v013006684 HTTP/1.1" 200 36 "http://montenegroput.me/buy.php?products/crawl/h012002195" "Mozilla/5.0 AppleWebKit/537.36 (KHTML, like Gecko; compatible; GPTBot/1.4; +https://openai.com/gptbot)"
66.249.65.38 - - [17/Jul/2026:12:35:37 +0000] "GET /products/083006312 HTTP/1.1" 404 - "-" "Mozilla/5.0 (Linux; Android 6.0.1; Nexus 5X Build/MMB29P) AppleWebKit/537.36 (KHTML, like Gecko) Chrome/150.0.7871.124 Mobile Safari/537.36 (compatible; Googlebot/2.1; +http://www.google.com/bot.html)"
74.7.243.244 - - [17/Jul/2026:12:35:32 +0000] "GET /buy.php?detail/13000361033429 HTTP/1.1" 200 20475 "http://montenegroput.me/buy.php?detail/13003920698874" "Mozilla/5.0 AppleWebKit/537.36 (KHTML, like Gecko; compatible; GPTBot/1.4; +https://openai.com/gptbot)"
74.7.243.244 - - [17/Jul/2026:12:35:41 +0000] "GET /buy.php?detail/28500993848894 HTTP/1.1" 200 20712 "http://montenegroput.me/buy.php?detail/28503272061564" "Mozilla/5.0 AppleWebKit/537.36 (KHTML, like Gecko; compatible; GPTBot/1.4; +https://openai.com/gptbot)"
66.249.65.38 - - [17/Jul/2026:12:35:45 +0000] "GET /products/041006392 HTTP/1.1" 404 - "-" "Mozilla/5.0 (Linux; Android 6.0.1; Nexus 5X Build/MMB29P) AppleWebKit/537.36 (KHTML, like Gecko) Chrome/150.0.7871.124 Mobile Safari/537.36 (compatible; Googlebot/2.1; +http://www.google.com/bot.html)"
66.249.65.38 - - [17/Jul/2026:12:35:45 +0000] "GET /item/237009425 HTTP/1.1" 404 - "-" "Mozilla/5.0 (Linux; Android 6.0.1; Nexus 5X Build/MMB29P) AppleWebKit/537.36 (KHTML, like Gecko) Chrome/150.0.7871.124 Mobile Safari/537.36 (compatible; Googlebot/2.1; +http://www.google.com/bot.html)"
74.7.243.244 - - [17/Jul/2026:12:35:42 +0000] "GET /buy.php?detail/20803232856026 HTTP/1.1" 200 21115 "http://montenegroput.me/buy.php?detail/20803232183266" "Mozilla/5.0 AppleWebKit/537.36 (KHTML, like Gecko; compatible; GPTBot/1.4; +https://openai.com/gptbot)"
74.7.243.244 - - [17/Jul/2026:12:35:47 +0000] "GET /buy.php?detail/20803233241974 HTTP/1.1" 200 20042 "http://montenegroput.me/buy.php?detail/20803232183266" "Mozilla/5.0 AppleWebKit/537.36 (KHTML, like Gecko; compatible; GPTBot/1.4; +https://openai.com/gptbot)"
74.7.243.244 - - [17/Jul/2026:12:35:48 +0000] "GET /buy.php?detail/13002887572445 HTTP/1.1" 200 19561 "http://montenegroput.me/buy.php?detail/20803232183266" "Mozilla/5.0 AppleWebKit/537.36 (KHTML, like Gecko; compatible; GPTBot/1.4; +https://openai.com/gptbot)"
74.7.243.244 - - [17/Jul/2026:12:35:49 +0000] "GET /buy.php?detail/20803233067856 HTTP/1.1" 200 21137 "http://montenegroput.me/buy.php?detail/20803232183266" "Mozilla/5.0 AppleWebKit/537.36 (KHTML, like Gecko; compatible; GPTBot/1.4; +https://openai.com/gptbot)"
66.249.65.38 - - [17/Jul/2026:12:35:50 +0000] "GET /item/131014061 HTTP/1.1" 404 - "-" "Mozilla/5.0 (Linux; Android 6.0.1; Nexus 5X Build/MMB29P) AppleWebKit/537.36 (KHTML, like Gecko) Chrome/150.0.7871.124 Mobile Safari/537.36 (compatible; Googlebot/2.1; +http://www.google.com/bot.html)"
74.7.243.244 - - [17/Jul/2026:12:35:50 +0000] "GET /buy.php?goods/173044945 HTTP/1.1" 200 20663 "http://montenegroput.me/buy.php?detail/11403281578930" "Mozilla/5.0 AppleWebKit/537.36 (KHTML, like Gecko; compatible; GPTBot/1.4; +https://openai.com/gptbot)"
74.7.243.244 - - [17/Jul/2026:12:36:03 +0000] "GET /buy.php?detail/17903173022443 HTTP/1.1" 200 20690 "http://montenegroput.me/buy.php?detail/08102883084076" "Mozilla/5.0 AppleWebKit/537.36 (KHTML, like Gecko; compatible; GPTBot/1.4; +https://openai.com/gptbot)"
66.249.65.40 - - [17/Jul/2026:12:36:06 +0000] "GET /shop/bobbysoxer/shepherdling173944199575.shtml HTTP/1.1" 404 - "-" "Mozilla/5.0 (Linux; Android 6.0.1; Nexus 5X Build/MMB29P) AppleWebKit/537.36 (KHTML, like Gecko) Chrome/150.0.7871.124 Mobile Safari/537.36 (compatible; Googlebot/2.1; +http://www.google.com/bot.html)"
74.7.243.244 - - [17/Jul/2026:12:36:04 +0000] "GET /buy.php?detail/24102207772708 HTTP/1.1" 200 21668 "http://montenegroput.me/buy.php?detail/24101774492020" "Mozilla/5.0 AppleWebKit/537.36 (KHTML, like Gecko; compatible; GPTBot/1.4; +https://openai.com/gptbot)"
74.7.243.244 - - [17/Jul/2026:12:36:07 +0000] "GET /buy.php?detail/24102240185904 HTTP/1.1" 200 21727 "http://montenegroput.me/buy.php?detail/24101774492020" "Mozilla/5.0 AppleWebKit/537.36 (KHTML, like Gecko; compatible; GPTBot/1.4; +https://openai.com/gptbot)"
74.7.243.244 - - [17/Jul/2026:12:36:08 +0000] "GET /buy.php?detail/12901549430210 HTTP/1.1" 200 22357 "http://montenegroput.me/buy.php?detail/20803232183266" "Mozilla/5.0 AppleWebKit/537.36 (KHTML, like Gecko; compatible; GPTBot/1.4; +https://openai.com/gptbot)"
74.7.243.244 - - [17/Jul/2026:12:36:09 +0000] "GET /buy.php?detail/13000361438185 HTTP/1.1" 200 21271 "http://montenegroput.me/buy.php?detail/13000361033429" "Mozilla/5.0 AppleWebKit/537.36 (KHTML, like Gecko; compatible; GPTBot/1.4; +https://openai.com/gptbot)"
66.249.65.38 - - [17/Jul/2026:12:36:14 +0000] "GET /products/134024145 HTTP/1.1" 404 - "-" "Mozilla/5.0 (Linux; Android 6.0.1; Nexus 5X Build/MMB29P) AppleWebKit/537.36 (KHTML, like Gecko) Chrome/150.0.7871.124 Mobile Safari/537.36 (compatible; Googlebot/2.1; +http://www.google.com/bot.html)"
74.7.243.244 - - [17/Jul/2026:12:36:14 +0000] "GET /buy.php?detail/13000361539365 HTTP/1.1" 200 20463 "http://montenegroput.me/buy.php?detail/13000361033429" "Mozilla/5.0 AppleWebKit/537.36 (KHTML, like Gecko; compatible; GPTBot/1.4; +https://openai.com/gptbot)"
66.249.65.38 - - [17/Jul/2026:12:36:14 +0000] "GET /products/094000067 HTTP/1.1" 404 - "-" "Mozilla/5.0 (Linux; Android 6.0.1; Nexus 5X Build/MMB29P) AppleWebKit/537.36 (KHTML, like Gecko) Chrome/150.0.7871.124 Mobile Safari/537.36 (compatible; Googlebot/2.1; +http://www.google.com/bot.html)"
66.249.65.39 - - [17/Jul/2026:12:36:14 +0000] "GET /item/293009241 HTTP/1.1" 404 - "-" "Mozilla/5.0 (Linux; Android 6.0.1; Nexus 5X Build/MMB29P) AppleWebKit/537.36 (KHTML, like Gecko) Chrome/150.0.7871.124 Mobile Safari/537.36 (compatible; Googlebot/2.1; +http://www.google.com/bot.html)"
66.249.65.39 - - [17/Jul/2026:12:36:14 +0000] "GET /item/060014090 HTTP/1.1" 404 - "-" "Mozilla/5.0 (Linux; Android 6.0.1; Nexus 5X Build/MMB29P) AppleWebKit/537.36 (KHTML, like Gecko) Chrome/150.0.7871.124 Mobile Safari/537.36 (compatible; Googlebot/2.1; +http://www.google.com/bot.html)"
74.7.243.244 - - [17/Jul/2026:12:36:14 +0000] "GET /buy.php?m66604095660 HTTP/1.1" 200 21290 "http://montenegroput.me/buy.php?detail/20803232856026" "Mozilla/5.0 AppleWebKit/537.36 (KHTML, like Gecko; compatible; GPTBot/1.4; +https://openai.com/gptbot)"
