74.7.243.244 - - [17/Jul/2026:13:00:09 +0000] "GET /buy.php?detail/00203494328308 HTTP/1.1" 200 36 "http://montenegroput.me/buy.php?detail/26502338957173" "Mozilla/5.0 AppleWebKit/537.36 (KHTML, like Gecko; compatible; GPTBot/1.4; +https://openai.com/gptbot)"
74.7.243.244 - - [17/Jul/2026:13:00:29 +0000] "GET /buy.php?detail/10902554746856 HTTP/1.1" 200 21115 "http://montenegroput.me/buy.php?detail/20803293966405" "Mozilla/5.0 AppleWebKit/537.36 (KHTML, like Gecko; compatible; GPTBot/1.4; +https://openai.com/gptbot)"
74.7.243.244 - - [17/Jul/2026:13:00:30 +0000] "GET /buy.php?detail/28601247723185 HTTP/1.1" 200 20746 "http://montenegroput.me/buy.php?jp/286012457.html" "Mozilla/5.0 AppleWebKit/537.36 (KHTML, like Gecko; compatible; GPTBot/1.4; +https://openai.com/gptbot)"
74.7.243.244 - - [17/Jul/2026:13:00:30 +0000] "GET /buy.php?detail/18000448445975 HTTP/1.1" 200 20100 "http://montenegroput.me/buy.php?detail/17700920671738" "Mozilla/5.0 AppleWebKit/537.36 (KHTML, like Gecko; compatible; GPTBot/1.4; +https://openai.com/gptbot)"
74.7.243.244 - - [17/Jul/2026:13:00:32 +0000] "GET /buy.php?detail/17704977280969 HTTP/1.1" 200 20988 "http://montenegroput.me/buy.php?detail/17700920857422" "Mozilla/5.0 AppleWebKit/537.36 (KHTML, like Gecko; compatible; GPTBot/1.4; +https://openai.com/gptbot)"
74.7.243.244 - - [17/Jul/2026:13:00:37 +0000] "GET /buy.php?detail/13901180241088 HTTP/1.1" 200 20900 "http://montenegroput.me/buy.php?detail/13901191471938" "Mozilla/5.0 AppleWebKit/537.36 (KHTML, like Gecko; compatible; GPTBot/1.4; +https://openai.com/gptbot)"
74.7.243.244 - - [17/Jul/2026:13:00:40 +0000] "GET /buy.php?detail/04800166745388 HTTP/1.1" 200 20362 "http://montenegroput.me/buy.php?detail/13901191471938" "Mozilla/5.0 AppleWebKit/537.36 (KHTML, like Gecko; compatible; GPTBot/1.4; +https://openai.com/gptbot)"
74.7.243.244 - - [17/Jul/2026:13:00:40 +0000] "GET /buy.php?detail/18700004043348 HTTP/1.1" 200 36 "http://montenegroput.me/buy.php?detail/13602836858411" "Mozilla/5.0 AppleWebKit/537.36 (KHTML, like Gecko; compatible; GPTBot/1.4; +https://openai.com/gptbot)"
74.7.243.244 - - [17/Jul/2026:13:01:01 +0000] "GET /buy.php?detail/13604329577928 HTTP/1.1" 200 20527 "http://montenegroput.me/buy.php?detail/13602836858411" "Mozilla/5.0 AppleWebKit/537.36 (KHTML, like Gecko; compatible; GPTBot/1.4; +https://openai.com/gptbot)"
74.7.243.244 - - [17/Jul/2026:13:01:02 +0000] "GET /buy.php?detail/264016049453 HTTP/1.1" 200 20675 "http://montenegroput.me/buy.php?detail/25600714275589" "Mozilla/5.0 AppleWebKit/537.36 (KHTML, like Gecko; compatible; GPTBot/1.4; +https://openai.com/gptbot)"
82.142.136.111 - - [17/Jul/2026:13:01:03 +0000] "GET /robots.txt HTTP/1.1" 200 132 "-" "Python/3.12 aiohttp/3.11.12"
74.7.243.244 - - [17/Jul/2026:13:01:02 +0000] "GET /buy.php?detail/27601935788516 HTTP/1.1" 200 20557 "http://montenegroput.me/buy.php?detail/0230120438397" "Mozilla/5.0 AppleWebKit/537.36 (KHTML, like Gecko; compatible; GPTBot/1.4; +https://openai.com/gptbot)"
172.105.82.111 - - [17/Jul/2026:13:01:04 +0000] "GET / HTTP/1.1" 200 1170 "-" "Mozilla/5.0 (Macintosh; Intel Mac OS X 10_15_7) AppleWebKit/537.36 (KHTML, like Gecko) Chrome/141.0.0.0 Safari/537.36"
74.7.243.244 - - [17/Jul/2026:13:01:03 +0000] "GET /buy.php?detail/08401716058396 HTTP/1.1" 200 20324 "http://montenegroput.me/buy.php?detail/00103384500136" "Mozilla/5.0 AppleWebKit/537.36 (KHTML, like Gecko; compatible; GPTBot/1.4; +https://openai.com/gptbot)"
172.105.82.111 - - [17/Jul/2026:13:01:05 +0000] "GET / HTTP/1.1" 200 1170 "-" "Mozilla/5.0 (Macintosh; Intel Mac OS X 10_15_7) AppleWebKit/537.36 (KHTML, like Gecko) Chrome/141.0.0.0 Safari/537.36"
74.7.243.244 - - [17/Jul/2026:13:01:04 +0000] "GET /buy.php?m71923332429 HTTP/1.1" 200 20861 "http://montenegroput.me/buy.php?detail/10902554746856" "Mozilla/5.0 AppleWebKit/537.36 (KHTML, like Gecko; compatible; GPTBot/1.4; +https://openai.com/gptbot)"
74.7.243.244 - - [17/Jul/2026:13:01:06 +0000] "GET /buy.php?detail/28602037625802 HTTP/1.1" 200 21239 "http://montenegroput.me/buy.php?detail/28601247723185" "Mozilla/5.0 AppleWebKit/537.36 (KHTML, like Gecko; compatible; GPTBot/1.4; +https://openai.com/gptbot)"
74.7.243.244 - - [17/Jul/2026:13:01:07 +0000] "GET /buy.php?detail/06500485936857 HTTP/1.1" 200 21312 "http://montenegroput.me/buy.php?detail/10902554746856" "Mozilla/5.0 AppleWebKit/537.36 (KHTML, like Gecko; compatible; GPTBot/1.4; +https://openai.com/gptbot)"
74.7.243.244 - - [17/Jul/2026:13:01:08 +0000] "GET /buy.php?detail/25800743572213 HTTP/1.1" 200 20592 "http://montenegroput.me/buy.php?detail/18000448445975" "Mozilla/5.0 AppleWebKit/537.36 (KHTML, like Gecko; compatible; GPTBot/1.4; +https://openai.com/gptbot)"
172.105.82.111 - - [17/Jul/2026:13:01:28 +0000] "GET /update/ HTTP/1.1" 200 1253 "-" "Mozilla/5.0 (Macintosh; Intel Mac OS X 10_15_7) AppleWebKit/537.36 (KHTML, like Gecko) Chrome/141.0.0.0 Safari/537.36"
172.105.82.111 - - [17/Jul/2026:13:01:28 +0000] "GET /DocuSign/ HTTP/1.1" 200 1604 "-" "Mozilla/5.0 (Macintosh; Intel Mac OS X 10_15_7) AppleWebKit/537.36 (KHTML, like Gecko) Chrome/141.0.0.0 Safari/537.36"
172.105.82.111 - - [17/Jul/2026:13:01:28 +0000] "GET /doc/ HTTP/1.1" 200 1253 "-" "Mozilla/5.0 (Macintosh; Intel Mac OS X 10_15_7) AppleWebKit/537.36 (KHTML, like Gecko) Chrome/141.0.0.0 Safari/537.36"
172.105.82.111 - - [17/Jul/2026:13:01:28 +0000] "GET /wp-admin/ HTTP/1.1" 500 1327 "-" "Mozilla/5.0 (Macintosh; Intel Mac OS X 10_15_7) AppleWebKit/537.36 (KHTML, like Gecko) Chrome/141.0.0.0 Safari/537.36"
74.7.243.244 - - [17/Jul/2026:13:01:09 +0000] "GET /buy.php?detail/26704039129160 HTTP/1.1" 200 36 "http://montenegroput.me/buy.php?detail/13901180241088" "Mozilla/5.0 AppleWebKit/537.36 (KHTML, like Gecko; compatible; GPTBot/1.4; +https://openai.com/gptbot)"
74.7.243.244 - - [17/Jul/2026:13:01:29 +0000] "GET /buy.php?detail/17703357902344 HTTP/1.1" 200 21814 "http://montenegroput.me/buy.php?detail/17704977280969" "Mozilla/5.0 AppleWebKit/537.36 (KHTML, like Gecko; compatible; GPTBot/1.4; +https://openai.com/gptbot)"
172.105.82.111 - - [17/Jul/2026:13:01:28 +0000] "GET /19ae0/ HTTP/1.1" 200 260 "-" "Mozilla/5.0 (Macintosh; Intel Mac OS X 10_15_7) AppleWebKit/537.36 (KHTML, like Gecko) Chrome/141.0.0.0 Safari/537.36"
74.7.243.244 - - [17/Jul/2026:13:01:30 +0000] "GET /buy.php?detail/11402507230992 HTTP/1.1" 200 20474 "http://montenegroput.me/buy.php?detail/18000448445975" "Mozilla/5.0 AppleWebKit/537.36 (KHTML, like Gecko; compatible; GPTBot/1.4; +https://openai.com/gptbot)"
74.7.243.244 - - [17/Jul/2026:13:01:35 +0000] "GET /buy.php?detail/13604700051508 HTTP/1.1" 200 20644 "http://montenegroput.me/buy.php?detail/13604329577928" "Mozilla/5.0 AppleWebKit/537.36 (KHTML, like Gecko; compatible; GPTBot/1.4; +https://openai.com/gptbot)"
74.7.243.244 - - [17/Jul/2026:13:01:36 +0000] "GET /buy.php?detail/26402208340329 HTTP/1.1" 200 21540 "http://montenegroput.me/buy.php?detail/264016049453" "Mozilla/5.0 AppleWebKit/537.36 (KHTML, like Gecko; compatible; GPTBot/1.4; +https://openai.com/gptbot)"
74.7.243.244 - - [17/Jul/2026:13:01:37 +0000] "GET /buy.php?detail/05901328174876 HTTP/1.1" 200 21141 "http://montenegroput.me/buy.php?detail/13604329577928" "Mozilla/5.0 AppleWebKit/537.36 (KHTML, like Gecko; compatible; GPTBot/1.4; +https://openai.com/gptbot)"
74.7.243.244 - - [17/Jul/2026:13:01:38 +0000] "GET /buy.php?detail/03101236560543 HTTP/1.1" 200 21218 "http://montenegroput.me/buy.php?detail/08401716058396" "Mozilla/5.0 AppleWebKit/537.36 (KHTML, like Gecko; compatible; GPTBot/1.4; +https://openai.com/gptbot)"
74.7.243.244 - - [17/Jul/2026:13:01:39 +0000] "GET /buy.php?detail/23800264950473 HTTP/1.1" 200 21392 "http://montenegroput.me/buy.php?detail/23800264274172" "Mozilla/5.0 AppleWebKit/537.36 (KHTML, like Gecko; compatible; GPTBot/1.4; +https://openai.com/gptbot)"
74.7.243.244 - - [17/Jul/2026:13:01:39 +0000] "GET /buy.php?detail/28601248241573 HTTP/1.1" 200 20711 "http://montenegroput.me/buy.php?detail/28602037625802" "Mozilla/5.0 AppleWebKit/537.36 (KHTML, like Gecko; compatible; GPTBot/1.4; +https://openai.com/gptbot)"
74.7.243.244 - - [17/Jul/2026:13:01:40 +0000] "GET /buy.php?detail/22100559675346 HTTP/1.1" 200 20609 "http://montenegroput.me/buy.php?detail/10502912702337" "Mozilla/5.0 AppleWebKit/537.36 (KHTML, like Gecko; compatible; GPTBot/1.4; +https://openai.com/gptbot)"
74.7.243.244 - - [17/Jul/2026:13:01:41 +0000] "GET /buy.php?detail/10202449462476 HTTP/1.1" 200 21059 "http://montenegroput.me/buy.php?detail/25800743572213" "Mozilla/5.0 AppleWebKit/537.36 (KHTML, like Gecko; compatible; GPTBot/1.4; +https://openai.com/gptbot)"
172.105.82.111 - - [17/Jul/2026:13:01:43 +0000] "GET /update/ HTTP/1.1" 200 1253 "-" "Mozilla/5.0 (Macintosh; Intel Mac OS X 10_15_7) AppleWebKit/537.36 (KHTML, like Gecko) Chrome/141.0.0.0 Safari/537.36"
172.105.82.111 - - [17/Jul/2026:13:01:43 +0000] "GET /doc/ HTTP/1.1" 200 1253 "-" "Mozilla/5.0 (Macintosh; Intel Mac OS X 10_15_7) AppleWebKit/537.36 (KHTML, like Gecko) Chrome/141.0.0.0 Safari/537.36"
172.105.82.111 - - [17/Jul/2026:13:01:43 +0000] "GET /DocuSign/ HTTP/1.1" 200 1604 "-" "Mozilla/5.0 (Macintosh; Intel Mac OS X 10_15_7) AppleWebKit/537.36 (KHTML, like Gecko) Chrome/141.0.0.0 Safari/537.36"
74.7.243.244 - - [17/Jul/2026:13:01:42 +0000] "GET /buy.php?detail/27501174861302 HTTP/1.1" 200 20457 "http://montenegroput.me/buy.php?detail/27502045524987" "Mozilla/5.0 AppleWebKit/537.36 (KHTML, like Gecko; compatible; GPTBot/1.4; +https://openai.com/gptbot)"
172.105.82.111 - - [17/Jul/2026:13:01:43 +0000] "GET /wp-admin/ HTTP/1.1" 500 1327 "-" "Mozilla/5.0 (Macintosh; Intel Mac OS X 10_15_7) AppleWebKit/537.36 (KHTML, like Gecko) Chrome/141.0.0.0 Safari/537.36"
74.7.243.244 - - [17/Jul/2026:13:01:43 +0000] "GET /buy.php?detail/21501621333057 HTTP/1.1" 200 20828 "http://montenegroput.me/buy.php?detail/17703357902344" "Mozilla/5.0 AppleWebKit/537.36 (KHTML, like Gecko; compatible; GPTBot/1.4; +https://openai.com/gptbot)"
66.249.65.40 - - [17/Jul/2026:13:01:52 +0000] "GET /shop/charismatic/nectariferous15340901399.shtml HTTP/1.1" 404 - "-" "Mozilla/5.0 (Linux; Android 6.0.1; Nexus 5X Build/MMB29P) AppleWebKit/537.36 (KHTML, like Gecko) Chrome/150.0.7871.124 Mobile Safari/537.36 (compatible; Googlebot/2.1; +http://www.google.com/bot.html)"
66.249.65.40 - - [17/Jul/2026:13:01:52 +0000] "GET /item/078011480 HTTP/1.1" 404 - "-" "Mozilla/5.0 (Linux; Android 6.0.1; Nexus 5X Build/MMB29P) AppleWebKit/537.36 (KHTML, like Gecko) Chrome/150.0.7871.124 Mobile Safari/537.36 (compatible; Googlebot/2.1; +http://www.google.com/bot.html)"
172.105.82.111 - - [17/Jul/2026:13:01:43 +0000] "GET /19ae0/ HTTP/1.1" 200 - "-" "Mozilla/5.0 (Macintosh; Intel Mac OS X 10_15_7) AppleWebKit/537.36 (KHTML, like Gecko) Chrome/141.0.0.0 Safari/537.36"
74.7.243.244 - - [17/Jul/2026:13:01:44 +0000] "GET /buy.php?detail/29502295157544 HTTP/1.1" 200 36 "http://montenegroput.me/buy.php?detail/11402507230992" "Mozilla/5.0 AppleWebKit/537.36 (KHTML, like Gecko; compatible; GPTBot/1.4; +https://openai.com/gptbot)"
66.249.65.38 - - [17/Jul/2026:13:02:05 +0000] "GET /products/072003921 HTTP/1.1" 404 - "-" "Mozilla/5.0 (Linux; Android 6.0.1; Nexus 5X Build/MMB29P) AppleWebKit/537.36 (KHTML, like Gecko) Chrome/150.0.7871.124 Mobile Safari/537.36 (compatible; Googlebot/2.1; +http://www.google.com/bot.html)"
74.7.243.244 - - [17/Jul/2026:13:02:05 +0000] "GET /buy.php?detail/28002524652004 HTTP/1.1" 200 36 "http://montenegroput.me/buy.php?detail/13604700051508" "Mozilla/5.0 AppleWebKit/537.36 (KHTML, like Gecko; compatible; GPTBot/1.4; +https://openai.com/gptbot)"
74.7.243.244 - - [17/Jul/2026:13:02:25 +0000] "GET /buy.php?detail/09202142749794 HTTP/1.1" 200 21113 "http://montenegroput.me/buy.php?detail/26402208340329" "Mozilla/5.0 AppleWebKit/537.36 (KHTML, like Gecko; compatible; GPTBot/1.4; +https://openai.com/gptbot)"
74.7.243.244 - - [17/Jul/2026:13:02:38 +0000] "GET /buy.php?detail/13603672524592 HTTP/1.1" 200 20360 "http://montenegroput.me/buy.php?detail/13604700051508" "Mozilla/5.0 AppleWebKit/537.36 (KHTML, like Gecko; compatible; GPTBot/1.4; +https://openai.com/gptbot)"
74.7.243.244 - - [17/Jul/2026:13:02:39 +0000] "GET /buy.php?detail/08304957549622 HTTP/1.1" 200 20496 "http://montenegroput.me/buy.php?detail/03101236560543" "Mozilla/5.0 AppleWebKit/537.36 (KHTML, like Gecko; compatible; GPTBot/1.4; +https://openai.com/gptbot)"
74.7.243.244 - - [17/Jul/2026:13:02:42 +0000] "GET /buy.php?detail/11701592720370 HTTP/1.1" 200 19938 "http://montenegroput.me/buy.php?detail/23800264950473" "Mozilla/5.0 AppleWebKit/537.36 (KHTML, like Gecko; compatible; GPTBot/1.4; +https://openai.com/gptbot)"
74.7.243.244 - - [17/Jul/2026:13:02:43 +0000] "GET /buy.php?detail/26903325389382 HTTP/1.1" 200 20779 "http://montenegroput.me/buy.php?detail/28601248241573" "Mozilla/5.0 AppleWebKit/537.36 (KHTML, like Gecko; compatible; GPTBot/1.4; +https://openai.com/gptbot)"
74.7.243.244 - - [17/Jul/2026:13:02:45 +0000] "GET /buy.php?detail/145001300050 HTTP/1.1" 200 20064 "http://montenegroput.me/buy.php?detail/22100559675346" "Mozilla/5.0 AppleWebKit/537.36 (KHTML, like Gecko; compatible; GPTBot/1.4; +https://openai.com/gptbot)"
74.7.243.244 - - [17/Jul/2026:13:02:46 +0000] "GET /buy.php?detail/08104949405684 HTTP/1.1" 200 20932 "http://montenegroput.me/buy.php?detail/10202449462476" "Mozilla/5.0 AppleWebKit/537.36 (KHTML, like Gecko; compatible; GPTBot/1.4; +https://openai.com/gptbot)"
74.7.243.244 - - [17/Jul/2026:13:02:47 +0000] "GET /buy.php?detail/23800266368140 HTTP/1.1" 200 36 "http://montenegroput.me/buy.php?detail/23800264950473" "Mozilla/5.0 AppleWebKit/537.36 (KHTML, like Gecko; compatible; GPTBot/1.4; +https://openai.com/gptbot)"
74.7.243.244 - - [17/Jul/2026:13:03:07 +0000] "GET /buy.php?goods/132013449 HTTP/1.1" 200 20804 "http://montenegroput.me/buy.php?detail/21501621333057" "Mozilla/5.0 AppleWebKit/537.36 (KHTML, like Gecko; compatible; GPTBot/1.4; +https://openai.com/gptbot)"
74.7.243.244 - - [17/Jul/2026:13:03:09 +0000] "GET /buy.php?detail/28601246272088 HTTP/1.1" 200 20608 "http://montenegroput.me/buy.php?detail/28601248241573" "Mozilla/5.0 AppleWebKit/537.36 (KHTML, like Gecko; compatible; GPTBot/1.4; +https://openai.com/gptbot)"
74.7.243.244 - - [17/Jul/2026:13:03:14 +0000] "GET /buy.php?detail/03004606619593 HTTP/1.1" 200 20585 "http://montenegroput.me/buy.php?detail/28601248241573" "Mozilla/5.0 AppleWebKit/537.36 (KHTML, like Gecko; compatible; GPTBot/1.4; +https://openai.com/gptbot)"
74.7.243.244 - - [17/Jul/2026:13:03:14 +0000] "GET /buy.php?detail/14403735347499 HTTP/1.1" 200 20549 "http://montenegroput.me/buy.php?detail/09202142749794" "Mozilla/5.0 AppleWebKit/537.36 (KHTML, like Gecko; compatible; GPTBot/1.4; +https://openai.com/gptbot)"
185.242.177.65 - - [17/Jul/2026:13:03:21 +0000] "GET / HTTP/1.1" 200 1139 "-" "Mozilla/5.0 (Windows NT 10.0; Win64; x64; rv:147.0) Gecko/20100101 Firefox/147.0"
74.7.243.244 - - [17/Jul/2026:13:03:15 +0000] "GET /buy.php?detail/15103868432984 HTTP/1.1" 200 20420 "http://montenegroput.me/buy.php?detail/26402208340329" "Mozilla/5.0 AppleWebKit/537.36 (KHTML, like Gecko; compatible; GPTBot/1.4; +https://openai.com/gptbot)"
74.7.243.244 - - [17/Jul/2026:13:03:23 +0000] "GET /buy.php?detail/03101237518261 HTTP/1.1" 200 21132 "http://montenegroput.me/buy.php?detail/03101236560543" "Mozilla/5.0 AppleWebKit/537.36 (KHTML, like Gecko; compatible; GPTBot/1.4; +https://openai.com/gptbot)"
74.7.243.244 - - [17/Jul/2026:13:03:24 +0000] "GET /buy.php?m58761119449 HTTP/1.1" 200 21351 "http://montenegroput.me/buy.php?detail/22100559675346" "Mozilla/5.0 AppleWebKit/537.36 (KHTML, like Gecko; compatible; GPTBot/1.4; +https://openai.com/gptbot)"
66.249.65.38 - - [17/Jul/2026:13:03:35 +0000] "GET /products/003000430 HTTP/1.1" 404 - "-" "Mozilla/5.0 (Linux; Android 6.0.1; Nexus 5X Build/MMB29P) AppleWebKit/537.36 (KHTML, like Gecko) Chrome/150.0.7871.124 Mobile Safari/537.36 (compatible; Googlebot/2.1; +http://www.google.com/bot.html)"
74.7.243.244 - - [17/Jul/2026:13:03:29 +0000] "GET /buy.php?detail/26900846374909 HTTP/1.1" 200 21062 "http://montenegroput.me/buy.php?detail/26903325389382" "Mozilla/5.0 AppleWebKit/537.36 (KHTML, like Gecko; compatible; GPTBot/1.4; +https://openai.com/gptbot)"
74.7.243.244 - - [17/Jul/2026:13:03:41 +0000] "GET /buy.php?detail/23001714585579 HTTP/1.1" 200 21478 "http://montenegroput.me/buy.php?detail/145001300050" "Mozilla/5.0 AppleWebKit/537.36 (KHTML, like Gecko; compatible; GPTBot/1.4; +https://openai.com/gptbot)"
74.7.243.244 - - [17/Jul/2026:13:03:42 +0000] "GET /buy.php?detail/21304975102438 HTTP/1.1" 200 21691 "http://montenegroput.me/buy.php?detail/08304957549622" "Mozilla/5.0 AppleWebKit/537.36 (KHTML, like Gecko; compatible; GPTBot/1.4; +https://openai.com/gptbot)"
74.7.243.244 - - [17/Jul/2026:13:03:46 +0000] "GET /buy.php?detail/08602178143974 HTTP/1.1" 200 20411 "http://montenegroput.me/buy.php?goods/086048693" "Mozilla/5.0 AppleWebKit/537.36 (KHTML, like Gecko; compatible; GPTBot/1.4; +https://openai.com/gptbot)"
74.7.243.244 - - [17/Jul/2026:13:03:47 +0000] "GET /buy.php?detail/0930427736881 HTTP/1.1" 200 20045 "http://montenegroput.me/buy.php?goods/132013449" "Mozilla/5.0 AppleWebKit/537.36 (KHTML, like Gecko; compatible; GPTBot/1.4; +https://openai.com/gptbot)"
74.7.243.244 - - [17/Jul/2026:13:03:52 +0000] "GET /buy.php?detail/07901108425358 HTTP/1.1" 200 20863 "http://montenegroput.me/buy.php?detail/07002561259382" "Mozilla/5.0 AppleWebKit/537.36 (KHTML, like Gecko; compatible; GPTBot/1.4; +https://openai.com/gptbot)"
74.7.243.244 - - [17/Jul/2026:13:03:53 +0000] "GET /buy.php?detail/03004548888385 HTTP/1.1" 200 21184 "http://montenegroput.me/buy.php?detail/03004606619593" "Mozilla/5.0 AppleWebKit/537.36 (KHTML, like Gecko; compatible; GPTBot/1.4; +https://openai.com/gptbot)"
66.249.65.40 - - [17/Jul/2026:13:04:04 +0000] "GET /products/294041709 HTTP/1.1" 404 - "-" "Mozilla/5.0 (Linux; Android 6.0.1; Nexus 5X Build/MMB29P) AppleWebKit/537.36 (KHTML, like Gecko) Chrome/150.0.7871.124 Mobile Safari/537.36 (compatible; Googlebot/2.1; +http://www.google.com/bot.html)"
74.7.243.244 - - [17/Jul/2026:13:04:02 +0000] "GET /buy.php?detail/14403736302399 HTTP/1.1" 200 20324 "http://montenegroput.me/buy.php?detail/14403735347499" "Mozilla/5.0 AppleWebKit/537.36 (KHTML, like Gecko; compatible; GPTBot/1.4; +https://openai.com/gptbot)"
74.7.243.244 - - [17/Jul/2026:13:04:07 +0000] "GET /buy.php?detail/15104869276137 HTTP/1.1" 200 21070 "http://montenegroput.me/buy.php?detail/15103868432984" "Mozilla/5.0 AppleWebKit/537.36 (KHTML, like Gecko; compatible; GPTBot/1.4; +https://openai.com/gptbot)"
74.7.243.244 - - [17/Jul/2026:13:04:08 +0000] "GET /buy.php?detail/25301274179326 HTTP/1.1" 200 20092 "http://montenegroput.me/buy.php?detail/14503481911950" "Mozilla/5.0 AppleWebKit/537.36 (KHTML, like Gecko; compatible; GPTBot/1.4; +https://openai.com/gptbot)"
74.7.243.244 - - [17/Jul/2026:13:04:09 +0000] "GET /buy.php?detail/16904441663047 HTTP/1.1" 200 20898 "http://montenegroput.me/buy.php?m58761119449" "Mozilla/5.0 AppleWebKit/537.36 (KHTML, like Gecko; compatible; GPTBot/1.4; +https://openai.com/gptbot)"
74.7.243.244 - - [17/Jul/2026:13:04:11 +0000] "GET /buy.php?detail/26903072297300 HTTP/1.1" 200 36 "http://montenegroput.me/buy.php?detail/26900846374909" "Mozilla/5.0 AppleWebKit/537.36 (KHTML, like Gecko; compatible; GPTBot/1.4; +https://openai.com/gptbot)"
74.7.243.244 - - [17/Jul/2026:13:04:32 +0000] "GET /buy.php?detail/23001164816208 HTTP/1.1" 200 20373 "http://montenegroput.me/buy.php?detail/23001714585579" "Mozilla/5.0 AppleWebKit/537.36 (KHTML, like Gecko; compatible; GPTBot/1.4; +https://openai.com/gptbot)"
74.7.243.244 - - [17/Jul/2026:13:04:35 +0000] "GET /buy.php?detail/15101725049004 HTTP/1.1" 200 20252 "http://montenegroput.me/buy.php?detail/21304975102438" "Mozilla/5.0 AppleWebKit/537.36 (KHTML, like Gecko; compatible; GPTBot/1.4; +https://openai.com/gptbot)"
74.7.243.244 - - [17/Jul/2026:13:04:36 +0000] "GET /buy.php?detail/08202130721774 HTTP/1.1" 200 21105 "http://montenegroput.me/buy.php?detail/21304975102438" "Mozilla/5.0 AppleWebKit/537.36 (KHTML, like Gecko; compatible; GPTBot/1.4; +https://openai.com/gptbot)"
66.249.65.39 - - [17/Jul/2026:13:04:37 +0000] "GET /products/099042662 HTTP/1.1" 404 - "-" "Mozilla/5.0 (Linux; Android 6.0.1; Nexus 5X Build/MMB29P) AppleWebKit/537.36 (KHTML, like Gecko) Chrome/150.0.7871.124 Mobile Safari/537.36 (compatible; Googlebot/2.1; +http://www.google.com/bot.html)"
66.249.65.38 - - [17/Jul/2026:13:04:37 +0000] "GET /item/010049536 HTTP/1.1" 404 - "-" "Mozilla/5.0 (Linux; Android 6.0.1; Nexus 5X Build/MMB29P) AppleWebKit/537.36 (KHTML, like Gecko) Chrome/150.0.7871.124 Mobile Safari/537.36 (compatible; Googlebot/2.1; +http://www.google.com/bot.html)"
74.7.243.244 - - [17/Jul/2026:13:04:36 +0000] "GET /buy.php?detail/22402823784276 HTTP/1.1" 200 20434 "http://montenegroput.me/buy.php?detail/0930427736881" "Mozilla/5.0 AppleWebKit/537.36 (KHTML, like Gecko; compatible; GPTBot/1.4; +https://openai.com/gptbot)"
66.249.65.38 - - [17/Jul/2026:13:04:41 +0000] "GET /?goods/006008126 HTTP/1.1" 200 1121 "-" "Mozilla/5.0 (Linux; Android 6.0.1; Nexus 5X Build/MMB29P) AppleWebKit/537.36 (KHTML, like Gecko) Chrome/150.0.7871.124 Mobile Safari/537.36 (compatible; Googlebot/2.1; +http://www.google.com/bot.html)"
66.249.65.38 - - [17/Jul/2026:13:04:41 +0000] "GET /?goods/019000244 HTTP/1.1" 200 1121 "-" "Mozilla/5.0 (Linux; Android 6.0.1; Nexus 5X Build/MMB29P) AppleWebKit/537.36 (KHTML, like Gecko) Chrome/150.0.7871.124 Mobile Safari/537.36 (compatible; Googlebot/2.1; +http://www.google.com/bot.html)"
74.7.243.244 - - [17/Jul/2026:13:04:41 +0000] "GET /buy.php?detail/05400008378880 HTTP/1.1" 200 20767 "http://montenegroput.me/buy.php?detail/23001714585579" "Mozilla/5.0 AppleWebKit/537.36 (KHTML, like Gecko; compatible; GPTBot/1.4; +https://openai.com/gptbot)"
74.7.243.244 - - [17/Jul/2026:13:04:43 +0000] "GET /buy.php?detail/21903723648708 HTTP/1.1" 200 20386 "http://montenegroput.me/buy.php?detail/04500616041028" "Mozilla/5.0 AppleWebKit/537.36 (KHTML, like Gecko; compatible; GPTBot/1.4; +https://openai.com/gptbot)"
74.7.243.244 - - [17/Jul/2026:13:04:44 +0000] "GET /buy.php?detail/12102939864503 HTTP/1.1" 200 21619 "http://montenegroput.me/buy.php?detail/08802390371486" "Mozilla/5.0 AppleWebKit/537.36 (KHTML, like Gecko; compatible; GPTBot/1.4; +https://openai.com/gptbot)"
74.7.243.244 - - [17/Jul/2026:13:04:45 +0000] "GET /buy.php?detail/15104376736964 HTTP/1.1" 200 20646 "http://montenegroput.me/buy.php?detail/15104869276137" "Mozilla/5.0 AppleWebKit/537.36 (KHTML, like Gecko; compatible; GPTBot/1.4; +https://openai.com/gptbot)"
66.249.65.38 - - [17/Jul/2026:13:04:47 +0000] "GET /?goods/121024211 HTTP/1.1" 200 1121 "-" "Mozilla/5.0 (Linux; Android 6.0.1; Nexus 5X Build/MMB29P) AppleWebKit/537.36 (KHTML, like Gecko) Chrome/150.0.7871.124 Mobile Safari/537.36 (compatible; Googlebot/2.1; +http://www.google.com/bot.html)"
66.249.65.38 - - [17/Jul/2026:13:04:47 +0000] "GET /shop/controversial/sykesii111574440022.shtml HTTP/1.1" 404 - "-" "Mozilla/5.0 (Linux; Android 6.0.1; Nexus 5X Build/MMB29P) AppleWebKit/537.36 (KHTML, like Gecko) Chrome/150.0.7871.124 Mobile Safari/537.36 (compatible; Googlebot/2.1; +http://www.google.com/bot.html)"
66.249.65.38 - - [17/Jul/2026:13:04:48 +0000] "GET /item/064027072 HTTP/1.1" 404 - "-" "Mozilla/5.0 (Linux; Android 6.0.1; Nexus 5X Build/MMB29P) AppleWebKit/537.36 (KHTML, like Gecko) Chrome/150.0.7871.124 Mobile Safari/537.36 (compatible; Googlebot/2.1; +http://www.google.com/bot.html)"
74.7.243.244 - - [17/Jul/2026:13:04:46 +0000] "GET /buy.php?detail/25302955387740 HTTP/1.1" 200 20097 "http://montenegroput.me/buy.php?detail/25301274179326" "Mozilla/5.0 AppleWebKit/537.36 (KHTML, like Gecko; compatible; GPTBot/1.4; +https://openai.com/gptbot)"
159.223.242.210 - - [17/Jul/2026:13:05:04 +0000] "GET //wp-log1n.php HTTP/1.1" 200 242 "-" "Mozilla/5.0 (Windows NT 10.0; Win64; x64; rv:150.0) Gecko/20100101 Firefox/150.0"
145.239.81.102 - - [17/Jul/2026:13:05:05 +0000] "GET //wp-log1n.php HTTP/1.1" 200 242 "-" "Mozilla/5.0 (Windows NT 10.0; Win64; x64; rv:150.0) Gecko/20100101 Firefox/150.0"
74.7.243.244 - - [17/Jul/2026:13:04:49 +0000] "GET /buy.php?m15777860916 HTTP/1.1" 200 36 "http://montenegroput.me/buy.php?detail/16904441663047" "Mozilla/5.0 AppleWebKit/537.36 (KHTML, like Gecko; compatible; GPTBot/1.4; +https://openai.com/gptbot)"
74.7.243.244 - - [17/Jul/2026:13:05:10 +0000] "GET /buy.php?detail/15104376954203 HTTP/1.1" 200 20614 "http://montenegroput.me/buy.php?detail/15104869276137" "Mozilla/5.0 AppleWebKit/537.36 (KHTML, like Gecko; compatible; GPTBot/1.4; +https://openai.com/gptbot)"
74.7.243.244 - - [17/Jul/2026:13:05:11 +0000] "GET /buy.php?detail/23001218467473 HTTP/1.1" 200 20266 "http://montenegroput.me/buy.php?detail/23001164816208" "Mozilla/5.0 AppleWebKit/537.36 (KHTML, like Gecko; compatible; GPTBot/1.4; +https://openai.com/gptbot)"
74.7.243.244 - - [17/Jul/2026:13:05:11 +0000] "GET /buy.php?detail/15100567657795 HTTP/1.1" 200 20345 "http://montenegroput.me/buy.php?detail/15101725049004" "Mozilla/5.0 AppleWebKit/537.36 (KHTML, like Gecko; compatible; GPTBot/1.4; +https://openai.com/gptbot)"
74.7.243.244 - - [17/Jul/2026:13:05:12 +0000] "GET /buy.php?detail/08201292135392 HTTP/1.1" 200 21192 "http://montenegroput.me/buy.php?detail/08202130721774" "Mozilla/5.0 AppleWebKit/537.36 (KHTML, like Gecko; compatible; GPTBot/1.4; +https://openai.com/gptbot)"
74.7.243.244 - - [17/Jul/2026:13:05:13 +0000] "GET /buy.php?detail/08201292596596 HTTP/1.1" 200 20561 "http://montenegroput.me/buy.php?detail/08202130721774" "Mozilla/5.0 AppleWebKit/537.36 (KHTML, like Gecko; compatible; GPTBot/1.4; +https://openai.com/gptbot)"
74.7.243.244 - - [17/Jul/2026:13:05:14 +0000] "GET /buy.php?detail/22402616971366 HTTP/1.1" 200 20410 "http://montenegroput.me/buy.php?detail/22402823784276" "Mozilla/5.0 AppleWebKit/537.36 (KHTML, like Gecko; compatible; GPTBot/1.4; +https://openai.com/gptbot)"
74.7.243.244 - - [17/Jul/2026:13:05:15 +0000] "GET /buy.php?detail/00101713873458 HTTP/1.1" 200 20487 "http://montenegroput.me/buy.php?detail/21903723648708" "Mozilla/5.0 AppleWebKit/537.36 (KHTML, like Gecko; compatible; GPTBot/1.4; +https://openai.com/gptbot)"
66.249.65.38 - - [17/Jul/2026:13:05:16 +0000] "GET /item/013042865 HTTP/1.1" 404 - "-" "Mozilla/5.0 (Linux; Android 6.0.1; Nexus 5X Build/MMB29P) AppleWebKit/537.36 (KHTML, like Gecko) Chrome/150.0.7871.124 Mobile Safari/537.36 (compatible; Googlebot/2.1; +http://www.google.com/bot.html)"
74.7.243.244 - - [17/Jul/2026:13:05:16 +0000] "GET /buy.php?detail/21902349122605 HTTP/1.1" 200 20423 "http://montenegroput.me/buy.php?detail/21903723648708" "Mozilla/5.0 AppleWebKit/537.36 (KHTML, like Gecko; compatible; GPTBot/1.4; +https://openai.com/gptbot)"
74.7.243.244 - - [17/Jul/2026:13:05:17 +0000] "GET /buy.php?detail/15100636765620 HTTP/1.1" 200 20602 "http://montenegroput.me/buy.php?detail/15104376736964" "Mozilla/5.0 AppleWebKit/537.36 (KHTML, like Gecko; compatible; GPTBot/1.4; +https://openai.com/gptbot)"
74.7.243.244 - - [17/Jul/2026:13:05:17 +0000] "GET /buy.php?detail/09404092602520 HTTP/1.1" 200 21010 "http://montenegroput.me/buy.php?detail/25302955387740" "Mozilla/5.0 AppleWebKit/537.36 (KHTML, like Gecko; compatible; GPTBot/1.4; +https://openai.com/gptbot)"
74.7.243.244 - - [17/Jul/2026:13:05:18 +0000] "GET /buy.php?detail/25301275702430 HTTP/1.1" 200 20096 "http://montenegroput.me/buy.php?detail/25302955387740" "Mozilla/5.0 AppleWebKit/537.36 (KHTML, like Gecko; compatible; GPTBot/1.4; +https://openai.com/gptbot)"
74.7.243.244 - - [17/Jul/2026:13:05:19 +0000] "GET /buy.php?detail/15100790858567 HTTP/1.1" 200 21068 "http://montenegroput.me/buy.php?detail/15104376954203" "Mozilla/5.0 AppleWebKit/537.36 (KHTML, like Gecko; compatible; GPTBot/1.4; +https://openai.com/gptbot)"
66.249.65.38 - - [17/Jul/2026:13:05:22 +0000] "GET /shop/ingratefulness/severally131462421931.shtml HTTP/1.1" 404 - "-" "Mozilla/5.0 (Linux; Android 6.0.1; Nexus 5X Build/MMB29P) AppleWebKit/537.36 (KHTML, like Gecko) Chrome/150.0.7871.124 Mobile Safari/537.36 (compatible; Googlebot/2.1; +http://www.google.com/bot.html)"
74.7.243.244 - - [17/Jul/2026:13:05:20 +0000] "GET /buy.php?detail/16700477338502 HTTP/1.1" 200 21710 "http://montenegroput.me/buy.php?detail/23001218467473" "Mozilla/5.0 AppleWebKit/537.36 (KHTML, like Gecko; compatible; GPTBot/1.4; +https://openai.com/gptbot)"
74.7.243.244 - - [17/Jul/2026:13:05:23 +0000] "GET /buy.php?detail/18703044532196 HTTP/1.1" 200 20456 "http://montenegroput.me/buy.php?detail/22402823784276" "Mozilla/5.0 AppleWebKit/537.36 (KHTML, like Gecko; compatible; GPTBot/1.4; +https://openai.com/gptbot)"
74.7.243.244 - - [17/Jul/2026:13:05:26 +0000] "GET /buy.php?m69555951813 HTTP/1.1" 200 20474 "http://montenegroput.me/buy.php?detail/21903723648708" "Mozilla/5.0 AppleWebKit/537.36 (KHTML, like Gecko; compatible; GPTBot/1.4; +https://openai.com/gptbot)"
66.249.65.38 - - [17/Jul/2026:13:05:35 +0000] "GET /item/290013244 HTTP/1.1" 404 - "-" "Mozilla/5.0 (Linux; Android 6.0.1; Nexus 5X Build/MMB29P) AppleWebKit/537.36 (KHTML, like Gecko) Chrome/150.0.7871.124 Mobile Safari/537.36 (compatible; Googlebot/2.1; +http://www.google.com/bot.html)"
66.249.65.38 - - [17/Jul/2026:13:05:36 +0000] "GET /?detail/00703315133132 HTTP/1.1" 200 1121 "-" "Mozilla/5.0 (Linux; Android 6.0.1; Nexus 5X Build/MMB29P) AppleWebKit/537.36 (KHTML, like Gecko) Chrome/150.0.7871.124 Mobile Safari/537.36 (compatible; Googlebot/2.1; +http://www.google.com/bot.html)"
74.7.243.244 - - [17/Jul/2026:13:05:27 +0000] "GET /buy.php?m66455598409 HTTP/1.1" 200 36 "http://montenegroput.me/buy.php?detail/12102939864503" "Mozilla/5.0 AppleWebKit/537.36 (KHTML, like Gecko; compatible; GPTBot/1.4; +https://openai.com/gptbot)"
74.7.243.244 - - [17/Jul/2026:13:05:47 +0000] "GET /buy.php?detail/22401576725546 HTTP/1.1" 200 21069 "http://montenegroput.me/buy.php?detail/22402616971366" "Mozilla/5.0 AppleWebKit/537.36 (KHTML, like Gecko; compatible; GPTBot/1.4; +https://openai.com/gptbot)"
74.7.243.244 - - [17/Jul/2026:13:05:48 +0000] "GET /buy.php?detail/21304970056789 HTTP/1.1" 200 20718 "http://montenegroput.me/buy.php?detail/05400008378880" "Mozilla/5.0 AppleWebKit/537.36 (KHTML, like Gecko; compatible; GPTBot/1.4; +https://openai.com/gptbot)"
74.7.243.244 - - [17/Jul/2026:13:05:49 +0000] "GET /buy.php?detail/01500999307505 HTTP/1.1" 200 21325 "http://montenegroput.me/buy.php?detail/21902349122605" "Mozilla/5.0 AppleWebKit/537.36 (KHTML, like Gecko; compatible; GPTBot/1.4; +https://openai.com/gptbot)"
74.7.243.244 - - [17/Jul/2026:13:05:50 +0000] "GET /buy.php?detail/26504584133705 HTTP/1.1" 200 20872 "http://montenegroput.me/buy.php?detail/08202130721774" "Mozilla/5.0 AppleWebKit/537.36 (KHTML, like Gecko; compatible; GPTBot/1.4; +https://openai.com/gptbot)"
74.7.243.244 - - [17/Jul/2026:13:05:53 +0000] "GET /buy.php?detail/16701297030676 HTTP/1.1" 200 22136 "http://montenegroput.me/buy.php?detail/09404092602520" "Mozilla/5.0 AppleWebKit/537.36 (KHTML, like Gecko; compatible; GPTBot/1.4; +https://openai.com/gptbot)"
74.7.243.244 - - [17/Jul/2026:13:05:54 +0000] "GET /buy.php?detail/25201495734858 HTTP/1.1" 200 36 "http://montenegroput.me/buy.php?detail/04501214132093" "Mozilla/5.0 AppleWebKit/537.36 (KHTML, like Gecko; compatible; GPTBot/1.4; +https://openai.com/gptbot)"
74.7.243.244 - - [17/Jul/2026:13:06:15 +0000] "GET /buy.php?detail/20500608251589 HTTP/1.1" 200 20530 "http://montenegroput.me/buy.php?detail/15100790858567" "Mozilla/5.0 AppleWebKit/537.36 (KHTML, like Gecko; compatible; GPTBot/1.4; +https://openai.com/gptbot)"
74.7.243.244 - - [17/Jul/2026:13:06:20 +0000] "GET /buy.php?detail/18400507007095 HTTP/1.1" 200 20697 "http://montenegroput.me/buy.php?detail/16700477338502" "Mozilla/5.0 AppleWebKit/537.36 (KHTML, like Gecko; compatible; GPTBot/1.4; +https://openai.com/gptbot)"
74.7.243.244 - - [17/Jul/2026:13:06:23 +0000] "GET /buy.php?goods/052038554 HTTP/1.1" 200 20749 "http://montenegroput.me/buy.php?detail/18703044532196" "Mozilla/5.0 AppleWebKit/537.36 (KHTML, like Gecko; compatible; GPTBot/1.4; +https://openai.com/gptbot)"
74.7.243.244 - - [17/Jul/2026:13:06:26 +0000] "GET /buy.php?detail/02601443716031 HTTP/1.1" 200 21152 "http://montenegroput.me/buy.php?detail/18703044532196" "Mozilla/5.0 AppleWebKit/537.36 (KHTML, like Gecko; compatible; GPTBot/1.4; +https://openai.com/gptbot)"
74.7.243.244 - - [17/Jul/2026:13:06:30 +0000] "GET /buy.php?detail/09402610923965 HTTP/1.1" 200 36 "http://montenegroput.me/buy.php?detail/18703044532196" "Mozilla/5.0 AppleWebKit/537.36 (KHTML, like Gecko; compatible; GPTBot/1.4; +https://openai.com/gptbot)"
74.7.243.244 - - [17/Jul/2026:13:06:51 +0000] "GET /buy.php?detail/00502695601693 HTTP/1.1" 200 36 "http://montenegroput.me/buy.php?detail/22401576725546" "Mozilla/5.0 AppleWebKit/537.36 (KHTML, like Gecko; compatible; GPTBot/1.4; +https://openai.com/gptbot)"
66.249.65.38 - - [17/Jul/2026:13:07:23 +0000] "GET /?detail/098027174993 HTTP/1.1" 200 1121 "-" "Mozilla/5.0 (Linux; Android 6.0.1; Nexus 5X Build/MMB29P) AppleWebKit/537.36 (KHTML, like Gecko) Chrome/150.0.7871.124 Mobile Safari/537.36 (compatible; Googlebot/2.1; +http://www.google.com/bot.html)"
66.249.65.39 - - [17/Jul/2026:13:07:27 +0000] "GET /products/072038005 HTTP/1.1" 404 - "-" "Mozilla/5.0 (Linux; Android 6.0.1; Nexus 5X Build/MMB29P) AppleWebKit/537.36 (KHTML, like Gecko) Chrome/150.0.7871.124 Mobile Safari/537.36 (compatible; Googlebot/2.1; +http://www.google.com/bot.html)"
74.7.243.244 - - [17/Jul/2026:13:07:11 +0000] "GET /buy.php?detail/22401453013478 HTTP/1.1" 200 36 "http://montenegroput.me/buy.php?detail/22401576725546" "Mozilla/5.0 AppleWebKit/537.36 (KHTML, like Gecko; compatible; GPTBot/1.4; +https://openai.com/gptbot)"
43.159.128.247 - - [17/Jul/2026:13:07:34 +0000] "GET /wp-config-sample.php HTTP/1.1" 500 - "-" "Mozilla/5.0 (iPhone; CPU iPhone OS 13_2_3 like Mac OS X) AppleWebKit/605.1.15 (KHTML, like Gecko) Version/13.0.3 Mobile/15E148 Safari/604.1"
23.82.96.180 - - [17/Jul/2026:13:07:36 +0000] "GET //click.php HTTP/1.1" 200 242 "-" "Mozilla/5.0 (Linux; Android 10; K) AppleWebKit/537.36 (KHTML, like Gecko) Chrome/150.0.0.0 Mobile Safari/537.36"
209.50.228.91 - - [17/Jul/2026:13:07:37 +0000] "GET //click.php HTTP/1.1" 200 242 "-" "Mozilla/5.0 (Linux; Android 10; K) AppleWebKit/537.36 (KHTML, like Gecko) Chrome/150.0.0.0 Mobile Safari/537.36"
170.64.252.169 - - [17/Jul/2026:13:07:39 +0000] "GET //click.php HTTP/1.1" 200 242 "-" "Mozilla/5.0 (Linux; Android 10; K) AppleWebKit/537.36 (KHTML, like Gecko) Chrome/150.0.0.0 Mobile Safari/537.36"
74.7.243.244 - - [17/Jul/2026:13:07:31 +0000] "GET /buy.php?detail/21301614852788 HTTP/1.1" 200 21075 "http://montenegroput.me/buy.php?detail/21304970056789" "Mozilla/5.0 AppleWebKit/537.36 (KHTML, like Gecko; compatible; GPTBot/1.4; +https://openai.com/gptbot)"
74.7.243.244 - - [17/Jul/2026:13:07:44 +0000] "GET /buy.php?goods/265015290 HTTP/1.1" 200 21890 "http://montenegroput.me/buy.php?detail/26504584133705" "Mozilla/5.0 AppleWebKit/537.36 (KHTML, like Gecko; compatible; GPTBot/1.4; +https://openai.com/gptbot)"
74.7.243.244 - - [17/Jul/2026:13:07:45 +0000] "GET /buy.php?detail/13802895315266 HTTP/1.1" 200 20217 "http://montenegroput.me/buy.php?detail/18703044532196" "Mozilla/5.0 AppleWebKit/537.36 (KHTML, like Gecko; compatible; GPTBot/1.4; +https://openai.com/gptbot)"
74.7.243.244 - - [17/Jul/2026:13:07:48 +0000] "GET /buy.php?detail/26501529140519 HTTP/1.1" 200 21269 "http://montenegroput.me/buy.php?detail/26504584133705" "Mozilla/5.0 AppleWebKit/537.36 (KHTML, like Gecko; compatible; GPTBot/1.4; +https://openai.com/gptbot)"
74.7.243.244 - - [17/Jul/2026:13:07:49 +0000] "GET /buy.php?detail/14303003704075 HTTP/1.1" 200 21663 "http://montenegroput.me/buy.php?detail/20500608251589" "Mozilla/5.0 AppleWebKit/537.36 (KHTML, like Gecko; compatible; GPTBot/1.4; +https://openai.com/gptbot)"
74.7.243.244 - - [17/Jul/2026:13:07:50 +0000] "GET /buy.php?detail/18403344770907 HTTP/1.1" 200 20539 "http://montenegroput.me/buy.php?detail/18400507007095" "Mozilla/5.0 AppleWebKit/537.36 (KHTML, like Gecko; compatible; GPTBot/1.4; +https://openai.com/gptbot)"
74.7.243.244 - - [17/Jul/2026:13:07:51 +0000] "GET /buy.php?detail/18703592784659 HTTP/1.1" 200 20410 "http://montenegroput.me/buy.php?detail/18703044532196" "Mozilla/5.0 AppleWebKit/537.36 (KHTML, like Gecko; compatible; GPTBot/1.4; +https://openai.com/gptbot)"
74.7.243.244 - - [17/Jul/2026:13:07:52 +0000] "GET /buy.php?detail/12800764625252 HTTP/1.1" 200 20335 "http://montenegroput.me/buy.php?goods/052038554" "Mozilla/5.0 AppleWebKit/537.36 (KHTML, like Gecko; compatible; GPTBot/1.4; +https://openai.com/gptbot)"
74.7.243.244 - - [17/Jul/2026:13:07:53 +0000] "GET /buy.php?detail/21301622036119 HTTP/1.1" 200 21118 "http://montenegroput.me/buy.php?detail/21304970056789" "Mozilla/5.0 AppleWebKit/537.36 (KHTML, like Gecko; compatible; GPTBot/1.4; +https://openai.com/gptbot)"
74.7.243.244 - - [17/Jul/2026:13:07:53 +0000] "GET /buy.php?detail/26501529285625 HTTP/1.1" 200 21340 "http://montenegroput.me/buy.php?detail/26504584133705" "Mozilla/5.0 AppleWebKit/537.36 (KHTML, like Gecko; compatible; GPTBot/1.4; +https://openai.com/gptbot)"
66.249.65.38 - - [17/Jul/2026:13:07:57 +0000] "GET /item/034046828 HTTP/1.1" 404 - "-" "Mozilla/5.0 (Linux; Android 6.0.1; Nexus 5X Build/MMB29P) AppleWebKit/537.36 (KHTML, like Gecko) Chrome/150.0.7871.124 Mobile Safari/537.36 (compatible; Googlebot/2.1; +http://www.google.com/bot.html)"
66.249.65.39 - - [17/Jul/2026:13:08:13 +0000] "GET /shop/dunair/shakes14695053873.shtml HTTP/1.1" 404 - "-" "Mozilla/5.0 (Linux; Android 6.0.1; Nexus 5X Build/MMB29P) AppleWebKit/537.36 (KHTML, like Gecko) Chrome/150.0.7871.124 Mobile Safari/537.36 (compatible; Googlebot/2.1; +http://www.google.com/bot.html)"
66.249.65.40 - - [17/Jul/2026:13:08:14 +0000] "GET /item/042048124 HTTP/1.1" 404 - "-" "Mozilla/5.0 (Linux; Android 6.0.1; Nexus 5X Build/MMB29P) AppleWebKit/537.36 (KHTML, like Gecko) Chrome/150.0.7871.124 Mobile Safari/537.36 (compatible; Googlebot/2.1; +http://www.google.com/bot.html)"
66.249.65.39 - - [17/Jul/2026:13:08:14 +0000] "GET /?detail/2130417705179 HTTP/1.1" 200 1121 "-" "Mozilla/5.0 (Linux; Android 6.0.1; Nexus 5X Build/MMB29P) AppleWebKit/537.36 (KHTML, like Gecko) Chrome/150.0.7871.124 Mobile Safari/537.36 (compatible; Googlebot/2.1; +http://www.google.com/bot.html)"
74.7.243.244 - - [17/Jul/2026:13:07:54 +0000] "GET /buy.php?detail/17403224507105 HTTP/1.1" 200 36 "http://montenegroput.me/buy.php?detail/01500999307505" "Mozilla/5.0 AppleWebKit/537.36 (KHTML, like Gecko; compatible; GPTBot/1.4; +https://openai.com/gptbot)"
74.7.243.244 - - [17/Jul/2026:13:08:15 +0000] "GET /buy.php?m43243882249 HTTP/1.1" 200 20442 "http://montenegroput.me/buy.php?detail/21301614852788" "Mozilla/5.0 AppleWebKit/537.36 (KHTML, like Gecko; compatible; GPTBot/1.4; +https://openai.com/gptbot)"
74.7.243.244 - - [17/Jul/2026:13:08:20 +0000] "GET /buy.php?detail/27201081204280 HTTP/1.1" 200 36 "http://montenegroput.me/buy.php?detail/21301614852788" "Mozilla/5.0 AppleWebKit/537.36 (KHTML, like Gecko; compatible; GPTBot/1.4; +https://openai.com/gptbot)"
74.7.243.244 - - [17/Jul/2026:13:08:40 +0000] "GET /buy.php?detail/13802763203327 HTTP/1.1" 200 20764 "http://montenegroput.me/buy.php?detail/13802895315266" "Mozilla/5.0 AppleWebKit/537.36 (KHTML, like Gecko; compatible; GPTBot/1.4; +https://openai.com/gptbot)"
74.7.243.244 - - [17/Jul/2026:13:08:41 +0000] "GET /buy.php?detail/27300136863211 HTTP/1.1" 200 19369 "http://montenegroput.me/buy.php?detail/21301614852788" "Mozilla/5.0 AppleWebKit/537.36 (KHTML, like Gecko; compatible; GPTBot/1.4; +https://openai.com/gptbot)"
74.7.243.244 - - [17/Jul/2026:13:08:42 +0000] "GET /buy.php?detail/14301340694488 HTTP/1.1" 200 20854 "http://montenegroput.me/buy.php?detail/14303003704075" "Mozilla/5.0 AppleWebKit/537.36 (KHTML, like Gecko; compatible; GPTBot/1.4; +https://openai.com/gptbot)"
74.7.243.244 - - [17/Jul/2026:13:08:43 +0000] "GET /buy.php?detail/10701466261879 HTTP/1.1" 200 20616 "http://montenegroput.me/buy.php?detail/18703044532196" "Mozilla/5.0 AppleWebKit/537.36 (KHTML, like Gecko; compatible; GPTBot/1.4; +https://openai.com/gptbot)"
74.7.243.244 - - [17/Jul/2026:13:08:44 +0000] "GET /buy.php?detail/03603341762555 HTTP/1.1" 200 20494 "http://montenegroput.me/buy.php?detail/18703592784659" "Mozilla/5.0 AppleWebKit/537.36 (KHTML, like Gecko; compatible; GPTBot/1.4; +https://openai.com/gptbot)"
74.7.243.244 - - [17/Jul/2026:13:08:44 +0000] "GET /buy.php?detail/09604502007971 HTTP/1.1" 200 20748 "http://montenegroput.me/buy.php?detail/18703592784659" "Mozilla/5.0 AppleWebKit/537.36 (KHTML, like Gecko; compatible; GPTBot/1.4; +https://openai.com/gptbot)"
74.7.243.244 - - [17/Jul/2026:13:08:45 +0000] "GET /buy.php?detail/21301651636606 HTTP/1.1" 200 21543 "http://montenegroput.me/buy.php?detail/21301622036119" "Mozilla/5.0 AppleWebKit/537.36 (KHTML, like Gecko; compatible; GPTBot/1.4; +https://openai.com/gptbot)"
74.7.243.244 - - [17/Jul/2026:13:08:46 +0000] "GET /buy.php?detail/26503066372660 HTTP/1.1" 200 21112 "http://montenegroput.me/buy.php?detail/26501529285625" "Mozilla/5.0 AppleWebKit/537.36 (KHTML, like Gecko; compatible; GPTBot/1.4; +https://openai.com/gptbot)"
74.7.243.244 - - [17/Jul/2026:13:08:47 +0000] "GET /buy.php?detail/21301651722127 HTTP/1.1" 200 21862 "http://montenegroput.me/buy.php?detail/21301622036119" "Mozilla/5.0 AppleWebKit/537.36 (KHTML, like Gecko; compatible; GPTBot/1.4; +https://openai.com/gptbot)"
74.7.243.244 - - [17/Jul/2026:13:08:48 +0000] "GET /buy.php?detail/04202422888735 HTTP/1.1" 200 21213 "http://montenegroput.me/buy.php?m43243882249" "Mozilla/5.0 AppleWebKit/537.36 (KHTML, like Gecko; compatible; GPTBot/1.4; +https://openai.com/gptbot)"
74.7.243.244 - - [17/Jul/2026:13:08:51 +0000] "GET /buy.php?detail/04202422920581 HTTP/1.1" 200 21262 "http://montenegroput.me/buy.php?m43243882249" "Mozilla/5.0 AppleWebKit/537.36 (KHTML, like Gecko; compatible; GPTBot/1.4; +https://openai.com/gptbot)"
74.7.243.244 - - [17/Jul/2026:13:09:00 +0000] "GET /buy.php?detail/13801382754130 HTTP/1.1" 200 20456 "http://montenegroput.me/buy.php?detail/13802763203327" "Mozilla/5.0 AppleWebKit/537.36 (KHTML, like Gecko; compatible; GPTBot/1.4; +https://openai.com/gptbot)"
74.7.243.244 - - [17/Jul/2026:13:09:01 +0000] "GET /buy.php?detail/18700134089881 HTTP/1.1" 200 36 "http://montenegroput.me/buy.php?detail/18703592784659" "Mozilla/5.0 AppleWebKit/537.36 (KHTML, like Gecko; compatible; GPTBot/1.4; +https://openai.com/gptbot)"
74.7.243.244 - - [17/Jul/2026:13:09:21 +0000] "GET /buy.php?detail/15900472200619 HTTP/1.1" 200 20231 "http://montenegroput.me/buy.php?detail/14301340694488" "Mozilla/5.0 AppleWebKit/537.36 (KHTML, like Gecko; compatible; GPTBot/1.4; +https://openai.com/gptbot)"
74.7.243.244 - - [17/Jul/2026:13:09:22 +0000] "GET /buy.php?detail/28002095821697 HTTP/1.1" 200 20113 "http://montenegroput.me/buy.php?detail/22401576725546" "Mozilla/5.0 AppleWebKit/537.36 (KHTML, like Gecko; compatible; GPTBot/1.4; +https://openai.com/gptbot)"
74.7.243.244 - - [17/Jul/2026:13:09:23 +0000] "GET /buy.php?detail/03603342598266 HTTP/1.1" 200 20858 "http://montenegroput.me/buy.php?detail/03603341762555" "Mozilla/5.0 AppleWebKit/537.36 (KHTML, like Gecko; compatible; GPTBot/1.4; +https://openai.com/gptbot)"
74.7.243.244 - - [17/Jul/2026:13:09:24 +0000] "GET /buy.php?detail/20704627571970 HTTP/1.1" 200 21106 "http://montenegroput.me/buy.php?detail/09604502007971" "Mozilla/5.0 AppleWebKit/537.36 (KHTML, like Gecko; compatible; GPTBot/1.4; +https://openai.com/gptbot)"
74.7.243.244 - - [17/Jul/2026:13:09:25 +0000] "GET /buy.php?detail/20400401879539 HTTP/1.1" 200 20571 "http://montenegroput.me/buy.php?detail/09604502007971" "Mozilla/5.0 AppleWebKit/537.36 (KHTML, like Gecko; compatible; GPTBot/1.4; +https://openai.com/gptbot)"
66.249.65.40 - - [17/Jul/2026:13:09:30 +0000] "GET /item/068026474 HTTP/1.1" 404 - "-" "Mozilla/5.0 (Linux; Android 6.0.1; Nexus 5X Build/MMB29P) AppleWebKit/537.36 (KHTML, like Gecko) Chrome/150.0.7871.124 Mobile Safari/537.36 (compatible; Googlebot/2.1; +http://www.google.com/bot.html)"
74.7.243.244 - - [17/Jul/2026:13:09:26 +0000] "GET /buy.php?detail/03602624450895 HTTP/1.1" 200 22212 "http://montenegroput.me/buy.php?detail/09604502007971" "Mozilla/5.0 AppleWebKit/537.36 (KHTML, like Gecko; compatible; GPTBot/1.4; +https://openai.com/gptbot)"
74.7.243.244 - - [17/Jul/2026:13:09:31 +0000] "GET /buy.php?detail/19704138355318 HTTP/1.1" 200 36 "http://montenegroput.me/buy.php?detail/12800764625252" "Mozilla/5.0 AppleWebKit/537.36 (KHTML, like Gecko; compatible; GPTBot/1.4; +https://openai.com/gptbot)"
74.7.243.244 - - [17/Jul/2026:13:09:45 +0000] "GET /buy.php?detail/17603111660397 HTTP/1.1" 200 21707 "http://montenegroput.me/buy.php?detail/04202422888735" "Mozilla/5.0 AppleWebKit/537.36 (KHTML, like Gecko; compatible; GPTBot/1.4; +https://openai.com/gptbot)"
74.7.243.244 - - [17/Jul/2026:13:09:46 +0000] "GET /buy.php?detail/04200723405075 HTTP/1.1" 200 20803 "http://montenegroput.me/buy.php?detail/04202422920581" "Mozilla/5.0 AppleWebKit/537.36 (KHTML, like Gecko; compatible; GPTBot/1.4; +https://openai.com/gptbot)"
74.7.243.244 - - [17/Jul/2026:13:09:47 +0000] "GET /buy.php?detail/04204399088532 HTTP/1.1" 200 20681 "http://montenegroput.me/buy.php?detail/04202422888735" "Mozilla/5.0 AppleWebKit/537.36 (KHTML, like Gecko; compatible; GPTBot/1.4; +https://openai.com/gptbot)"
74.7.243.244 - - [17/Jul/2026:13:09:48 +0000] "GET /buy.php?detail/04200723529721 HTTP/1.1" 200 21683 "http://montenegroput.me/buy.php?detail/04202422920581" "Mozilla/5.0 AppleWebKit/537.36 (KHTML, like Gecko; compatible; GPTBot/1.4; +https://openai.com/gptbot)"
74.7.243.244 - - [17/Jul/2026:13:09:49 +0000] "GET /buy.php?detail/08700547511995 HTTP/1.1" 200 20550 "http://montenegroput.me/buy.php?detail/04202422920581" "Mozilla/5.0 AppleWebKit/537.36 (KHTML, like Gecko; compatible; GPTBot/1.4; +https://openai.com/gptbot)"
74.7.243.244 - - [17/Jul/2026:13:09:50 +0000] "GET /buy.php?detail/29104262527094 HTTP/1.1" 200 20693 "http://montenegroput.me/buy.php?detail/16700477338502" "Mozilla/5.0 AppleWebKit/537.36 (KHTML, like Gecko; compatible; GPTBot/1.4; +https://openai.com/gptbot)"
74.7.243.244 - - [17/Jul/2026:13:09:51 +0000] "GET /buy.php?detail/09104807952201 HTTP/1.1" 200 20939 "http://montenegroput.me/buy.php?detail/27300136863211" "Mozilla/5.0 AppleWebKit/537.36 (KHTML, like Gecko; compatible; GPTBot/1.4; +https://openai.com/gptbot)"
74.7.243.244 - - [17/Jul/2026:13:09:52 +0000] "GET /buy.php?detail/26500773924813 HTTP/1.1" 200 20610 "http://montenegroput.me/buy.php?detail/26501529140519" "Mozilla/5.0 AppleWebKit/537.36 (KHTML, like Gecko; compatible; GPTBot/1.4; +https://openai.com/gptbot)"
74.7.243.244 - - [17/Jul/2026:13:09:53 +0000] "GET /buy.php?detail/20401647540446 HTTP/1.1" 200 20354 "http://montenegroput.me/buy.php?detail/20400401879539" "Mozilla/5.0 AppleWebKit/537.36 (KHTML, like Gecko; compatible; GPTBot/1.4; +https://openai.com/gptbot)"
74.7.243.244 - - [17/Jul/2026:13:09:54 +0000] "GET /buy.php?detail/28402310489284 HTTP/1.1" 200 36 "http://montenegroput.me/buy.php?detail/03602624450895" "Mozilla/5.0 AppleWebKit/537.36 (KHTML, like Gecko; compatible; GPTBot/1.4; +https://openai.com/gptbot)"
74.7.243.244 - - [17/Jul/2026:13:10:14 +0000] "GET /buy.php?detail/03602782447266 HTTP/1.1" 200 20494 "http://montenegroput.me/buy.php?detail/03602624450895" "Mozilla/5.0 AppleWebKit/537.36 (KHTML, like Gecko; compatible; GPTBot/1.4; +https://openai.com/gptbot)"
66.249.65.40 - - [17/Jul/2026:13:10:19 +0000] "GET /item/078016216 HTTP/1.1" 404 - "-" "Mozilla/5.0 (Linux; Android 6.0.1; Nexus 5X Build/MMB29P) AppleWebKit/537.36 (KHTML, like Gecko) Chrome/150.0.7871.124 Mobile Safari/537.36 (compatible; Googlebot/2.1; +http://www.google.com/bot.html)"
74.7.243.244 - - [17/Jul/2026:13:10:19 +0000] "GET /buy.php?m33374925111 HTTP/1.1" 200 21371 "http://montenegroput.me/buy.php?detail/12800764625252" "Mozilla/5.0 AppleWebKit/537.36 (KHTML, like Gecko; compatible; GPTBot/1.4; +https://openai.com/gptbot)"
74.7.243.244 - - [17/Jul/2026:13:10:20 +0000] "GET /buy.php?detail/04202726221482 HTTP/1.1" 200 21036 "http://montenegroput.me/buy.php?detail/04200723405075" "Mozilla/5.0 AppleWebKit/537.36 (KHTML, like Gecko; compatible; GPTBot/1.4; +https://openai.com/gptbot)"
74.7.243.244 - - [17/Jul/2026:13:10:21 +0000] "GET /buy.php?goods/234000660 HTTP/1.1" 200 21600 "http://montenegroput.me/buy.php?detail/04204399088532" "Mozilla/5.0 AppleWebKit/537.36 (KHTML, like Gecko; compatible; GPTBot/1.4; +https://openai.com/gptbot)"
74.7.243.244 - - [17/Jul/2026:13:10:22 +0000] "GET /buy.php?detail/06404920692352 HTTP/1.1" 200 21054 "http://montenegroput.me/buy.php?detail/04204399088532" "Mozilla/5.0 AppleWebKit/537.36 (KHTML, like Gecko; compatible; GPTBot/1.4; +https://openai.com/gptbot)"
74.7.243.244 - - [17/Jul/2026:13:10:23 +0000] "GET /buy.php?detail/19302294267393 HTTP/1.1" 200 21046 "http://montenegroput.me/buy.php?detail/04204399088532" "Mozilla/5.0 AppleWebKit/537.36 (KHTML, like Gecko; compatible; GPTBot/1.4; +https://openai.com/gptbot)"
74.7.243.244 - - [17/Jul/2026:13:10:26 +0000] "GET /buy.php?detail/08704735488226 HTTP/1.1" 200 20489 "http://montenegroput.me/buy.php?detail/08700547511995" "Mozilla/5.0 AppleWebKit/537.36 (KHTML, like Gecko; compatible; GPTBot/1.4; +https://openai.com/gptbot)"
74.7.243.244 - - [17/Jul/2026:13:10:27 +0000] "GET /buy.php?detail/06202741784465 HTTP/1.1" 200 20394 "http://montenegroput.me/buy.php?detail/09104807952201" "Mozilla/5.0 AppleWebKit/537.36 (KHTML, like Gecko; compatible; GPTBot/1.4; +https://openai.com/gptbot)"
