74.7.243.244 - - [17/Jul/2026:13:54:44 +0000] "GET /buy.php?goods/245034530 HTTP/1.1" 200 21790 "http://montenegroput.me/buy.php?detail/24503453014745" "Mozilla/5.0 AppleWebKit/537.36 (KHTML, like Gecko; compatible; GPTBot/1.4; +https://openai.com/gptbot)"
74.7.243.244 - - [17/Jul/2026:13:54:46 +0000] "GET /buy.php?detail/27604964660753 HTTP/1.1" 200 21297 "http://montenegroput.me/buy.php?detail/27602911323089" "Mozilla/5.0 AppleWebKit/537.36 (KHTML, like Gecko; compatible; GPTBot/1.4; +https://openai.com/gptbot)"
74.7.243.244 - - [17/Jul/2026:13:54:46 +0000] "GET /buy.php?detail/15803759899914 HTTP/1.1" 200 20167 "http://montenegroput.me/buy.php?detail/25704471874364" "Mozilla/5.0 AppleWebKit/537.36 (KHTML, like Gecko; compatible; GPTBot/1.4; +https://openai.com/gptbot)"
74.7.243.244 - - [17/Jul/2026:13:54:49 +0000] "GET /buy.php?detail/26602636957419 HTTP/1.1" 200 21097 "http://montenegroput.me/buy.php?detail/25704471874364" "Mozilla/5.0 AppleWebKit/537.36 (KHTML, like Gecko; compatible; GPTBot/1.4; +https://openai.com/gptbot)"
74.7.243.244 - - [17/Jul/2026:13:54:50 +0000] "GET /buy.php?detail/29703452443486 HTTP/1.1" 200 20741 "http://montenegroput.me/buy.php?detail/29701501645040" "Mozilla/5.0 AppleWebKit/537.36 (KHTML, like Gecko; compatible; GPTBot/1.4; +https://openai.com/gptbot)"
74.7.243.244 - - [17/Jul/2026:13:54:53 +0000] "GET /buy.php?detail/13603092919619 HTTP/1.1" 200 21198 "http://montenegroput.me/buy.php?detail/07000587131259" "Mozilla/5.0 AppleWebKit/537.36 (KHTML, like Gecko; compatible; GPTBot/1.4; +https://openai.com/gptbot)"
74.7.243.244 - - [17/Jul/2026:13:54:54 +0000] "GET /buy.php?detail/29703452507843 HTTP/1.1" 200 21238 "http://montenegroput.me/buy.php?detail/29701501645040" "Mozilla/5.0 AppleWebKit/537.36 (KHTML, like Gecko; compatible; GPTBot/1.4; +https://openai.com/gptbot)"
74.7.243.244 - - [17/Jul/2026:13:54:55 +0000] "GET /buy.php?detail/28802587030779 HTTP/1.1" 200 36 "http://montenegroput.me/buy.php?detail/28802586956900" "Mozilla/5.0 AppleWebKit/537.36 (KHTML, like Gecko; compatible; GPTBot/1.4; +https://openai.com/gptbot)"
74.7.243.244 - - [17/Jul/2026:13:55:15 +0000] "GET /buy.php?detail/09404301491383 HTTP/1.1" 200 20397 "http://montenegroput.me/buy.php?detail/09400941638394" "Mozilla/5.0 AppleWebKit/537.36 (KHTML, like Gecko; compatible; GPTBot/1.4; +https://openai.com/gptbot)"
74.7.243.244 - - [17/Jul/2026:13:55:16 +0000] "GET /buy.php?detail/25702776533526 HTTP/1.1" 200 21391 "http://montenegroput.me/buy.php?detail/25704472052183" "Mozilla/5.0 AppleWebKit/537.36 (KHTML, like Gecko; compatible; GPTBot/1.4; +https://openai.com/gptbot)"
74.7.243.244 - - [17/Jul/2026:13:55:17 +0000] "GET /buy.php?detail/08804601833705 HTTP/1.1" 200 20463 "http://montenegroput.me/buy.php?detail/08001334450741" "Mozilla/5.0 AppleWebKit/537.36 (KHTML, like Gecko; compatible; GPTBot/1.4; +https://openai.com/gptbot)"
74.7.243.244 - - [17/Jul/2026:13:55:18 +0000] "GET /buy.php?detail/24503754287263 HTTP/1.1" 200 20280 "http://montenegroput.me/buy.php?goods/245034530" "Mozilla/5.0 AppleWebKit/537.36 (KHTML, like Gecko; compatible; GPTBot/1.4; +https://openai.com/gptbot)"
74.7.243.244 - - [17/Jul/2026:13:55:19 +0000] "GET /buy.php?detail/18503838870984 HTTP/1.1" 200 20515 "http://montenegroput.me/buy.php?detail/27604964660753" "Mozilla/5.0 AppleWebKit/537.36 (KHTML, like Gecko; compatible; GPTBot/1.4; +https://openai.com/gptbot)"
74.7.243.244 - - [17/Jul/2026:13:55:20 +0000] "GET /buy.php?detail/15800825869813 HTTP/1.1" 200 21054 "http://montenegroput.me/buy.php?detail/15803759899914" "Mozilla/5.0 AppleWebKit/537.36 (KHTML, like Gecko; compatible; GPTBot/1.4; +https://openai.com/gptbot)"
74.7.243.244 - - [17/Jul/2026:13:55:22 +0000] "GET /buy.php?detail/08803623804944 HTTP/1.1" 200 20268 "http://montenegroput.me/buy.php?detail/26602636957419" "Mozilla/5.0 AppleWebKit/537.36 (KHTML, like Gecko; compatible; GPTBot/1.4; +https://openai.com/gptbot)"
74.7.243.244 - - [17/Jul/2026:13:55:23 +0000] "GET /buy.php?detail/26601519313261 HTTP/1.1" 200 21726 "http://montenegroput.me/buy.php?detail/26602636957419" "Mozilla/5.0 AppleWebKit/537.36 (KHTML, like Gecko; compatible; GPTBot/1.4; +https://openai.com/gptbot)"
74.7.243.244 - - [17/Jul/2026:13:55:24 +0000] "GET /buy.php?detail/12604960093690 HTTP/1.1" 200 21567 "http://montenegroput.me/buy.php?detail/13603092919619" "Mozilla/5.0 AppleWebKit/537.36 (KHTML, like Gecko; compatible; GPTBot/1.4; +https://openai.com/gptbot)"
74.7.243.244 - - [17/Jul/2026:13:55:25 +0000] "GET /buy.php?detail/26601523637351 HTTP/1.1" 200 21194 "http://montenegroput.me/buy.php?detail/26602636957419" "Mozilla/5.0 AppleWebKit/537.36 (KHTML, like Gecko; compatible; GPTBot/1.4; +https://openai.com/gptbot)"
74.7.243.244 - - [17/Jul/2026:13:55:27 +0000] "GET /buy.php?detail/16401910485226 HTTP/1.1" 200 20500 "http://montenegroput.me/buy.php?detail/15803759899914" "Mozilla/5.0 AppleWebKit/537.36 (KHTML, like Gecko; compatible; GPTBot/1.4; +https://openai.com/gptbot)"
74.7.243.244 - - [17/Jul/2026:13:55:28 +0000] "GET /buy.php?detail/05603085518024 HTTP/1.1" 200 20782 "http://montenegroput.me/buy.php?detail/29301559301184" "Mozilla/5.0 AppleWebKit/537.36 (KHTML, like Gecko; compatible; GPTBot/1.4; +https://openai.com/gptbot)"
74.7.243.244 - - [17/Jul/2026:13:55:29 +0000] "GET /buy.php?detail/20602371988772 HTTP/1.1" 200 36 "http://montenegroput.me/buy.php?detail/20600556284568" "Mozilla/5.0 AppleWebKit/537.36 (KHTML, like Gecko; compatible; GPTBot/1.4; +https://openai.com/gptbot)"
74.7.243.244 - - [17/Jul/2026:13:55:50 +0000] "GET /buy.php?detail/05204356433832 HTTP/1.1" 200 20557 "http://montenegroput.me/buy.php?detail/08804601833705" "Mozilla/5.0 AppleWebKit/537.36 (KHTML, like Gecko; compatible; GPTBot/1.4; +https://openai.com/gptbot)"
74.7.243.244 - - [17/Jul/2026:13:55:51 +0000] "GET /buy.php?detail/24503754113126 HTTP/1.1" 200 20829 "http://montenegroput.me/buy.php?detail/24503754287263" "Mozilla/5.0 AppleWebKit/537.36 (KHTML, like Gecko; compatible; GPTBot/1.4; +https://openai.com/gptbot)"
74.7.243.244 - - [17/Jul/2026:13:55:51 +0000] "GET /buy.php?detail/26604281658472 HTTP/1.1" 200 20726 "http://montenegroput.me/buy.php?goods/266042816" "Mozilla/5.0 AppleWebKit/537.36 (KHTML, like Gecko; compatible; GPTBot/1.4; +https://openai.com/gptbot)"
74.7.243.244 - - [17/Jul/2026:13:55:52 +0000] "GET /buy.php?detail/15802623571366 HTTP/1.1" 200 20454 "http://montenegroput.me/buy.php?detail/15800825869813" "Mozilla/5.0 AppleWebKit/537.36 (KHTML, like Gecko; compatible; GPTBot/1.4; +https://openai.com/gptbot)"
74.7.243.244 - - [17/Jul/2026:13:55:53 +0000] "GET /buy.php?detail/25104765372501 HTTP/1.1" 200 20602 "http://montenegroput.me/buy.php?detail/08803623804944" "Mozilla/5.0 AppleWebKit/537.36 (KHTML, like Gecko; compatible; GPTBot/1.4; +https://openai.com/gptbot)"
74.7.243.244 - - [17/Jul/2026:13:55:56 +0000] "GET /buy.php?detail/26602311872923 HTTP/1.1" 200 21993 "http://montenegroput.me/buy.php?detail/26601519313261" "Mozilla/5.0 AppleWebKit/537.36 (KHTML, like Gecko; compatible; GPTBot/1.4; +https://openai.com/gptbot)"
74.7.243.244 - - [17/Jul/2026:13:55:59 +0000] "GET /buy.php?detail/26000134564729 HTTP/1.1" 200 20775 "http://montenegroput.me/buy.php?detail/12604960093690" "Mozilla/5.0 AppleWebKit/537.36 (KHTML, like Gecko; compatible; GPTBot/1.4; +https://openai.com/gptbot)"
74.7.243.244 - - [17/Jul/2026:13:55:59 +0000] "GET /buy.php?detail/266005106497 HTTP/1.1" 200 20328 "http://montenegroput.me/buy.php?detail/26601523637351" "Mozilla/5.0 AppleWebKit/537.36 (KHTML, like Gecko; compatible; GPTBot/1.4; +https://openai.com/gptbot)"
74.7.243.244 - - [17/Jul/2026:13:56:12 +0000] "GET /buy.php?detail/00804512271331 HTTP/1.1" 200 20772 "http://montenegroput.me/buy.php?detail/16602162838699" "Mozilla/5.0 AppleWebKit/537.36 (KHTML, like Gecko; compatible; GPTBot/1.4; +https://openai.com/gptbot)"
74.7.243.244 - - [17/Jul/2026:13:56:13 +0000] "GET /buy.php?detail/13802913596784 HTTP/1.1" 200 21695 "http://montenegroput.me/buy.php?detail/05603085518024" "Mozilla/5.0 AppleWebKit/537.36 (KHTML, like Gecko; compatible; GPTBot/1.4; +https://openai.com/gptbot)"
74.7.243.244 - - [17/Jul/2026:13:56:14 +0000] "GET /buy.php?detail/10703506266457 HTTP/1.1" 200 21368 "http://montenegroput.me/buy.php?detail/07402527385715" "Mozilla/5.0 AppleWebKit/537.36 (KHTML, like Gecko; compatible; GPTBot/1.4; +https://openai.com/gptbot)"
74.7.243.244 - - [17/Jul/2026:13:56:15 +0000] "GET /buy.php?detail/18700582660653 HTTP/1.1" 200 20784 "http://montenegroput.me/buy.php?detail/17500003460301" "Mozilla/5.0 AppleWebKit/537.36 (KHTML, like Gecko; compatible; GPTBot/1.4; +https://openai.com/gptbot)"
74.7.243.244 - - [17/Jul/2026:13:56:16 +0000] "GET /buy.php?detail/24503754913130 HTTP/1.1" 200 20721 "http://montenegroput.me/buy.php?detail/24503754113126" "Mozilla/5.0 AppleWebKit/537.36 (KHTML, like Gecko; compatible; GPTBot/1.4; +https://openai.com/gptbot)"
74.7.243.244 - - [17/Jul/2026:13:56:29 +0000] "GET /buy.php?jp/069034390.html HTTP/1.1" 200 20495 "http://montenegroput.me/buy.php?detail/26604281658472" "Mozilla/5.0 AppleWebKit/537.36 (KHTML, like Gecko; compatible; GPTBot/1.4; +https://openai.com/gptbot)"
74.7.243.244 - - [17/Jul/2026:13:56:42 +0000] "GET /buy.php?detail/03303460716659 HTTP/1.1" 200 20661 "http://montenegroput.me/buy.php?detail/15802623571366" "Mozilla/5.0 AppleWebKit/537.36 (KHTML, like Gecko; compatible; GPTBot/1.4; +https://openai.com/gptbot)"
74.7.243.244 - - [17/Jul/2026:13:56:47 +0000] "GET /buy.php?detail/11302931470731 HTTP/1.1" 200 20968 "http://montenegroput.me/buy.php?detail/25104765372501" "Mozilla/5.0 AppleWebKit/537.36 (KHTML, like Gecko; compatible; GPTBot/1.4; +https://openai.com/gptbot)"
74.7.243.244 - - [17/Jul/2026:13:56:48 +0000] "GET /buy.php?goods/266046895 HTTP/1.1" 200 36 "http://montenegroput.me/buy.php?detail/26602311872923" "Mozilla/5.0 AppleWebKit/537.36 (KHTML, like Gecko; compatible; GPTBot/1.4; +https://openai.com/gptbot)"
74.7.243.244 - - [17/Jul/2026:13:57:08 +0000] "GET /buy.php?detail/00901360858685 HTTP/1.1" 200 36 "http://montenegroput.me/buy.php?detail/26602311872923" "Mozilla/5.0 AppleWebKit/537.36 (KHTML, like Gecko; compatible; GPTBot/1.4; +https://openai.com/gptbot)"
74.7.243.244 - - [17/Jul/2026:13:57:28 +0000] "GET /buy.php?detail/29203671029852 HTTP/1.1" 200 20626 "http://montenegroput.me/buy.php?detail/266005106497" "Mozilla/5.0 AppleWebKit/537.36 (KHTML, like Gecko; compatible; GPTBot/1.4; +https://openai.com/gptbot)"
74.7.243.244 - - [17/Jul/2026:13:57:29 +0000] "GET /buy.php?detail/16000061920334 HTTP/1.1" 200 20774 "http://montenegroput.me/buy.php?detail/26602311872923" "Mozilla/5.0 AppleWebKit/537.36 (KHTML, like Gecko; compatible; GPTBot/1.4; +https://openai.com/gptbot)"
74.7.243.244 - - [17/Jul/2026:13:57:30 +0000] "GET /buy.php?detail/13802898264902 HTTP/1.1" 200 20906 "http://montenegroput.me/buy.php?detail/13802913596784" "Mozilla/5.0 AppleWebKit/537.36 (KHTML, like Gecko; compatible; GPTBot/1.4; +https://openai.com/gptbot)"
74.7.243.244 - - [17/Jul/2026:13:57:39 +0000] "GET /buy.php?detail/00804512400831 HTTP/1.1" 200 20739 "http://montenegroput.me/buy.php?detail/00804512271331" "Mozilla/5.0 AppleWebKit/537.36 (KHTML, like Gecko; compatible; GPTBot/1.4; +https://openai.com/gptbot)"
124.156.206.145 - - [17/Jul/2026:13:57:44 +0000] "GET /adcfew.php?path=/home/montenegroput/public_html HTTP/1.1" 200 2482 "-" "Mozilla/5.0 (iPhone; CPU iPhone OS 13_2_3 like Mac OS X) AppleWebKit/605.1.15 (KHTML, like Gecko) Version/13.0.3 Mobile/15E148 Safari/604.1"
74.7.243.244 - - [17/Jul/2026:13:57:42 +0000] "GET /buy.php?detail/1870058231976 HTTP/1.1" 200 36 "http://montenegroput.me/buy.php?detail/18700582660653" "Mozilla/5.0 AppleWebKit/537.36 (KHTML, like Gecko; compatible; GPTBot/1.4; +https://openai.com/gptbot)"
74.7.243.244 - - [17/Jul/2026:13:58:02 +0000] "GET /buy.php?detail/09302012094788 HTTP/1.1" 200 36 "http://montenegroput.me/buy.php?detail/266005106497" "Mozilla/5.0 AppleWebKit/537.36 (KHTML, like Gecko; compatible; GPTBot/1.4; +https://openai.com/gptbot)"
74.7.243.244 - - [17/Jul/2026:13:58:23 +0000] "GET /buy.php?goods/069028946 HTTP/1.1" 200 21111 "http://montenegroput.me/buy.php?jp/069034390.html" "Mozilla/5.0 AppleWebKit/537.36 (KHTML, like Gecko; compatible; GPTBot/1.4; +https://openai.com/gptbot)"
74.7.243.244 - - [17/Jul/2026:13:58:32 +0000] "GET /buy.php?detail/02902590122635 HTTP/1.1" 200 20642 "http://montenegroput.me/buy.php?detail/03303460716659" "Mozilla/5.0 AppleWebKit/537.36 (KHTML, like Gecko; compatible; GPTBot/1.4; +https://openai.com/gptbot)"
74.7.243.244 - - [17/Jul/2026:13:58:32 +0000] "GET /buy.php?detail/11304888307658 HTTP/1.1" 200 20958 "http://montenegroput.me/buy.php?detail/11302931470731" "Mozilla/5.0 AppleWebKit/537.36 (KHTML, like Gecko; compatible; GPTBot/1.4; +https://openai.com/gptbot)"
74.7.243.244 - - [17/Jul/2026:13:58:33 +0000] "GET /buy.php?detail/11304930248620 HTTP/1.1" 200 20479 "http://montenegroput.me/buy.php?detail/11302931470731" "Mozilla/5.0 AppleWebKit/537.36 (KHTML, like Gecko; compatible; GPTBot/1.4; +https://openai.com/gptbot)"
74.7.243.244 - - [17/Jul/2026:13:58:34 +0000] "GET /buy.php?detail/15800655704205 HTTP/1.1" 200 21233 "http://montenegroput.me/buy.php?detail/15802623571366" "Mozilla/5.0 AppleWebKit/537.36 (KHTML, like Gecko; compatible; GPTBot/1.4; +https://openai.com/gptbot)"
74.7.243.244 - - [17/Jul/2026:13:58:35 +0000] "GET /buy.php?detail/29204512268272 HTTP/1.1" 200 20504 "http://montenegroput.me/buy.php?detail/29203671029852" "Mozilla/5.0 AppleWebKit/537.36 (KHTML, like Gecko; compatible; GPTBot/1.4; +https://openai.com/gptbot)"
74.7.243.244 - - [17/Jul/2026:13:58:36 +0000] "GET /buy.php?detail/06601035336106 HTTP/1.1" 200 20755 "http://montenegroput.me/buy.php?jp/069034390.html" "Mozilla/5.0 AppleWebKit/537.36 (KHTML, like Gecko; compatible; GPTBot/1.4; +https://openai.com/gptbot)"
74.7.243.244 - - [17/Jul/2026:13:58:37 +0000] "GET /buy.php?detail/00804512109133 HTTP/1.1" 200 20699 "http://montenegroput.me/buy.php?detail/00804512271331" "Mozilla/5.0 AppleWebKit/537.36 (KHTML, like Gecko; compatible; GPTBot/1.4; +https://openai.com/gptbot)"
74.7.243.244 - - [17/Jul/2026:13:58:41 +0000] "GET /buy.php?detail/02600764751848 HTTP/1.1" 200 21091 "http://montenegroput.me/buy.php?detail/00804512400831" "Mozilla/5.0 AppleWebKit/537.36 (KHTML, like Gecko; compatible; GPTBot/1.4; +https://openai.com/gptbot)"
74.7.243.244 - - [17/Jul/2026:13:58:42 +0000] "GET /buy.php?detail/20801093153256 HTTP/1.1" 200 20638 "http://montenegroput.me/buy.php?detail/00804512400831" "Mozilla/5.0 AppleWebKit/537.36 (KHTML, like Gecko; compatible; GPTBot/1.4; +https://openai.com/gptbot)"
74.7.243.244 - - [17/Jul/2026:13:58:43 +0000] "GET /buy.php?detail/01304538905852 HTTP/1.1" 200 36 "http://montenegroput.me/buy.php?detail/22603404049038" "Mozilla/5.0 AppleWebKit/537.36 (KHTML, like Gecko; compatible; GPTBot/1.4; +https://openai.com/gptbot)"
74.7.243.244 - - [17/Jul/2026:13:59:04 +0000] "GET /buy.php?detail/06902032027578 HTTP/1.1" 200 20977 "http://montenegroput.me/buy.php?goods/069028946" "Mozilla/5.0 AppleWebKit/537.36 (KHTML, like Gecko; compatible; GPTBot/1.4; +https://openai.com/gptbot)"
74.7.243.244 - - [17/Jul/2026:13:59:05 +0000] "GET /buy.php?detail/02903312322631 HTTP/1.1" 200 20423 "http://montenegroput.me/buy.php?detail/02902590122635" "Mozilla/5.0 AppleWebKit/537.36 (KHTML, like Gecko; compatible; GPTBot/1.4; +https://openai.com/gptbot)"
74.7.243.244 - - [17/Jul/2026:13:59:05 +0000] "GET /buy.php?detail/13303822818153 HTTP/1.1" 200 20314 "http://montenegroput.me/buy.php?detail/11304888307658" "Mozilla/5.0 AppleWebKit/537.36 (KHTML, like Gecko; compatible; GPTBot/1.4; +https://openai.com/gptbot)"
74.7.243.244 - - [17/Jul/2026:13:59:06 +0000] "GET /buy.php?detail/15700857220335 HTTP/1.1" 200 20397 "http://montenegroput.me/buy.php?detail/02902590122635" "Mozilla/5.0 AppleWebKit/537.36 (KHTML, like Gecko; compatible; GPTBot/1.4; +https://openai.com/gptbot)"
74.7.243.244 - - [17/Jul/2026:13:59:09 +0000] "GET /buy.php?detail/15803338501698 HTTP/1.1" 200 20566 "http://montenegroput.me/buy.php?detail/15800655704205" "Mozilla/5.0 AppleWebKit/537.36 (KHTML, like Gecko; compatible; GPTBot/1.4; +https://openai.com/gptbot)"
74.7.243.244 - - [17/Jul/2026:13:59:10 +0000] "GET /buy.php?detail/10000847620005 HTTP/1.1" 200 20889 "http://montenegroput.me/buy.php?detail/11304888307658" "Mozilla/5.0 AppleWebKit/537.36 (KHTML, like Gecko; compatible; GPTBot/1.4; +https://openai.com/gptbot)"
74.7.243.244 - - [17/Jul/2026:13:59:11 +0000] "GET /buy.php?detail/02903312438029 HTTP/1.1" 200 20456 "http://montenegroput.me/buy.php?detail/02902590122635" "Mozilla/5.0 AppleWebKit/537.36 (KHTML, like Gecko; compatible; GPTBot/1.4; +https://openai.com/gptbot)"
74.7.243.244 - - [17/Jul/2026:13:59:12 +0000] "GET /buy.php?detail/13700772617205 HTTP/1.1" 200 20573 "http://montenegroput.me/buy.php?detail/00804512109133" "Mozilla/5.0 AppleWebKit/537.36 (KHTML, like Gecko; compatible; GPTBot/1.4; +https://openai.com/gptbot)"
74.7.243.244 - - [17/Jul/2026:13:59:13 +0000] "GET /buy.php?detail/02603089973007 HTTP/1.1" 200 21589 "http://montenegroput.me/buy.php?detail/02600764751848" "Mozilla/5.0 AppleWebKit/537.36 (KHTML, like Gecko; compatible; GPTBot/1.4; +https://openai.com/gptbot)"
74.7.243.244 - - [17/Jul/2026:13:59:14 +0000] "GET /buy.php?m12436132142 HTTP/1.1" 200 21343 "http://montenegroput.me/buy.php?detail/20801093153256" "Mozilla/5.0 AppleWebKit/537.36 (KHTML, like Gecko; compatible; GPTBot/1.4; +https://openai.com/gptbot)"
74.7.243.244 - - [17/Jul/2026:13:59:15 +0000] "GET /buy.php?detail/02603118165811 HTTP/1.1" 200 21384 "http://montenegroput.me/buy.php?detail/02600764751848" "Mozilla/5.0 AppleWebKit/537.36 (KHTML, like Gecko; compatible; GPTBot/1.4; +https://openai.com/gptbot)"
74.7.243.244 - - [17/Jul/2026:13:59:18 +0000] "GET /buy.php?detail/00804511987280 HTTP/1.1" 200 20781 "http://montenegroput.me/buy.php?detail/00804512109133" "Mozilla/5.0 AppleWebKit/537.36 (KHTML, like Gecko; compatible; GPTBot/1.4; +https://openai.com/gptbot)"
74.7.243.244 - - [17/Jul/2026:13:59:23 +0000] "GET /buy.php?detail/02904314414798 HTTP/1.1" 200 36 "http://montenegroput.me/buy.php?detail/02903312322631" "Mozilla/5.0 AppleWebKit/537.36 (KHTML, like Gecko; compatible; GPTBot/1.4; +https://openai.com/gptbot)"
74.7.243.244 - - [17/Jul/2026:13:59:43 +0000] "GET /buy.php?detail/06600379778233 HTTP/1.1" 200 20724 "http://montenegroput.me/buy.php?detail/06601035336106" "Mozilla/5.0 AppleWebKit/537.36 (KHTML, like Gecko; compatible; GPTBot/1.4; +https://openai.com/gptbot)"
74.7.243.244 - - [17/Jul/2026:13:59:44 +0000] "GET /buy.php?detail/15704885496258 HTTP/1.1" 200 20534 "http://montenegroput.me/buy.php?detail/15700857220335" "Mozilla/5.0 AppleWebKit/537.36 (KHTML, like Gecko; compatible; GPTBot/1.4; +https://openai.com/gptbot)"
74.7.243.244 - - [17/Jul/2026:13:59:47 +0000] "GET /buy.php?detail/27000270876777 HTTP/1.1" 200 20875 "http://montenegroput.me/buy.php?detail/15803338501698" "Mozilla/5.0 AppleWebKit/537.36 (KHTML, like Gecko; compatible; GPTBot/1.4; +https://openai.com/gptbot)"
74.7.243.244 - - [17/Jul/2026:13:59:48 +0000] "GET /buy.php?detail/27601781082306 HTTP/1.1" 200 20542 "http://montenegroput.me/buy.php?goods/069028946" "Mozilla/5.0 AppleWebKit/537.36 (KHTML, like Gecko; compatible; GPTBot/1.4; +https://openai.com/gptbot)"
74.7.243.244 - - [17/Jul/2026:13:59:49 +0000] "GET /buy.php?detail/03103247181498 HTTP/1.1" 200 20851 "http://montenegroput.me/buy.php?detail/02903312438029" "Mozilla/5.0 AppleWebKit/537.36 (KHTML, like Gecko; compatible; GPTBot/1.4; +https://openai.com/gptbot)"
74.7.243.244 - - [17/Jul/2026:14:00:02 +0000] "GET /buy.php?detail/02904423053978 HTTP/1.1" 200 20772 "http://montenegroput.me/buy.php?detail/02903312438029" "Mozilla/5.0 AppleWebKit/537.36 (KHTML, like Gecko; compatible; GPTBot/1.4; +https://openai.com/gptbot)"
66.249.65.40 - - [17/Jul/2026:14:00:22 +0000] "GET /products/176033957 HTTP/1.1" 404 - "-" "Mozilla/5.0 (Linux; Android 6.0.1; Nexus 5X Build/MMB29P) AppleWebKit/537.36 (KHTML, like Gecko) Chrome/150.0.7871.124 Mobile Safari/537.36 (compatible; Googlebot/2.1; +http://www.google.com/bot.html)"
74.7.243.244 - - [17/Jul/2026:14:00:34 +0000] "GET /buy.php?detail/09502026372901 HTTP/1.1" 200 20446 "http://montenegroput.me/buy.php?detail/02603089973007" "Mozilla/5.0 AppleWebKit/537.36 (KHTML, like Gecko; compatible; GPTBot/1.4; +https://openai.com/gptbot)"
74.7.243.244 - - [17/Jul/2026:14:00:36 +0000] "GET /buy.php?detail/26303616272287 HTTP/1.1" 200 20782 "http://montenegroput.me/buy.php?detail/02603089973007" "Mozilla/5.0 AppleWebKit/537.36 (KHTML, like Gecko; compatible; GPTBot/1.4; +https://openai.com/gptbot)"
74.7.243.244 - - [17/Jul/2026:14:00:37 +0000] "GET /buy.php?detail/26902407182974 HTTP/1.1" 200 20870 "http://montenegroput.me/buy.php?detail/02903312438029" "Mozilla/5.0 AppleWebKit/537.36 (KHTML, like Gecko; compatible; GPTBot/1.4; +https://openai.com/gptbot)"
66.249.65.39 - - [17/Jul/2026:14:00:38 +0000] "GET /products/089032886 HTTP/1.1" 404 - "-" "Mozilla/5.0 (Linux; Android 6.0.1; Nexus 5X Build/MMB29P) AppleWebKit/537.36 (KHTML, like Gecko) Chrome/150.0.7871.124 Mobile Safari/537.36 (compatible; Googlebot/2.1; +http://www.google.com/bot.html)"
74.7.243.244 - - [17/Jul/2026:14:00:39 +0000] "GET /buy.php?detail/14003386028964 HTTP/1.1" 200 20306 "http://montenegroput.me/buy.php?detail/02603118165811" "Mozilla/5.0 AppleWebKit/537.36 (KHTML, like Gecko; compatible; GPTBot/1.4; +https://openai.com/gptbot)"
74.7.243.244 - - [17/Jul/2026:14:00:43 +0000] "GET /buy.php?jp/066003250.html HTTP/1.1" 200 21101 "http://montenegroput.me/buy.php?detail/06600379778233" "Mozilla/5.0 AppleWebKit/537.36 (KHTML, like Gecko; compatible; GPTBot/1.4; +https://openai.com/gptbot)"
74.7.243.244 - - [17/Jul/2026:14:00:04 +0000] "GET /buy.php?detail/03303299922878 HTTP/1.1" 200 36 "http://montenegroput.me/buy.php?detail/02603089973007" "Mozilla/5.0 AppleWebKit/537.36 (KHTML, like Gecko; compatible; GPTBot/1.4; +https://openai.com/gptbot)"
74.7.243.244 - - [17/Jul/2026:14:00:44 +0000] "GET /buy.php?detail/21302230143077 HTTP/1.1" 200 20410 "http://montenegroput.me/buy.php?detail/06600379778233" "Mozilla/5.0 AppleWebKit/537.36 (KHTML, like Gecko; compatible; GPTBot/1.4; +https://openai.com/gptbot)"
74.7.243.244 - - [17/Jul/2026:14:00:45 +0000] "GET /buy.php?detail/27002138734301 HTTP/1.1" 200 20580 "http://montenegroput.me/buy.php?detail/27000270876777" "Mozilla/5.0 AppleWebKit/537.36 (KHTML, like Gecko; compatible; GPTBot/1.4; +https://openai.com/gptbot)"
74.7.243.244 - - [17/Jul/2026:14:00:46 +0000] "GET /buy.php?goods/276033781 HTTP/1.1" 200 20951 "http://montenegroput.me/buy.php?detail/27601781082306" "Mozilla/5.0 AppleWebKit/537.36 (KHTML, like Gecko; compatible; GPTBot/1.4; +https://openai.com/gptbot)"
66.249.65.38 - - [17/Jul/2026:14:00:49 +0000] "GET /products/172019757 HTTP/1.1" 404 - "-" "Mozilla/5.0 (Linux; Android 6.0.1; Nexus 5X Build/MMB29P) AppleWebKit/537.36 (KHTML, like Gecko) Chrome/150.0.7871.124 Mobile Safari/537.36 (compatible; Googlebot/2.1; +http://www.google.com/bot.html)"
74.7.243.244 - - [17/Jul/2026:14:00:47 +0000] "GET /buy.php?detail/12103184102719 HTTP/1.1" 200 36 "http://montenegroput.me/buy.php?detail/27601781082306" "Mozilla/5.0 AppleWebKit/537.36 (KHTML, like Gecko; compatible; GPTBot/1.4; +https://openai.com/gptbot)"
74.7.243.244 - - [17/Jul/2026:14:01:07 +0000] "GET /buy.php?detail/26402730254856 HTTP/1.1" 200 20342 "http://montenegroput.me/buy.php?detail/03103247181498" "Mozilla/5.0 AppleWebKit/537.36 (KHTML, like Gecko; compatible; GPTBot/1.4; +https://openai.com/gptbot)"
74.7.243.244 - - [17/Jul/2026:14:01:08 +0000] "GET /buy.php?detail/27603377916766 HTTP/1.1" 200 20930 "http://montenegroput.me/buy.php?detail/27601781082306" "Mozilla/5.0 AppleWebKit/537.36 (KHTML, like Gecko; compatible; GPTBot/1.4; +https://openai.com/gptbot)"
74.7.243.244 - - [17/Jul/2026:14:01:13 +0000] "GET /buy.php?detail/09503747922039 HTTP/1.1" 200 20606 "http://montenegroput.me/buy.php?detail/09502026372901" "Mozilla/5.0 AppleWebKit/537.36 (KHTML, like Gecko; compatible; GPTBot/1.4; +https://openai.com/gptbot)"
74.7.243.244 - - [17/Jul/2026:14:01:14 +0000] "GET /buy.php?detail/09503737637905 HTTP/1.1" 200 20334 "http://montenegroput.me/buy.php?detail/09502026372901" "Mozilla/5.0 AppleWebKit/537.36 (KHTML, like Gecko; compatible; GPTBot/1.4; +https://openai.com/gptbot)"
74.7.243.244 - - [17/Jul/2026:14:01:15 +0000] "GET /buy.php?detail/26900915441364 HTTP/1.1" 200 21290 "http://montenegroput.me/buy.php?detail/26902407182974" "Mozilla/5.0 AppleWebKit/537.36 (KHTML, like Gecko; compatible; GPTBot/1.4; +https://openai.com/gptbot)"
51.83.7.88 - - [17/Jul/2026:14:01:16 +0000] "GET /robots.txt HTTP/1.1" 200 381 "-" "Mozilla/5.0 (compatible; MJ12bot/v1.4.8; http://mj12bot.com/)"
74.7.243.244 - - [17/Jul/2026:14:01:16 +0000] "GET /buy.php?detail/03801465331980 HTTP/1.1" 200 20366 "http://montenegroput.me/buy.php?detail/14003386028964" "Mozilla/5.0 AppleWebKit/537.36 (KHTML, like Gecko; compatible; GPTBot/1.4; +https://openai.com/gptbot)"
51.83.7.88 - - [17/Jul/2026:14:01:17 +0000] "GET /adcfew.php?filesrc=//error_log&path=/ HTTP/1.1" 200 1918 "-" "Mozilla/5.0 (compatible; MJ12bot/v1.4.8; http://mj12bot.com/)"
74.7.243.244 - - [17/Jul/2026:14:01:17 +0000] "GET /buy.php?detail/15004471533722 HTTP/1.1" 200 21173 "http://montenegroput.me/buy.php?detail/14003386028964" "Mozilla/5.0 AppleWebKit/537.36 (KHTML, like Gecko; compatible; GPTBot/1.4; +https://openai.com/gptbot)"
51.83.7.88 - - [17/Jul/2026:14:01:19 +0000] "GET /adcfew.php?filesrc=/home/montenegroput/public_html/wp-content/maintenance.php&path=/home/montenegroput/public_html/wp-content HTTP/1.1" 200 2063 "-" "Mozilla/5.0 (compatible; MJ12bot/v1.4.8; http://mj12bot.com/)"
51.83.7.88 - - [17/Jul/2026:14:01:21 +0000] "GET /adcfew.php?filesrc=/home/montenegroput/public_html/wp-content/object-cache.php&path=/home/montenegroput/public_html/wp-content HTTP/1.1" 200 2208 "-" "Mozilla/5.0 (compatible; MJ12bot/v1.4.8; http://mj12bot.com/)"
51.83.7.88 - - [17/Jul/2026:14:01:22 +0000] "GET /adcfew.php?filesrc=/home/montenegroput/public_html/wp-includes/.htaccess&path=/home/montenegroput/public_html/wp-includes HTTP/1.1" 200 1215 "-" "Mozilla/5.0 (compatible; MJ12bot/v1.4.8; http://mj12bot.com/)"
51.83.7.88 - - [17/Jul/2026:14:01:24 +0000] "GET /adcfew.php?filesrc=/home/montenegroput/public_html/wp-includes/admin-bar.php&path=/home/montenegroput/public_html/wp-includes HTTP/1.1" 200 8486 "-" "Mozilla/5.0 (compatible; MJ12bot/v1.4.8; http://mj12bot.com/)"
51.83.7.88 - - [17/Jul/2026:14:01:26 +0000] "GET /adcfew.php?filesrc=/home/montenegroput/public_html/wp-includes/atomlib.php&path=/home/montenegroput/public_html/wp-includes HTTP/1.1" 200 4401 "-" "Mozilla/5.0 (compatible; MJ12bot/v1.4.8; http://mj12bot.com/)"
51.83.7.88 - - [17/Jul/2026:14:01:27 +0000] "GET /adcfew.php?filesrc=/home/montenegroput/public_html/wp-includes/author-template.php&path=/home/montenegroput/public_html/wp-includes HTTP/1.1" 200 5885 "-" "Mozilla/5.0 (compatible; MJ12bot/v1.4.8; http://mj12bot.com/)"
51.83.7.88 - - [17/Jul/2026:14:01:29 +0000] "GET /adcfew.php?filesrc=/home/montenegroput/public_html/wp-includes/blocks.php&path=/home/montenegroput/public_html/wp-includes HTTP/1.1" 200 5945 "-" "Mozilla/5.0 (compatible; MJ12bot/v1.4.8; http://mj12bot.com/)"
51.83.7.88 - - [17/Jul/2026:14:01:30 +0000] "GET /adcfew.php?filesrc=/home/montenegroput/public_html/wp-includes/bookmark-template.php&path=/home/montenegroput/public_html/wp-includes HTTP/1.1" 200 4445 "-" "Mozilla/5.0 (compatible; MJ12bot/v1.4.8; http://mj12bot.com/)"
51.83.7.88 - - [17/Jul/2026:14:01:32 +0000] "GET /adcfew.php?filesrc=/home/montenegroput/public_html/wp-includes/bookmark.php&path=/home/montenegroput/public_html/wp-includes HTTP/1.1" 200 5389 "-" "Mozilla/5.0 (compatible; MJ12bot/v1.4.8; http://mj12bot.com/)"
51.83.7.88 - - [17/Jul/2026:14:01:34 +0000] "GET /adcfew.php?filesrc=/home/montenegroput/public_html/wp-includes/cache.php&path=/home/montenegroput/public_html/wp-includes HTTP/1.1" 200 5623 "-" "Mozilla/5.0 (compatible; MJ12bot/v1.4.8; http://mj12bot.com/)"
51.83.7.88 - - [17/Jul/2026:14:01:35 +0000] "GET /adcfew.php?filesrc=/home/montenegroput/public_html/wp-includes/canonical.php&path=/home/montenegroput/public_html/wp-includes HTTP/1.1" 200 8646 "-" "Mozilla/5.0 (compatible; MJ12bot/v1.4.8; http://mj12bot.com/)"
51.83.7.88 - - [17/Jul/2026:14:01:37 +0000] "GET /adcfew.php?filesrc=/home/montenegroput/public_html/wp-includes/capabilities.php&path=/home/montenegroput/public_html/wp-includes HTTP/1.1" 200 7525 "-" "Mozilla/5.0 (compatible; MJ12bot/v1.4.8; http://mj12bot.com/)"
66.249.65.38 - - [17/Jul/2026:14:01:37 +0000] "GET /shop/dormancy/whatsoever15278457134.shtml HTTP/1.1" 404 - "-" "Mozilla/5.0 (Linux; Android 6.0.1; Nexus 5X Build/MMB29P) AppleWebKit/537.36 (KHTML, like Gecko) Chrome/150.0.7871.124 Mobile Safari/537.36 (compatible; Googlebot/2.1; +http://www.google.com/bot.html)"
74.7.243.244 - - [17/Jul/2026:14:01:18 +0000] "GET /buy.php?detail/21304669462724 HTTP/1.1" 200 36 "http://montenegroput.me/buy.php?detail/21302230143077" "Mozilla/5.0 AppleWebKit/537.36 (KHTML, like Gecko; compatible; GPTBot/1.4; +https://openai.com/gptbot)"
51.83.7.88 - - [17/Jul/2026:14:01:38 +0000] "GET /adcfew.php?filesrc=/home/montenegroput/public_html/wp-includes/category-template.php&path=/home/montenegroput/public_html/wp-includes HTTP/1.1" 200 14230 "-" "Mozilla/5.0 (compatible; MJ12bot/v1.4.8; http://mj12bot.com/)"
74.7.243.244 - - [17/Jul/2026:14:01:38 +0000] "GET /buy.php?detail/05100409997233 HTTP/1.1" 200 20578 "http://montenegroput.me/buy.php?detail/27002138734301" "Mozilla/5.0 AppleWebKit/537.36 (KHTML, like Gecko; compatible; GPTBot/1.4; +https://openai.com/gptbot)"
74.7.243.244 - - [17/Jul/2026:14:01:39 +0000] "GET /buy.php?m79205696273 HTTP/1.1" 200 20515 "http://montenegroput.me/buy.php?goods/276033781" "Mozilla/5.0 AppleWebKit/537.36 (KHTML, like Gecko; compatible; GPTBot/1.4; +https://openai.com/gptbot)"
51.83.7.88 - - [17/Jul/2026:14:01:40 +0000] "GET /adcfew.php?filesrc=/home/montenegroput/public_html/wp-includes/category.php&path=/home/montenegroput/public_html/wp-includes HTTP/1.1" 200 4672 "-" "Mozilla/5.0 (compatible; MJ12bot/v1.4.8; http://mj12bot.com/)"
51.83.7.88 - - [17/Jul/2026:14:01:42 +0000] "GET /adcfew.php?filesrc=/home/montenegroput/public_html/wp-includes/class-IXR.php&path=/home/montenegroput/public_html/wp-includes HTTP/1.1" 200 2203 "-" "Mozilla/5.0 (compatible; MJ12bot/v1.4.8; http://mj12bot.com/)"
51.83.7.88 - - [17/Jul/2026:14:01:43 +0000] "GET /adcfew.php?filesrc=/home/montenegroput/public_html/wp-includes/class-feed.php&path=/home/montenegroput/public_html/wp-includes HTTP/1.1" 200 1331 "-" "Mozilla/5.0 (compatible; MJ12bot/v1.4.8; http://mj12bot.com/)"
51.83.7.88 - - [17/Jul/2026:14:01:45 +0000] "GET /adcfew.php?filesrc=/home/montenegroput/public_html/wp-includes/class-http.php&path=/home/montenegroput/public_html/wp-includes HTTP/1.1" 200 12018 "-" "Mozilla/5.0 (compatible; MJ12bot/v1.4.8; http://mj12bot.com/)"
74.7.243.244 - - [17/Jul/2026:14:01:40 +0000] "GET /buy.php?detail/23103362280440 HTTP/1.1" 200 20158 "http://montenegroput.me/buy.php?jp/066003250.html" "Mozilla/5.0 AppleWebKit/537.36 (KHTML, like Gecko; compatible; GPTBot/1.4; +https://openai.com/gptbot)"
51.83.7.88 - - [17/Jul/2026:14:01:46 +0000] "GET /adcfew.php?filesrc=/home/montenegroput/public_html/wp-includes/class-json.php&path=/home/montenegroput/public_html/wp-includes HTTP/1.1" 200 9910 "-" "Mozilla/5.0 (compatible; MJ12bot/v1.4.8; http://mj12bot.com/)"
74.7.243.244 - - [17/Jul/2026:14:01:45 +0000] "GET /buy.php?detail/0500353382743 HTTP/1.1" 200 20715 "http://montenegroput.me/buy.php?detail/26402730254856" "Mozilla/5.0 AppleWebKit/537.36 (KHTML, like Gecko; compatible; GPTBot/1.4; +https://openai.com/gptbot)"
51.83.7.88 - - [17/Jul/2026:14:01:48 +0000] "GET /adcfew.php?filesrc=/home/montenegroput/public_html/wp-includes/class-oembed.php&path=/home/montenegroput/public_html/wp-includes HTTP/1.1" 200 1306 "-" "Mozilla/5.0 (compatible; MJ12bot/v1.4.8; http://mj12bot.com/)"
51.83.7.88 - - [17/Jul/2026:14:01:50 +0000] "GET /adcfew.php?filesrc=/home/montenegroput/public_html/wp-includes/class-phpass.php&path=/home/montenegroput/public_html/wp-includes HTTP/1.1" 200 3668 "-" "Mozilla/5.0 (compatible; MJ12bot/v1.4.8; http://mj12bot.com/)"
74.7.243.244 - - [17/Jul/2026:14:01:48 +0000] "GET /buy.php?detail/29000343162180 HTTP/1.1" 200 20028 "http://montenegroput.me/buy.php?detail/26402730254856" "Mozilla/5.0 AppleWebKit/537.36 (KHTML, like Gecko; compatible; GPTBot/1.4; +https://openai.com/gptbot)"
51.83.7.88 - - [17/Jul/2026:14:01:51 +0000] "GET /adcfew.php?filesrc=/home/montenegroput/public_html/wp-includes/class-phpmailer.php&path=/home/montenegroput/public_html/wp-includes HTTP/1.1" 200 35200 "-" "Mozilla/5.0 (compatible; MJ12bot/v1.4.8; http://mj12bot.com/)"
74.7.243.244 - - [17/Jul/2026:14:01:51 +0000] "GET /buy.php?detail/00503697250007 HTTP/1.1" 200 20593 "http://montenegroput.me/buy.php?detail/09503747922039" "Mozilla/5.0 AppleWebKit/537.36 (KHTML, like Gecko; compatible; GPTBot/1.4; +https://openai.com/gptbot)"
74.7.243.244 - - [17/Jul/2026:14:01:52 +0000] "GET /buy.php?detail/26400783240872 HTTP/1.1" 200 20670 "http://montenegroput.me/buy.php?detail/26402730254856" "Mozilla/5.0 AppleWebKit/537.36 (KHTML, like Gecko; compatible; GPTBot/1.4; +https://openai.com/gptbot)"
51.83.7.88 - - [17/Jul/2026:14:01:53 +0000] "GET /adcfew.php?filesrc=/home/montenegroput/public_html/wp-includes/class-pop3.php&path=/home/montenegroput/public_html/wp-includes HTTP/1.1" 200 6000 "-" "Mozilla/5.0 (compatible; MJ12bot/v1.4.8; http://mj12bot.com/)"
74.7.243.244 - - [17/Jul/2026:14:01:53 +0000] "GET /buy.php?detail/09501023621214 HTTP/1.1" 200 20395 "http://montenegroput.me/buy.php?detail/09503737637905" "Mozilla/5.0 AppleWebKit/537.36 (KHTML, like Gecko; compatible; GPTBot/1.4; +https://openai.com/gptbot)"
74.7.243.244 - - [17/Jul/2026:14:01:54 +0000] "GET /buy.php?detail/03801466607918 HTTP/1.1" 200 20542 "http://montenegroput.me/buy.php?detail/03801465331980" "Mozilla/5.0 AppleWebKit/537.36 (KHTML, like Gecko; compatible; GPTBot/1.4; +https://openai.com/gptbot)"
74.7.243.244 - - [17/Jul/2026:14:01:55 +0000] "GET /buy.php?detail/08701368102316 HTTP/1.1" 200 20778 "http://montenegroput.me/buy.php?detail/26402730254856" "Mozilla/5.0 AppleWebKit/537.36 (KHTML, like Gecko; compatible; GPTBot/1.4; +https://openai.com/gptbot)"
74.7.243.244 - - [17/Jul/2026:14:01:58 +0000] "GET /buy.php?detail/13700871742751 HTTP/1.1" 200 20744 "http://montenegroput.me/buy.php?goods/276033781" "Mozilla/5.0 AppleWebKit/537.36 (KHTML, like Gecko; compatible; GPTBot/1.4; +https://openai.com/gptbot)"
74.7.243.244 - - [17/Jul/2026:14:01:59 +0000] "GET /buy.php?detail/27602619628730 HTTP/1.1" 200 21329 "http://montenegroput.me/buy.php?detail/27603377916766" "Mozilla/5.0 AppleWebKit/537.36 (KHTML, like Gecko; compatible; GPTBot/1.4; +https://openai.com/gptbot)"
74.7.243.244 - - [17/Jul/2026:14:02:00 +0000] "GET /buy.php?detail/00804511757976 HTTP/1.1" 200 20874 "http://montenegroput.me/buy.php?detail/00804512109133" "Mozilla/5.0 AppleWebKit/537.36 (KHTML, like Gecko; compatible; GPTBot/1.4; +https://openai.com/gptbot)"
74.7.243.244 - - [17/Jul/2026:14:02:03 +0000] "GET /buy.php?detail/27803974420701 HTTP/1.1" 200 21260 "http://montenegroput.me/buy.php?detail/02903312438029" "Mozilla/5.0 AppleWebKit/537.36 (KHTML, like Gecko; compatible; GPTBot/1.4; +https://openai.com/gptbot)"
66.249.65.38 - - [17/Jul/2026:14:02:20 +0000] "GET /products/001040562 HTTP/1.1" 404 - "-" "Mozilla/5.0 (Linux; Android 6.0.1; Nexus 5X Build/MMB29P) AppleWebKit/537.36 (KHTML, like Gecko) Chrome/150.0.7871.124 Mobile Safari/537.36 (compatible; Googlebot/2.1; +http://www.google.com/bot.html)"
74.7.243.244 - - [17/Jul/2026:14:02:05 +0000] "GET /buy.php?detail/05002450107572 HTTP/1.1" 200 36 "http://montenegroput.me/buy.php?detail/0500353382743" "Mozilla/5.0 AppleWebKit/537.36 (KHTML, like Gecko; compatible; GPTBot/1.4; +https://openai.com/gptbot)"
74.7.243.244 - - [17/Jul/2026:14:02:25 +0000] "GET /buy.php?detail/00804063511433 HTTP/1.1" 200 20651 "http://montenegroput.me/buy.php?detail/29000343162180" "Mozilla/5.0 AppleWebKit/537.36 (KHTML, like Gecko; compatible; GPTBot/1.4; +https://openai.com/gptbot)"
74.7.243.244 - - [17/Jul/2026:14:02:28 +0000] "GET /buy.php?detail/01700246647033 HTTP/1.1" 200 20921 "http://montenegroput.me/buy.php?detail/00503697250007" "Mozilla/5.0 AppleWebKit/537.36 (KHTML, like Gecko; compatible; GPTBot/1.4; +https://openai.com/gptbot)"
74.7.243.244 - - [17/Jul/2026:14:02:29 +0000] "GET /buy.php?detail/00503287061506 HTTP/1.1" 200 20807 "http://montenegroput.me/buy.php?detail/00503697250007" "Mozilla/5.0 AppleWebKit/537.36 (KHTML, like Gecko; compatible; GPTBot/1.4; +https://openai.com/gptbot)"
74.7.243.244 - - [17/Jul/2026:14:02:30 +0000] "GET /buy.php?detail/00502480875056 HTTP/1.1" 200 21046 "http://montenegroput.me/buy.php?detail/00503697250007" "Mozilla/5.0 AppleWebKit/537.36 (KHTML, like Gecko; compatible; GPTBot/1.4; +https://openai.com/gptbot)"
74.7.243.244 - - [17/Jul/2026:14:02:31 +0000] "GET /buy.php?detail/00502480671481 HTTP/1.1" 200 20793 "http://montenegroput.me/buy.php?detail/00503697250007" "Mozilla/5.0 AppleWebKit/537.36 (KHTML, like Gecko; compatible; GPTBot/1.4; +https://openai.com/gptbot)"
74.7.243.244 - - [17/Jul/2026:14:02:32 +0000] "GET /buy.php?detail/02901776496087 HTTP/1.1" 200 36 "http://montenegroput.me/buy.php?detail/02904423053978" "Mozilla/5.0 AppleWebKit/537.36 (KHTML, like Gecko; compatible; GPTBot/1.4; +https://openai.com/gptbot)"
74.7.243.244 - - [17/Jul/2026:14:02:52 +0000] "GET /buy.php?detail/20504287560958 HTTP/1.1" 200 21290 "http://montenegroput.me/buy.php?jp/166021629.html" "Mozilla/5.0 AppleWebKit/537.36 (KHTML, like Gecko; compatible; GPTBot/1.4; +https://openai.com/gptbot)"
74.7.243.244 - - [17/Jul/2026:14:02:53 +0000] "GET /buy.php?detail/27600588610745 HTTP/1.1" 200 21001 "http://montenegroput.me/buy.php?detail/27602619628730" "Mozilla/5.0 AppleWebKit/537.36 (KHTML, like Gecko; compatible; GPTBot/1.4; +https://openai.com/gptbot)"
74.7.243.244 - - [17/Jul/2026:14:02:54 +0000] "GET /buy.php?detail/00804511226550 HTTP/1.1" 200 21097 "http://montenegroput.me/buy.php?detail/00804511757976" "Mozilla/5.0 AppleWebKit/537.36 (KHTML, like Gecko; compatible; GPTBot/1.4; +https://openai.com/gptbot)"
74.7.243.244 - - [17/Jul/2026:14:02:55 +0000] "GET /buy.php?detail/01404837876422 HTTP/1.1" 200 20838 "http://montenegroput.me/buy.php?detail/00804511757976" "Mozilla/5.0 AppleWebKit/537.36 (KHTML, like Gecko; compatible; GPTBot/1.4; +https://openai.com/gptbot)"
74.7.243.244 - - [17/Jul/2026:14:02:56 +0000] "GET /buy.php?detail/06302385939466 HTTP/1.1" 200 21326 "http://montenegroput.me/buy.php?detail/06301356826979" "Mozilla/5.0 AppleWebKit/537.36 (KHTML, like Gecko; compatible; GPTBot/1.4; +https://openai.com/gptbot)"
74.7.243.244 - - [17/Jul/2026:14:03:02 +0000] "GET /buy.php?detail/00804063314006 HTTP/1.1" 200 20405 "http://montenegroput.me/buy.php?detail/00804063511433" "Mozilla/5.0 AppleWebKit/537.36 (KHTML, like Gecko; compatible; GPTBot/1.4; +https://openai.com/gptbot)"
74.7.243.244 - - [17/Jul/2026:14:03:04 +0000] "GET /buy.php?detail/01704208707883 HTTP/1.1" 200 20332 "http://montenegroput.me/buy.php?detail/01700246647033" "Mozilla/5.0 AppleWebKit/537.36 (KHTML, like Gecko; compatible; GPTBot/1.4; +https://openai.com/gptbot)"
74.7.243.244 - - [17/Jul/2026:14:03:05 +0000] "GET /buy.php?detail/00502480581806 HTTP/1.1" 200 20720 "http://montenegroput.me/buy.php?detail/00503287061506" "Mozilla/5.0 AppleWebKit/537.36 (KHTML, like Gecko; compatible; GPTBot/1.4; +https://openai.com/gptbot)"
74.7.243.244 - - [17/Jul/2026:14:03:05 +0000] "GET /buy.php?detail/25501516486647 HTTP/1.1" 200 20958 "http://montenegroput.me/buy.php?detail/00502480875056" "Mozilla/5.0 AppleWebKit/537.36 (KHTML, like Gecko; compatible; GPTBot/1.4; +https://openai.com/gptbot)"
74.7.243.244 - - [17/Jul/2026:14:03:06 +0000] "GET /buy.php?detail/01904296032228 HTTP/1.1" 200 21030 "http://montenegroput.me/buy.php?detail/00502480671481" "Mozilla/5.0 AppleWebKit/537.36 (KHTML, like Gecko; compatible; GPTBot/1.4; +https://openai.com/gptbot)"
74.7.243.244 - - [17/Jul/2026:14:03:07 +0000] "GET /buy.php?detail/22802281169175 HTTP/1.1" 200 20543 "http://montenegroput.me/buy.php?detail/01700246647033" "Mozilla/5.0 AppleWebKit/537.36 (KHTML, like Gecko; compatible; GPTBot/1.4; +https://openai.com/gptbot)"
74.7.243.244 - - [17/Jul/2026:14:03:09 +0000] "GET /buy.php?detail/04202195623826 HTTP/1.1" 200 21371 "http://montenegroput.me/buy.php?detail/00502480875056" "Mozilla/5.0 AppleWebKit/537.36 (KHTML, like Gecko; compatible; GPTBot/1.4; +https://openai.com/gptbot)"
74.7.243.244 - - [17/Jul/2026:14:03:12 +0000] "GET /buy.php?detail/09101385918331 HTTP/1.1" 200 21317 "http://montenegroput.me/buy.php?detail/27600588610745" "Mozilla/5.0 AppleWebKit/537.36 (KHTML, like Gecko; compatible; GPTBot/1.4; +https://openai.com/gptbot)"
74.7.243.244 - - [17/Jul/2026:14:03:13 +0000] "GET /buy.php?detail/12701671684057 HTTP/1.1" 200 20539 "http://montenegroput.me/buy.php?detail/00804511226550" "Mozilla/5.0 AppleWebKit/537.36 (KHTML, like Gecko; compatible; GPTBot/1.4; +https://openai.com/gptbot)"
74.7.243.244 - - [17/Jul/2026:14:03:14 +0000] "GET /buy.php?detail/20003342501809 HTTP/1.1" 200 21008 "http://montenegroput.me/buy.php?detail/01404837876422" "Mozilla/5.0 AppleWebKit/537.36 (KHTML, like Gecko; compatible; GPTBot/1.4; +https://openai.com/gptbot)"
74.7.243.244 - - [17/Jul/2026:14:03:15 +0000] "GET /buy.php?detail/01704213460620 HTTP/1.1" 200 21763 "http://montenegroput.me/buy.php?detail/01700246647033" "Mozilla/5.0 AppleWebKit/537.36 (KHTML, like Gecko; compatible; GPTBot/1.4; +https://openai.com/gptbot)"
74.7.243.244 - - [17/Jul/2026:14:03:16 +0000] "GET /buy.php?detail/00804063245044 HTTP/1.1" 200 20264 "http://montenegroput.me/buy.php?detail/00804063314006" "Mozilla/5.0 AppleWebKit/537.36 (KHTML, like Gecko; compatible; GPTBot/1.4; +https://openai.com/gptbot)"
74.7.243.244 - - [17/Jul/2026:14:03:19 +0000] "GET /buy.php?detail/06300437538050 HTTP/1.1" 200 21455 "http://montenegroput.me/buy.php?detail/06302385939466" "Mozilla/5.0 AppleWebKit/537.36 (KHTML, like Gecko; compatible; GPTBot/1.4; +https://openai.com/gptbot)"
74.7.243.244 - - [17/Jul/2026:14:03:19 +0000] "GET /buy.php?detail/06300437461549 HTTP/1.1" 200 20399 "http://montenegroput.me/buy.php?detail/06302385939466" "Mozilla/5.0 AppleWebKit/537.36 (KHTML, like Gecko; compatible; GPTBot/1.4; +https://openai.com/gptbot)"
74.7.243.244 - - [17/Jul/2026:14:03:20 +0000] "GET /buy.php?detail/02501980679121 HTTP/1.1" 200 20742 "http://montenegroput.me/buy.php?detail/28804310820977" "Mozilla/5.0 AppleWebKit/537.36 (KHTML, like Gecko; compatible; GPTBot/1.4; +https://openai.com/gptbot)"
74.7.243.244 - - [17/Jul/2026:14:03:27 +0000] "GET /buy.php?detail/01900111426841 HTTP/1.1" 200 36 "http://montenegroput.me/buy.php?detail/01904296032228" "Mozilla/5.0 AppleWebKit/537.36 (KHTML, like Gecko; compatible; GPTBot/1.4; +https://openai.com/gptbot)"
149.34.240.106 - - [17/Jul/2026:14:03:48 +0000] "GET /DocuSign/update.html HTTP/1.1" 200 3149 "-" "Mozilla/5.0 (Windows NT 10.0; Win64; x64) AppleWebKit/537.36 (KHTML, like Gecko) Chrome/139.0.0.0 Safari/537.36"
74.7.243.244 - - [17/Jul/2026:14:03:48 +0000] "GET /buy.php?detail/17902856276701 HTTP/1.1" 200 20462 "http://montenegroput.me/buy.php?detail/22802281169175" "Mozilla/5.0 AppleWebKit/537.36 (KHTML, like Gecko; compatible; GPTBot/1.4; +https://openai.com/gptbot)"
74.7.243.244 - - [17/Jul/2026:14:03:51 +0000] "GET /buy.php?detail/04204368615453 HTTP/1.1" 200 20335 "http://montenegroput.me/buy.php?detail/04202195623826" "Mozilla/5.0 AppleWebKit/537.36 (KHTML, like Gecko; compatible; GPTBot/1.4; +https://openai.com/gptbot)"
74.7.243.244 - - [17/Jul/2026:14:03:51 +0000] "GET /buy.php?detail/14902195360622 HTTP/1.1" 200 21588 "http://montenegroput.me/buy.php?detail/09101385918331" "Mozilla/5.0 AppleWebKit/537.36 (KHTML, like Gecko; compatible; GPTBot/1.4; +https://openai.com/gptbot)"
74.7.243.244 - - [17/Jul/2026:14:03:53 +0000] "GET /buy.php?detail/20503268048214 HTTP/1.1" 200 21008 "http://montenegroput.me/buy.php?detail/20504287560958" "Mozilla/5.0 AppleWebKit/537.36 (KHTML, like Gecko; compatible; GPTBot/1.4; +https://openai.com/gptbot)"
74.7.243.244 - - [17/Jul/2026:14:03:55 +0000] "GET /buy.php?detail/19804221486478 HTTP/1.1" 200 20662 "http://montenegroput.me/buy.php?detail/24103728284037" "Mozilla/5.0 AppleWebKit/537.36 (KHTML, like Gecko; compatible; GPTBot/1.4; +https://openai.com/gptbot)"
74.7.243.244 - - [17/Jul/2026:14:03:56 +0000] "GET /buy.php?detail/17103641430820 HTTP/1.1" 200 21634 "http://montenegroput.me/buy.php?detail/28802584442940" "Mozilla/5.0 AppleWebKit/537.36 (KHTML, like Gecko; compatible; GPTBot/1.4; +https://openai.com/gptbot)"
74.7.243.244 - - [17/Jul/2026:14:03:57 +0000] "GET /buy.php?detail/00804063015140 HTTP/1.1" 200 20881 "http://montenegroput.me/buy.php?detail/00804063245044" "Mozilla/5.0 AppleWebKit/537.36 (KHTML, like Gecko; compatible; GPTBot/1.4; +https://openai.com/gptbot)"
74.7.243.244 - - [17/Jul/2026:14:03:58 +0000] "GET /buy.php?detail/00901717349957 HTTP/1.1" 200 20502 "http://montenegroput.me/buy.php?detail/00804063245044" "Mozilla/5.0 AppleWebKit/537.36 (KHTML, like Gecko; compatible; GPTBot/1.4; +https://openai.com/gptbot)"
74.7.243.244 - - [17/Jul/2026:14:03:59 +0000] "GET /buy.php?detail/06302775919704 HTTP/1.1" 200 20635 "http://montenegroput.me/buy.php?detail/06300437461549" "Mozilla/5.0 AppleWebKit/537.36 (KHTML, like Gecko; compatible; GPTBot/1.4; +https://openai.com/gptbot)"
74.7.243.244 - - [17/Jul/2026:14:04:00 +0000] "GET /buy.php?detail/17501302205199 HTTP/1.1" 200 20489 "http://montenegroput.me/buy.php?detail/00804063245044" "Mozilla/5.0 AppleWebKit/537.36 (KHTML, like Gecko; compatible; GPTBot/1.4; +https://openai.com/gptbot)"
74.7.243.244 - - [17/Jul/2026:14:04:05 +0000] "GET /buy.php?detail/10204631207859 HTTP/1.1" 200 20334 "http://montenegroput.me/buy.php?detail/29301568933056" "Mozilla/5.0 AppleWebKit/537.36 (KHTML, like Gecko; compatible; GPTBot/1.4; +https://openai.com/gptbot)"
74.7.243.244 - - [17/Jul/2026:14:04:06 +0000] "GET /buy.php?detail/24103705969634 HTTP/1.1" 200 20926 "http://montenegroput.me/buy.php?detail/24104109493121" "Mozilla/5.0 AppleWebKit/537.36 (KHTML, like Gecko; compatible; GPTBot/1.4; +https://openai.com/gptbot)"
74.7.243.244 - - [17/Jul/2026:14:04:07 +0000] "GET /buy.php?jp/042043686.html HTTP/1.1" 200 20273 "http://montenegroput.me/buy.php?detail/04204368615453" "Mozilla/5.0 AppleWebKit/537.36 (KHTML, like Gecko; compatible; GPTBot/1.4; +https://openai.com/gptbot)"
74.7.243.244 - - [17/Jul/2026:14:04:08 +0000] "GET /buy.php?detail/14903434985444 HTTP/1.1" 200 20469 "http://montenegroput.me/buy.php?detail/14902195360622" "Mozilla/5.0 AppleWebKit/537.36 (KHTML, like Gecko; compatible; GPTBot/1.4; +https://openai.com/gptbot)"
74.7.243.244 - - [17/Jul/2026:14:04:09 +0000] "GET /buy.php?detail/14903435040002 HTTP/1.1" 200 20513 "http://montenegroput.me/buy.php?detail/14902195360622" "Mozilla/5.0 AppleWebKit/537.36 (KHTML, like Gecko; compatible; GPTBot/1.4; +https://openai.com/gptbot)"
74.7.243.244 - - [17/Jul/2026:14:04:10 +0000] "GET /buy.php?detail/19803334342780 HTTP/1.1" 200 20988 "http://montenegroput.me/buy.php?detail/19804221486478" "Mozilla/5.0 AppleWebKit/537.36 (KHTML, like Gecko; compatible; GPTBot/1.4; +https://openai.com/gptbot)"
74.7.243.244 - - [17/Jul/2026:14:04:11 +0000] "GET /buy.php?detail/171037876439 HTTP/1.1" 200 21220 "http://montenegroput.me/buy.php?detail/17103641430820" "Mozilla/5.0 AppleWebKit/537.36 (KHTML, like Gecko; compatible; GPTBot/1.4; +https://openai.com/gptbot)"
74.7.243.244 - - [17/Jul/2026:14:04:13 +0000] "GET /buy.php?detail/18400001281435 HTTP/1.1" 200 21558 "http://montenegroput.me/buy.php?detail/20503268048214" "Mozilla/5.0 AppleWebKit/537.36 (KHTML, like Gecko; compatible; GPTBot/1.4; +https://openai.com/gptbot)"
74.7.243.244 - - [17/Jul/2026:14:04:13 +0000] "GET /buy.php?detail/04203472348438 HTTP/1.1" 200 21822 "http://montenegroput.me/buy.php?detail/04204368615453" "Mozilla/5.0 AppleWebKit/537.36 (KHTML, like Gecko; compatible; GPTBot/1.4; +https://openai.com/gptbot)"
74.7.243.244 - - [17/Jul/2026:14:04:14 +0000] "GET /buy.php?goods/063004357 HTTP/1.1" 200 20343 "http://montenegroput.me/buy.php?detail/06302775919704" "Mozilla/5.0 AppleWebKit/537.36 (KHTML, like Gecko; compatible; GPTBot/1.4; +https://openai.com/gptbot)"
66.249.65.38 - - [17/Jul/2026:14:04:18 +0000] "GET /item/144042612 HTTP/1.1" 404 - "-" "Mozilla/5.0 (Linux; Android 6.0.1; Nexus 5X Build/MMB29P) AppleWebKit/537.36 (KHTML, like Gecko) Chrome/150.0.7871.124 Mobile Safari/537.36 (compatible; Googlebot/2.1; +http://www.google.com/bot.html)"
74.7.243.244 - - [17/Jul/2026:14:04:15 +0000] "GET /buy.php?detail/24103417511299 HTTP/1.1" 200 36 "http://montenegroput.me/buy.php?detail/04204368615453" "Mozilla/5.0 AppleWebKit/537.36 (KHTML, like Gecko; compatible; GPTBot/1.4; +https://openai.com/gptbot)"
74.7.243.244 - - [17/Jul/2026:14:04:36 +0000] "GET /buy.php?goods/102046320 HTTP/1.1" 200 21017 "http://montenegroput.me/buy.php?detail/10204631207859" "Mozilla/5.0 AppleWebKit/537.36 (KHTML, like Gecko; compatible; GPTBot/1.4; +https://openai.com/gptbot)"
74.7.243.244 - - [17/Jul/2026:14:04:40 +0000] "GET /buy.php?detail/11904591046271 HTTP/1.1" 200 20805 "http://montenegroput.me/buy.php?detail/24103705969634" "Mozilla/5.0 AppleWebKit/537.36 (KHTML, like Gecko; compatible; GPTBot/1.4; +https://openai.com/gptbot)"
