74.7.243.244 - - [17/Jul/2026:13:32:50 +0000] "GET /buy.php?detail/17304663790093 HTTP/1.1" 200 20579 "http://montenegroput.me/buy.php?detail/05604568313664" "Mozilla/5.0 AppleWebKit/537.36 (KHTML, like Gecko; compatible; GPTBot/1.4; +https://openai.com/gptbot)"
74.7.243.244 - - [17/Jul/2026:13:32:51 +0000] "GET /buy.php?detail/033032476275 HTTP/1.1" 200 20553 "http://montenegroput.me/buy.php?detail/11501811995978" "Mozilla/5.0 AppleWebKit/537.36 (KHTML, like Gecko; compatible; GPTBot/1.4; +https://openai.com/gptbot)"
74.7.243.244 - - [17/Jul/2026:13:32:56 +0000] "GET /buy.php?detail/11602028366247 HTTP/1.1" 200 21715 "http://montenegroput.me/buy.php?detail/03504103406485" "Mozilla/5.0 AppleWebKit/537.36 (KHTML, like Gecko; compatible; GPTBot/1.4; +https://openai.com/gptbot)"
66.249.65.38 - - [17/Jul/2026:13:33:11 +0000] "GET /shop/ringbird/nepotic122497422085.shtml HTTP/1.1" 404 - "-" "Mozilla/5.0 (Linux; Android 6.0.1; Nexus 5X Build/MMB29P) AppleWebKit/537.36 (KHTML, like Gecko) Chrome/150.0.7871.124 Mobile Safari/537.36 (compatible; Googlebot/2.1; +http://www.google.com/bot.html)"
74.7.243.244 - - [17/Jul/2026:13:32:57 +0000] "GET /buy.php?detail/11501328865078 HTTP/1.1" 200 36 "http://montenegroput.me/buy.php?detail/11501811995978" "Mozilla/5.0 AppleWebKit/537.36 (KHTML, like Gecko; compatible; GPTBot/1.4; +https://openai.com/gptbot)"
74.7.243.244 - - [17/Jul/2026:13:33:17 +0000] "GET /buy.php?detail/05501080784440 HTTP/1.1" 200 20694 "http://montenegroput.me/buy.php?detail/09604013375615" "Mozilla/5.0 AppleWebKit/537.36 (KHTML, like Gecko; compatible; GPTBot/1.4; +https://openai.com/gptbot)"
74.7.243.244 - - [17/Jul/2026:13:33:18 +0000] "GET /buy.php?detail/17104270552608 HTTP/1.1" 200 20131 "http://montenegroput.me/buy.php?detail/03504103406485" "Mozilla/5.0 AppleWebKit/537.36 (KHTML, like Gecko; compatible; GPTBot/1.4; +https://openai.com/gptbot)"
74.7.243.244 - - [17/Jul/2026:13:33:19 +0000] "GET /buy.php?detail/05600416247299 HTTP/1.1" 200 21923 "http://montenegroput.me/buy.php?detail/05604568313664" "Mozilla/5.0 AppleWebKit/537.36 (KHTML, like Gecko; compatible; GPTBot/1.4; +https://openai.com/gptbot)"
74.7.243.244 - - [17/Jul/2026:13:33:20 +0000] "GET /buy.php?detail/10400860058841 HTTP/1.1" 200 20718 "http://montenegroput.me/buy.php?goods/004031208" "Mozilla/5.0 AppleWebKit/537.36 (KHTML, like Gecko; compatible; GPTBot/1.4; +https://openai.com/gptbot)"
74.7.243.244 - - [17/Jul/2026:13:33:21 +0000] "GET /buy.php?detail/17503792951461 HTTP/1.1" 200 21459 "http://montenegroput.me/buy.php?goods/004048553" "Mozilla/5.0 AppleWebKit/537.36 (KHTML, like Gecko; compatible; GPTBot/1.4; +https://openai.com/gptbot)"
66.249.65.38 - - [17/Jul/2026:13:33:24 +0000] "GET /shop/hereditament/hunte151092232080.shtml HTTP/1.1" 404 - "-" "Mozilla/5.0 (Linux; Android 6.0.1; Nexus 5X Build/MMB29P) AppleWebKit/537.36 (KHTML, like Gecko) Chrome/150.0.7871.124 Mobile Safari/537.36 (compatible; Googlebot/2.1; +http://www.google.com/bot.html)"
74.7.243.244 - - [17/Jul/2026:13:33:21 +0000] "GET /buy.php?detail/11204387532792 HTTP/1.1" 200 21109 "http://montenegroput.me/buy.php?detail/00404855698720" "Mozilla/5.0 AppleWebKit/537.36 (KHTML, like Gecko; compatible; GPTBot/1.4; +https://openai.com/gptbot)"
66.249.65.38 - - [17/Jul/2026:13:33:28 +0000] "GET /products/099000174 HTTP/1.1" 404 - "-" "Mozilla/5.0 (Linux; Android 6.0.1; Nexus 5X Build/MMB29P) AppleWebKit/537.36 (KHTML, like Gecko) Chrome/150.0.7871.124 Mobile Safari/537.36 (compatible; Googlebot/2.1; +http://www.google.com/bot.html)"
66.249.65.38 - - [17/Jul/2026:13:33:30 +0000] "GET /shop/linoleum/indentured174031488556.shtml HTTP/1.1" 404 - "-" "Mozilla/5.0 (Linux; Android 6.0.1; Nexus 5X Build/MMB29P) AppleWebKit/537.36 (KHTML, like Gecko) Chrome/150.0.7871.124 Mobile Safari/537.36 (compatible; Googlebot/2.1; +http://www.google.com/bot.html)"
74.7.243.244 - - [17/Jul/2026:13:33:24 +0000] "GET /buy.php?detail/25503315644781 HTTP/1.1" 200 36 "http://montenegroput.me/buy.php?detail/02804856648150" "Mozilla/5.0 AppleWebKit/537.36 (KHTML, like Gecko; compatible; GPTBot/1.4; +https://openai.com/gptbot)"
74.7.243.244 - - [17/Jul/2026:13:33:45 +0000] "GET /buy.php?detail/17301540418488 HTTP/1.1" 200 20856 "http://montenegroput.me/buy.php?detail/17304663790093" "Mozilla/5.0 AppleWebKit/537.36 (KHTML, like Gecko; compatible; GPTBot/1.4; +https://openai.com/gptbot)"
66.249.65.38 - - [17/Jul/2026:13:33:51 +0000] "GET /shop/mangelwurzel/disinfection161404702628.shtml HTTP/1.1" 404 - "-" "Mozilla/5.0 (Linux; Android 6.0.1; Nexus 5X Build/MMB29P) AppleWebKit/537.36 (KHTML, like Gecko) Chrome/150.0.7871.124 Mobile Safari/537.36 (compatible; Googlebot/2.1; +http://www.google.com/bot.html)"
45.77.148.88 - - [17/Jul/2026:13:33:52 +0000] "HEAD / HTTP/1.1" 200 - "-" "Java/1.8.0_332"
74.7.243.244 - - [17/Jul/2026:13:33:45 +0000] "GET /buy.php?detail/05800627184930 HTTP/1.1" 200 36 "http://montenegroput.me/buy.php?detail/05802232061636" "Mozilla/5.0 AppleWebKit/537.36 (KHTML, like Gecko; compatible; GPTBot/1.4; +https://openai.com/gptbot)"
66.249.65.39 - - [17/Jul/2026:13:34:07 +0000] "GET /shop/rubens/aphetism141052214590.shtml HTTP/1.1" 404 - "-" "Mozilla/5.0 (Linux; Android 6.0.1; Nexus 5X Build/MMB29P) AppleWebKit/537.36 (KHTML, like Gecko) Chrome/150.0.7871.124 Mobile Safari/537.36 (compatible; Googlebot/2.1; +http://www.google.com/bot.html)"
74.7.243.244 - - [17/Jul/2026:13:34:06 +0000] "GET /buy.php?detail/29000421854541 HTTP/1.1" 200 20356 "http://montenegroput.me/buy.php?detail/11602028366247" "Mozilla/5.0 AppleWebKit/537.36 (KHTML, like Gecko; compatible; GPTBot/1.4; +https://openai.com/gptbot)"
66.249.65.38 - - [17/Jul/2026:13:34:11 +0000] "GET /shop/tellingly/skirling134269948126.shtml HTTP/1.1" 404 - "-" "Mozilla/5.0 (Linux; Android 6.0.1; Nexus 5X Build/MMB29P) AppleWebKit/537.36 (KHTML, like Gecko) Chrome/150.0.7871.124 Mobile Safari/537.36 (compatible; Googlebot/2.1; +http://www.google.com/bot.html)"
66.249.65.38 - - [17/Jul/2026:13:34:12 +0000] "GET /shop/pompillion/oculi171977200003.shtml HTTP/1.1" 404 - "-" "Mozilla/5.0 (Linux; Android 6.0.1; Nexus 5X Build/MMB29P) AppleWebKit/537.36 (KHTML, like Gecko) Chrome/150.0.7871.124 Mobile Safari/537.36 (compatible; Googlebot/2.1; +http://www.google.com/bot.html)"
74.7.243.244 - - [17/Jul/2026:13:34:09 +0000] "GET /buy.php?detail/11600316549983 HTTP/1.1" 200 20328 "http://montenegroput.me/buy.php?detail/11602028366247" "Mozilla/5.0 AppleWebKit/537.36 (KHTML, like Gecko; compatible; GPTBot/1.4; +https://openai.com/gptbot)"
74.7.243.244 - - [17/Jul/2026:13:34:21 +0000] "GET /buy.php?detail/00201632850887 HTTP/1.1" 200 20528 "http://montenegroput.me/buy.php?detail/05501080784440" "Mozilla/5.0 AppleWebKit/537.36 (KHTML, like Gecko; compatible; GPTBot/1.4; +https://openai.com/gptbot)"
74.7.243.244 - - [17/Jul/2026:13:34:22 +0000] "GET /buy.php?detail/28400005401275 HTTP/1.1" 200 20434 "http://montenegroput.me/buy.php?detail/17104270552608" "Mozilla/5.0 AppleWebKit/537.36 (KHTML, like Gecko; compatible; GPTBot/1.4; +https://openai.com/gptbot)"
74.7.243.244 - - [17/Jul/2026:13:34:23 +0000] "GET /buy.php?detail/29404652965644 HTTP/1.1" 200 21459 "http://montenegroput.me/buy.php?detail/05600416247299" "Mozilla/5.0 AppleWebKit/537.36 (KHTML, like Gecko; compatible; GPTBot/1.4; +https://openai.com/gptbot)"
74.7.243.244 - - [17/Jul/2026:13:34:26 +0000] "GET /buy.php?detail/02700552585833 HTTP/1.1" 200 20772 "http://montenegroput.me/buy.php?detail/10400860058841" "Mozilla/5.0 AppleWebKit/537.36 (KHTML, like Gecko; compatible; GPTBot/1.4; +https://openai.com/gptbot)"
74.7.243.244 - - [17/Jul/2026:13:34:27 +0000] "GET /buy.php?detail/17502553583050 HTTP/1.1" 200 20847 "http://montenegroput.me/buy.php?detail/17503792951461" "Mozilla/5.0 AppleWebKit/537.36 (KHTML, like Gecko; compatible; GPTBot/1.4; +https://openai.com/gptbot)"
74.7.243.244 - - [17/Jul/2026:13:34:28 +0000] "GET /buy.php?detail/17502553785800 HTTP/1.1" 200 20594 "http://montenegroput.me/buy.php?detail/17503792951461" "Mozilla/5.0 AppleWebKit/537.36 (KHTML, like Gecko; compatible; GPTBot/1.4; +https://openai.com/gptbot)"
74.7.243.244 - - [17/Jul/2026:13:34:28 +0000] "GET /buy.php?detail/10402857328897 HTTP/1.1" 200 20466 "http://montenegroput.me/buy.php?detail/10400860058841" "Mozilla/5.0 AppleWebKit/537.36 (KHTML, like Gecko; compatible; GPTBot/1.4; +https://openai.com/gptbot)"
66.249.65.38 - - [17/Jul/2026:13:34:30 +0000] "GET /products/068013097 HTTP/1.1" 404 - "-" "Mozilla/5.0 (Linux; Android 6.0.1; Nexus 5X Build/MMB29P) AppleWebKit/537.36 (KHTML, like Gecko) Chrome/150.0.7871.124 Mobile Safari/537.36 (compatible; Googlebot/2.1; +http://www.google.com/bot.html)"
74.7.243.244 - - [17/Jul/2026:13:34:29 +0000] "GET /buy.php?detail/17300203506928 HTTP/1.1" 200 20662 "http://montenegroput.me/buy.php?detail/17301540418488" "Mozilla/5.0 AppleWebKit/537.36 (KHTML, like Gecko; compatible; GPTBot/1.4; +https://openai.com/gptbot)"
74.7.243.244 - - [17/Jul/2026:13:34:30 +0000] "GET /buy.php?m32226354064 HTTP/1.1" 200 21255 "http://montenegroput.me/buy.php?detail/17503792951461" "Mozilla/5.0 AppleWebKit/537.36 (KHTML, like Gecko; compatible; GPTBot/1.4; +https://openai.com/gptbot)"
66.249.65.39 - - [17/Jul/2026:13:34:31 +0000] "GET /products/189037518 HTTP/1.1" 404 - "-" "Mozilla/5.0 (Linux; Android 6.0.1; Nexus 5X Build/MMB29P) AppleWebKit/537.36 (KHTML, like Gecko) Chrome/150.0.7871.124 Mobile Safari/537.36 (compatible; Googlebot/2.1; +http://www.google.com/bot.html)"
66.249.65.38 - - [17/Jul/2026:13:34:31 +0000] "GET /item/015010217 HTTP/1.1" 404 - "-" "Mozilla/5.0 (Linux; Android 6.0.1; Nexus 5X Build/MMB29P) AppleWebKit/537.36 (KHTML, like Gecko) Chrome/150.0.7871.124 Mobile Safari/537.36 (compatible; Googlebot/2.1; +http://www.google.com/bot.html)"
74.7.243.244 - - [17/Jul/2026:13:34:31 +0000] "GET /buy.php?detail/29000542668383 HTTP/1.1" 200 20489 "http://montenegroput.me/buy.php?detail/29000421854541" "Mozilla/5.0 AppleWebKit/537.36 (KHTML, like Gecko; compatible; GPTBot/1.4; +https://openai.com/gptbot)"
66.249.65.38 - - [17/Jul/2026:13:34:32 +0000] "GET /products/055048704 HTTP/1.1" 404 - "-" "Mozilla/5.0 (Linux; Android 6.0.1; Nexus 5X Build/MMB29P) AppleWebKit/537.36 (KHTML, like Gecko) Chrome/150.0.7871.124 Mobile Safari/537.36 (compatible; Googlebot/2.1; +http://www.google.com/bot.html)"
66.249.65.39 - - [17/Jul/2026:13:34:32 +0000] "GET /?jp/018044622.html HTTP/1.1" 200 1121 "-" "Mozilla/5.0 (Linux; Android 6.0.1; Nexus 5X Build/MMB29P) AppleWebKit/537.36 (KHTML, like Gecko) Chrome/150.0.7871.124 Mobile Safari/537.36 (compatible; Googlebot/2.1; +http://www.google.com/bot.html)"
74.7.243.244 - - [17/Jul/2026:13:34:31 +0000] "GET /buy.php?detail/29000477334817 HTTP/1.1" 200 20558 "http://montenegroput.me/buy.php?detail/29000421854541" "Mozilla/5.0 AppleWebKit/537.36 (KHTML, like Gecko; compatible; GPTBot/1.4; +https://openai.com/gptbot)"
66.249.65.38 - - [17/Jul/2026:13:34:52 +0000] "GET /item/088040062 HTTP/1.1" 404 - "-" "Mozilla/5.0 (Linux; Android 6.0.1; Nexus 5X Build/MMB29P) AppleWebKit/537.36 (KHTML, like Gecko) Chrome/150.0.7871.124 Mobile Safari/537.36 (compatible; Googlebot/2.1; +http://www.google.com/bot.html)"
74.7.243.244 - - [17/Jul/2026:13:34:32 +0000] "GET /buy.php?detail/29000477427536 HTTP/1.1" 200 36 "http://montenegroput.me/buy.php?detail/29000421854541" "Mozilla/5.0 AppleWebKit/537.36 (KHTML, like Gecko; compatible; GPTBot/1.4; +https://openai.com/gptbot)"
74.7.243.244 - - [17/Jul/2026:13:34:53 +0000] "GET /buy.php?detail/287019321125 HTTP/1.1" 200 20170 "http://montenegroput.me/buy.php?detail/28400005401275" "Mozilla/5.0 AppleWebKit/537.36 (KHTML, like Gecko; compatible; GPTBot/1.4; +https://openai.com/gptbot)"
74.7.243.244 - - [17/Jul/2026:13:34:53 +0000] "GET /buy.php?detail/00201632981132 HTTP/1.1" 200 36 "http://montenegroput.me/buy.php?detail/00201632850887" "Mozilla/5.0 AppleWebKit/537.36 (KHTML, like Gecko; compatible; GPTBot/1.4; +https://openai.com/gptbot)"
74.7.243.244 - - [17/Jul/2026:13:35:14 +0000] "GET /buy.php?detail/05701354817049 HTTP/1.1" 200 20864 "http://montenegroput.me/buy.php?detail/02700552585833" "Mozilla/5.0 AppleWebKit/537.36 (KHTML, like Gecko; compatible; GPTBot/1.4; +https://openai.com/gptbot)"
74.7.243.244 - - [17/Jul/2026:13:35:15 +0000] "GET /buy.php?detail/17104270652985 HTTP/1.1" 200 20602 "http://montenegroput.me/buy.php?detail/17104270552608" "Mozilla/5.0 AppleWebKit/537.36 (KHTML, like Gecko; compatible; GPTBot/1.4; +https://openai.com/gptbot)"
74.7.243.244 - - [17/Jul/2026:13:35:16 +0000] "GET /buy.php?detail/15102392396872 HTTP/1.1" 200 20687 "http://montenegroput.me/buy.php?detail/17502553785800" "Mozilla/5.0 AppleWebKit/537.36 (KHTML, like Gecko; compatible; GPTBot/1.4; +https://openai.com/gptbot)"
74.7.243.244 - - [17/Jul/2026:13:35:16 +0000] "GET /buy.php?detail/10402840539107 HTTP/1.1" 200 20650 "http://montenegroput.me/buy.php?detail/10402857328897" "Mozilla/5.0 AppleWebKit/537.36 (KHTML, like Gecko; compatible; GPTBot/1.4; +https://openai.com/gptbot)"
74.7.243.244 - - [17/Jul/2026:13:35:17 +0000] "GET /buy.php?detail/10402856778267 HTTP/1.1" 200 20560 "http://montenegroput.me/buy.php?detail/10402857328897" "Mozilla/5.0 AppleWebKit/537.36 (KHTML, like Gecko; compatible; GPTBot/1.4; +https://openai.com/gptbot)"
74.7.243.244 - - [17/Jul/2026:13:35:18 +0000] "GET /buy.php?detail/00500942159934 HTTP/1.1" 200 21363 "http://montenegroput.me/buy.php?m32226354064" "Mozilla/5.0 AppleWebKit/537.36 (KHTML, like Gecko; compatible; GPTBot/1.4; +https://openai.com/gptbot)"
74.7.243.244 - - [17/Jul/2026:13:35:19 +0000] "GET /buy.php?detail/29000477503758 HTTP/1.1" 200 21459 "http://montenegroput.me/buy.php?detail/29000542668383" "Mozilla/5.0 AppleWebKit/537.36 (KHTML, like Gecko; compatible; GPTBot/1.4; +https://openai.com/gptbot)"
74.7.243.244 - - [17/Jul/2026:13:35:20 +0000] "GET /buy.php?detail/10402840437084 HTTP/1.1" 200 20534 "http://montenegroput.me/buy.php?detail/10402857328897" "Mozilla/5.0 AppleWebKit/537.36 (KHTML, like Gecko; compatible; GPTBot/1.4; +https://openai.com/gptbot)"
74.7.243.244 - - [17/Jul/2026:13:35:21 +0000] "GET /buy.php?detail/09903138218433 HTTP/1.1" 200 21236 "http://montenegroput.me/buy.php?detail/10402857328897" "Mozilla/5.0 AppleWebKit/537.36 (KHTML, like Gecko; compatible; GPTBot/1.4; +https://openai.com/gptbot)"
74.7.243.244 - - [17/Jul/2026:13:35:22 +0000] "GET /buy.php?detail/06901715538311 HTTP/1.1" 200 20866 "http://montenegroput.me/buy.php?detail/10402857328897" "Mozilla/5.0 AppleWebKit/537.36 (KHTML, like Gecko; compatible; GPTBot/1.4; +https://openai.com/gptbot)"
74.7.243.244 - - [17/Jul/2026:13:35:23 +0000] "GET /buy.php?detail/02304519768579 HTTP/1.1" 200 20873 "http://montenegroput.me/buy.php?detail/287019321125" "Mozilla/5.0 AppleWebKit/537.36 (KHTML, like Gecko; compatible; GPTBot/1.4; +https://openai.com/gptbot)"
74.7.243.244 - - [17/Jul/2026:13:35:24 +0000] "GET /buy.php?detail/05700914627903 HTTP/1.1" 200 20313 "http://montenegroput.me/buy.php?detail/05701354817049" "Mozilla/5.0 AppleWebKit/537.36 (KHTML, like Gecko; compatible; GPTBot/1.4; +https://openai.com/gptbot)"
74.7.243.244 - - [17/Jul/2026:13:35:27 +0000] "GET /buy.php?detail/22100512797554 HTTP/1.1" 200 20728 "http://montenegroput.me/buy.php?detail/17104270652985" "Mozilla/5.0 AppleWebKit/537.36 (KHTML, like Gecko; compatible; GPTBot/1.4; +https://openai.com/gptbot)"
66.249.65.40 - - [17/Jul/2026:13:35:28 +0000] "GET /products/032003201 HTTP/1.1" 404 - "-" "Mozilla/5.0 (Linux; Android 6.0.1; Nexus 5X Build/MMB29P) AppleWebKit/537.36 (KHTML, like Gecko) Chrome/150.0.7871.124 Mobile Safari/537.36 (compatible; Googlebot/2.1; +http://www.google.com/bot.html)"
66.249.65.39 - - [17/Jul/2026:13:35:34 +0000] "GET /products/298027275 HTTP/1.1" 404 - "-" "Mozilla/5.0 (Linux; Android 6.0.1; Nexus 5X Build/MMB29P) AppleWebKit/537.36 (KHTML, like Gecko) Chrome/150.0.7871.124 Mobile Safari/537.36 (compatible; Googlebot/2.1; +http://www.google.com/bot.html)"
66.249.65.39 - - [17/Jul/2026:13:35:35 +0000] "GET /products/225002356 HTTP/1.1" 404 - "-" "Mozilla/5.0 (Linux; Android 6.0.1; Nexus 5X Build/MMB29P) AppleWebKit/537.36 (KHTML, like Gecko) Chrome/150.0.7871.124 Mobile Safari/537.36 (compatible; Googlebot/2.1; +http://www.google.com/bot.html)"
66.249.65.38 - - [17/Jul/2026:13:35:35 +0000] "GET /item/018020964 HTTP/1.1" 404 - "-" "Mozilla/5.0 (Linux; Android 6.0.1; Nexus 5X Build/MMB29P) AppleWebKit/537.36 (KHTML, like Gecko) Chrome/150.0.7871.124 Mobile Safari/537.36 (compatible; Googlebot/2.1; +http://www.google.com/bot.html)"
66.249.65.38 - - [17/Jul/2026:13:35:35 +0000] "GET /products/264015931 HTTP/1.1" 404 - "-" "Mozilla/5.0 (Linux; Android 6.0.1; Nexus 5X Build/MMB29P) AppleWebKit/537.36 (KHTML, like Gecko) Chrome/150.0.7871.124 Mobile Safari/537.36 (compatible; Googlebot/2.1; +http://www.google.com/bot.html)"
74.7.243.244 - - [17/Jul/2026:13:35:28 +0000] "GET /buy.php?detail/28201287925894 HTTP/1.1" 200 20645 "http://montenegroput.me/buy.php?detail/15102392396872" "Mozilla/5.0 AppleWebKit/537.36 (KHTML, like Gecko; compatible; GPTBot/1.4; +https://openai.com/gptbot)"
74.7.243.244 - - [17/Jul/2026:13:35:41 +0000] "GET /buy.php?detail/13100897821191 HTTP/1.1" 200 20944 "http://montenegroput.me/buy.php?detail/10402840539107" "Mozilla/5.0 AppleWebKit/537.36 (KHTML, like Gecko; compatible; GPTBot/1.4; +https://openai.com/gptbot)"
74.7.243.244 - - [17/Jul/2026:13:35:42 +0000] "GET /buy.php?detail/17104270261568 HTTP/1.1" 200 20182 "http://montenegroput.me/buy.php?detail/17104270652985" "Mozilla/5.0 AppleWebKit/537.36 (KHTML, like Gecko; compatible; GPTBot/1.4; +https://openai.com/gptbot)"
145.239.81.102 - - [17/Jul/2026:13:35:45 +0000] "GET //wp-log1n.php HTTP/1.1" 200 242 "-" "Mozilla/5.0 (Windows NT 10.0; Win64; x64; rv:150.0) Gecko/20100101 Firefox/150.0"
159.223.242.210 - - [17/Jul/2026:13:35:45 +0000] "GET //wp-log1n.php HTTP/1.1" 200 242 "-" "Mozilla/5.0 (Windows NT 10.0; Win64; x64; rv:150.0) Gecko/20100101 Firefox/150.0"
74.7.243.244 - - [17/Jul/2026:13:35:43 +0000] "GET /buy.php?detail/00501400697216 HTTP/1.1" 200 20858 "http://montenegroput.me/buy.php?detail/00500942159934" "Mozilla/5.0 AppleWebKit/537.36 (KHTML, like Gecko; compatible; GPTBot/1.4; +https://openai.com/gptbot)"
74.7.243.244 - - [17/Jul/2026:13:35:51 +0000] "GET /buy.php?goods/165009906 HTTP/1.1" 200 20991 "http://montenegroput.me/buy.php?detail/29000477503758" "Mozilla/5.0 AppleWebKit/537.36 (KHTML, like Gecko; compatible; GPTBot/1.4; +https://openai.com/gptbot)"
74.7.243.244 - - [17/Jul/2026:13:35:52 +0000] "GET /buy.php?detail/05004473915600 HTTP/1.1" 200 20924 "http://montenegroput.me/buy.php?detail/10402840437084" "Mozilla/5.0 AppleWebKit/537.36 (KHTML, like Gecko; compatible; GPTBot/1.4; +https://openai.com/gptbot)"
74.7.243.244 - - [17/Jul/2026:13:35:53 +0000] "GET /buy.php?detail/02804698039614 HTTP/1.1" 200 20420 "http://montenegroput.me/buy.php?detail/29000477503758" "Mozilla/5.0 AppleWebKit/537.36 (KHTML, like Gecko; compatible; GPTBot/1.4; +https://openai.com/gptbot)"
74.7.243.244 - - [17/Jul/2026:13:35:54 +0000] "GET /buy.php?detail/20001801965846 HTTP/1.1" 200 21173 "http://montenegroput.me/buy.php?detail/06901715538311" "Mozilla/5.0 AppleWebKit/537.36 (KHTML, like Gecko; compatible; GPTBot/1.4; +https://openai.com/gptbot)"
74.7.243.244 - - [17/Jul/2026:13:35:56 +0000] "GET /buy.php?detail/02300019254238 HTTP/1.1" 200 20635 "http://montenegroput.me/buy.php?detail/02304519768579" "Mozilla/5.0 AppleWebKit/537.36 (KHTML, like Gecko; compatible; GPTBot/1.4; +https://openai.com/gptbot)"
74.7.243.244 - - [17/Jul/2026:13:35:57 +0000] "GET /buy.php?detail/26203896379613 HTTP/1.1" 200 20636 "http://montenegroput.me/buy.php?detail/29000477503758" "Mozilla/5.0 AppleWebKit/537.36 (KHTML, like Gecko; compatible; GPTBot/1.4; +https://openai.com/gptbot)"
74.7.243.244 - - [17/Jul/2026:13:35:58 +0000] "GET /buy.php?detail/29503810893058 HTTP/1.1" 200 20649 "http://montenegroput.me/buy.php?detail/00500942159934" "Mozilla/5.0 AppleWebKit/537.36 (KHTML, like Gecko; compatible; GPTBot/1.4; +https://openai.com/gptbot)"
74.7.243.244 - - [17/Jul/2026:13:36:03 +0000] "GET /buy.php?detail/17302768747266 HTTP/1.1" 200 20487 "http://montenegroput.me/buy.php?detail/15102392396872" "Mozilla/5.0 AppleWebKit/537.36 (KHTML, like Gecko; compatible; GPTBot/1.4; +https://openai.com/gptbot)"
74.7.243.244 - - [17/Jul/2026:13:36:12 +0000] "GET /buy.php?detail/04402349733781 HTTP/1.1" 200 21366 "http://montenegroput.me/buy.php?detail/10402840437084" "Mozilla/5.0 AppleWebKit/537.36 (KHTML, like Gecko; compatible; GPTBot/1.4; +https://openai.com/gptbot)"
74.7.243.244 - - [17/Jul/2026:13:36:13 +0000] "GET /buy.php?detail/17104270141321 HTTP/1.1" 200 36 "http://montenegroput.me/buy.php?detail/17104270261568" "Mozilla/5.0 AppleWebKit/537.36 (KHTML, like Gecko; compatible; GPTBot/1.4; +https://openai.com/gptbot)"
66.249.65.38 - - [17/Jul/2026:13:36:45 +0000] "GET /products/064006367 HTTP/1.1" 404 - "-" "Mozilla/5.0 (Linux; Android 6.0.1; Nexus 5X Build/MMB29P) AppleWebKit/537.36 (KHTML, like Gecko) Chrome/150.0.7871.124 Mobile Safari/537.36 (compatible; Googlebot/2.1; +http://www.google.com/bot.html)"
74.7.243.244 - - [17/Jul/2026:13:36:33 +0000] "GET /buy.php?detail/10501079821997 HTTP/1.1" 200 36 "http://montenegroput.me/buy.php?detail/00501400697216" "Mozilla/5.0 AppleWebKit/537.36 (KHTML, like Gecko; compatible; GPTBot/1.4; +https://openai.com/gptbot)"
74.7.243.244 - - [17/Jul/2026:13:36:54 +0000] "GET /buy.php?detail/27101373292803 HTTP/1.1" 200 20151 "http://montenegroput.me/buy.php?detail/00501400697216" "Mozilla/5.0 AppleWebKit/537.36 (KHTML, like Gecko; compatible; GPTBot/1.4; +https://openai.com/gptbot)"
74.7.243.244 - - [17/Jul/2026:13:36:54 +0000] "GET /buy.php?goods/050044739 HTTP/1.1" 200 20909 "http://montenegroput.me/buy.php?detail/05004473915600" "Mozilla/5.0 AppleWebKit/537.36 (KHTML, like Gecko; compatible; GPTBot/1.4; +https://openai.com/gptbot)"
74.7.243.244 - - [17/Jul/2026:13:36:55 +0000] "GET /buy.php?detail/02803767666196 HTTP/1.1" 200 21109 "http://montenegroput.me/buy.php?detail/02804698039614" "Mozilla/5.0 AppleWebKit/537.36 (KHTML, like Gecko; compatible; GPTBot/1.4; +https://openai.com/gptbot)"
74.7.243.244 - - [17/Jul/2026:13:36:56 +0000] "GET /buy.php?detail/20003729851223 HTTP/1.1" 200 22021 "http://montenegroput.me/buy.php?detail/20001801965846" "Mozilla/5.0 AppleWebKit/537.36 (KHTML, like Gecko; compatible; GPTBot/1.4; +https://openai.com/gptbot)"
74.7.243.244 - - [17/Jul/2026:13:36:57 +0000] "GET /buy.php?detail/20003729928851 HTTP/1.1" 200 21950 "http://montenegroput.me/buy.php?detail/20001801965846" "Mozilla/5.0 AppleWebKit/537.36 (KHTML, like Gecko; compatible; GPTBot/1.4; +https://openai.com/gptbot)"
74.7.243.244 - - [17/Jul/2026:13:37:00 +0000] "GET /buy.php?detail/08401389499213 HTTP/1.1" 200 20462 "http://montenegroput.me/buy.php?detail/02804698039614" "Mozilla/5.0 AppleWebKit/537.36 (KHTML, like Gecko; compatible; GPTBot/1.4; +https://openai.com/gptbot)"
74.7.243.244 - - [17/Jul/2026:13:37:01 +0000] "GET /buy.php?detail/05101318680095 HTTP/1.1" 200 21409 "http://montenegroput.me/buy.php?detail/20001801965846" "Mozilla/5.0 AppleWebKit/537.36 (KHTML, like Gecko; compatible; GPTBot/1.4; +https://openai.com/gptbot)"
74.7.243.244 - - [17/Jul/2026:13:37:02 +0000] "GET /buy.php?detail/17301026011156 HTTP/1.1" 200 36 "http://montenegroput.me/buy.php?detail/17302768747266" "Mozilla/5.0 AppleWebKit/537.36 (KHTML, like Gecko; compatible; GPTBot/1.4; +https://openai.com/gptbot)"
74.7.243.244 - - [17/Jul/2026:13:37:22 +0000] "GET /buy.php?detail/04403704050519 HTTP/1.1" 200 21534 "http://montenegroput.me/buy.php?detail/04402349733781" "Mozilla/5.0 AppleWebKit/537.36 (KHTML, like Gecko; compatible; GPTBot/1.4; +https://openai.com/gptbot)"
74.7.243.244 - - [17/Jul/2026:13:37:23 +0000] "GET /buy.php?detail/11203974369673 HTTP/1.1" 200 20818 "http://montenegroput.me/buy.php?detail/17302768747266" "Mozilla/5.0 AppleWebKit/537.36 (KHTML, like Gecko; compatible; GPTBot/1.4; +https://openai.com/gptbot)"
74.7.243.244 - - [17/Jul/2026:13:37:26 +0000] "GET /buy.php?detail/17201185608841 HTTP/1.1" 200 21968 "http://montenegroput.me/buy.php?detail/20001801965846" "Mozilla/5.0 AppleWebKit/537.36 (KHTML, like Gecko; compatible; GPTBot/1.4; +https://openai.com/gptbot)"
74.7.243.244 - - [17/Jul/2026:13:37:27 +0000] "GET /buy.php?detail/2710442331797 HTTP/1.1" 200 20301 "http://montenegroput.me/buy.php?detail/27101373292803" "Mozilla/5.0 AppleWebKit/537.36 (KHTML, like Gecko; compatible; GPTBot/1.4; +https://openai.com/gptbot)"
74.7.243.244 - - [17/Jul/2026:13:37:29 +0000] "GET /buy.php?detail/17104270375218 HTTP/1.1" 200 20321 "http://montenegroput.me/buy.php?detail/17104270261568" "Mozilla/5.0 AppleWebKit/537.36 (KHTML, like Gecko; compatible; GPTBot/1.4; +https://openai.com/gptbot)"
74.7.243.244 - - [17/Jul/2026:13:37:32 +0000] "GET /buy.php?detail/28403582912508 HTTP/1.1" 200 20252 "http://montenegroput.me/buy.php?detail/17302768747266" "Mozilla/5.0 AppleWebKit/537.36 (KHTML, like Gecko; compatible; GPTBot/1.4; +https://openai.com/gptbot)"
43.135.115.233 - - [17/Jul/2026:13:37:51 +0000] "GET /wp-config-sample.php HTTP/1.1" 500 - "-" "Mozilla/5.0 (iPhone; CPU iPhone OS 13_2_3 like Mac OS X) AppleWebKit/605.1.15 (KHTML, like Gecko) Version/13.0.3 Mobile/15E148 Safari/604.1"
74.7.243.244 - - [17/Jul/2026:13:37:32 +0000] "GET /buy.php?detail/20102471335279 HTTP/1.1" 200 36 "http://montenegroput.me/buy.php?detail/20003729851223" "Mozilla/5.0 AppleWebKit/537.36 (KHTML, like Gecko; compatible; GPTBot/1.4; +https://openai.com/gptbot)"
74.7.243.244 - - [17/Jul/2026:13:37:53 +0000] "GET /buy.php?detail/2000392235026 HTTP/1.1" 200 21061 "http://montenegroput.me/buy.php?detail/20003729928851" "Mozilla/5.0 AppleWebKit/537.36 (KHTML, like Gecko; compatible; GPTBot/1.4; +https://openai.com/gptbot)"
74.7.243.244 - - [17/Jul/2026:13:37:53 +0000] "GET /buy.php?detail/20003473030774 HTTP/1.1" 200 20937 "http://montenegroput.me/buy.php?detail/20003729851223" "Mozilla/5.0 AppleWebKit/537.36 (KHTML, like Gecko; compatible; GPTBot/1.4; +https://openai.com/gptbot)"
74.7.243.244 - - [17/Jul/2026:13:37:55 +0000] "GET /buy.php?detail/10402857635076 HTTP/1.1" 200 21742 "http://montenegroput.me/buy.php?detail/10402840437084" "Mozilla/5.0 AppleWebKit/537.36 (KHTML, like Gecko; compatible; GPTBot/1.4; +https://openai.com/gptbot)"
209.50.228.91 - - [17/Jul/2026:13:38:12 +0000] "GET //click.php HTTP/1.1" 200 242 "-" "Mozilla/5.0 (Linux; Android 10; K) AppleWebKit/537.36 (KHTML, like Gecko) Chrome/150.0.0.0 Mobile Safari/537.36"
23.82.96.180 - - [17/Jul/2026:13:38:12 +0000] "GET //click.php HTTP/1.1" 200 242 "-" "Mozilla/5.0 (Linux; Android 10; K) AppleWebKit/537.36 (KHTML, like Gecko) Chrome/150.0.0.0 Mobile Safari/537.36"
66.249.65.39 - - [17/Jul/2026:13:38:13 +0000] "GET /products/060017921 HTTP/1.1" 404 - "-" "Mozilla/5.0 (Linux; Android 6.0.1; Nexus 5X Build/MMB29P) AppleWebKit/537.36 (KHTML, like Gecko) Chrome/150.0.7871.124 Mobile Safari/537.36 (compatible; Googlebot/2.1; +http://www.google.com/bot.html)"
170.64.252.169 - - [17/Jul/2026:13:38:13 +0000] "GET //click.php HTTP/1.1" 200 242 "-" "Mozilla/5.0 (Linux; Android 10; K) AppleWebKit/537.36 (KHTML, like Gecko) Chrome/150.0.0.0 Mobile Safari/537.36"
74.7.243.244 - - [17/Jul/2026:13:37:55 +0000] "GET /buy.php?m43592243777 HTTP/1.1" 200 36 "http://montenegroput.me/buy.php?detail/20001801965846" "Mozilla/5.0 AppleWebKit/537.36 (KHTML, like Gecko; compatible; GPTBot/1.4; +https://openai.com/gptbot)"
74.7.243.244 - - [17/Jul/2026:13:38:16 +0000] "GET /buy.php?m40005706019 HTTP/1.1" 200 21758 "http://montenegroput.me/buy.php?detail/02804698039614" "Mozilla/5.0 AppleWebKit/537.36 (KHTML, like Gecko; compatible; GPTBot/1.4; +https://openai.com/gptbot)"
66.249.65.38 - - [17/Jul/2026:13:38:20 +0000] "GET /item/023032025 HTTP/1.1" 404 - "-" "Mozilla/5.0 (Linux; Android 6.0.1; Nexus 5X Build/MMB29P) AppleWebKit/537.36 (KHTML, like Gecko) Chrome/150.0.7871.124 Mobile Safari/537.36 (compatible; Googlebot/2.1; +http://www.google.com/bot.html)"
66.249.65.38 - - [17/Jul/2026:13:38:29 +0000] "GET /products/042032725 HTTP/1.1" 404 - "-" "Mozilla/5.0 (Linux; Android 6.0.1; Nexus 5X Build/MMB29P) AppleWebKit/537.36 (KHTML, like Gecko) Chrome/150.0.7871.124 Mobile Safari/537.36 (compatible; Googlebot/2.1; +http://www.google.com/bot.html)"
74.7.243.244 - - [17/Jul/2026:13:38:17 +0000] "GET /buy.php?detail/22402747373321 HTTP/1.1" 200 21451 "http://montenegroput.me/buy.php?detail/11203974369673" "Mozilla/5.0 AppleWebKit/537.36 (KHTML, like Gecko; compatible; GPTBot/1.4; +https://openai.com/gptbot)"
74.7.243.244 - - [17/Jul/2026:13:38:30 +0000] "GET /buy.php?goods/172011856 HTTP/1.1" 200 21920 "http://montenegroput.me/buy.php?detail/17201185608841" "Mozilla/5.0 AppleWebKit/537.36 (KHTML, like Gecko; compatible; GPTBot/1.4; +https://openai.com/gptbot)"
74.7.243.244 - - [17/Jul/2026:13:38:31 +0000] "GET /buy.php?detail/18001191816206 HTTP/1.1" 200 21236 "http://montenegroput.me/buy.php?detail/11203974369673" "Mozilla/5.0 AppleWebKit/537.36 (KHTML, like Gecko; compatible; GPTBot/1.4; +https://openai.com/gptbot)"
74.7.243.244 - - [17/Jul/2026:13:38:33 +0000] "GET /buy.php?detail/11203974121373 HTTP/1.1" 200 21025 "http://montenegroput.me/buy.php?detail/11203974369673" "Mozilla/5.0 AppleWebKit/537.36 (KHTML, like Gecko; compatible; GPTBot/1.4; +https://openai.com/gptbot)"
66.249.65.38 - - [17/Jul/2026:13:38:54 +0000] "GET /item/221026031 HTTP/1.1" 404 - "-" "Mozilla/5.0 (Linux; Android 6.0.1; Nexus 5X Build/MMB29P) AppleWebKit/537.36 (KHTML, like Gecko) Chrome/150.0.7871.124 Mobile Safari/537.36 (compatible; Googlebot/2.1; +http://www.google.com/bot.html)"
74.7.243.244 - - [17/Jul/2026:13:38:34 +0000] "GET /buy.php?detail/17701355076613 HTTP/1.1" 200 36 "http://montenegroput.me/buy.php?detail/28403582912508" "Mozilla/5.0 AppleWebKit/537.36 (KHTML, like Gecko; compatible; GPTBot/1.4; +https://openai.com/gptbot)"
74.7.243.244 - - [17/Jul/2026:13:38:55 +0000] "GET /buy.php?detail/15704618954454 HTTP/1.1" 200 20664 "http://montenegroput.me/buy.php?detail/17104270375218" "Mozilla/5.0 AppleWebKit/537.36 (KHTML, like Gecko; compatible; GPTBot/1.4; +https://openai.com/gptbot)"
74.7.243.244 - - [17/Jul/2026:13:38:55 +0000] "GET /buy.php?detail/27104496477371 HTTP/1.1" 200 21002 "http://montenegroput.me/buy.php?detail/2710442331797" "Mozilla/5.0 AppleWebKit/537.36 (KHTML, like Gecko; compatible; GPTBot/1.4; +https://openai.com/gptbot)"
74.7.243.244 - - [17/Jul/2026:13:38:56 +0000] "GET /buy.php?detail/20003133164630 HTTP/1.1" 200 21128 "http://montenegroput.me/buy.php?detail/20003473030774" "Mozilla/5.0 AppleWebKit/537.36 (KHTML, like Gecko; compatible; GPTBot/1.4; +https://openai.com/gptbot)"
74.7.243.244 - - [17/Jul/2026:13:38:59 +0000] "GET /buy.php?detail/20003133398107 HTTP/1.1" 200 21231 "http://montenegroput.me/buy.php?detail/20003473030774" "Mozilla/5.0 AppleWebKit/537.36 (KHTML, like Gecko; compatible; GPTBot/1.4; +https://openai.com/gptbot)"
74.7.243.244 - - [17/Jul/2026:13:39:00 +0000] "GET /buy.php?detail/17104270765304 HTTP/1.1" 200 20201 "http://montenegroput.me/buy.php?detail/17104270375218" "Mozilla/5.0 AppleWebKit/537.36 (KHTML, like Gecko; compatible; GPTBot/1.4; +https://openai.com/gptbot)"
74.7.243.244 - - [17/Jul/2026:13:39:03 +0000] "GET /buy.php?detail/17201185463622 HTTP/1.1" 200 21958 "http://montenegroput.me/buy.php?detail/17201185608841" "Mozilla/5.0 AppleWebKit/537.36 (KHTML, like Gecko; compatible; GPTBot/1.4; +https://openai.com/gptbot)"
74.7.243.244 - - [17/Jul/2026:13:39:04 +0000] "GET /buy.php?detail/00103880727187 HTTP/1.1" 200 21451 "http://montenegroput.me/buy.php?detail/2000392235026" "Mozilla/5.0 AppleWebKit/537.36 (KHTML, like Gecko; compatible; GPTBot/1.4; +https://openai.com/gptbot)"
74.7.243.244 - - [17/Jul/2026:13:39:05 +0000] "GET /buy.php?detail/17201184714119 HTTP/1.1" 200 20481 "http://montenegroput.me/buy.php?goods/172011856" "Mozilla/5.0 AppleWebKit/537.36 (KHTML, like Gecko; compatible; GPTBot/1.4; +https://openai.com/gptbot)"
74.7.243.244 - - [17/Jul/2026:13:39:06 +0000] "GET /buy.php?detail/19703957213266 HTTP/1.1" 200 20468 "http://montenegroput.me/buy.php?goods/172011856" "Mozilla/5.0 AppleWebKit/537.36 (KHTML, like Gecko; compatible; GPTBot/1.4; +https://openai.com/gptbot)"
74.7.243.244 - - [17/Jul/2026:13:39:10 +0000] "GET /buy.php?detail/11203974011673 HTTP/1.1" 200 20456 "http://montenegroput.me/buy.php?detail/11203974121373" "Mozilla/5.0 AppleWebKit/537.36 (KHTML, like Gecko; compatible; GPTBot/1.4; +https://openai.com/gptbot)"
74.7.243.244 - - [17/Jul/2026:13:39:11 +0000] "GET /buy.php?detail/13304105727074 HTTP/1.1" 200 21176 "http://montenegroput.me/buy.php?goods/172011856" "Mozilla/5.0 AppleWebKit/537.36 (KHTML, like Gecko; compatible; GPTBot/1.4; +https://openai.com/gptbot)"
74.7.243.244 - - [17/Jul/2026:13:39:12 +0000] "GET /buy.php?detail/03703919123252 HTTP/1.1" 200 21304 "http://montenegroput.me/buy.php?detail/15704618954454" "Mozilla/5.0 AppleWebKit/537.36 (KHTML, like Gecko; compatible; GPTBot/1.4; +https://openai.com/gptbot)"
74.7.243.244 - - [17/Jul/2026:13:39:13 +0000] "GET /buy.php?detail/27102157520253 HTTP/1.1" 200 20503 "http://montenegroput.me/buy.php?detail/27104496477371" "Mozilla/5.0 AppleWebKit/537.36 (KHTML, like Gecko; compatible; GPTBot/1.4; +https://openai.com/gptbot)"
74.7.243.244 - - [17/Jul/2026:13:39:18 +0000] "GET /buy.php?detail/17201185161302 HTTP/1.1" 200 20475 "http://montenegroput.me/buy.php?goods/172011856" "Mozilla/5.0 AppleWebKit/537.36 (KHTML, like Gecko; compatible; GPTBot/1.4; +https://openai.com/gptbot)"
74.7.243.244 - - [17/Jul/2026:13:39:19 +0000] "GET /buy.php?detail/20001803040821 HTTP/1.1" 200 21399 "http://montenegroput.me/buy.php?detail/20003133398107" "Mozilla/5.0 AppleWebKit/537.36 (KHTML, like Gecko; compatible; GPTBot/1.4; +https://openai.com/gptbot)"
74.7.243.244 - - [17/Jul/2026:13:39:22 +0000] "GET /buy.php?detail/25202324683035 HTTP/1.1" 200 20989 "http://montenegroput.me/buy.php?detail/22402747373321" "Mozilla/5.0 AppleWebKit/537.36 (KHTML, like Gecko; compatible; GPTBot/1.4; +https://openai.com/gptbot)"
74.7.243.244 - - [17/Jul/2026:13:39:23 +0000] "GET /buy.php?detail/22901432115936 HTTP/1.1" 200 20839 "http://montenegroput.me/buy.php?detail/20003133398107" "Mozilla/5.0 AppleWebKit/537.36 (KHTML, like Gecko; compatible; GPTBot/1.4; +https://openai.com/gptbot)"
74.7.243.244 - - [17/Jul/2026:13:39:30 +0000] "GET /buy.php?detail/09000564306059 HTTP/1.1" 200 20971 "http://montenegroput.me/buy.php?detail/00103880727187" "Mozilla/5.0 AppleWebKit/537.36 (KHTML, like Gecko; compatible; GPTBot/1.4; +https://openai.com/gptbot)"
74.7.243.244 - - [17/Jul/2026:13:39:31 +0000] "GET /buy.php?detail/02503557866096 HTTP/1.1" 200 20850 "http://montenegroput.me/buy.php?m40005706019" "Mozilla/5.0 AppleWebKit/537.36 (KHTML, like Gecko; compatible; GPTBot/1.4; +https://openai.com/gptbot)"
74.7.243.244 - - [17/Jul/2026:13:39:32 +0000] "GET /buy.php?detail/02101546224685 HTTP/1.1" 200 21174 "http://montenegroput.me/buy.php?detail/19703957213266" "Mozilla/5.0 AppleWebKit/537.36 (KHTML, like Gecko; compatible; GPTBot/1.4; +https://openai.com/gptbot)"
74.7.243.244 - - [17/Jul/2026:13:39:33 +0000] "GET /buy.php?detail/05403630436596 HTTP/1.1" 200 20653 "http://montenegroput.me/buy.php?detail/11203974011673" "Mozilla/5.0 AppleWebKit/537.36 (KHTML, like Gecko; compatible; GPTBot/1.4; +https://openai.com/gptbot)"
74.7.243.244 - - [17/Jul/2026:13:39:34 +0000] "GET /buy.php?detail/13302154064151 HTTP/1.1" 200 21693 "http://montenegroput.me/buy.php?detail/13304105727074" "Mozilla/5.0 AppleWebKit/537.36 (KHTML, like Gecko; compatible; GPTBot/1.4; +https://openai.com/gptbot)"
74.7.243.244 - - [17/Jul/2026:13:39:35 +0000] "GET /buy.php?detail/28204644014580 HTTP/1.1" 200 20592 "http://montenegroput.me/buy.php?detail/11203974011673" "Mozilla/5.0 AppleWebKit/537.36 (KHTML, like Gecko; compatible; GPTBot/1.4; +https://openai.com/gptbot)"
74.7.243.244 - - [17/Jul/2026:13:39:36 +0000] "GET /buy.php?detail/06802703554427 HTTP/1.1" 200 21175 "http://montenegroput.me/buy.php?detail/27102157520253" "Mozilla/5.0 AppleWebKit/537.36 (KHTML, like Gecko; compatible; GPTBot/1.4; +https://openai.com/gptbot)"
74.7.243.244 - - [17/Jul/2026:13:39:36 +0000] "GET /buy.php?detail/01302896063864 HTTP/1.1" 200 21499 "http://montenegroput.me/buy.php?detail/27102157520253" "Mozilla/5.0 AppleWebKit/537.36 (KHTML, like Gecko; compatible; GPTBot/1.4; +https://openai.com/gptbot)"
74.7.243.244 - - [17/Jul/2026:13:39:37 +0000] "GET /buy.php?detail/10003107799319 HTTP/1.1" 200 20740 "http://montenegroput.me/buy.php?detail/20001803040821" "Mozilla/5.0 AppleWebKit/537.36 (KHTML, like Gecko; compatible; GPTBot/1.4; +https://openai.com/gptbot)"
74.7.243.244 - - [17/Jul/2026:13:39:40 +0000] "GET /buy.php?goods/252000634 HTTP/1.1" 200 21099 "http://montenegroput.me/buy.php?detail/25202324683035" "Mozilla/5.0 AppleWebKit/537.36 (KHTML, like Gecko; compatible; GPTBot/1.4; +https://openai.com/gptbot)"
74.7.243.244 - - [17/Jul/2026:13:39:41 +0000] "GET /buy.php?goods/200000004 HTTP/1.1" 200 20786 "http://montenegroput.me/buy.php?detail/20001803040821" "Mozilla/5.0 AppleWebKit/537.36 (KHTML, like Gecko; compatible; GPTBot/1.4; +https://openai.com/gptbot)"
74.7.243.244 - - [17/Jul/2026:13:39:42 +0000] "GET /buy.php?detail/05800352966666 HTTP/1.1" 200 21102 "http://montenegroput.me/buy.php?detail/09000564306059" "Mozilla/5.0 AppleWebKit/537.36 (KHTML, like Gecko; compatible; GPTBot/1.4; +https://openai.com/gptbot)"
74.7.243.244 - - [17/Jul/2026:13:39:43 +0000] "GET /buy.php?detail/02500688610479 HTTP/1.1" 200 36 "http://montenegroput.me/buy.php?detail/02503557866096" "Mozilla/5.0 AppleWebKit/537.36 (KHTML, like Gecko; compatible; GPTBot/1.4; +https://openai.com/gptbot)"
74.7.243.244 - - [17/Jul/2026:13:40:03 +0000] "GET /buy.php?m98347423718 HTTP/1.1" 200 21043 "http://montenegroput.me/buy.php?detail/02101546224685" "Mozilla/5.0 AppleWebKit/537.36 (KHTML, like Gecko; compatible; GPTBot/1.4; +https://openai.com/gptbot)"
74.7.243.244 - - [17/Jul/2026:13:40:09 +0000] "GET /buy.php?goods/021047747 HTTP/1.1" 200 20682 "http://montenegroput.me/buy.php?detail/02101546224685" "Mozilla/5.0 AppleWebKit/537.36 (KHTML, like Gecko; compatible; GPTBot/1.4; +https://openai.com/gptbot)"
74.7.243.244 - - [17/Jul/2026:13:40:10 +0000] "GET /buy.php?detail/13300404663121 HTTP/1.1" 200 20781 "http://montenegroput.me/buy.php?detail/13302154064151" "Mozilla/5.0 AppleWebKit/537.36 (KHTML, like Gecko; compatible; GPTBot/1.4; +https://openai.com/gptbot)"
74.7.243.244 - - [17/Jul/2026:13:40:15 +0000] "GET /buy.php?detail/23002412220980 HTTP/1.1" 200 36 "http://montenegroput.me/buy.php?detail/28204644014580" "Mozilla/5.0 AppleWebKit/537.36 (KHTML, like Gecko; compatible; GPTBot/1.4; +https://openai.com/gptbot)"
74.7.243.244 - - [17/Jul/2026:13:40:35 +0000] "GET /buy.php?detail/06801548305445 HTTP/1.1" 200 20649 "http://montenegroput.me/buy.php?detail/06802703554427" "Mozilla/5.0 AppleWebKit/537.36 (KHTML, like Gecko; compatible; GPTBot/1.4; +https://openai.com/gptbot)"
74.7.243.244 - - [17/Jul/2026:13:40:36 +0000] "GET /buy.php?detail/22901869067278 HTTP/1.1" 200 21259 "http://montenegroput.me/buy.php?detail/06802703554427" "Mozilla/5.0 AppleWebKit/537.36 (KHTML, like Gecko; compatible; GPTBot/1.4; +https://openai.com/gptbot)"
74.7.243.244 - - [17/Jul/2026:13:40:38 +0000] "GET /buy.php?detail/22600621128591 HTTP/1.1" 200 20623 "http://montenegroput.me/buy.php?detail/06802703554427" "Mozilla/5.0 AppleWebKit/537.36 (KHTML, like Gecko; compatible; GPTBot/1.4; +https://openai.com/gptbot)"
74.7.243.244 - - [17/Jul/2026:13:40:39 +0000] "GET /buy.php?detail/21701276720135 HTTP/1.1" 200 36 "http://montenegroput.me/buy.php?goods/252000634" "Mozilla/5.0 AppleWebKit/537.36 (KHTML, like Gecko; compatible; GPTBot/1.4; +https://openai.com/gptbot)"
74.7.243.244 - - [17/Jul/2026:13:40:59 +0000] "GET /buy.php?detail/20003470578005 HTTP/1.1" 200 20499 "http://montenegroput.me/buy.php?goods/200000004" "Mozilla/5.0 AppleWebKit/537.36 (KHTML, like Gecko; compatible; GPTBot/1.4; +https://openai.com/gptbot)"
74.7.243.244 - - [17/Jul/2026:13:41:00 +0000] "GET /buy.php?detail/22304263838403 HTTP/1.1" 200 21096 "http://montenegroput.me/buy.php?goods/200000004" "Mozilla/5.0 AppleWebKit/537.36 (KHTML, like Gecko; compatible; GPTBot/1.4; +https://openai.com/gptbot)"
74.7.243.244 - - [17/Jul/2026:13:41:01 +0000] "GET /buy.php?detail/25204219933571 HTTP/1.1" 200 22042 "http://montenegroput.me/buy.php?goods/252000634" "Mozilla/5.0 AppleWebKit/537.36 (KHTML, like Gecko; compatible; GPTBot/1.4; +https://openai.com/gptbot)"
74.7.243.244 - - [17/Jul/2026:13:41:02 +0000] "GET /buy.php?goods/200000005 HTTP/1.1" 200 20688 "http://montenegroput.me/buy.php?detail/2000392235026" "Mozilla/5.0 AppleWebKit/537.36 (KHTML, like Gecko; compatible; GPTBot/1.4; +https://openai.com/gptbot)"
74.7.243.244 - - [17/Jul/2026:13:41:07 +0000] "GET /buy.php?detail/02102787282190 HTTP/1.1" 200 21150 "http://montenegroput.me/buy.php?goods/021047747" "Mozilla/5.0 AppleWebKit/537.36 (KHTML, like Gecko; compatible; GPTBot/1.4; +https://openai.com/gptbot)"
74.7.243.244 - - [17/Jul/2026:13:41:13 +0000] "GET /buy.php?m44618096566 HTTP/1.1" 200 20853 "http://montenegroput.me/buy.php?detail/13300404663121" "Mozilla/5.0 AppleWebKit/537.36 (KHTML, like Gecko; compatible; GPTBot/1.4; +https://openai.com/gptbot)"
74.7.243.244 - - [17/Jul/2026:13:41:14 +0000] "GET /buy.php?m42225003269 HTTP/1.1" 200 20755 "http://montenegroput.me/buy.php?m98347423718" "Mozilla/5.0 AppleWebKit/537.36 (KHTML, like Gecko; compatible; GPTBot/1.4; +https://openai.com/gptbot)"
74.7.243.244 - - [17/Jul/2026:13:41:15 +0000] "GET /buy.php?detail/17700427019403 HTTP/1.1" 200 21126 "http://montenegroput.me/buy.php?detail/06801548305445" "Mozilla/5.0 AppleWebKit/537.36 (KHTML, like Gecko; compatible; GPTBot/1.4; +https://openai.com/gptbot)"
74.7.243.244 - - [17/Jul/2026:13:41:15 +0000] "GET /buy.php?detail/25202770912512 HTTP/1.1" 200 21131 "http://montenegroput.me/buy.php?detail/22901869067278" "Mozilla/5.0 AppleWebKit/537.36 (KHTML, like Gecko; compatible; GPTBot/1.4; +https://openai.com/gptbot)"
74.7.243.244 - - [17/Jul/2026:13:41:20 +0000] "GET /buy.php?detail/06804418680254 HTTP/1.1" 200 20659 "http://montenegroput.me/buy.php?detail/06801548305445" "Mozilla/5.0 AppleWebKit/537.36 (KHTML, like Gecko; compatible; GPTBot/1.4; +https://openai.com/gptbot)"
74.7.243.244 - - [17/Jul/2026:13:41:21 +0000] "GET /buy.php?detail/13300249024512 HTTP/1.1" 200 21138 "http://montenegroput.me/buy.php?detail/22600621128591" "Mozilla/5.0 AppleWebKit/537.36 (KHTML, like Gecko; compatible; GPTBot/1.4; +https://openai.com/gptbot)"
74.7.243.244 - - [17/Jul/2026:13:41:22 +0000] "GET /buy.php?detail/20003920652422 HTTP/1.1" 200 21073 "http://montenegroput.me/buy.php?detail/20003470578005" "Mozilla/5.0 AppleWebKit/537.36 (KHTML, like Gecko; compatible; GPTBot/1.4; +https://openai.com/gptbot)"
74.7.243.244 - - [17/Jul/2026:13:41:23 +0000] "GET /buy.php?detail/22902640019560 HTTP/1.1" 200 20675 "http://montenegroput.me/buy.php?detail/22901869067278" "Mozilla/5.0 AppleWebKit/537.36 (KHTML, like Gecko; compatible; GPTBot/1.4; +https://openai.com/gptbot)"
74.7.243.244 - - [17/Jul/2026:13:41:24 +0000] "GET /buy.php?detail/06804418436083 HTTP/1.1" 200 20780 "http://montenegroput.me/buy.php?detail/06801548305445" "Mozilla/5.0 AppleWebKit/537.36 (KHTML, like Gecko; compatible; GPTBot/1.4; +https://openai.com/gptbot)"
74.7.243.244 - - [17/Jul/2026:13:41:24 +0000] "GET /buy.php?detail/14301861043631 HTTP/1.1" 200 20587 "http://montenegroput.me/buy.php?goods/200000005" "Mozilla/5.0 AppleWebKit/537.36 (KHTML, like Gecko; compatible; GPTBot/1.4; +https://openai.com/gptbot)"
74.7.243.244 - - [17/Jul/2026:13:41:25 +0000] "GET /buy.php?detail/22600080868816 HTTP/1.1" 200 21126 "http://montenegroput.me/buy.php?detail/22600621128591" "Mozilla/5.0 AppleWebKit/537.36 (KHTML, like Gecko; compatible; GPTBot/1.4; +https://openai.com/gptbot)"
74.7.243.244 - - [17/Jul/2026:13:41:34 +0000] "GET /buy.php?detail/28203029276913 HTTP/1.1" 200 20171 "http://montenegroput.me/buy.php?detail/25204219933571" "Mozilla/5.0 AppleWebKit/537.36 (KHTML, like Gecko; compatible; GPTBot/1.4; +https://openai.com/gptbot)"
74.7.243.244 - - [17/Jul/2026:13:41:37 +0000] "GET /buy.php?m36077783476 HTTP/1.1" 200 20687 "http://montenegroput.me/buy.php?detail/11203974121373" "Mozilla/5.0 AppleWebKit/537.36 (KHTML, like Gecko; compatible; GPTBot/1.4; +https://openai.com/gptbot)"
74.7.243.244 - - [17/Jul/2026:13:41:37 +0000] "GET /buy.php?detail/17700850958708 HTTP/1.1" 200 20617 "http://montenegroput.me/buy.php?detail/17700427019403" "Mozilla/5.0 AppleWebKit/537.36 (KHTML, like Gecko; compatible; GPTBot/1.4; +https://openai.com/gptbot)"
74.7.243.244 - - [17/Jul/2026:13:41:38 +0000] "GET /buy.php?detail/05704507500831 HTTP/1.1" 200 20456 "http://montenegroput.me/buy.php?detail/17700427019403" "Mozilla/5.0 AppleWebKit/537.36 (KHTML, like Gecko; compatible; GPTBot/1.4; +https://openai.com/gptbot)"
74.7.243.244 - - [17/Jul/2026:13:41:39 +0000] "GET /buy.php?detail/25200755991252 HTTP/1.1" 200 21635 "http://montenegroput.me/buy.php?detail/25202770912512" "Mozilla/5.0 AppleWebKit/537.36 (KHTML, like Gecko; compatible; GPTBot/1.4; +https://openai.com/gptbot)"
74.7.243.244 - - [17/Jul/2026:13:41:40 +0000] "GET /buy.php?detail/09802810415020 HTTP/1.1" 200 21711 "http://montenegroput.me/buy.php?detail/13300249024512" "Mozilla/5.0 AppleWebKit/537.36 (KHTML, like Gecko; compatible; GPTBot/1.4; +https://openai.com/gptbot)"
74.7.243.244 - - [17/Jul/2026:13:41:41 +0000] "GET /buy.php?detail/07002988669816 HTTP/1.1" 200 36 "http://montenegroput.me/buy.php?detail/20003920652422" "Mozilla/5.0 AppleWebKit/537.36 (KHTML, like Gecko; compatible; GPTBot/1.4; +https://openai.com/gptbot)"
74.7.243.244 - - [17/Jul/2026:13:42:01 +0000] "GET /buy.php?detail/25904136022890 HTTP/1.1" 200 20638 "http://montenegroput.me/buy.php?detail/22902640019560" "Mozilla/5.0 AppleWebKit/537.36 (KHTML, like Gecko; compatible; GPTBot/1.4; +https://openai.com/gptbot)"
74.7.243.244 - - [17/Jul/2026:13:42:02 +0000] "GET /buy.php?detail/13101365815166 HTTP/1.1" 200 20733 "http://montenegroput.me/buy.php?detail/22902640019560" "Mozilla/5.0 AppleWebKit/537.36 (KHTML, like Gecko; compatible; GPTBot/1.4; +https://openai.com/gptbot)"
74.7.243.244 - - [17/Jul/2026:13:42:03 +0000] "GET /buy.php?detail/07001272927894 HTTP/1.1" 200 22151 "http://montenegroput.me/buy.php?detail/14301861043631" "Mozilla/5.0 AppleWebKit/537.36 (KHTML, like Gecko; compatible; GPTBot/1.4; +https://openai.com/gptbot)"
74.7.243.244 - - [17/Jul/2026:13:42:06 +0000] "GET /buy.php?detail/11300841008923 HTTP/1.1" 200 20993 "http://montenegroput.me/buy.php?detail/17700427019403" "Mozilla/5.0 AppleWebKit/537.36 (KHTML, like Gecko; compatible; GPTBot/1.4; +https://openai.com/gptbot)"
74.7.243.244 - - [17/Jul/2026:13:42:07 +0000] "GET /buy.php?detail/08101281191990 HTTP/1.1" 200 21146 "http://montenegroput.me/buy.php?detail/06804418436083" "Mozilla/5.0 AppleWebKit/537.36 (KHTML, like Gecko; compatible; GPTBot/1.4; +https://openai.com/gptbot)"
74.7.243.244 - - [17/Jul/2026:13:42:07 +0000] "GET /buy.php?detail/10502254904803 HTTP/1.1" 200 20675 "http://montenegroput.me/buy.php?detail/17700427019403" "Mozilla/5.0 AppleWebKit/537.36 (KHTML, like Gecko; compatible; GPTBot/1.4; +https://openai.com/gptbot)"
74.7.243.244 - - [17/Jul/2026:13:42:08 +0000] "GET /buy.php?detail/17703408949038 HTTP/1.1" 200 36 "http://montenegroput.me/buy.php?detail/17700850958708" "Mozilla/5.0 AppleWebKit/537.36 (KHTML, like Gecko; compatible; GPTBot/1.4; +https://openai.com/gptbot)"
74.7.243.244 - - [17/Jul/2026:13:42:29 +0000] "GET /buy.php?m31819682226 HTTP/1.1" 200 20388 "http://montenegroput.me/buy.php?m44618096566" "Mozilla/5.0 AppleWebKit/537.36 (KHTML, like Gecko; compatible; GPTBot/1.4; +https://openai.com/gptbot)"
74.7.243.244 - - [17/Jul/2026:13:42:31 +0000] "GET /buy.php?m73478518111 HTTP/1.1" 200 20633 "http://montenegroput.me/buy.php?detail/02503557866096" "Mozilla/5.0 AppleWebKit/537.36 (KHTML, like Gecko; compatible; GPTBot/1.4; +https://openai.com/gptbot)"
74.7.243.244 - - [17/Jul/2026:13:42:32 +0000] "GET /buy.php?detail/09802815795116 HTTP/1.1" 200 21018 "http://montenegroput.me/buy.php?detail/09802810415020" "Mozilla/5.0 AppleWebKit/537.36 (KHTML, like Gecko; compatible; GPTBot/1.4; +https://openai.com/gptbot)"
74.7.243.244 - - [17/Jul/2026:13:42:33 +0000] "GET /buy.php?detail/01302515446792 HTTP/1.1" 200 21689 "http://montenegroput.me/buy.php?detail/01302896063864" "Mozilla/5.0 AppleWebKit/537.36 (KHTML, like Gecko; compatible; GPTBot/1.4; +https://openai.com/gptbot)"
74.7.243.244 - - [17/Jul/2026:13:42:34 +0000] "GET /buy.php?detail/13802676481533 HTTP/1.1" 200 21419 "http://montenegroput.me/buy.php?detail/22100512797554" "Mozilla/5.0 AppleWebKit/537.36 (KHTML, like Gecko; compatible; GPTBot/1.4; +https://openai.com/gptbot)"
74.7.243.244 - - [17/Jul/2026:13:42:35 +0000] "GET /buy.php?detail/24800527406062 HTTP/1.1" 200 20657 "http://montenegroput.me/buy.php?detail/13101365815166" "Mozilla/5.0 AppleWebKit/537.36 (KHTML, like Gecko; compatible; GPTBot/1.4; +https://openai.com/gptbot)"
74.7.243.244 - - [17/Jul/2026:13:42:38 +0000] "GET /buy.php?goods/070040659 HTTP/1.1" 200 21708 "http://montenegroput.me/buy.php?detail/07001272927894" "Mozilla/5.0 AppleWebKit/537.36 (KHTML, like Gecko; compatible; GPTBot/1.4; +https://openai.com/gptbot)"
74.7.243.244 - - [17/Jul/2026:13:42:41 +0000] "GET /buy.php?detail/07603474543486 HTTP/1.1" 200 21402 "http://montenegroput.me/buy.php?detail/07001272927894" "Mozilla/5.0 AppleWebKit/537.36 (KHTML, like Gecko; compatible; GPTBot/1.4; +https://openai.com/gptbot)"
74.7.243.244 - - [17/Jul/2026:13:42:42 +0000] "GET /buy.php?detail/08101280118192 HTTP/1.1" 200 21099 "http://montenegroput.me/buy.php?detail/08101281191990" "Mozilla/5.0 AppleWebKit/537.36 (KHTML, like Gecko; compatible; GPTBot/1.4; +https://openai.com/gptbot)"
