Sindbad~EG File Manager

Current Path : /home/montenegroput/access-logs/
Upload File :
Current File : /home/montenegroput/access-logs/montenegroput.me

74.7.243.244 - - [17/Jul/2026:12:02:01 +0000] "GET /buy.php?detail/21103827097720 HTTP/1.1" 200 21217 "http://montenegroput.me/buy.php?detail/04504864056014" "Mozilla/5.0 AppleWebKit/537.36 (KHTML, like Gecko; compatible; GPTBot/1.4; +https://openai.com/gptbot)"
74.7.243.244 - - [17/Jul/2026:12:02:14 +0000] "GET /buy.php?detail/17701655322127 HTTP/1.1" 200 20468 "http://montenegroput.me/buy.php?detail/20504725568157" "Mozilla/5.0 AppleWebKit/537.36 (KHTML, like Gecko; compatible; GPTBot/1.4; +https://openai.com/gptbot)"
74.7.243.244 - - [17/Jul/2026:12:02:15 +0000] "GET /buy.php?detail/13704798294772 HTTP/1.1" 200 20814 "http://montenegroput.me/buy.php?detail/10700886025673" "Mozilla/5.0 AppleWebKit/537.36 (KHTML, like Gecko; compatible; GPTBot/1.4; +https://openai.com/gptbot)"
74.7.243.244 - - [17/Jul/2026:12:02:17 +0000] "GET /buy.php?detail/24203260144073 HTTP/1.1" 200 20556 "http://montenegroput.me/buy.php?detail/24200394061770" "Mozilla/5.0 AppleWebKit/537.36 (KHTML, like Gecko; compatible; GPTBot/1.4; +https://openai.com/gptbot)"
74.7.243.244 - - [17/Jul/2026:12:02:18 +0000] "GET /buy.php?detail/19800368071490 HTTP/1.1" 200 21355 "http://montenegroput.me/buy.php?goods/274047057" "Mozilla/5.0 AppleWebKit/537.36 (KHTML, like Gecko; compatible; GPTBot/1.4; +https://openai.com/gptbot)"
74.7.243.244 - - [17/Jul/2026:12:02:20 +0000] "GET /buy.php?detail/27400690128805 HTTP/1.1" 200 21662 "http://montenegroput.me/buy.php?goods/274047057" "Mozilla/5.0 AppleWebKit/537.36 (KHTML, like Gecko; compatible; GPTBot/1.4; +https://openai.com/gptbot)"
74.7.243.244 - - [17/Jul/2026:12:02:21 +0000] "GET /buy.php?detail/26603017823868 HTTP/1.1" 200 20706 "http://montenegroput.me/buy.php?detail/10700587491802" "Mozilla/5.0 AppleWebKit/537.36 (KHTML, like Gecko; compatible; GPTBot/1.4; +https://openai.com/gptbot)"
74.7.243.244 - - [17/Jul/2026:12:02:24 +0000] "GET /buy.php?detail/10101383089615 HTTP/1.1" 200 20356 "http://montenegroput.me/buy.php?detail/08004601079708" "Mozilla/5.0 AppleWebKit/537.36 (KHTML, like Gecko; compatible; GPTBot/1.4; +https://openai.com/gptbot)"
74.7.243.244 - - [17/Jul/2026:12:02:26 +0000] "GET /buy.php?detail/18200017013716 HTTP/1.1" 200 21853 "http://montenegroput.me/buy.php?detail/04500616041028" "Mozilla/5.0 AppleWebKit/537.36 (KHTML, like Gecko; compatible; GPTBot/1.4; +https://openai.com/gptbot)"
74.7.243.244 - - [17/Jul/2026:12:02:27 +0000] "GET /buy.php?detail/25304053328386 HTTP/1.1" 200 21513 "http://montenegroput.me/buy.php?detail/04500616041028" "Mozilla/5.0 AppleWebKit/537.36 (KHTML, like Gecko; compatible; GPTBot/1.4; +https://openai.com/gptbot)"
74.7.243.244 - - [17/Jul/2026:12:02:28 +0000] "GET /buy.php?detail/03902080411687 HTTP/1.1" 200 21023 "http://montenegroput.me/buy.php?detail/08004601079708" "Mozilla/5.0 AppleWebKit/537.36 (KHTML, like Gecko; compatible; GPTBot/1.4; +https://openai.com/gptbot)"
74.7.243.244 - - [17/Jul/2026:12:02:31 +0000] "GET /buy.php?detail/20804725609446 HTTP/1.1" 200 36 "http://montenegroput.me/buy.php?detail/10700886025673" "Mozilla/5.0 AppleWebKit/537.36 (KHTML, like Gecko; compatible; GPTBot/1.4; +https://openai.com/gptbot)"
74.7.243.244 - - [17/Jul/2026:12:02:51 +0000] "GET /buy.php?goods/177000233 HTTP/1.1" 200 36 "http://montenegroput.me/buy.php?detail/17701655322127" "Mozilla/5.0 AppleWebKit/537.36 (KHTML, like Gecko; compatible; GPTBot/1.4; +https://openai.com/gptbot)"
74.7.243.244 - - [17/Jul/2026:12:03:12 +0000] "GET /buy.php?detail/19903315839147 HTTP/1.1" 200 20967 "http://montenegroput.me/buy.php?goods/230027428" "Mozilla/5.0 AppleWebKit/537.36 (KHTML, like Gecko; compatible; GPTBot/1.4; +https://openai.com/gptbot)"
74.7.243.244 - - [17/Jul/2026:12:03:13 +0000] "GET /buy.php?detail/24201370818331 HTTP/1.1" 200 20831 "http://montenegroput.me/buy.php?detail/24203260144073" "Mozilla/5.0 AppleWebKit/537.36 (KHTML, like Gecko; compatible; GPTBot/1.4; +https://openai.com/gptbot)"
74.7.243.244 - - [17/Jul/2026:12:03:15 +0000] "GET /buy.php?detail/1980224780536 HTTP/1.1" 200 21285 "http://montenegroput.me/buy.php?detail/19800368071490" "Mozilla/5.0 AppleWebKit/537.36 (KHTML, like Gecko; compatible; GPTBot/1.4; +https://openai.com/gptbot)"
74.7.243.244 - - [17/Jul/2026:12:03:16 +0000] "GET /buy.php?jp/099030984.html HTTP/1.1" 200 21690 "http://montenegroput.me/buy.php?detail/27400690128805" "Mozilla/5.0 AppleWebKit/537.36 (KHTML, like Gecko; compatible; GPTBot/1.4; +https://openai.com/gptbot)"
74.7.243.244 - - [17/Jul/2026:12:03:17 +0000] "GET /buy.php?detail/04104767899840 HTTP/1.1" 200 20842 "http://montenegroput.me/buy.php?detail/19800368071490" "Mozilla/5.0 AppleWebKit/537.36 (KHTML, like Gecko; compatible; GPTBot/1.4; +https://openai.com/gptbot)"
74.7.243.244 - - [17/Jul/2026:12:03:18 +0000] "GET /buy.php?m89783487733 HTTP/1.1" 200 20586 "http://montenegroput.me/buy.php?detail/10101383089615" "Mozilla/5.0 AppleWebKit/537.36 (KHTML, like Gecko; compatible; GPTBot/1.4; +https://openai.com/gptbot)"
74.7.243.244 - - [17/Jul/2026:12:03:19 +0000] "GET /buy.php?detail/18200076363235 HTTP/1.1" 200 36 "http://montenegroput.me/buy.php?detail/18200017013716" "Mozilla/5.0 AppleWebKit/537.36 (KHTML, like Gecko; compatible; GPTBot/1.4; +https://openai.com/gptbot)"
74.7.243.244 - - [17/Jul/2026:12:03:39 +0000] "GET /buy.php?detail/26602932698875 HTTP/1.1" 200 21343 "http://montenegroput.me/buy.php?detail/26603017823868" "Mozilla/5.0 AppleWebKit/537.36 (KHTML, like Gecko; compatible; GPTBot/1.4; +https://openai.com/gptbot)"
74.7.243.244 - - [17/Jul/2026:12:03:42 +0000] "GET /buy.php?detail/03900226122574 HTTP/1.1" 200 21534 "http://montenegroput.me/buy.php?detail/03902080411687" "Mozilla/5.0 AppleWebKit/537.36 (KHTML, like Gecko; compatible; GPTBot/1.4; +https://openai.com/gptbot)"
74.7.243.244 - - [17/Jul/2026:12:03:43 +0000] "GET /buy.php?detail/25302629023618 HTTP/1.1" 200 20780 "http://montenegroput.me/buy.php?detail/25304053328386" "Mozilla/5.0 AppleWebKit/537.36 (KHTML, like Gecko; compatible; GPTBot/1.4; +https://openai.com/gptbot)"
74.7.243.244 - - [17/Jul/2026:12:03:48 +0000] "GET /buy.php?detail/16800005943348 HTTP/1.1" 200 20710 "http://montenegroput.me/buy.php?detail/27400690128805" "Mozilla/5.0 AppleWebKit/537.36 (KHTML, like Gecko; compatible; GPTBot/1.4; +https://openai.com/gptbot)"
74.7.243.244 - - [17/Jul/2026:12:03:50 +0000] "GET /buy.php?detail/00904688649215 HTTP/1.1" 200 36 "http://montenegroput.me/buy.php?detail/25304053328386" "Mozilla/5.0 AppleWebKit/537.36 (KHTML, like Gecko; compatible; GPTBot/1.4; +https://openai.com/gptbot)"
74.7.243.244 - - [17/Jul/2026:12:03:56 +0000] "GET /buy.php?detail/24201597779535 HTTP/1.1" 200 20515 "http://montenegroput.me/buy.php?detail/24201370818331" "Mozilla/5.0 AppleWebKit/537.36 (KHTML, like Gecko; compatible; GPTBot/1.4; +https://openai.com/gptbot)"
74.7.243.244 - - [17/Jul/2026:12:04:03 +0000] "GET /buy.php?detail/12500945706259 HTTP/1.1" 200 21471 "http://montenegroput.me/buy.php?detail/1980224780536" "Mozilla/5.0 AppleWebKit/537.36 (KHTML, like Gecko; compatible; GPTBot/1.4; +https://openai.com/gptbot)"
74.7.243.244 - - [17/Jul/2026:12:04:05 +0000] "GET /buy.php?detail/25302628811721 HTTP/1.1" 200 36 "http://montenegroput.me/buy.php?detail/25304053328386" "Mozilla/5.0 AppleWebKit/537.36 (KHTML, like Gecko; compatible; GPTBot/1.4; +https://openai.com/gptbot)"
74.7.243.244 - - [17/Jul/2026:12:04:25 +0000] "GET /buy.php?detail/18801325488780 HTTP/1.1" 200 20514 "http://montenegroput.me/buy.php?detail/04104767899840" "Mozilla/5.0 AppleWebKit/537.36 (KHTML, like Gecko; compatible; GPTBot/1.4; +https://openai.com/gptbot)"
74.7.243.244 - - [17/Jul/2026:12:04:28 +0000] "GET /buy.php?detail/04103351420842 HTTP/1.1" 200 21117 "http://montenegroput.me/buy.php?detail/04104767899840" "Mozilla/5.0 AppleWebKit/537.36 (KHTML, like Gecko; compatible; GPTBot/1.4; +https://openai.com/gptbot)"
74.7.243.244 - - [17/Jul/2026:12:04:29 +0000] "GET /buy.php?detail/04104403685215 HTTP/1.1" 200 21387 "http://montenegroput.me/buy.php?detail/04104767899840" "Mozilla/5.0 AppleWebKit/537.36 (KHTML, like Gecko; compatible; GPTBot/1.4; +https://openai.com/gptbot)"
74.7.243.244 - - [17/Jul/2026:12:04:30 +0000] "GET /buy.php?detail/26002922576485 HTTP/1.1" 200 20634 "http://montenegroput.me/buy.php?detail/260020668062" "Mozilla/5.0 AppleWebKit/537.36 (KHTML, like Gecko; compatible; GPTBot/1.4; +https://openai.com/gptbot)"
74.7.243.244 - - [17/Jul/2026:12:04:31 +0000] "GET /buy.php?detail/02602705863783 HTTP/1.1" 200 21193 "http://montenegroput.me/buy.php?detail/03900226122574" "Mozilla/5.0 AppleWebKit/537.36 (KHTML, like Gecko; compatible; GPTBot/1.4; +https://openai.com/gptbot)"
144.76.32.235 - - [17/Jul/2026:12:04:32 +0000] "GET /robots.txt HTTP/1.1" 200 132 "-" "Mozilla/5.0 (compatible; SERankingBacklinksBot/1.0; +https://seranking.com/backlinks-crawler)"
74.7.243.244 - - [17/Jul/2026:12:04:32 +0000] "GET /buy.php?detail/18803513102678 HTTP/1.1" 200 20613 "http://montenegroput.me/buy.php?detail/25302629023618" "Mozilla/5.0 AppleWebKit/537.36 (KHTML, like Gecko; compatible; GPTBot/1.4; +https://openai.com/gptbot)"
144.76.32.235 - - [17/Jul/2026:12:04:33 +0000] "GET /buy.php?124852876 HTTP/1.1" 200 21796 "-" "Mozilla/5.0 (compatible; SERankingBacklinksBot/1.0; +https://seranking.com/backlinks-crawler)"
74.7.243.244 - - [17/Jul/2026:12:04:33 +0000] "GET /buy.php?detail/25601419100993 HTTP/1.1" 200 21222 "http://montenegroput.me/buy.php?detail/19400813283274" "Mozilla/5.0 AppleWebKit/537.36 (KHTML, like Gecko; compatible; GPTBot/1.4; +https://openai.com/gptbot)"
74.7.243.244 - - [17/Jul/2026:12:04:35 +0000] "GET /buy.php?detail/01102609179439 HTTP/1.1" 200 20887 "http://montenegroput.me/buy.php?detail/01102073385767" "Mozilla/5.0 AppleWebKit/537.36 (KHTML, like Gecko; compatible; GPTBot/1.4; +https://openai.com/gptbot)"
74.7.243.244 - - [17/Jul/2026:12:04:40 +0000] "GET /buy.php?detail/02103892761543 HTTP/1.1" 200 20701 "http://montenegroput.me/buy.php?detail/04504864056014" "Mozilla/5.0 AppleWebKit/537.36 (KHTML, like Gecko; compatible; GPTBot/1.4; +https://openai.com/gptbot)"
66.249.65.38 - - [17/Jul/2026:12:04:45 +0000] "GET /shop/succula/zoomorphism111622418773.shtml HTTP/1.1" 404 - "-" "Mozilla/5.0 (Linux; Android 6.0.1; Nexus 5X Build/MMB29P) AppleWebKit/537.36 (KHTML, like Gecko) Chrome/150.0.7871.124 Mobile Safari/537.36 (compatible; Googlebot/2.1; +http://www.google.com/bot.html)"
74.7.243.244 - - [17/Jul/2026:12:04:42 +0000] "GET /buy.php?detail/02301849652137 HTTP/1.1" 200 20538 "http://montenegroput.me/buy.php?detail/11904394462361" "Mozilla/5.0 AppleWebKit/537.36 (KHTML, like Gecko; compatible; GPTBot/1.4; +https://openai.com/gptbot)"
74.7.243.244 - - [17/Jul/2026:12:04:51 +0000] "GET /buy.php?detail/06804596239721 HTTP/1.1" 200 20645 "http://montenegroput.me/buy.php?detail/06402583686631" "Mozilla/5.0 AppleWebKit/537.36 (KHTML, like Gecko; compatible; GPTBot/1.4; +https://openai.com/gptbot)"
74.7.243.244 - - [17/Jul/2026:12:04:53 +0000] "GET /buy.php?detail/09702385747782 HTTP/1.1" 200 21065 "http://montenegroput.me/buy.php?detail/18801325488780" "Mozilla/5.0 AppleWebKit/537.36 (KHTML, like Gecko; compatible; GPTBot/1.4; +https://openai.com/gptbot)"
74.7.243.244 - - [17/Jul/2026:12:04:54 +0000] "GET /buy.php?detail/04103351371245 HTTP/1.1" 200 21292 "http://montenegroput.me/buy.php?detail/04103351420842" "Mozilla/5.0 AppleWebKit/537.36 (KHTML, like Gecko; compatible; GPTBot/1.4; +https://openai.com/gptbot)"
74.7.243.244 - - [17/Jul/2026:12:04:55 +0000] "GET /buy.php?detail/28200225903816 HTTP/1.1" 200 21530 "http://montenegroput.me/buy.php?detail/04104403685215" "Mozilla/5.0 AppleWebKit/537.36 (KHTML, like Gecko; compatible; GPTBot/1.4; +https://openai.com/gptbot)"
74.7.243.244 - - [17/Jul/2026:12:04:56 +0000] "GET /buy.php?detail/112003587842 HTTP/1.1" 200 20688 "http://montenegroput.me/buy.php?detail/26002922576485" "Mozilla/5.0 AppleWebKit/537.36 (KHTML, like Gecko; compatible; GPTBot/1.4; +https://openai.com/gptbot)"
74.7.243.244 - - [17/Jul/2026:12:04:57 +0000] "GET /buy.php?detail/26004190499818 HTTP/1.1" 200 21104 "http://montenegroput.me/buy.php?detail/26002922576485" "Mozilla/5.0 AppleWebKit/537.36 (KHTML, like Gecko; compatible; GPTBot/1.4; +https://openai.com/gptbot)"
74.7.243.244 - - [17/Jul/2026:12:04:58 +0000] "GET /buy.php?detail/11503401890188 HTTP/1.1" 200 20544 "http://montenegroput.me/buy.php?detail/18803513102678" "Mozilla/5.0 AppleWebKit/537.36 (KHTML, like Gecko; compatible; GPTBot/1.4; +https://openai.com/gptbot)"
74.7.243.244 - - [17/Jul/2026:12:04:59 +0000] "GET /buy.php?detail/04102398921951 HTTP/1.1" 200 21191 "http://montenegroput.me/buy.php?detail/04104403685215" "Mozilla/5.0 AppleWebKit/537.36 (KHTML, like Gecko; compatible; GPTBot/1.4; +https://openai.com/gptbot)"
66.249.65.38 - - [17/Jul/2026:12:05:00 +0000] "GET /shop/holosiderite/globosity153752825493.shtml HTTP/1.1" 404 - "-" "Mozilla/5.0 (Linux; Android 6.0.1; Nexus 5X Build/MMB29P) AppleWebKit/537.36 (KHTML, like Gecko) Chrome/150.0.7871.124 Mobile Safari/537.36 (compatible; Googlebot/2.1; +http://www.google.com/bot.html)"
66.249.65.40 - - [17/Jul/2026:12:05:00 +0000] "GET /products/066000469 HTTP/1.1" 404 - "-" "Mozilla/5.0 (Linux; Android 6.0.1; Nexus 5X Build/MMB29P) AppleWebKit/537.36 (KHTML, like Gecko) Chrome/150.0.7871.124 Mobile Safari/537.36 (compatible; Googlebot/2.1; +http://www.google.com/bot.html)"
74.7.243.244 - - [17/Jul/2026:12:04:59 +0000] "GET /buy.php?detail/01103768867590 HTTP/1.1" 200 20522 "http://montenegroput.me/buy.php?detail/01102609179439" "Mozilla/5.0 AppleWebKit/537.36 (KHTML, like Gecko; compatible; GPTBot/1.4; +https://openai.com/gptbot)"
144.76.32.235 - - [17/Jul/2026:12:05:11 +0000] "GET /buy.php?125251915 HTTP/1.1" 200 21631 "-" "Mozilla/5.0 (compatible; SERankingBacklinksBot/1.0; +https://seranking.com/backlinks-crawler)"
74.7.243.244 - - [17/Jul/2026:12:05:02 +0000] "GET /buy.php?detail/02102988899607 HTTP/1.1" 200 36 "http://montenegroput.me/buy.php?detail/02103892761543" "Mozilla/5.0 AppleWebKit/537.36 (KHTML, like Gecko; compatible; GPTBot/1.4; +https://openai.com/gptbot)"
74.7.243.244 - - [17/Jul/2026:12:05:23 +0000] "GET /buy.php?detail/02304321289846 HTTP/1.1" 200 20495 "http://montenegroput.me/buy.php?detail/02301849652137" "Mozilla/5.0 AppleWebKit/537.36 (KHTML, like Gecko; compatible; GPTBot/1.4; +https://openai.com/gptbot)"
74.7.243.244 - - [17/Jul/2026:12:05:23 +0000] "GET /buy.php?detail/24502099480277 HTTP/1.1" 200 21240 "http://montenegroput.me/buy.php?detail/06804596239721" "Mozilla/5.0 AppleWebKit/537.36 (KHTML, like Gecko; compatible; GPTBot/1.4; +https://openai.com/gptbot)"
74.7.243.244 - - [17/Jul/2026:12:05:26 +0000] "GET /buy.php?detail/22904425706589 HTTP/1.1" 200 21409 "http://montenegroput.me/buy.php?detail/06804596239721" "Mozilla/5.0 AppleWebKit/537.36 (KHTML, like Gecko; compatible; GPTBot/1.4; +https://openai.com/gptbot)"
74.7.243.244 - - [17/Jul/2026:12:05:27 +0000] "GET /buy.php?detail/02403979660313 HTTP/1.1" 200 20222 "http://montenegroput.me/buy.php?detail/04103351371245" "Mozilla/5.0 AppleWebKit/537.36 (KHTML, like Gecko; compatible; GPTBot/1.4; +https://openai.com/gptbot)"
74.7.243.244 - - [17/Jul/2026:12:05:29 +0000] "GET /buy.php?detail/04101166712422 HTTP/1.1" 200 21493 "http://montenegroput.me/buy.php?detail/04103351371245" "Mozilla/5.0 AppleWebKit/537.36 (KHTML, like Gecko; compatible; GPTBot/1.4; +https://openai.com/gptbot)"
66.249.65.38 - - [17/Jul/2026:12:05:31 +0000] "GET /?detail/10201686331035 HTTP/1.1" 200 1139 "-" "Mozilla/5.0 (Linux; Android 6.0.1; Nexus 5X Build/MMB29P) AppleWebKit/537.36 (KHTML, like Gecko) Chrome/150.0.7871.124 Mobile Safari/537.36 (compatible; Googlebot/2.1; +http://www.google.com/bot.html)"
74.7.243.244 - - [17/Jul/2026:12:05:30 +0000] "GET /buy.php?detail/11202777511943 HTTP/1.1" 200 20899 "http://montenegroput.me/buy.php?detail/112003587842" "Mozilla/5.0 AppleWebKit/537.36 (KHTML, like Gecko; compatible; GPTBot/1.4; +https://openai.com/gptbot)"
74.7.243.244 - - [17/Jul/2026:12:05:37 +0000] "GET /buy.php?detail/25602569483479 HTTP/1.1" 200 20205 "http://montenegroput.me/buy.php?goods/128009344" "Mozilla/5.0 AppleWebKit/537.36 (KHTML, like Gecko; compatible; GPTBot/1.4; +https://openai.com/gptbot)"
74.7.243.244 - - [17/Jul/2026:12:05:46 +0000] "GET /buy.php?jp/007020460.html HTTP/1.1" 200 21190 "http://montenegroput.me/buy.php?detail/11503401890188" "Mozilla/5.0 AppleWebKit/537.36 (KHTML, like Gecko; compatible; GPTBot/1.4; +https://openai.com/gptbot)"
144.76.32.235 - - [17/Jul/2026:12:05:50 +0000] "GET /buy.php?125904467 HTTP/1.1" 200 20923 "-" "Mozilla/5.0 (compatible; SERankingBacklinksBot/1.0; +https://seranking.com/backlinks-crawler)"
66.249.65.40 - - [17/Jul/2026:12:06:02 +0000] "GET /products/115033398 HTTP/1.1" 404 - "-" "Mozilla/5.0 (Linux; Android 6.0.1; Nexus 5X Build/MMB29P) AppleWebKit/537.36 (KHTML, like Gecko) Chrome/150.0.7871.124 Mobile Safari/537.36 (compatible; Googlebot/2.1; +http://www.google.com/bot.html)"
66.249.65.38 - - [17/Jul/2026:12:06:02 +0000] "GET /item/135002341 HTTP/1.1" 404 - "-" "Mozilla/5.0 (Linux; Android 6.0.1; Nexus 5X Build/MMB29P) AppleWebKit/537.36 (KHTML, like Gecko) Chrome/150.0.7871.124 Mobile Safari/537.36 (compatible; Googlebot/2.1; +http://www.google.com/bot.html)"
66.249.65.38 - - [17/Jul/2026:12:06:02 +0000] "GET /?jp/212030580.html HTTP/1.1" 200 1139 "-" "Mozilla/5.0 (Linux; Android 6.0.1; Nexus 5X Build/MMB29P) AppleWebKit/537.36 (KHTML, like Gecko) Chrome/150.0.7871.124 Mobile Safari/537.36 (compatible; Googlebot/2.1; +http://www.google.com/bot.html)"
66.249.65.39 - - [17/Jul/2026:12:06:06 +0000] "GET /products/191007496 HTTP/1.1" 404 - "-" "Mozilla/5.0 (Linux; Android 6.0.1; Nexus 5X Build/MMB29P) AppleWebKit/537.36 (KHTML, like Gecko) Chrome/150.0.7871.124 Mobile Safari/537.36 (compatible; Googlebot/2.1; +http://www.google.com/bot.html)"
66.249.65.38 - - [17/Jul/2026:12:06:06 +0000] "GET /item/099000719 HTTP/1.1" 404 - "-" "Mozilla/5.0 (Linux; Android 6.0.1; Nexus 5X Build/MMB29P) AppleWebKit/537.36 (KHTML, like Gecko) Chrome/150.0.7871.124 Mobile Safari/537.36 (compatible; Googlebot/2.1; +http://www.google.com/bot.html)"
66.249.65.38 - - [17/Jul/2026:12:06:06 +0000] "GET /?goods/145017742 HTTP/1.1" 200 1139 "-" "Mozilla/5.0 (Linux; Android 6.0.1; Nexus 5X Build/MMB29P) AppleWebKit/537.36 (KHTML, like Gecko) Chrome/150.0.7871.124 Mobile Safari/537.36 (compatible; Googlebot/2.1; +http://www.google.com/bot.html)"
74.7.243.244 - - [17/Jul/2026:12:05:46 +0000] "GET /buy.php?detail/20103455550275 HTTP/1.1" 200 36 "http://montenegroput.me/buy.php?detail/04102398921951" "Mozilla/5.0 AppleWebKit/537.36 (KHTML, like Gecko; compatible; GPTBot/1.4; +https://openai.com/gptbot)"
74.7.243.244 - - [17/Jul/2026:12:06:07 +0000] "GET /buy.php?detail/01104494523510 HTTP/1.1" 200 21198 "http://montenegroput.me/buy.php?detail/01103768867590" "Mozilla/5.0 AppleWebKit/537.36 (KHTML, like Gecko; compatible; GPTBot/1.4; +https://openai.com/gptbot)"
74.7.243.244 - - [17/Jul/2026:12:06:07 +0000] "GET /buy.php?goods/011026091 HTTP/1.1" 200 20799 "http://montenegroput.me/buy.php?detail/01103768867590" "Mozilla/5.0 AppleWebKit/537.36 (KHTML, like Gecko; compatible; GPTBot/1.4; +https://openai.com/gptbot)"
66.249.65.38 - - [17/Jul/2026:12:06:09 +0000] "GET /?detail/166017062450 HTTP/1.1" 200 1139 "-" "Mozilla/5.0 (Linux; Android 6.0.1; Nexus 5X Build/MMB29P) AppleWebKit/537.36 (KHTML, like Gecko) Chrome/150.0.7871.124 Mobile Safari/537.36 (compatible; Googlebot/2.1; +http://www.google.com/bot.html)"
74.7.243.244 - - [17/Jul/2026:12:06:08 +0000] "GET /buy.php?detail/0230432159474 HTTP/1.1" 200 21206 "http://montenegroput.me/buy.php?detail/02304321289846" "Mozilla/5.0 AppleWebKit/537.36 (KHTML, like Gecko; compatible; GPTBot/1.4; +https://openai.com/gptbot)"
74.7.243.244 - - [17/Jul/2026:12:06:09 +0000] "GET /buy.php?detail/16204620965437 HTTP/1.1" 200 21740 "http://montenegroput.me/buy.php?detail/16200696990670" "Mozilla/5.0 AppleWebKit/537.36 (KHTML, like Gecko; compatible; GPTBot/1.4; +https://openai.com/gptbot)"
74.7.243.244 - - [17/Jul/2026:12:06:11 +0000] "GET /buy.php?detail/22901259481213 HTTP/1.1" 200 20801 "http://montenegroput.me/buy.php?detail/22904425706589" "Mozilla/5.0 AppleWebKit/537.36 (KHTML, like Gecko; compatible; GPTBot/1.4; +https://openai.com/gptbot)"
74.7.243.244 - - [17/Jul/2026:12:06:12 +0000] "GET /buy.php?detail/0630210869381 HTTP/1.1" 200 20540 "http://montenegroput.me/buy.php?detail/02403979660313" "Mozilla/5.0 AppleWebKit/537.36 (KHTML, like Gecko; compatible; GPTBot/1.4; +https://openai.com/gptbot)"
66.249.65.38 - - [17/Jul/2026:12:06:14 +0000] "GET /shop/waive/violantin132567983056.shtml HTTP/1.1" 404 - "-" "Mozilla/5.0 (Linux; Android 6.0.1; Nexus 5X Build/MMB29P) AppleWebKit/537.36 (KHTML, like Gecko) Chrome/150.0.7871.124 Mobile Safari/537.36 (compatible; Googlebot/2.1; +http://www.google.com/bot.html)"
74.7.243.244 - - [17/Jul/2026:12:06:13 +0000] "GET /buy.php?detail/05604848288318 HTTP/1.1" 200 21602 "http://montenegroput.me/buy.php?detail/04101166712422" "Mozilla/5.0 AppleWebKit/537.36 (KHTML, like Gecko; compatible; GPTBot/1.4; +https://openai.com/gptbot)"
74.7.243.244 - - [17/Jul/2026:12:06:16 +0000] "GET /buy.php?detail/12204858582403 HTTP/1.1" 200 20627 "http://montenegroput.me/buy.php?detail/11202777511943" "Mozilla/5.0 AppleWebKit/537.36 (KHTML, like Gecko; compatible; GPTBot/1.4; +https://openai.com/gptbot)"
74.7.243.244 - - [17/Jul/2026:12:06:17 +0000] "GET /buy.php?detail/04001815063732 HTTP/1.1" 200 20978 "http://montenegroput.me/buy.php?detail/25602569483479" "Mozilla/5.0 AppleWebKit/537.36 (KHTML, like Gecko; compatible; GPTBot/1.4; +https://openai.com/gptbot)"
74.7.243.244 - - [17/Jul/2026:12:06:18 +0000] "GET /buy.php?detail/00701052513703 HTTP/1.1" 200 20385 "http://montenegroput.me/buy.php?jp/007020460.html" "Mozilla/5.0 AppleWebKit/537.36 (KHTML, like Gecko; compatible; GPTBot/1.4; +https://openai.com/gptbot)"
74.7.243.244 - - [17/Jul/2026:12:06:18 +0000] "GET /buy.php?detail/11203681766947 HTTP/1.1" 200 20478 "http://montenegroput.me/buy.php?detail/11202777511943" "Mozilla/5.0 AppleWebKit/537.36 (KHTML, like Gecko; compatible; GPTBot/1.4; +https://openai.com/gptbot)"
74.7.243.244 - - [17/Jul/2026:12:06:19 +0000] "GET /buy.php?detail/22000152776869 HTTP/1.1" 200 20703 "http://montenegroput.me/buy.php?detail/01104494523510" "Mozilla/5.0 AppleWebKit/537.36 (KHTML, like Gecko; compatible; GPTBot/1.4; +https://openai.com/gptbot)"
66.249.65.38 - - [17/Jul/2026:12:06:21 +0000] "GET /?detail/02402744216328 HTTP/1.1" 200 1139 "-" "Mozilla/5.0 (Linux; Android 6.0.1; Nexus 5X Build/MMB29P) AppleWebKit/537.36 (KHTML, like Gecko) Chrome/150.0.7871.124 Mobile Safari/537.36 (compatible; Googlebot/2.1; +http://www.google.com/bot.html)"
74.7.243.244 - - [17/Jul/2026:12:06:21 +0000] "GET /buy.php?detail/23403899179613 HTTP/1.1" 200 20316 "http://montenegroput.me/buy.php?goods/011026091" "Mozilla/5.0 AppleWebKit/537.36 (KHTML, like Gecko; compatible; GPTBot/1.4; +https://openai.com/gptbot)"
74.7.243.244 - - [17/Jul/2026:12:06:24 +0000] "GET /buy.php?detail/02401708734432 HTTP/1.1" 200 20200 "http://montenegroput.me/buy.php?detail/02403979660313" "Mozilla/5.0 AppleWebKit/537.36 (KHTML, like Gecko; compatible; GPTBot/1.4; +https://openai.com/gptbot)"
74.7.243.244 - - [17/Jul/2026:12:06:25 +0000] "GET /buy.php?detail/16202651365191 HTTP/1.1" 200 21114 "http://montenegroput.me/buy.php?detail/16204620965437" "Mozilla/5.0 AppleWebKit/537.36 (KHTML, like Gecko; compatible; GPTBot/1.4; +https://openai.com/gptbot)"
74.7.243.244 - - [17/Jul/2026:12:06:25 +0000] "GET /buy.php?detail/22903017594294 HTTP/1.1" 200 21335 "http://montenegroput.me/buy.php?detail/22901259481213" "Mozilla/5.0 AppleWebKit/537.36 (KHTML, like Gecko; compatible; GPTBot/1.4; +https://openai.com/gptbot)"
74.7.243.244 - - [17/Jul/2026:12:06:26 +0000] "GET /buy.php?detail/11602905393313 HTTP/1.1" 200 20748 "http://montenegroput.me/buy.php?detail/04101166712422" "Mozilla/5.0 AppleWebKit/537.36 (KHTML, like Gecko; compatible; GPTBot/1.4; +https://openai.com/gptbot)"
74.7.243.244 - - [17/Jul/2026:12:06:27 +0000] "GET /buy.php?detail/02401220827136 HTTP/1.1" 200 20185 "http://montenegroput.me/buy.php?detail/02403979660313" "Mozilla/5.0 AppleWebKit/537.36 (KHTML, like Gecko; compatible; GPTBot/1.4; +https://openai.com/gptbot)"
144.76.32.235 - - [17/Jul/2026:12:06:28 +0000] "GET /buy.php?135077047 HTTP/1.1" 200 20655 "-" "Mozilla/5.0 (compatible; SERankingBacklinksBot/1.0; +https://seranking.com/backlinks-crawler)"
74.7.243.244 - - [17/Jul/2026:12:06:28 +0000] "GET /buy.php?detail/12201473552750 HTTP/1.1" 200 20636 "http://montenegroput.me/buy.php?detail/12204858582403" "Mozilla/5.0 AppleWebKit/537.36 (KHTML, like Gecko; compatible; GPTBot/1.4; +https://openai.com/gptbot)"
74.7.243.244 - - [17/Jul/2026:12:06:29 +0000] "GET /buy.php?detail/29903478900995 HTTP/1.1" 200 20704 "http://montenegroput.me/buy.php?detail/04001815063732" "Mozilla/5.0 AppleWebKit/537.36 (KHTML, like Gecko; compatible; GPTBot/1.4; +https://openai.com/gptbot)"
74.7.243.244 - - [17/Jul/2026:12:06:36 +0000] "GET /buy.php?detail/06602727186936 HTTP/1.1" 200 20735 "http://montenegroput.me/buy.php?detail/04001815063732" "Mozilla/5.0 AppleWebKit/537.36 (KHTML, like Gecko; compatible; GPTBot/1.4; +https://openai.com/gptbot)"
66.249.65.38 - - [17/Jul/2026:12:06:49 +0000] "GET /item/259003135 HTTP/1.1" 404 - "-" "Mozilla/5.0 (Linux; Android 6.0.1; Nexus 5X Build/MMB29P) AppleWebKit/537.36 (KHTML, like Gecko) Chrome/150.0.7871.124 Mobile Safari/537.36 (compatible; Googlebot/2.1; +http://www.google.com/bot.html)"
66.249.65.38 - - [17/Jul/2026:12:06:50 +0000] "GET /products/279024472 HTTP/1.1" 404 - "-" "Mozilla/5.0 (Linux; Android 6.0.1; Nexus 5X Build/MMB29P) AppleWebKit/537.36 (KHTML, like Gecko) Chrome/150.0.7871.124 Mobile Safari/537.36 (compatible; Googlebot/2.1; +http://www.google.com/bot.html)"
74.7.243.244 - - [17/Jul/2026:12:06:37 +0000] "GET /buy.php?detail/23700619328396 HTTP/1.1" 200 36 "http://montenegroput.me/buy.php?detail/11203681766947" "Mozilla/5.0 AppleWebKit/537.36 (KHTML, like Gecko; compatible; GPTBot/1.4; +https://openai.com/gptbot)"
74.7.243.244 - - [17/Jul/2026:12:06:57 +0000] "GET /buy.php?detail/25500555246812 HTTP/1.1" 200 20627 "http://montenegroput.me/buy.php?detail/22000152776869" "Mozilla/5.0 AppleWebKit/537.36 (KHTML, like Gecko; compatible; GPTBot/1.4; +https://openai.com/gptbot)"
74.7.243.244 - - [17/Jul/2026:12:06:58 +0000] "GET /buy.php?detail/18604733777539 HTTP/1.1" 200 20228 "http://montenegroput.me/buy.php?detail/23403899179613" "Mozilla/5.0 AppleWebKit/537.36 (KHTML, like Gecko; compatible; GPTBot/1.4; +https://openai.com/gptbot)"
74.7.243.244 - - [17/Jul/2026:12:07:00 +0000] "GET /buy.php?detail/23404346745740 HTTP/1.1" 200 20488 "http://montenegroput.me/buy.php?detail/23403899179613" "Mozilla/5.0 AppleWebKit/537.36 (KHTML, like Gecko; compatible; GPTBot/1.4; +https://openai.com/gptbot)"
74.7.243.244 - - [17/Jul/2026:12:07:05 +0000] "GET /buy.php?detail/25404116108774 HTTP/1.1" 200 21473 "http://montenegroput.me/buy.php?detail/16202651365191" "Mozilla/5.0 AppleWebKit/537.36 (KHTML, like Gecko; compatible; GPTBot/1.4; +https://openai.com/gptbot)"
74.7.243.244 - - [17/Jul/2026:12:07:06 +0000] "GET /buy.php?detail/22904417954515 HTTP/1.1" 200 20894 "http://montenegroput.me/buy.php?detail/22903017594294" "Mozilla/5.0 AppleWebKit/537.36 (KHTML, like Gecko; compatible; GPTBot/1.4; +https://openai.com/gptbot)"
144.76.32.235 - - [17/Jul/2026:12:07:06 +0000] "GET /buy.php?149038731 HTTP/1.1" 200 21180 "-" "Mozilla/5.0 (compatible; SERankingBacklinksBot/1.0; +https://seranking.com/backlinks-crawler)"
74.7.243.244 - - [17/Jul/2026:12:07:07 +0000] "GET /buy.php?detail/22904418164677 HTTP/1.1" 200 20475 "http://montenegroput.me/buy.php?detail/22903017594294" "Mozilla/5.0 AppleWebKit/537.36 (KHTML, like Gecko; compatible; GPTBot/1.4; +https://openai.com/gptbot)"
66.249.65.39 - - [17/Jul/2026:12:07:14 +0000] "GET /item/094016498 HTTP/1.1" 404 - "-" "Mozilla/5.0 (Linux; Android 6.0.1; Nexus 5X Build/MMB29P) AppleWebKit/537.36 (KHTML, like Gecko) Chrome/150.0.7871.124 Mobile Safari/537.36 (compatible; Googlebot/2.1; +http://www.google.com/bot.html)"
66.249.65.38 - - [17/Jul/2026:12:07:14 +0000] "GET /products/073028940 HTTP/1.1" 404 - "-" "Mozilla/5.0 (Linux; Android 6.0.1; Nexus 5X Build/MMB29P) AppleWebKit/537.36 (KHTML, like Gecko) Chrome/150.0.7871.124 Mobile Safari/537.36 (compatible; Googlebot/2.1; +http://www.google.com/bot.html)"
66.249.65.38 - - [17/Jul/2026:12:07:14 +0000] "GET /shop/tensioned/reinduce113727484750.shtml HTTP/1.1" 404 - "-" "Mozilla/5.0 (Linux; Android 6.0.1; Nexus 5X Build/MMB29P) AppleWebKit/537.36 (KHTML, like Gecko) Chrome/150.0.7871.124 Mobile Safari/537.36 (compatible; Googlebot/2.1; +http://www.google.com/bot.html)"
74.7.243.244 - - [17/Jul/2026:12:07:08 +0000] "GET /buy.php?detail/02403979025366 HTTP/1.1" 200 20414 "http://montenegroput.me/buy.php?detail/02401220827136" "Mozilla/5.0 AppleWebKit/537.36 (KHTML, like Gecko; compatible; GPTBot/1.4; +https://openai.com/gptbot)"
74.7.243.244 - - [17/Jul/2026:12:07:17 +0000] "GET /buy.php?detail/10502841063823 HTTP/1.1" 200 20449 "http://montenegroput.me/buy.php?detail/02401220827136" "Mozilla/5.0 AppleWebKit/537.36 (KHTML, like Gecko; compatible; GPTBot/1.4; +https://openai.com/gptbot)"
74.7.243.244 - - [17/Jul/2026:12:07:17 +0000] "GET /buy.php?detail/02403979120335 HTTP/1.1" 200 20244 "http://montenegroput.me/buy.php?detail/02401220827136" "Mozilla/5.0 AppleWebKit/537.36 (KHTML, like Gecko; compatible; GPTBot/1.4; +https://openai.com/gptbot)"
74.7.243.244 - - [17/Jul/2026:12:07:20 +0000] "GET /buy.php?detail/12202899239168 HTTP/1.1" 200 20946 "http://montenegroput.me/buy.php?detail/12201473552750" "Mozilla/5.0 AppleWebKit/537.36 (KHTML, like Gecko; compatible; GPTBot/1.4; +https://openai.com/gptbot)"
66.249.65.38 - - [17/Jul/2026:12:07:25 +0000] "GET /?detail/1410141669169 HTTP/1.1" 200 1139 "-" "Mozilla/5.0 (Linux; Android 6.0.1; Nexus 5X Build/MMB29P) AppleWebKit/537.36 (KHTML, like Gecko) Chrome/150.0.7871.124 Mobile Safari/537.36 (compatible; Googlebot/2.1; +http://www.google.com/bot.html)"
66.249.65.38 - - [17/Jul/2026:12:07:35 +0000] "GET /item/246046868 HTTP/1.1" 404 - "-" "Mozilla/5.0 (Linux; Android 6.0.1; Nexus 5X Build/MMB29P) AppleWebKit/537.36 (KHTML, like Gecko) Chrome/150.0.7871.124 Mobile Safari/537.36 (compatible; Googlebot/2.1; +http://www.google.com/bot.html)"
74.7.243.244 - - [17/Jul/2026:12:07:24 +0000] "GET /buy.php?detail/08901496638533 HTTP/1.1" 200 36 "http://montenegroput.me/buy.php?detail/12201473552750" "Mozilla/5.0 AppleWebKit/537.36 (KHTML, like Gecko; compatible; GPTBot/1.4; +https://openai.com/gptbot)"
74.7.243.244 - - [17/Jul/2026:12:07:44 +0000] "GET /buy.php?detail/06602913507327 HTTP/1.1" 200 20748 "http://montenegroput.me/buy.php?detail/06602727186936" "Mozilla/5.0 AppleWebKit/537.36 (KHTML, like Gecko; compatible; GPTBot/1.4; +https://openai.com/gptbot)"
74.7.243.244 - - [17/Jul/2026:12:07:45 +0000] "GET /buy.php?detail/26704451178765 HTTP/1.1" 200 19865 "http://montenegroput.me/buy.php?detail/29903478900995" "Mozilla/5.0 AppleWebKit/537.36 (KHTML, like Gecko; compatible; GPTBot/1.4; +https://openai.com/gptbot)"
74.7.243.244 - - [17/Jul/2026:12:07:46 +0000] "GET /buy.php?detail/23401426573551 HTTP/1.1" 200 20423 "http://montenegroput.me/buy.php?detail/23404346745740" "Mozilla/5.0 AppleWebKit/537.36 (KHTML, like Gecko; compatible; GPTBot/1.4; +https://openai.com/gptbot)"
74.7.243.244 - - [17/Jul/2026:12:07:48 +0000] "GET /buy.php?detail/06303329545185 HTTP/1.1" 200 20868 "http://montenegroput.me/buy.php?detail/25404116108774" "Mozilla/5.0 AppleWebKit/537.36 (KHTML, like Gecko; compatible; GPTBot/1.4; +https://openai.com/gptbot)"
66.249.65.38 - - [17/Jul/2026:12:07:49 +0000] "GET /item/110040272 HTTP/1.1" 404 - "-" "Mozilla/5.0 (Linux; Android 6.0.1; Nexus 5X Build/MMB29P) AppleWebKit/537.36 (KHTML, like Gecko) Chrome/150.0.7871.124 Mobile Safari/537.36 (compatible; Googlebot/2.1; +http://www.google.com/bot.html)"
66.249.65.38 - - [17/Jul/2026:12:07:50 +0000] "GET /products/114014963 HTTP/1.1" 404 - "-" "Mozilla/5.0 (Linux; Android 6.0.1; Nexus 5X Build/MMB29P) AppleWebKit/537.36 (KHTML, like Gecko) Chrome/150.0.7871.124 Mobile Safari/537.36 (compatible; Googlebot/2.1; +http://www.google.com/bot.html)"
144.76.32.235 - - [17/Jul/2026:12:07:43 +0000] "GET /buy.php?149856557 HTTP/1.1" 200 20962 "-" "Mozilla/5.0 (compatible; SERankingBacklinksBot/1.0; +https://seranking.com/backlinks-crawler)"
74.7.243.244 - - [17/Jul/2026:12:07:48 +0000] "GET /buy.php?detail/12202899569398 HTTP/1.1" 200 21114 "http://montenegroput.me/buy.php?detail/12201473552750" "Mozilla/5.0 AppleWebKit/537.36 (KHTML, like Gecko; compatible; GPTBot/1.4; +https://openai.com/gptbot)"
74.7.243.244 - - [17/Jul/2026:12:07:57 +0000] "GET /buy.php?detail/14304602551221 HTTP/1.1" 200 20453 "http://montenegroput.me/buy.php?detail/22904418164677" "Mozilla/5.0 AppleWebKit/537.36 (KHTML, like Gecko; compatible; GPTBot/1.4; +https://openai.com/gptbot)"
74.7.243.244 - - [17/Jul/2026:12:07:58 +0000] "GET /buy.php?detail/22703719635997 HTTP/1.1" 200 21610 "http://montenegroput.me/buy.php?detail/23404346745740" "Mozilla/5.0 AppleWebKit/537.36 (KHTML, like Gecko; compatible; GPTBot/1.4; +https://openai.com/gptbot)"
66.249.65.40 - - [17/Jul/2026:12:08:00 +0000] "GET /item/068033816 HTTP/1.1" 404 - "-" "Mozilla/5.0 (Linux; Android 6.0.1; Nexus 5X Build/MMB29P) AppleWebKit/537.36 (KHTML, like Gecko) Chrome/150.0.7871.124 Mobile Safari/537.36 (compatible; Googlebot/2.1; +http://www.google.com/bot.html)"
43.159.62.129 - - [17/Jul/2026:12:08:01 +0000] "GET /kDwkCSBeaf.php HTTP/1.1" 200 93 "-" "Mozilla/5.0 (iPhone; CPU iPhone OS 13_2_3 like Mac OS X) AppleWebKit/605.1.15 (KHTML, like Gecko) Version/13.0.3 Mobile/15E148 Safari/604.1"
74.7.243.244 - - [17/Jul/2026:12:07:59 +0000] "GET /buy.php?m17049078884 HTTP/1.1" 200 21723 "http://montenegroput.me/buy.php?detail/22000152776869" "Mozilla/5.0 AppleWebKit/537.36 (KHTML, like Gecko; compatible; GPTBot/1.4; +https://openai.com/gptbot)"
74.7.243.244 - - [17/Jul/2026:12:08:04 +0000] "GET /buy.php?m38197772697 HTTP/1.1" 200 20505 "http://montenegroput.me/buy.php?detail/10604267130941" "Mozilla/5.0 AppleWebKit/537.36 (KHTML, like Gecko; compatible; GPTBot/1.4; +https://openai.com/gptbot)"
74.7.243.244 - - [17/Jul/2026:12:08:05 +0000] "GET /buy.php?m33297774350 HTTP/1.1" 200 21734 "http://montenegroput.me/buy.php?detail/09402080927532" "Mozilla/5.0 AppleWebKit/537.36 (KHTML, like Gecko; compatible; GPTBot/1.4; +https://openai.com/gptbot)"
159.223.242.210 - - [17/Jul/2026:12:08:06 +0000] "GET //wp-log1n.php HTTP/1.1" 200 242 "-" "Mozilla/5.0 (Windows NT 10.0; Win64; x64; rv:150.0) Gecko/20100101 Firefox/150.0"
145.239.81.102 - - [17/Jul/2026:12:08:10 +0000] "GET //wp-log1n.php HTTP/1.1" 200 242 "-" "Mozilla/5.0 (Windows NT 10.0; Win64; x64; rv:150.0) Gecko/20100101 Firefox/150.0"
74.7.243.244 - - [17/Jul/2026:12:08:06 +0000] "GET /buy.php?m70355529276 HTTP/1.1" 200 36 "http://montenegroput.me/buy.php?goods/274047057" "Mozilla/5.0 AppleWebKit/537.36 (KHTML, like Gecko; compatible; GPTBot/1.4; +https://openai.com/gptbot)"
66.249.65.38 - - [17/Jul/2026:12:08:23 +0000] "GET /products/083000848 HTTP/1.1" 404 - "-" "Mozilla/5.0 (Linux; Android 6.0.1; Nexus 5X Build/MMB29P) AppleWebKit/537.36 (KHTML, like Gecko) Chrome/150.0.7871.124 Mobile Safari/537.36 (compatible; Googlebot/2.1; +http://www.google.com/bot.html)"
74.7.243.244 - - [17/Jul/2026:12:08:22 +0000] "GET /buy.php?detail/06603805766989 HTTP/1.1" 200 20705 "http://montenegroput.me/buy.php?detail/06602913507327" "Mozilla/5.0 AppleWebKit/537.36 (KHTML, like Gecko; compatible; GPTBot/1.4; +https://openai.com/gptbot)"
74.7.243.244 - - [17/Jul/2026:12:08:25 +0000] "GET /buy.php?detail/06603805339781 HTTP/1.1" 200 20972 "http://montenegroput.me/buy.php?detail/06602913507327" "Mozilla/5.0 AppleWebKit/537.36 (KHTML, like Gecko; compatible; GPTBot/1.4; +https://openai.com/gptbot)"
74.7.243.244 - - [17/Jul/2026:12:08:26 +0000] "GET /buy.php?m83459822263 HTTP/1.1" 200 20179 "http://montenegroput.me/buy.php?detail/02803834248623" "Mozilla/5.0 AppleWebKit/537.36 (KHTML, like Gecko; compatible; GPTBot/1.4; +https://openai.com/gptbot)"
74.7.243.244 - - [17/Jul/2026:12:08:27 +0000] "GET /buy.php?m71339994621 HTTP/1.1" 200 21152 "http://montenegroput.me/buy.php?goods/285024320" "Mozilla/5.0 AppleWebKit/537.36 (KHTML, like Gecko; compatible; GPTBot/1.4; +https://openai.com/gptbot)"
74.7.243.244 - - [17/Jul/2026:12:08:28 +0000] "GET /buy.php?m35554898198 HTTP/1.1" 200 20408 "http://montenegroput.me/buy.php?detail/15000803057700" "Mozilla/5.0 AppleWebKit/537.36 (KHTML, like Gecko; compatible; GPTBot/1.4; +https://openai.com/gptbot)"
66.249.65.38 - - [17/Jul/2026:12:08:32 +0000] "GET /products/134009249 HTTP/1.1" 404 - "-" "Mozilla/5.0 (Linux; Android 6.0.1; Nexus 5X Build/MMB29P) AppleWebKit/537.36 (KHTML, like Gecko) Chrome/150.0.7871.124 Mobile Safari/537.36 (compatible; Googlebot/2.1; +http://www.google.com/bot.html)"
66.249.65.38 - - [17/Jul/2026:12:08:32 +0000] "GET /?detail/01103440257911 HTTP/1.1" 200 1139 "-" "Mozilla/5.0 (Linux; Android 6.0.1; Nexus 5X Build/MMB29P) AppleWebKit/537.36 (KHTML, like Gecko) Chrome/150.0.7871.124 Mobile Safari/537.36 (compatible; Googlebot/2.1; +http://www.google.com/bot.html)"
74.7.243.244 - - [17/Jul/2026:12:08:32 +0000] "GET /buy.php?m39616333021 HTTP/1.1" 200 20118 "http://montenegroput.me/buy.php?detail/22503872486538" "Mozilla/5.0 AppleWebKit/537.36 (KHTML, like Gecko; compatible; GPTBot/1.4; +https://openai.com/gptbot)"
74.7.243.244 - - [17/Jul/2026:12:08:33 +0000] "GET /buy.php?detail/03600846766059 HTTP/1.1" 200 36 "http://montenegroput.me/buy.php?detail/22703719635997" "Mozilla/5.0 AppleWebKit/537.36 (KHTML, like Gecko; compatible; GPTBot/1.4; +https://openai.com/gptbot)"
74.7.243.244 - - [17/Jul/2026:12:08:53 +0000] "GET /buy.php?detail/06902139638997 HTTP/1.1" 200 20526 "http://montenegroput.me/buy.php?detail/22703719635997" "Mozilla/5.0 AppleWebKit/537.36 (KHTML, like Gecko; compatible; GPTBot/1.4; +https://openai.com/gptbot)"
74.7.243.244 - - [17/Jul/2026:12:08:54 +0000] "GET /buy.php?detail/23303852742683 HTTP/1.1" 200 20735 "http://montenegroput.me/buy.php?m38197772697" "Mozilla/5.0 AppleWebKit/537.36 (KHTML, like Gecko; compatible; GPTBot/1.4; +https://openai.com/gptbot)"
66.249.65.39 - - [17/Jul/2026:12:09:13 +0000] "GET /products/078001177 HTTP/1.1" 404 - "-" "Mozilla/5.0 (Linux; Android 6.0.1; Nexus 5X Build/MMB29P) AppleWebKit/537.36 (KHTML, like Gecko) Chrome/150.0.7871.124 Mobile Safari/537.36 (compatible; Googlebot/2.1; +http://www.google.com/bot.html)"
66.249.65.39 - - [17/Jul/2026:12:09:13 +0000] "GET /item/010000414 HTTP/1.1" 404 - "-" "Mozilla/5.0 (Linux; Android 6.0.1; Nexus 5X Build/MMB29P) AppleWebKit/537.36 (KHTML, like Gecko) Chrome/150.0.7871.124 Mobile Safari/537.36 (compatible; Googlebot/2.1; +http://www.google.com/bot.html)"
74.7.243.244 - - [17/Jul/2026:12:08:55 +0000] "GET /buy.php?m97775636164 HTTP/1.1" 200 36 "http://montenegroput.me/buy.php?detail/05900443375812" "Mozilla/5.0 AppleWebKit/537.36 (KHTML, like Gecko; compatible; GPTBot/1.4; +https://openai.com/gptbot)"
74.7.243.244 - - [17/Jul/2026:12:09:15 +0000] "GET /buy.php?m57148899986 HTTP/1.1" 200 20261 "http://montenegroput.me/buy.php?detail/22802236773480" "Mozilla/5.0 AppleWebKit/537.36 (KHTML, like Gecko; compatible; GPTBot/1.4; +https://openai.com/gptbot)"
74.7.243.244 - - [17/Jul/2026:12:09:18 +0000] "GET /buy.php?m34071664333 HTTP/1.1" 200 21550 "http://montenegroput.me/buy.php?detail/17000164242594" "Mozilla/5.0 AppleWebKit/537.36 (KHTML, like Gecko; compatible; GPTBot/1.4; +https://openai.com/gptbot)"
74.7.243.244 - - [17/Jul/2026:12:09:19 +0000] "GET /buy.php?m30653087999 HTTP/1.1" 200 20495 "http://montenegroput.me/buy.php?detail/22904417954515" "Mozilla/5.0 AppleWebKit/537.36 (KHTML, like Gecko; compatible; GPTBot/1.4; +https://openai.com/gptbot)"
74.7.243.244 - - [17/Jul/2026:12:09:20 +0000] "GET /buy.php?m64589991747 HTTP/1.1" 200 21049 "http://montenegroput.me/buy.php?detail/25602569483479" "Mozilla/5.0 AppleWebKit/537.36 (KHTML, like Gecko; compatible; GPTBot/1.4; +https://openai.com/gptbot)"
74.7.243.244 - - [17/Jul/2026:12:09:25 +0000] "GET /buy.php?m56953422265 HTTP/1.1" 200 21343 "http://montenegroput.me/buy.php?detail/03703639316228" "Mozilla/5.0 AppleWebKit/537.36 (KHTML, like Gecko; compatible; GPTBot/1.4; +https://openai.com/gptbot)"
74.7.243.244 - - [17/Jul/2026:12:09:26 +0000] "GET /buy.php?detail/15601038442606 HTTP/1.1" 200 21802 "http://montenegroput.me/buy.php?m35554898198" "Mozilla/5.0 AppleWebKit/537.36 (KHTML, like Gecko; compatible; GPTBot/1.4; +https://openai.com/gptbot)"
74.7.243.244 - - [17/Jul/2026:12:09:27 +0000] "GET /buy.php?m22259219580 HTTP/1.1" 200 36 "http://montenegroput.me/buy.php?detail/05901933764923" "Mozilla/5.0 AppleWebKit/537.36 (KHTML, like Gecko; compatible; GPTBot/1.4; +https://openai.com/gptbot)"
74.7.243.244 - - [17/Jul/2026:12:09:47 +0000] "GET /buy.php?m69123000560 HTTP/1.1" 200 36 "http://montenegroput.me/buy.php?detail/03703804127055" "Mozilla/5.0 AppleWebKit/537.36 (KHTML, like Gecko; compatible; GPTBot/1.4; +https://openai.com/gptbot)"
74.7.243.244 - - [17/Jul/2026:12:09:52 +0000] "GET /buy.php?m49786700044 HTTP/1.1" 200 20683 "http://montenegroput.me/buy.php?detail/12500945706259" "Mozilla/5.0 AppleWebKit/537.36 (KHTML, like Gecko; compatible; GPTBot/1.4; +https://openai.com/gptbot)"
74.7.243.244 - - [17/Jul/2026:12:09:53 +0000] "GET /buy.php?detail/13500596824384 HTTP/1.1" 200 20857 "http://montenegroput.me/buy.php?detail/29500788557700" "Mozilla/5.0 AppleWebKit/537.36 (KHTML, like Gecko; compatible; GPTBot/1.4; +https://openai.com/gptbot)"
74.7.243.244 - - [17/Jul/2026:12:09:57 +0000] "GET /buy.php?detail/12801767390946 HTTP/1.1" 200 21145 "http://montenegroput.me/buy.php?detail/26603017823868" "Mozilla/5.0 AppleWebKit/537.36 (KHTML, like Gecko; compatible; GPTBot/1.4; +https://openai.com/gptbot)"
74.7.243.244 - - [17/Jul/2026:12:09:58 +0000] "GET /buy.php?detail/23601929837304 HTTP/1.1" 200 20484 "http://montenegroput.me/buy.php?detail/1980224780536" "Mozilla/5.0 AppleWebKit/537.36 (KHTML, like Gecko; compatible; GPTBot/1.4; +https://openai.com/gptbot)"
74.7.243.244 - - [17/Jul/2026:12:09:59 +0000] "GET /buy.php?detail/19900706234871 HTTP/1.1" 200 20582 "http://montenegroput.me/buy.php?detail/25500555246812" "Mozilla/5.0 AppleWebKit/537.36 (KHTML, like Gecko; compatible; GPTBot/1.4; +https://openai.com/gptbot)"
74.7.243.244 - - [17/Jul/2026:12:10:00 +0000] "GET /buy.php?detail/15701268488053 HTTP/1.1" 200 36 "http://montenegroput.me/buy.php?detail/10900074229669" "Mozilla/5.0 AppleWebKit/537.36 (KHTML, like Gecko; compatible; GPTBot/1.4; +https://openai.com/gptbot)"
74.7.243.244 - - [17/Jul/2026:12:10:21 +0000] "GET /buy.php?detail/05604597193678 HTTP/1.1" 200 21448 "http://montenegroput.me/buy.php?detail/05604848288318" "Mozilla/5.0 AppleWebKit/537.36 (KHTML, like Gecko; compatible; GPTBot/1.4; +https://openai.com/gptbot)"
74.7.243.244 - - [17/Jul/2026:12:10:25 +0000] "GET /buy.php?detail/05303112936324 HTTP/1.1" 200 21664 "http://montenegroput.me/buy.php?m56953422265" "Mozilla/5.0 AppleWebKit/537.36 (KHTML, like Gecko; compatible; GPTBot/1.4; +https://openai.com/gptbot)"
74.7.243.244 - - [17/Jul/2026:12:10:27 +0000] "GET /buy.php?detail/02504513334561 HTTP/1.1" 200 20780 "http://montenegroput.me/buy.php?detail/15601038442606" "Mozilla/5.0 AppleWebKit/537.36 (KHTML, like Gecko; compatible; GPTBot/1.4; +https://openai.com/gptbot)"
74.7.243.244 - - [17/Jul/2026:12:10:28 +0000] "GET /buy.php?detail/15601038200458 HTTP/1.1" 200 20949 "http://montenegroput.me/buy.php?detail/15601038442606" "Mozilla/5.0 AppleWebKit/537.36 (KHTML, like Gecko; compatible; GPTBot/1.4; +https://openai.com/gptbot)"
209.50.228.91 - - [17/Jul/2026:12:10:31 +0000] "GET //click.php HTTP/1.1" 200 242 "-" "Mozilla/5.0 (Linux; Android 10; K) AppleWebKit/537.36 (KHTML, like Gecko) Chrome/150.0.0.0 Mobile Safari/537.36"
170.64.252.169 - - [17/Jul/2026:12:10:33 +0000] "GET //click.php HTTP/1.1" 200 242 "-" "Mozilla/5.0 (Linux; Android 10; K) AppleWebKit/537.36 (KHTML, like Gecko) Chrome/150.0.0.0 Mobile Safari/537.36"
23.82.96.180 - - [17/Jul/2026:12:10:34 +0000] "GET //click.php HTTP/1.1" 200 242 "-" "Mozilla/5.0 (Linux; Android 10; K) AppleWebKit/537.36 (KHTML, like Gecko) Chrome/150.0.0.0 Mobile Safari/537.36"
74.7.243.244 - - [17/Jul/2026:12:10:28 +0000] "GET /buy.php?detail/12404239596741 HTTP/1.1" 200 36 "http://montenegroput.me/buy.php?detail/12404409050763" "Mozilla/5.0 AppleWebKit/537.36 (KHTML, like Gecko; compatible; GPTBot/1.4; +https://openai.com/gptbot)"
74.7.243.244 - - [17/Jul/2026:12:10:49 +0000] "GET /buy.php?detail/04103369862797 HTTP/1.1" 200 21621 "http://montenegroput.me/buy.php?detail/03601654999671" "Mozilla/5.0 AppleWebKit/537.36 (KHTML, like Gecko; compatible; GPTBot/1.4; +https://openai.com/gptbot)"
74.7.243.244 - - [17/Jul/2026:12:10:51 +0000] "GET /buy.php?detail/00204856218979 HTTP/1.1" 200 36 "http://montenegroput.me/buy.php?detail/13500596824384" "Mozilla/5.0 AppleWebKit/537.36 (KHTML, like Gecko; compatible; GPTBot/1.4; +https://openai.com/gptbot)"
74.7.243.244 - - [17/Jul/2026:12:11:11 +0000] "GET /buy.php?detail/26403631577494 HTTP/1.1" 200 20814 "http://montenegroput.me/buy.php?detail/17901718774401" "Mozilla/5.0 AppleWebKit/537.36 (KHTML, like Gecko; compatible; GPTBot/1.4; +https://openai.com/gptbot)"
74.7.243.244 - - [17/Jul/2026:12:11:12 +0000] "GET /buy.php?detail/23602824843653 HTTP/1.1" 200 20587 "http://montenegroput.me/buy.php?detail/23601929837304" "Mozilla/5.0 AppleWebKit/537.36 (KHTML, like Gecko; compatible; GPTBot/1.4; +https://openai.com/gptbot)"
74.7.243.244 - - [17/Jul/2026:12:11:15 +0000] "GET /buy.php?m38090806661 HTTP/1.1" 200 20924 "http://montenegroput.me/buy.php?detail/23601929837304" "Mozilla/5.0 AppleWebKit/537.36 (KHTML, like Gecko; compatible; GPTBot/1.4; +https://openai.com/gptbot)"
74.7.243.244 - - [17/Jul/2026:12:11:16 +0000] "GET /buy.php?detail/09904358512753 HTTP/1.1" 200 21848 "http://montenegroput.me/buy.php?detail/09903564046780" "Mozilla/5.0 AppleWebKit/537.36 (KHTML, like Gecko; compatible; GPTBot/1.4; +https://openai.com/gptbot)"
74.7.243.244 - - [17/Jul/2026:12:11:19 +0000] "GET /buy.php?detail/05603806339781 HTTP/1.1" 200 20639 "http://montenegroput.me/buy.php?detail/05604597193678" "Mozilla/5.0 AppleWebKit/537.36 (KHTML, like Gecko; compatible; GPTBot/1.4; +https://openai.com/gptbot)"
74.7.243.244 - - [17/Jul/2026:12:11:20 +0000] "GET /buy.php?detail/24501190725133 HTTP/1.1" 200 20814 "http://montenegroput.me/buy.php?detail/05303112936324" "Mozilla/5.0 AppleWebKit/537.36 (KHTML, like Gecko; compatible; GPTBot/1.4; +https://openai.com/gptbot)"
74.7.243.244 - - [17/Jul/2026:12:11:25 +0000] "GET /buy.php?detail/02501311230676 HTTP/1.1" 200 21545 "http://montenegroput.me/buy.php?detail/02504513334561" "Mozilla/5.0 AppleWebKit/537.36 (KHTML, like Gecko; compatible; GPTBot/1.4; +https://openai.com/gptbot)"
74.7.243.244 - - [17/Jul/2026:12:11:28 +0000] "GET /buy.php?detail/18502917123934 HTTP/1.1" 200 22011 "http://montenegroput.me/buy.php?detail/06603805766989" "Mozilla/5.0 AppleWebKit/537.36 (KHTML, like Gecko; compatible; GPTBot/1.4; +https://openai.com/gptbot)"
74.7.243.244 - - [17/Jul/2026:12:11:29 +0000] "GET /buy.php?detail/23104917921587 HTTP/1.1" 200 20367 "http://montenegroput.me/buy.php?detail/03703639316228" "Mozilla/5.0 AppleWebKit/537.36 (KHTML, like Gecko; compatible; GPTBot/1.4; +https://openai.com/gptbot)"
74.7.243.244 - - [17/Jul/2026:12:11:30 +0000] "GET /buy.php?detail/10701874599636 HTTP/1.1" 200 20922 "http://montenegroput.me/buy.php?detail/10700587491802" "Mozilla/5.0 AppleWebKit/537.36 (KHTML, like Gecko; compatible; GPTBot/1.4; +https://openai.com/gptbot)"
74.7.243.244 - - [17/Jul/2026:12:11:31 +0000] "GET /buy.php?detail/10704896443872 HTTP/1.1" 200 20291 "http://montenegroput.me/buy.php?detail/10700886025673" "Mozilla/5.0 AppleWebKit/537.36 (KHTML, like Gecko; compatible; GPTBot/1.4; +https://openai.com/gptbot)"
74.7.243.244 - - [17/Jul/2026:12:11:32 +0000] "GET /buy.php?detail/26401643173553 HTTP/1.1" 200 20807 "http://montenegroput.me/buy.php?detail/26403631577494" "Mozilla/5.0 AppleWebKit/537.36 (KHTML, like Gecko; compatible; GPTBot/1.4; +https://openai.com/gptbot)"
74.7.243.244 - - [17/Jul/2026:12:11:32 +0000] "GET /buy.php?detail/26401643410259 HTTP/1.1" 200 36 "http://montenegroput.me/buy.php?detail/26403631577494" "Mozilla/5.0 AppleWebKit/537.36 (KHTML, like Gecko; compatible; GPTBot/1.4; +https://openai.com/gptbot)"
74.7.243.244 - - [17/Jul/2026:12:11:53 +0000] "GET /buy.php?detail/24104713640452 HTTP/1.1" 200 36 "http://montenegroput.me/buy.php?detail/26403631577494" "Mozilla/5.0 AppleWebKit/537.36 (KHTML, like Gecko; compatible; GPTBot/1.4; +https://openai.com/gptbot)"
74.7.243.244 - - [17/Jul/2026:12:12:13 +0000] "GET /buy.php?detail/19901833365714 HTTP/1.1" 200 21307 "http://montenegroput.me/buy.php?detail/09904358512753" "Mozilla/5.0 AppleWebKit/537.36 (KHTML, like Gecko; compatible; GPTBot/1.4; +https://openai.com/gptbot)"
74.7.243.244 - - [17/Jul/2026:12:12:14 +0000] "GET /buy.php?detail/05902122027023 HTTP/1.1" 200 20531 "http://montenegroput.me/buy.php?detail/05603806339781" "Mozilla/5.0 AppleWebKit/537.36 (KHTML, like Gecko; compatible; GPTBot/1.4; +https://openai.com/gptbot)"
74.7.243.244 - - [17/Jul/2026:12:12:15 +0000] "GET /buy.php?detail/10503810811098 HTTP/1.1" 200 20689 "http://montenegroput.me/buy.php?detail/09904358512753" "Mozilla/5.0 AppleWebKit/537.36 (KHTML, like Gecko; compatible; GPTBot/1.4; +https://openai.com/gptbot)"
