66.249.65.39 - - [17/Jul/2026:12:36:15 +0000] "GET /?jp/100039756.html HTTP/1.1" 200 1184 "-" "Mozilla/5.0 (Linux; Android 6.0.1; Nexus 5X Build/MMB29P) AppleWebKit/537.36 (KHTML, like Gecko) Chrome/150.0.7871.124 Mobile Safari/537.36 (compatible; Googlebot/2.1; +http://www.google.com/bot.html)"
66.249.65.39 - - [17/Jul/2026:12:36:15 +0000] "GET /?jp/066000487.html HTTP/1.1" 200 1184 "-" "Mozilla/5.0 (Linux; Android 6.0.1; Nexus 5X Build/MMB29P) AppleWebKit/537.36 (KHTML, like Gecko) Chrome/150.0.7871.124 Mobile Safari/537.36 (compatible; Googlebot/2.1; +http://www.google.com/bot.html)"
74.7.243.244 - - [17/Jul/2026:12:36:15 +0000] "GET /buy.php?detail/20803232984289 HTTP/1.1" 200 20489 "http://montenegroput.me/buy.php?detail/20803232856026" "Mozilla/5.0 AppleWebKit/537.36 (KHTML, like Gecko; compatible; GPTBot/1.4; +https://openai.com/gptbot)"
66.249.65.38 - - [17/Jul/2026:12:36:16 +0000] "GET /shop/abstinently/compurgatorial11813498292.shtml HTTP/1.1" 404 - "-" "Mozilla/5.0 (Linux; Android 6.0.1; Nexus 5X Build/MMB29P) AppleWebKit/537.36 (KHTML, like Gecko) Chrome/150.0.7871.124 Mobile Safari/537.36 (compatible; Googlebot/2.1; +http://www.google.com/bot.html)"
74.7.243.244 - - [17/Jul/2026:12:36:16 +0000] "GET /buy.php?detail/28500494711402 HTTP/1.1" 200 20529 "http://montenegroput.me/buy.php?detail/28500993848894" "Mozilla/5.0 AppleWebKit/537.36 (KHTML, like Gecko; compatible; GPTBot/1.4; +https://openai.com/gptbot)"
66.249.65.38 - - [17/Jul/2026:12:36:40 +0000] "GET /shop/yuncan/blockishness143793095553.shtml HTTP/1.1" 404 - "-" "Mozilla/5.0 (Linux; Android 6.0.1; Nexus 5X Build/MMB29P) AppleWebKit/537.36 (KHTML, like Gecko) Chrome/150.0.7871.124 Mobile Safari/537.36 (compatible; Googlebot/2.1; +http://www.google.com/bot.html)"
66.249.65.38 - - [17/Jul/2026:12:36:42 +0000] "GET /shop/wigher/campylorhynchus103637844586.shtml HTTP/1.1" 404 - "-" "Mozilla/5.0 (Linux; Android 6.0.1; Nexus 5X Build/MMB29P) AppleWebKit/537.36 (KHTML, like Gecko) Chrome/150.0.7871.124 Mobile Safari/537.36 (compatible; Googlebot/2.1; +http://www.google.com/bot.html)"
66.249.65.38 - - [17/Jul/2026:12:36:42 +0000] "GET /item/263034465 HTTP/1.1" 404 - "-" "Mozilla/5.0 (Linux; Android 6.0.1; Nexus 5X Build/MMB29P) AppleWebKit/537.36 (KHTML, like Gecko) Chrome/150.0.7871.124 Mobile Safari/537.36 (compatible; Googlebot/2.1; +http://www.google.com/bot.html)"
74.7.243.244 - - [17/Jul/2026:12:36:29 +0000] "GET /buy.php?detail/20803232698326 HTTP/1.1" 200 36 "http://montenegroput.me/buy.php?detail/20803233067856" "Mozilla/5.0 AppleWebKit/537.36 (KHTML, like Gecko; compatible; GPTBot/1.4; +https://openai.com/gptbot)"
74.7.243.244 - - [17/Jul/2026:12:36:49 +0000] "GET /buy.php?detail/26800773624813 HTTP/1.1" 200 20825 "http://montenegroput.me/buy.php?detail/20803233067856" "Mozilla/5.0 AppleWebKit/537.36 (KHTML, like Gecko; compatible; GPTBot/1.4; +https://openai.com/gptbot)"
74.7.243.244 - - [17/Jul/2026:12:36:51 +0000] "GET /buy.php?detail/15702768636366 HTTP/1.1" 200 20828 "http://montenegroput.me/buy.php?detail/17903173022443" "Mozilla/5.0 AppleWebKit/537.36 (KHTML, like Gecko; compatible; GPTBot/1.4; +https://openai.com/gptbot)"
74.7.243.244 - - [17/Jul/2026:12:36:52 +0000] "GET /buy.php?detail/25000791057999 HTTP/1.1" 200 20224 "http://montenegroput.me/buy.php?detail/24102207772708" "Mozilla/5.0 AppleWebKit/537.36 (KHTML, like Gecko; compatible; GPTBot/1.4; +https://openai.com/gptbot)"
74.7.243.244 - - [17/Jul/2026:12:36:53 +0000] "GET /buy.php?detail/27000909244050 HTTP/1.1" 200 20803 "http://montenegroput.me/buy.php?detail/24102207772708" "Mozilla/5.0 AppleWebKit/537.36 (KHTML, like Gecko; compatible; GPTBot/1.4; +https://openai.com/gptbot)"
74.7.243.244 - - [17/Jul/2026:12:36:58 +0000] "GET /buy.php?m99479976025 HTTP/1.1" 200 22111 "http://montenegroput.me/buy.php?detail/12901549430210" "Mozilla/5.0 AppleWebKit/537.36 (KHTML, like Gecko; compatible; GPTBot/1.4; +https://openai.com/gptbot)"
74.7.243.244 - - [17/Jul/2026:12:37:00 +0000] "GET /buy.php?detail/13002780280708 HTTP/1.1" 200 20236 "http://montenegroput.me/buy.php?detail/13000361438185" "Mozilla/5.0 AppleWebKit/537.36 (KHTML, like Gecko; compatible; GPTBot/1.4; +https://openai.com/gptbot)"
74.7.243.244 - - [17/Jul/2026:12:37:02 +0000] "GET /buy.php?detail/06503582556165 HTTP/1.1" 200 20282 "http://montenegroput.me/buy.php?detail/24102207772708" "Mozilla/5.0 AppleWebKit/537.36 (KHTML, like Gecko; compatible; GPTBot/1.4; +https://openai.com/gptbot)"
74.7.243.244 - - [17/Jul/2026:12:37:03 +0000] "GET /buy.php?products/sexy/j061022098 HTTP/1.1" 200 21008 "http://montenegroput.me/buy.php?m66604095660" "Mozilla/5.0 AppleWebKit/537.36 (KHTML, like Gecko; compatible; GPTBot/1.4; +https://openai.com/gptbot)"
74.7.243.244 - - [17/Jul/2026:12:37:05 +0000] "GET /buy.php?detail/13002780361627 HTTP/1.1" 200 20871 "http://montenegroput.me/buy.php?detail/13000361438185" "Mozilla/5.0 AppleWebKit/537.36 (KHTML, like Gecko; compatible; GPTBot/1.4; +https://openai.com/gptbot)"
74.7.243.244 - - [17/Jul/2026:12:37:06 +0000] "GET /buy.php?detail/21302187815726 HTTP/1.1" 200 21035 "http://montenegroput.me/buy.php?detail/13000361438185" "Mozilla/5.0 AppleWebKit/537.36 (KHTML, like Gecko; compatible; GPTBot/1.4; +https://openai.com/gptbot)"
74.7.243.244 - - [17/Jul/2026:12:37:06 +0000] "GET /buy.php?detail/00800828913370 HTTP/1.1" 200 21021 "http://montenegroput.me/buy.php?detail/28500494711402" "Mozilla/5.0 AppleWebKit/537.36 (KHTML, like Gecko; compatible; GPTBot/1.4; +https://openai.com/gptbot)"
74.7.243.244 - - [17/Jul/2026:12:37:07 +0000] "GET /buy.php?detail/13002780156414 HTTP/1.1" 200 20493 "http://montenegroput.me/buy.php?detail/13000361438185" "Mozilla/5.0 AppleWebKit/537.36 (KHTML, like Gecko; compatible; GPTBot/1.4; +https://openai.com/gptbot)"
74.7.243.244 - - [17/Jul/2026:12:37:08 +0000] "GET /buy.php?detail/18703481908957 HTTP/1.1" 200 20930 "http://montenegroput.me/buy.php?detail/13000361438185" "Mozilla/5.0 AppleWebKit/537.36 (KHTML, like Gecko; compatible; GPTBot/1.4; +https://openai.com/gptbot)"
159.223.242.210 - - [17/Jul/2026:12:37:16 +0000] "GET //wp-log1n.php HTTP/1.1" 200 242 "-" "Mozilla/5.0 (Windows NT 10.0; Win64; x64; rv:150.0) Gecko/20100101 Firefox/150.0"
145.239.81.102 - - [17/Jul/2026:12:37:16 +0000] "GET //wp-log1n.php HTTP/1.1" 200 242 "-" "Mozilla/5.0 (Windows NT 10.0; Win64; x64; rv:150.0) Gecko/20100101 Firefox/150.0"
74.7.243.244 - - [17/Jul/2026:12:37:09 +0000] "GET /buy.php?detail/24500148254117 HTTP/1.1" 200 21714 "http://montenegroput.me/buy.php?detail/25000791057999" "Mozilla/5.0 AppleWebKit/537.36 (KHTML, like Gecko; compatible; GPTBot/1.4; +https://openai.com/gptbot)"
66.249.65.40 - - [17/Jul/2026:12:37:24 +0000] "GET /item/122009930 HTTP/1.1" 404 - "-" "Mozilla/5.0 (Linux; Android 6.0.1; Nexus 5X Build/MMB29P) AppleWebKit/537.36 (KHTML, like Gecko) Chrome/150.0.7871.124 Mobile Safari/537.36 (compatible; Googlebot/2.1; +http://www.google.com/bot.html)"
74.7.243.244 - - [17/Jul/2026:12:37:22 +0000] "GET /buy.php?detail/01003333983503 HTTP/1.1" 200 20573 "http://montenegroput.me/buy.php?detail/15702768636366" "Mozilla/5.0 AppleWebKit/537.36 (KHTML, like Gecko; compatible; GPTBot/1.4; +https://openai.com/gptbot)"
74.7.243.244 - - [17/Jul/2026:12:37:35 +0000] "GET /buy.php?detail/13002779931742 HTTP/1.1" 200 20605 "http://montenegroput.me/buy.php?detail/13000361438185" "Mozilla/5.0 AppleWebKit/537.36 (KHTML, like Gecko; compatible; GPTBot/1.4; +https://openai.com/gptbot)"
74.7.243.244 - - [17/Jul/2026:12:37:36 +0000] "GET /buy.php?detail/18403628310463 HTTP/1.1" 200 20208 "http://montenegroput.me/buy.php?detail/28500494711402" "Mozilla/5.0 AppleWebKit/537.36 (KHTML, like Gecko; compatible; GPTBot/1.4; +https://openai.com/gptbot)"
74.7.243.244 - - [17/Jul/2026:12:37:37 +0000] "GET /buy.php?detail/08904172192448 HTTP/1.1" 200 20237 "http://montenegroput.me/buy.php?detail/13000361539365" "Mozilla/5.0 AppleWebKit/537.36 (KHTML, like Gecko; compatible; GPTBot/1.4; +https://openai.com/gptbot)"
43.166.136.24 - - [17/Jul/2026:12:37:44 +0000] "GET /xmlrpc.php HTTP/1.1" 500 - "-" "Mozilla/5.0 (iPhone; CPU iPhone OS 13_2_3 like Mac OS X) AppleWebKit/605.1.15 (KHTML, like Gecko) Version/13.0.3 Mobile/15E148 Safari/604.1"
66.249.65.38 - - [17/Jul/2026:12:37:56 +0000] "GET /products/088014375 HTTP/1.1" 404 - "-" "Mozilla/5.0 (Linux; Android 6.0.1; Nexus 5X Build/MMB29P) AppleWebKit/537.36 (KHTML, like Gecko) Chrome/150.0.7871.124 Mobile Safari/537.36 (compatible; Googlebot/2.1; +http://www.google.com/bot.html)"
66.249.65.38 - - [17/Jul/2026:12:37:56 +0000] "GET /item/150042356 HTTP/1.1" 404 - "-" "Mozilla/5.0 (Linux; Android 6.0.1; Nexus 5X Build/MMB29P) AppleWebKit/537.36 (KHTML, like Gecko) Chrome/150.0.7871.124 Mobile Safari/537.36 (compatible; Googlebot/2.1; +http://www.google.com/bot.html)"
66.249.65.38 - - [17/Jul/2026:12:37:57 +0000] "GET /?jp/281023083.html HTTP/1.1" 200 1197 "-" "Mozilla/5.0 (Linux; Android 6.0.1; Nexus 5X Build/MMB29P) AppleWebKit/537.36 (KHTML, like Gecko) Chrome/150.0.7871.124 Mobile Safari/537.36 (compatible; Googlebot/2.1; +http://www.google.com/bot.html)"
74.7.243.244 - - [17/Jul/2026:12:37:40 +0000] "GET /buy.php?detail/15301308786347 HTTP/1.1" 200 36 "http://montenegroput.me/buy.php?products/sexy/j061022098" "Mozilla/5.0 AppleWebKit/537.36 (KHTML, like Gecko; compatible; GPTBot/1.4; +https://openai.com/gptbot)"
74.7.243.244 - - [17/Jul/2026:12:38:00 +0000] "GET /buy.php?detail/17604500620786 HTTP/1.1" 200 20342 "http://montenegroput.me/buy.php?detail/27000909244050" "Mozilla/5.0 AppleWebKit/537.36 (KHTML, like Gecko; compatible; GPTBot/1.4; +https://openai.com/gptbot)"
74.7.243.244 - - [17/Jul/2026:12:38:01 +0000] "GET /buy.php?detail/18304474912977 HTTP/1.1" 200 21250 "http://montenegroput.me/buy.php?detail/18304702696736" "Mozilla/5.0 AppleWebKit/537.36 (KHTML, like Gecko; compatible; GPTBot/1.4; +https://openai.com/gptbot)"
74.7.243.244 - - [17/Jul/2026:12:38:02 +0000] "GET /buy.php?detail/01302489660812 HTTP/1.1" 200 20683 "http://montenegroput.me/buy.php?detail/00800828913370" "Mozilla/5.0 AppleWebKit/537.36 (KHTML, like Gecko; compatible; GPTBot/1.4; +https://openai.com/gptbot)"
74.7.243.244 - - [17/Jul/2026:12:38:03 +0000] "GET /buy.php?m43244498798 HTTP/1.1" 200 21127 "http://montenegroput.me/buy.php?detail/13003920698874" "Mozilla/5.0 AppleWebKit/537.36 (KHTML, like Gecko; compatible; GPTBot/1.4; +https://openai.com/gptbot)"
74.7.243.244 - - [17/Jul/2026:12:38:04 +0000] "GET /buy.php?m31333759032 HTTP/1.1" 200 20786 "http://montenegroput.me/buy.php?detail/21302187815726" "Mozilla/5.0 AppleWebKit/537.36 (KHTML, like Gecko; compatible; GPTBot/1.4; +https://openai.com/gptbot)"
74.7.243.244 - - [17/Jul/2026:12:38:05 +0000] "GET /buy.php?detail/23103123529521 HTTP/1.1" 200 20531 "http://montenegroput.me/buy.php?detail/24500148254117" "Mozilla/5.0 AppleWebKit/537.36 (KHTML, like Gecko; compatible; GPTBot/1.4; +https://openai.com/gptbot)"
74.7.243.244 - - [17/Jul/2026:12:38:06 +0000] "GET /buy.php?detail/23601352371604 HTTP/1.1" 200 21072 "http://montenegroput.me/buy.php?detail/01003333983503" "Mozilla/5.0 AppleWebKit/537.36 (KHTML, like Gecko; compatible; GPTBot/1.4; +https://openai.com/gptbot)"
74.7.243.244 - - [17/Jul/2026:12:38:07 +0000] "GET /buy.php?detail/24501584847803 HTTP/1.1" 200 20626 "http://montenegroput.me/buy.php?detail/24500148254117" "Mozilla/5.0 AppleWebKit/537.36 (KHTML, like Gecko; compatible; GPTBot/1.4; +https://openai.com/gptbot)"
74.7.243.244 - - [17/Jul/2026:12:38:10 +0000] "GET /buy.php?detail/24501585275856 HTTP/1.1" 200 20730 "http://montenegroput.me/buy.php?detail/24500148254117" "Mozilla/5.0 AppleWebKit/537.36 (KHTML, like Gecko; compatible; GPTBot/1.4; +https://openai.com/gptbot)"
74.7.243.244 - - [17/Jul/2026:12:38:11 +0000] "GET /buy.php?detail/18400575560273 HTTP/1.1" 200 20441 "http://montenegroput.me/buy.php?detail/18403628310463" "Mozilla/5.0 AppleWebKit/537.36 (KHTML, like Gecko; compatible; GPTBot/1.4; +https://openai.com/gptbot)"
74.7.243.244 - - [17/Jul/2026:12:38:11 +0000] "GET /buy.php?detail/08902132296305 HTTP/1.1" 200 20402 "http://montenegroput.me/buy.php?detail/08904172192448" "Mozilla/5.0 AppleWebKit/537.36 (KHTML, like Gecko; compatible; GPTBot/1.4; +https://openai.com/gptbot)"
74.7.243.244 - - [17/Jul/2026:12:38:16 +0000] "GET /buy.php?detail/1760450162241 HTTP/1.1" 200 20825 "http://montenegroput.me/buy.php?detail/17604500620786" "Mozilla/5.0 AppleWebKit/537.36 (KHTML, like Gecko; compatible; GPTBot/1.4; +https://openai.com/gptbot)"
66.249.65.40 - - [17/Jul/2026:12:38:24 +0000] "GET /?jp/061047658.html HTTP/1.1" 200 1207 "-" "Mozilla/5.0 (Linux; Android 6.0.1; Nexus 5X Build/MMB29P) AppleWebKit/537.36 (KHTML, like Gecko) Chrome/150.0.7871.124 Mobile Safari/537.36 (compatible; Googlebot/2.1; +http://www.google.com/bot.html)"
74.7.243.244 - - [17/Jul/2026:12:38:17 +0000] "GET /buy.php?detail/25801321313857 HTTP/1.1" 200 36 "http://montenegroput.me/buy.php?detail/17604500620786" "Mozilla/5.0 AppleWebKit/537.36 (KHTML, like Gecko; compatible; GPTBot/1.4; +https://openai.com/gptbot)"
74.7.243.244 - - [17/Jul/2026:12:38:38 +0000] "GET /buy.php?jp/175042659.html HTTP/1.1" 200 20647 "http://montenegroput.me/buy.php?detail/01302489660812" "Mozilla/5.0 AppleWebKit/537.36 (KHTML, like Gecko; compatible; GPTBot/1.4; +https://openai.com/gptbot)"
223.109.255.158 - - [17/Jul/2026:12:38:48 +0000] "GET /robots.txt HTTP/1.1" 200 132 "-" "Sogou web spider/4.0(+http://www.sogou.com/docs/help/webmasters.htm#07)"
23.82.96.180 - - [17/Jul/2026:12:38:50 +0000] "GET //click.php HTTP/1.1" 200 242 "-" "Mozilla/5.0 (Linux; Android 10; K) AppleWebKit/537.36 (KHTML, like Gecko) Chrome/150.0.0.0 Mobile Safari/537.36"
170.64.252.169 - - [17/Jul/2026:12:38:51 +0000] "GET //click.php HTTP/1.1" 200 242 "-" "Mozilla/5.0 (Linux; Android 10; K) AppleWebKit/537.36 (KHTML, like Gecko) Chrome/150.0.0.0 Mobile Safari/537.36"
209.50.228.91 - - [17/Jul/2026:12:38:51 +0000] "GET //click.php HTTP/1.1" 200 242 "-" "Mozilla/5.0 (Linux; Android 10; K) AppleWebKit/537.36 (KHTML, like Gecko) Chrome/150.0.0.0 Mobile Safari/537.36"
66.249.65.38 - - [17/Jul/2026:12:38:52 +0000] "GET /item/063039511 HTTP/1.1" 404 - "-" "Mozilla/5.0 (Linux; Android 6.0.1; Nexus 5X Build/MMB29P) AppleWebKit/537.36 (KHTML, like Gecko) Chrome/150.0.7871.124 Mobile Safari/537.36 (compatible; Googlebot/2.1; +http://www.google.com/bot.html)"
74.7.243.244 - - [17/Jul/2026:12:38:38 +0000] "GET /buy.php?goods/013016910 HTTP/1.1" 200 36 "http://montenegroput.me/buy.php?detail/01302489660812" "Mozilla/5.0 AppleWebKit/537.36 (KHTML, like Gecko; compatible; GPTBot/1.4; +https://openai.com/gptbot)"
66.249.65.38 - - [17/Jul/2026:12:39:00 +0000] "GET /products/094045041 HTTP/1.1" 404 - "-" "Mozilla/5.0 (Linux; Android 6.0.1; Nexus 5X Build/MMB29P) AppleWebKit/537.36 (KHTML, like Gecko) Chrome/150.0.7871.124 Mobile Safari/537.36 (compatible; Googlebot/2.1; +http://www.google.com/bot.html)"
74.7.243.244 - - [17/Jul/2026:12:38:59 +0000] "GET /buy.php?detail/18302279054007 HTTP/1.1" 200 21095 "http://montenegroput.me/buy.php?detail/18304474912977" "Mozilla/5.0 AppleWebKit/537.36 (KHTML, like Gecko; compatible; GPTBot/1.4; +https://openai.com/gptbot)"
74.7.243.244 - - [17/Jul/2026:12:39:08 +0000] "GET /buy.php?detail/04004405499558 HTTP/1.1" 200 20640 "http://montenegroput.me/buy.php?detail/18304474912977" "Mozilla/5.0 AppleWebKit/537.36 (KHTML, like Gecko; compatible; GPTBot/1.4; +https://openai.com/gptbot)"
74.7.243.244 - - [17/Jul/2026:12:39:08 +0000] "GET /buy.php?detail/13204511827513 HTTP/1.1" 200 36 "http://montenegroput.me/buy.php?detail/23601352371604" "Mozilla/5.0 AppleWebKit/537.36 (KHTML, like Gecko; compatible; GPTBot/1.4; +https://openai.com/gptbot)"
74.7.243.244 - - [17/Jul/2026:12:39:29 +0000] "GET /buy.php?detail/24500149424515 HTTP/1.1" 200 21741 "http://montenegroput.me/buy.php?detail/24501584847803" "Mozilla/5.0 AppleWebKit/537.36 (KHTML, like Gecko; compatible; GPTBot/1.4; +https://openai.com/gptbot)"
74.7.243.244 - - [17/Jul/2026:12:39:30 +0000] "GET /buy.php?detail/18302279104413 HTTP/1.1" 200 20756 "http://montenegroput.me/buy.php?detail/18304474912977" "Mozilla/5.0 AppleWebKit/537.36 (KHTML, like Gecko; compatible; GPTBot/1.4; +https://openai.com/gptbot)"
74.7.243.244 - - [17/Jul/2026:12:39:31 +0000] "GET /buy.php?detail/18400575464295 HTTP/1.1" 200 20430 "http://montenegroput.me/buy.php?detail/18400575560273" "Mozilla/5.0 AppleWebKit/537.36 (KHTML, like Gecko; compatible; GPTBot/1.4; +https://openai.com/gptbot)"
74.7.243.244 - - [17/Jul/2026:12:39:34 +0000] "GET /buy.php?detail/23602938375969 HTTP/1.1" 200 20531 "http://montenegroput.me/buy.php?detail/23601352371604" "Mozilla/5.0 AppleWebKit/537.36 (KHTML, like Gecko; compatible; GPTBot/1.4; +https://openai.com/gptbot)"
74.7.243.244 - - [17/Jul/2026:12:39:35 +0000] "GET /buy.php?detail/14001263531013 HTTP/1.1" 200 20847 "http://montenegroput.me/buy.php?detail/1760450162241" "Mozilla/5.0 AppleWebKit/537.36 (KHTML, like Gecko; compatible; GPTBot/1.4; +https://openai.com/gptbot)"
74.7.243.244 - - [17/Jul/2026:12:39:43 +0000] "GET /buy.php?detail/06101187780254 HTTP/1.1" 200 20757 "http://montenegroput.me/buy.php?detail/01302489660812" "Mozilla/5.0 AppleWebKit/537.36 (KHTML, like Gecko; compatible; GPTBot/1.4; +https://openai.com/gptbot)"
74.7.243.244 - - [17/Jul/2026:12:39:51 +0000] "GET /buy.php?goods/175042625 HTTP/1.1" 200 20352 "http://montenegroput.me/buy.php?jp/175042659.html" "Mozilla/5.0 AppleWebKit/537.36 (KHTML, like Gecko; compatible; GPTBot/1.4; +https://openai.com/gptbot)"
74.7.243.244 - - [17/Jul/2026:12:39:53 +0000] "GET /buy.php?detail/01900005248138 HTTP/1.1" 200 20529 "http://montenegroput.me/buy.php?jp/175042659.html" "Mozilla/5.0 AppleWebKit/537.36 (KHTML, like Gecko; compatible; GPTBot/1.4; +https://openai.com/gptbot)"
74.7.243.244 - - [17/Jul/2026:12:39:58 +0000] "GET /buy.php?detail/18303043392621 HTTP/1.1" 200 20989 "http://montenegroput.me/buy.php?detail/18302279054007" "Mozilla/5.0 AppleWebKit/537.36 (KHTML, like Gecko; compatible; GPTBot/1.4; +https://openai.com/gptbot)"
74.7.243.244 - - [17/Jul/2026:12:39:59 +0000] "GET /buy.php?detail/01301690913999 HTTP/1.1" 200 20588 "http://montenegroput.me/buy.php?detail/01302489660812" "Mozilla/5.0 AppleWebKit/537.36 (KHTML, like Gecko; compatible; GPTBot/1.4; +https://openai.com/gptbot)"
74.7.243.244 - - [17/Jul/2026:12:40:00 +0000] "GET /buy.php?detail/24501585029768 HTTP/1.1" 200 20728 "http://montenegroput.me/buy.php?detail/24500148254117" "Mozilla/5.0 AppleWebKit/537.36 (KHTML, like Gecko; compatible; GPTBot/1.4; +https://openai.com/gptbot)"
74.7.243.244 - - [17/Jul/2026:12:40:01 +0000] "GET /buy.php?detail/27001402953504 HTTP/1.1" 200 20853 "http://montenegroput.me/buy.php?detail/18400575560273" "Mozilla/5.0 AppleWebKit/537.36 (KHTML, like Gecko; compatible; GPTBot/1.4; +https://openai.com/gptbot)"
74.7.243.244 - - [17/Jul/2026:12:40:05 +0000] "GET /buy.php?m83335923072 HTTP/1.1" 200 20501 "http://montenegroput.me/buy.php?detail/06503582556165" "Mozilla/5.0 AppleWebKit/537.36 (KHTML, like Gecko; compatible; GPTBot/1.4; +https://openai.com/gptbot)"
74.7.243.244 - - [17/Jul/2026:12:40:06 +0000] "GET /buy.php?m86444951933 HTTP/1.1" 200 20224 "http://montenegroput.me/buy.php?m43244498798" "Mozilla/5.0 AppleWebKit/537.36 (KHTML, like Gecko; compatible; GPTBot/1.4; +https://openai.com/gptbot)"
74.7.243.244 - - [17/Jul/2026:12:40:10 +0000] "GET /buy.php?detail/23601352224073 HTTP/1.1" 200 20902 "http://montenegroput.me/buy.php?detail/23602938375969" "Mozilla/5.0 AppleWebKit/537.36 (KHTML, like Gecko; compatible; GPTBot/1.4; +https://openai.com/gptbot)"
74.7.243.244 - - [17/Jul/2026:12:40:12 +0000] "GET /buy.php?detail/14000222522860 HTTP/1.1" 200 20155 "http://montenegroput.me/buy.php?detail/14001263531013" "Mozilla/5.0 AppleWebKit/537.36 (KHTML, like Gecko; compatible; GPTBot/1.4; +https://openai.com/gptbot)"
74.7.243.244 - - [17/Jul/2026:12:40:13 +0000] "GET /buy.php?detail/28602039786899 HTTP/1.1" 200 20376 "http://montenegroput.me/buy.php?detail/23602938375969" "Mozilla/5.0 AppleWebKit/537.36 (KHTML, like Gecko; compatible; GPTBot/1.4; +https://openai.com/gptbot)"
74.7.243.244 - - [17/Jul/2026:12:40:14 +0000] "GET /buy.php?detail/24801230407208 HTTP/1.1" 200 21052 "http://montenegroput.me/buy.php?detail/23602938375969" "Mozilla/5.0 AppleWebKit/537.36 (KHTML, like Gecko; compatible; GPTBot/1.4; +https://openai.com/gptbot)"
74.7.243.244 - - [17/Jul/2026:12:40:15 +0000] "GET /buy.php?detail/24404151953737 HTTP/1.1" 200 20907 "http://montenegroput.me/buy.php?detail/01900005248138" "Mozilla/5.0 AppleWebKit/537.36 (KHTML, like Gecko; compatible; GPTBot/1.4; +https://openai.com/gptbot)"
74.7.243.244 - - [17/Jul/2026:12:40:16 +0000] "GET /buy.php?detail/14000222440042 HTTP/1.1" 200 21704 "http://montenegroput.me/buy.php?detail/14001263531013" "Mozilla/5.0 AppleWebKit/537.36 (KHTML, like Gecko; compatible; GPTBot/1.4; +https://openai.com/gptbot)"
74.7.243.244 - - [17/Jul/2026:12:40:17 +0000] "GET /buy.php?detail/00802138121774 HTTP/1.1" 200 20591 "http://montenegroput.me/buy.php?detail/01301690913999" "Mozilla/5.0 AppleWebKit/537.36 (KHTML, like Gecko; compatible; GPTBot/1.4; +https://openai.com/gptbot)"
74.7.243.244 - - [17/Jul/2026:12:40:17 +0000] "GET /buy.php?detail/24503075610212 HTTP/1.1" 200 20587 "http://montenegroput.me/buy.php?detail/24501585029768" "Mozilla/5.0 AppleWebKit/537.36 (KHTML, like Gecko; compatible; GPTBot/1.4; +https://openai.com/gptbot)"
74.7.243.244 - - [17/Jul/2026:12:40:18 +0000] "GET /buy.php?detail/18902697842921 HTTP/1.1" 200 21882 "http://montenegroput.me/buy.php?detail/27001402953504" "Mozilla/5.0 AppleWebKit/537.36 (KHTML, like Gecko; compatible; GPTBot/1.4; +https://openai.com/gptbot)"
74.7.243.244 - - [17/Jul/2026:12:40:19 +0000] "GET /buy.php?detail/18301121046377 HTTP/1.1" 200 20401 "http://montenegroput.me/buy.php?detail/18303043392621" "Mozilla/5.0 AppleWebKit/537.36 (KHTML, like Gecko; compatible; GPTBot/1.4; +https://openai.com/gptbot)"
74.7.243.244 - - [17/Jul/2026:12:40:20 +0000] "GET /buy.php?detail/26100567281756 HTTP/1.1" 200 20555 "http://montenegroput.me/buy.php?m86444951933" "Mozilla/5.0 AppleWebKit/537.36 (KHTML, like Gecko; compatible; GPTBot/1.4; +https://openai.com/gptbot)"
74.7.243.244 - - [17/Jul/2026:12:40:21 +0000] "GET /buy.php?detail/23604249663420 HTTP/1.1" 200 20430 "http://montenegroput.me/buy.php?detail/23601352224073" "Mozilla/5.0 AppleWebKit/537.36 (KHTML, like Gecko; compatible; GPTBot/1.4; +https://openai.com/gptbot)"
74.7.243.244 - - [17/Jul/2026:12:40:24 +0000] "GET /buy.php?detail/07901683244202 HTTP/1.1" 200 21135 "http://montenegroput.me/buy.php?detail/23601352224073" "Mozilla/5.0 AppleWebKit/537.36 (KHTML, like Gecko; compatible; GPTBot/1.4; +https://openai.com/gptbot)"
74.7.243.244 - - [17/Jul/2026:12:40:32 +0000] "GET /buy.php?detail/07100455402648 HTTP/1.1" 200 20645 "http://montenegroput.me/buy.php?detail/14000222522860" "Mozilla/5.0 AppleWebKit/537.36 (KHTML, like Gecko; compatible; GPTBot/1.4; +https://openai.com/gptbot)"
74.7.243.244 - - [17/Jul/2026:12:40:33 +0000] "GET /buy.php?jp/240024952.html HTTP/1.1" 200 20526 "http://montenegroput.me/buy.php?detail/24801230407208" "Mozilla/5.0 AppleWebKit/537.36 (KHTML, like Gecko; compatible; GPTBot/1.4; +https://openai.com/gptbot)"
74.7.243.244 - - [17/Jul/2026:12:40:34 +0000] "GET /buy.php?detail/18104732763739 HTTP/1.1" 200 36 "http://montenegroput.me/buy.php?detail/24801230407208" "Mozilla/5.0 AppleWebKit/537.36 (KHTML, like Gecko; compatible; GPTBot/1.4; +https://openai.com/gptbot)"
74.7.243.244 - - [17/Jul/2026:12:40:54 +0000] "GET /buy.php?detail/16201945888977 HTTP/1.1" 200 20538 "http://montenegroput.me/buy.php?detail/14000222440042" "Mozilla/5.0 AppleWebKit/537.36 (KHTML, like Gecko; compatible; GPTBot/1.4; +https://openai.com/gptbot)"
74.7.243.244 - - [17/Jul/2026:12:40:55 +0000] "GET /buy.php?detail/02203614802576 HTTP/1.1" 200 36 "http://montenegroput.me/buy.php?detail/24404151953737" "Mozilla/5.0 AppleWebKit/537.36 (KHTML, like Gecko; compatible; GPTBot/1.4; +https://openai.com/gptbot)"
74.7.243.244 - - [17/Jul/2026:12:41:16 +0000] "GET /buy.php?goods/245024247 HTTP/1.1" 200 21228 "http://montenegroput.me/buy.php?detail/24503075610212" "Mozilla/5.0 AppleWebKit/537.36 (KHTML, like Gecko; compatible; GPTBot/1.4; +https://openai.com/gptbot)"
198.11.177.243 - - [17/Jul/2026:12:41:47 +0000] "GET / HTTP/1.1" 200 1207 "-" "Mozilla/5.0 (iPhone; CPU iPhone OS 13_2_3 like Mac OS X) AppleWebKit/605.1.15 (KHTML, like Gecko) Version/13.0.3 Mobile/15E148 Safari/604.1"
74.7.243.244 - - [17/Jul/2026:12:41:47 +0000] "GET /buy.php?detail/00800471774305 HTTP/1.1" 200 21813 "http://montenegroput.me/buy.php?detail/00802138121774" "Mozilla/5.0 AppleWebKit/537.36 (KHTML, like Gecko; compatible; GPTBot/1.4; +https://openai.com/gptbot)"
74.7.243.244 - - [17/Jul/2026:12:41:54 +0000] "GET /buy.php?detail/28102895913299 HTTP/1.1" 200 20201 "http://montenegroput.me/buy.php?detail/26100567281756" "Mozilla/5.0 AppleWebKit/537.36 (KHTML, like Gecko; compatible; GPTBot/1.4; +https://openai.com/gptbot)"
66.249.65.40 - - [17/Jul/2026:12:42:00 +0000] "GET /products/070005739 HTTP/1.1" 404 - "-" "Mozilla/5.0 (Linux; Android 6.0.1; Nexus 5X Build/MMB29P) AppleWebKit/537.36 (KHTML, like Gecko) Chrome/150.0.7871.124 Mobile Safari/537.36 (compatible; Googlebot/2.1; +http://www.google.com/bot.html)"
74.7.243.244 - - [17/Jul/2026:12:41:17 +0000] "GET /buy.php?detail/13303728789292 HTTP/1.1" 200 36 "http://montenegroput.me/buy.php?detail/24503075610212" "Mozilla/5.0 AppleWebKit/537.36 (KHTML, like Gecko; compatible; GPTBot/1.4; +https://openai.com/gptbot)"
74.7.243.244 - - [17/Jul/2026:12:41:55 +0000] "GET /buy.php?detail/26101072112548 HTTP/1.1" 200 20528 "http://montenegroput.me/buy.php?detail/26100567281756" "Mozilla/5.0 AppleWebKit/537.36 (KHTML, like Gecko; compatible; GPTBot/1.4; +https://openai.com/gptbot)"
74.7.243.244 - - [17/Jul/2026:12:42:02 +0000] "GET /buy.php?detail/24403553122312 HTTP/1.1" 200 20392 "http://montenegroput.me/buy.php?detail/24404151953737" "Mozilla/5.0 AppleWebKit/537.36 (KHTML, like Gecko; compatible; GPTBot/1.4; +https://openai.com/gptbot)"
74.7.243.244 - - [17/Jul/2026:12:42:03 +0000] "GET /buy.php?detail/01503925931112 HTTP/1.1" 200 21404 "http://montenegroput.me/buy.php?detail/07100455402648" "Mozilla/5.0 AppleWebKit/537.36 (KHTML, like Gecko; compatible; GPTBot/1.4; +https://openai.com/gptbot)"
74.7.243.244 - - [17/Jul/2026:12:42:08 +0000] "GET /buy.php?detail/24004413701631 HTTP/1.1" 200 20642 "http://montenegroput.me/buy.php?jp/240024952.html" "Mozilla/5.0 AppleWebKit/537.36 (KHTML, like Gecko; compatible; GPTBot/1.4; +https://openai.com/gptbot)"
141.148.153.213 - - [17/Jul/2026:12:42:09 +0000] "GET /DocuSign/update.html HTTP/1.1" 200 15773 "-" "Mozilla/5.0 (iPhone; CPU iPhone OS 17_0 like Mac OS X) AppleWebKit/605.1.15 (KHTML, like Gecko) Version/17.0 Mobile/15E148 Safari/604.1"
141.148.153.213 - - [17/Jul/2026:12:42:09 +0000] "GET /favicon.ico HTTP/1.1" 404 - "-" "Python/3.14 aiohttp/3.14.1"
74.7.243.244 - - [17/Jul/2026:12:42:09 +0000] "GET /buy.php?detail/07904558500050 HTTP/1.1" 200 20724 "http://montenegroput.me/buy.php?detail/07901683244202" "Mozilla/5.0 AppleWebKit/537.36 (KHTML, like Gecko; compatible; GPTBot/1.4; +https://openai.com/gptbot)"
74.7.243.244 - - [17/Jul/2026:12:42:10 +0000] "GET /buy.php?m61755044451 HTTP/1.1" 200 20554 "http://montenegroput.me/buy.php?detail/17903173022443" "Mozilla/5.0 AppleWebKit/537.36 (KHTML, like Gecko; compatible; GPTBot/1.4; +https://openai.com/gptbot)"
74.7.243.244 - - [17/Jul/2026:12:42:13 +0000] "GET /buy.php?detail/28601247135889 HTTP/1.1" 200 21100 "http://montenegroput.me/buy.php?detail/28602039786899" "Mozilla/5.0 AppleWebKit/537.36 (KHTML, like Gecko; compatible; GPTBot/1.4; +https://openai.com/gptbot)"
74.7.243.244 - - [17/Jul/2026:12:42:14 +0000] "GET /buy.php?detail/24502424763335 HTTP/1.1" 200 36 "http://montenegroput.me/buy.php?goods/245024247" "Mozilla/5.0 AppleWebKit/537.36 (KHTML, like Gecko; compatible; GPTBot/1.4; +https://openai.com/gptbot)"
66.249.65.39 - - [17/Jul/2026:12:42:40 +0000] "GET /products/091006586 HTTP/1.1" 404 - "-" "Mozilla/5.0 (Linux; Android 6.0.1; Nexus 5X Build/MMB29P) AppleWebKit/537.36 (KHTML, like Gecko) Chrome/150.0.7871.124 Mobile Safari/537.36 (compatible; Googlebot/2.1; +http://www.google.com/bot.html)"
74.7.243.244 - - [17/Jul/2026:12:42:34 +0000] "GET /buy.php?detail/22003403945270 HTTP/1.1" 200 20421 "http://montenegroput.me/buy.php?goods/245024247" "Mozilla/5.0 AppleWebKit/537.36 (KHTML, like Gecko; compatible; GPTBot/1.4; +https://openai.com/gptbot)"
74.7.243.244 - - [17/Jul/2026:12:42:41 +0000] "GET /buy.php?detail/29604893873632 HTTP/1.1" 200 21161 "http://montenegroput.me/buy.php?detail/00800471774305" "Mozilla/5.0 AppleWebKit/537.36 (KHTML, like Gecko; compatible; GPTBot/1.4; +https://openai.com/gptbot)"
74.7.243.244 - - [17/Jul/2026:12:42:42 +0000] "GET /buy.php?detail/28601246973847 HTTP/1.1" 200 20366 "http://montenegroput.me/buy.php?detail/28602039786899" "Mozilla/5.0 AppleWebKit/537.36 (KHTML, like Gecko; compatible; GPTBot/1.4; +https://openai.com/gptbot)"
74.7.243.244 - - [17/Jul/2026:12:42:44 +0000] "GET /buy.php?detail/26101279421707 HTTP/1.1" 200 20331 "http://montenegroput.me/buy.php?detail/26101072112548" "Mozilla/5.0 AppleWebKit/537.36 (KHTML, like Gecko; compatible; GPTBot/1.4; +https://openai.com/gptbot)"
74.7.243.244 - - [17/Jul/2026:12:42:45 +0000] "GET /buy.php?detail/24401151008589 HTTP/1.1" 200 20480 "http://montenegroput.me/buy.php?detail/24403553122312" "Mozilla/5.0 AppleWebKit/537.36 (KHTML, like Gecko; compatible; GPTBot/1.4; +https://openai.com/gptbot)"
74.7.243.244 - - [17/Jul/2026:12:42:46 +0000] "GET /buy.php?detail/12704419501523 HTTP/1.1" 200 20533 "http://montenegroput.me/buy.php?detail/26101072112548" "Mozilla/5.0 AppleWebKit/537.36 (KHTML, like Gecko; compatible; GPTBot/1.4; +https://openai.com/gptbot)"
74.7.243.244 - - [17/Jul/2026:12:42:49 +0000] "GET /buy.php?detail/20100113479878 HTTP/1.1" 200 21310 "http://montenegroput.me/buy.php?detail/24004413701631" "Mozilla/5.0 AppleWebKit/537.36 (KHTML, like Gecko; compatible; GPTBot/1.4; +https://openai.com/gptbot)"
74.7.243.244 - - [17/Jul/2026:12:42:54 +0000] "GET /buy.php?goods/037030996 HTTP/1.1" 200 36 "http://montenegroput.me/buy.php?detail/07904558500050" "Mozilla/5.0 AppleWebKit/537.36 (KHTML, like Gecko; compatible; GPTBot/1.4; +https://openai.com/gptbot)"
74.7.243.244 - - [17/Jul/2026:12:43:15 +0000] "GET /buy.php?detail/20603728172989 HTTP/1.1" 200 20719 "http://montenegroput.me/buy.php?m61755044451" "Mozilla/5.0 AppleWebKit/537.36 (KHTML, like Gecko; compatible; GPTBot/1.4; +https://openai.com/gptbot)"
74.7.243.244 - - [17/Jul/2026:12:43:16 +0000] "GET /buy.php?detail/28601247017233 HTTP/1.1" 200 20982 "http://montenegroput.me/buy.php?detail/28601247135889" "Mozilla/5.0 AppleWebKit/537.36 (KHTML, like Gecko; compatible; GPTBot/1.4; +https://openai.com/gptbot)"
74.7.243.244 - - [17/Jul/2026:12:43:17 +0000] "GET /buy.php?detail/24000056839268 HTTP/1.1" 200 20415 "http://montenegroput.me/buy.php?detail/24004413701631" "Mozilla/5.0 AppleWebKit/537.36 (KHTML, like Gecko; compatible; GPTBot/1.4; +https://openai.com/gptbot)"
74.7.243.244 - - [17/Jul/2026:12:43:17 +0000] "GET /buy.php?detail/22001990547759 HTTP/1.1" 200 20143 "http://montenegroput.me/buy.php?detail/22003403945270" "Mozilla/5.0 AppleWebKit/537.36 (KHTML, like Gecko; compatible; GPTBot/1.4; +https://openai.com/gptbot)"
74.7.243.244 - - [17/Jul/2026:12:43:18 +0000] "GET /buy.php?detail/22001990688509 HTTP/1.1" 200 20531 "http://montenegroput.me/buy.php?detail/22003403945270" "Mozilla/5.0 AppleWebKit/537.36 (KHTML, like Gecko; compatible; GPTBot/1.4; +https://openai.com/gptbot)"
74.7.243.244 - - [17/Jul/2026:12:43:23 +0000] "GET /buy.php?jp/286012457.html HTTP/1.1" 200 21727 "http://montenegroput.me/buy.php?detail/28601246973847" "Mozilla/5.0 AppleWebKit/537.36 (KHTML, like Gecko; compatible; GPTBot/1.4; +https://openai.com/gptbot)"
74.7.243.244 - - [17/Jul/2026:12:43:24 +0000] "GET /buy.php?goods/081039853 HTTP/1.1" 200 21392 "http://montenegroput.me/buy.php?detail/28601246973847" "Mozilla/5.0 AppleWebKit/537.36 (KHTML, like Gecko; compatible; GPTBot/1.4; +https://openai.com/gptbot)"
74.7.243.244 - - [17/Jul/2026:12:43:27 +0000] "GET /buy.php?detail/26100053852438 HTTP/1.1" 200 36 "http://montenegroput.me/buy.php?detail/26101279421707" "Mozilla/5.0 AppleWebKit/537.36 (KHTML, like Gecko; compatible; GPTBot/1.4; +https://openai.com/gptbot)"
74.7.243.244 - - [17/Jul/2026:12:43:47 +0000] "GET /buy.php?detail/25404614932144 HTTP/1.1" 200 20465 "http://montenegroput.me/buy.php?detail/12704419501523" "Mozilla/5.0 AppleWebKit/537.36 (KHTML, like Gecko; compatible; GPTBot/1.4; +https://openai.com/gptbot)"
74.7.243.244 - - [17/Jul/2026:12:43:48 +0000] "GET /buy.php?detail/20104180047725 HTTP/1.1" 200 21964 "http://montenegroput.me/buy.php?detail/20100113479878" "Mozilla/5.0 AppleWebKit/537.36 (KHTML, like Gecko; compatible; GPTBot/1.4; +https://openai.com/gptbot)"
74.7.243.244 - - [17/Jul/2026:12:43:49 +0000] "GET /buy.php?detail/07103788597975 HTTP/1.1" 200 20954 "http://montenegroput.me/buy.php?detail/26101279421707" "Mozilla/5.0 AppleWebKit/537.36 (KHTML, like Gecko; compatible; GPTBot/1.4; +https://openai.com/gptbot)"
74.7.243.244 - - [17/Jul/2026:12:43:50 +0000] "GET /buy.php?detail/00701952737304 HTTP/1.1" 200 20609 "http://montenegroput.me/buy.php?detail/12704419501523" "Mozilla/5.0 AppleWebKit/537.36 (KHTML, like Gecko; compatible; GPTBot/1.4; +https://openai.com/gptbot)"
74.7.243.244 - - [17/Jul/2026:12:43:52 +0000] "GET /buy.php?detail/12700388411841 HTTP/1.1" 200 21318 "http://montenegroput.me/buy.php?detail/12704419501523" "Mozilla/5.0 AppleWebKit/537.36 (KHTML, like Gecko; compatible; GPTBot/1.4; +https://openai.com/gptbot)"
74.7.243.244 - - [17/Jul/2026:12:43:53 +0000] "GET /buy.php?detail/23302036801904 HTTP/1.1" 200 21764 "http://montenegroput.me/buy.php?detail/22003403945270" "Mozilla/5.0 AppleWebKit/537.36 (KHTML, like Gecko; compatible; GPTBot/1.4; +https://openai.com/gptbot)"
74.7.243.244 - - [17/Jul/2026:12:43:53 +0000] "GET /buy.php?detail/24003407684221 HTTP/1.1" 200 20977 "http://montenegroput.me/buy.php?detail/24000056839268" "Mozilla/5.0 AppleWebKit/537.36 (KHTML, like Gecko; compatible; GPTBot/1.4; +https://openai.com/gptbot)"
74.7.243.244 - - [17/Jul/2026:12:43:54 +0000] "GET /buy.php?detail/21901154034996 HTTP/1.1" 200 20627 "http://montenegroput.me/buy.php?detail/01503925931112" "Mozilla/5.0 AppleWebKit/537.36 (KHTML, like Gecko; compatible; GPTBot/1.4; +https://openai.com/gptbot)"
74.7.243.244 - - [17/Jul/2026:12:44:03 +0000] "GET /buy.php?detail/07903241996737 HTTP/1.1" 200 20810 "http://montenegroput.me/buy.php?detail/07904558500050" "Mozilla/5.0 AppleWebKit/537.36 (KHTML, like Gecko; compatible; GPTBot/1.4; +https://openai.com/gptbot)"
74.7.243.244 - - [17/Jul/2026:12:44:04 +0000] "GET /buy.php?detail/00501346315863 HTTP/1.1" 200 20754 "http://montenegroput.me/buy.php?goods/081039853" "Mozilla/5.0 AppleWebKit/537.36 (KHTML, like Gecko; compatible; GPTBot/1.4; +https://openai.com/gptbot)"
74.7.243.244 - - [17/Jul/2026:12:44:05 +0000] "GET /buy.php?detail/20602389232311 HTTP/1.1" 200 20501 "http://montenegroput.me/buy.php?goods/081039853" "Mozilla/5.0 AppleWebKit/537.36 (KHTML, like Gecko; compatible; GPTBot/1.4; +https://openai.com/gptbot)"
74.7.243.244 - - [17/Jul/2026:12:44:06 +0000] "GET /buy.php?detail/08104113464711 HTTP/1.1" 200 20153 "http://montenegroput.me/buy.php?goods/081039853" "Mozilla/5.0 AppleWebKit/537.36 (KHTML, like Gecko; compatible; GPTBot/1.4; +https://openai.com/gptbot)"
74.7.243.244 - - [17/Jul/2026:12:44:07 +0000] "GET /buy.php?detail/20102808230158 HTTP/1.1" 200 20708 "http://montenegroput.me/buy.php?detail/20104180047725" "Mozilla/5.0 AppleWebKit/537.36 (KHTML, like Gecko; compatible; GPTBot/1.4; +https://openai.com/gptbot)"
74.7.243.244 - - [17/Jul/2026:12:44:12 +0000] "GET /buy.php?goods/071032789 HTTP/1.1" 200 21926 "http://montenegroput.me/buy.php?detail/07103788597975" "Mozilla/5.0 AppleWebKit/537.36 (KHTML, like Gecko; compatible; GPTBot/1.4; +https://openai.com/gptbot)"
74.7.243.244 - - [17/Jul/2026:12:44:12 +0000] "GET /buy.php?detail/20800008467652 HTTP/1.1" 200 20809 "http://montenegroput.me/buy.php?detail/00701952737304" "Mozilla/5.0 AppleWebKit/537.36 (KHTML, like Gecko; compatible; GPTBot/1.4; +https://openai.com/gptbot)"
74.7.243.244 - - [17/Jul/2026:12:44:15 +0000] "GET /buy.php?detail/09700010401280 HTTP/1.1" 200 20446 "http://montenegroput.me/buy.php?detail/12700388411841" "Mozilla/5.0 AppleWebKit/537.36 (KHTML, like Gecko; compatible; GPTBot/1.4; +https://openai.com/gptbot)"
74.7.243.244 - - [17/Jul/2026:12:44:16 +0000] "GET /buy.php?detail/04702586163476 HTTP/1.1" 200 20520 "http://montenegroput.me/buy.php?detail/29604893873632" "Mozilla/5.0 AppleWebKit/537.36 (KHTML, like Gecko; compatible; GPTBot/1.4; +https://openai.com/gptbot)"
74.7.243.244 - - [17/Jul/2026:12:44:18 +0000] "GET /buy.php?detail/24000249087854 HTTP/1.1" 200 20519 "http://montenegroput.me/buy.php?detail/24003407684221" "Mozilla/5.0 AppleWebKit/537.36 (KHTML, like Gecko; compatible; GPTBot/1.4; +https://openai.com/gptbot)"
74.7.243.244 - - [17/Jul/2026:12:44:31 +0000] "GET /buy.php?detail/24000248757763 HTTP/1.1" 200 21194 "http://montenegroput.me/buy.php?detail/24003407684221" "Mozilla/5.0 AppleWebKit/537.36 (KHTML, like Gecko; compatible; GPTBot/1.4; +https://openai.com/gptbot)"
74.7.243.244 - - [17/Jul/2026:12:44:38 +0000] "GET /buy.php?detail/28601247678593 HTTP/1.1" 200 20474 "http://montenegroput.me/buy.php?jp/286012457.html" "Mozilla/5.0 AppleWebKit/537.36 (KHTML, like Gecko; compatible; GPTBot/1.4; +https://openai.com/gptbot)"
74.7.243.244 - - [17/Jul/2026:12:44:43 +0000] "GET /buy.php?detail/01504069030045 HTTP/1.1" 200 20387 "http://montenegroput.me/buy.php?detail/00501346315863" "Mozilla/5.0 AppleWebKit/537.36 (KHTML, like Gecko; compatible; GPTBot/1.4; +https://openai.com/gptbot)"
74.7.243.244 - - [17/Jul/2026:12:44:44 +0000] "GET /buy.php?detail/16101554914195 HTTP/1.1" 200 36 "http://montenegroput.me/buy.php?detail/00501346315863" "Mozilla/5.0 AppleWebKit/537.36 (KHTML, like Gecko; compatible; GPTBot/1.4; +https://openai.com/gptbot)"
74.7.243.244 - - [17/Jul/2026:12:45:04 +0000] "GET /buy.php?goods/143039971 HTTP/1.1" 200 20977 "http://montenegroput.me/buy.php?detail/08104113464711" "Mozilla/5.0 AppleWebKit/537.36 (KHTML, like Gecko; compatible; GPTBot/1.4; +https://openai.com/gptbot)"
74.7.243.244 - - [17/Jul/2026:12:45:13 +0000] "GET /buy.php?detail/08104113587118 HTTP/1.1" 200 20891 "http://montenegroput.me/buy.php?detail/08104113464711" "Mozilla/5.0 AppleWebKit/537.36 (KHTML, like Gecko; compatible; GPTBot/1.4; +https://openai.com/gptbot)"
74.7.243.244 - - [17/Jul/2026:12:45:14 +0000] "GET /buy.php?detail/07103111607930 HTTP/1.1" 200 21775 "http://montenegroput.me/buy.php?goods/071032789" "Mozilla/5.0 AppleWebKit/537.36 (KHTML, like Gecko; compatible; GPTBot/1.4; +https://openai.com/gptbot)"
74.7.243.244 - - [17/Jul/2026:12:45:15 +0000] "GET /buy.php?goods/207012692 HTTP/1.1" 200 20501 "http://montenegroput.me/buy.php?detail/20800008467652" "Mozilla/5.0 AppleWebKit/537.36 (KHTML, like Gecko; compatible; GPTBot/1.4; +https://openai.com/gptbot)"
74.7.243.244 - - [17/Jul/2026:12:45:16 +0000] "GET /buy.php?detail/08104113711397 HTTP/1.1" 200 21188 "http://montenegroput.me/buy.php?detail/08104113464711" "Mozilla/5.0 AppleWebKit/537.36 (KHTML, like Gecko; compatible; GPTBot/1.4; +https://openai.com/gptbot)"
141.148.153.213 - - [17/Jul/2026:12:45:23 +0000] "GET /DocuSign/update.html HTTP/1.1" 200 3149 "http://www.scour.com/" "Mozilla/5.0 (iPhone; CPU iPhone OS 16_0 like Mac OS X) AppleWebKit/605.1.15 (KHTML, like Gecko) Version/26.4 Mobile/15E148 Safari/604.1"
141.148.153.213 - - [17/Jul/2026:12:45:23 +0000] "GET /DocuSign/update.html HTTP/1.1" 200 3149 "http://www.biomed-search.com/" "Mozilla/5.0 (Windows NT 10.0) AppleWebKit/537.36 (KHTML, like Gecko) Chrome/99.0.7113.93 Safari/537.36"
141.148.153.213 - - [17/Jul/2026:12:45:24 +0000] "GET /favicon.ico HTTP/1.1" 404 - "-" "Mozilla/5.0 (Windows NT 10.0; Win64; x64; rv:98.0) Gecko/20100101 Firefox/98.0"
103.196.9.186 - - [17/Jul/2026:12:45:30 +0000] "GET /DocuSign/update.html HTTP/1.1" 200 3149 "-" "Mozilla/5.0 (iPhone; CPU iPhone OS 26_3 like Mac OS X) AppleWebKit/605.1.15 (KHTML, like Gecko) CriOS/144.0.7559.95 Mobile/15E148 Safari/604.1"
74.7.243.244 - - [17/Jul/2026:12:45:18 +0000] "GET /buy.php?detail/08703084172660 HTTP/1.1" 200 36 "http://montenegroput.me/buy.php?detail/20800008467652" "Mozilla/5.0 AppleWebKit/537.36 (KHTML, like Gecko; compatible; GPTBot/1.4; +https://openai.com/gptbot)"
74.7.243.244 - - [17/Jul/2026:12:45:38 +0000] "GET /buy.php?detail/20100573860273 HTTP/1.1" 200 21613 "http://montenegroput.me/buy.php?detail/20102808230158" "Mozilla/5.0 AppleWebKit/537.36 (KHTML, like Gecko; compatible; GPTBot/1.4; +https://openai.com/gptbot)"
74.7.243.244 - - [17/Jul/2026:12:45:39 +0000] "GET /buy.php?detail/21500180290340 HTTP/1.1" 200 20673 "http://montenegroput.me/buy.php?detail/20102808230158" "Mozilla/5.0 AppleWebKit/537.36 (KHTML, like Gecko; compatible; GPTBot/1.4; +https://openai.com/gptbot)"
74.7.243.244 - - [17/Jul/2026:12:45:41 +0000] "GET /buy.php?goods/225019341 HTTP/1.1" 200 20935 "http://montenegroput.me/buy.php?detail/28601247678593" "Mozilla/5.0 AppleWebKit/537.36 (KHTML, like Gecko; compatible; GPTBot/1.4; +https://openai.com/gptbot)"
74.7.243.244 - - [17/Jul/2026:12:45:42 +0000] "GET /buy.php?detail/21903823484963 HTTP/1.1" 200 21227 "http://montenegroput.me/buy.php?goods/071032789" "Mozilla/5.0 AppleWebKit/537.36 (KHTML, like Gecko; compatible; GPTBot/1.4; +https://openai.com/gptbot)"
74.7.243.244 - - [17/Jul/2026:12:45:42 +0000] "GET /buy.php?detail/04701850796716 HTTP/1.1" 200 21043 "http://montenegroput.me/buy.php?detail/04702586163476" "Mozilla/5.0 AppleWebKit/537.36 (KHTML, like Gecko; compatible; GPTBot/1.4; +https://openai.com/gptbot)"
74.7.243.244 - - [17/Jul/2026:12:45:43 +0000] "GET /buy.php?detail/08104113849825 HTTP/1.1" 200 21243 "http://montenegroput.me/buy.php?detail/08104113464711" "Mozilla/5.0 AppleWebKit/537.36 (KHTML, like Gecko; compatible; GPTBot/1.4; +https://openai.com/gptbot)"
74.7.243.244 - - [17/Jul/2026:12:45:46 +0000] "GET /buy.php?goods/278039285 HTTP/1.1" 200 20848 "http://montenegroput.me/buy.php?detail/08104113587118" "Mozilla/5.0 AppleWebKit/537.36 (KHTML, like Gecko; compatible; GPTBot/1.4; +https://openai.com/gptbot)"
74.7.243.244 - - [17/Jul/2026:12:45:47 +0000] "GET /buy.php?detail/08101201154834 HTTP/1.1" 200 21368 "http://montenegroput.me/buy.php?detail/08104113587118" "Mozilla/5.0 AppleWebKit/537.36 (KHTML, like Gecko; compatible; GPTBot/1.4; +https://openai.com/gptbot)"
74.7.243.244 - - [17/Jul/2026:12:45:48 +0000] "GET /buy.php?detail/14301489758637 HTTP/1.1" 200 21246 "http://montenegroput.me/buy.php?goods/143039971" "Mozilla/5.0 AppleWebKit/537.36 (KHTML, like Gecko; compatible; GPTBot/1.4; +https://openai.com/gptbot)"
74.7.243.244 - - [17/Jul/2026:12:45:48 +0000] "GET /buy.php?detail/11900239714110 HTTP/1.1" 200 20542 "http://montenegroput.me/buy.php?detail/08104113711397" "Mozilla/5.0 AppleWebKit/537.36 (KHTML, like Gecko; compatible; GPTBot/1.4; +https://openai.com/gptbot)"
66.249.65.40 - - [17/Jul/2026:12:46:01 +0000] "GET /products/052000813 HTTP/1.1" 404 - "-" "Mozilla/5.0 (Linux; Android 6.0.1; Nexus 5X Build/MMB29P) AppleWebKit/537.36 (KHTML, like Gecko) Chrome/150.0.7871.124 Mobile Safari/537.36 (compatible; Googlebot/2.1; +http://www.google.com/bot.html)"
74.7.243.244 - - [17/Jul/2026:12:45:49 +0000] "GET /buy.php?m60467333457 HTTP/1.1" 200 36 "http://montenegroput.me/buy.php?jp/286012457.html" "Mozilla/5.0 AppleWebKit/537.36 (KHTML, like Gecko; compatible; GPTBot/1.4; +https://openai.com/gptbot)"
74.7.243.244 - - [17/Jul/2026:12:46:10 +0000] "GET /buy.php?m98540111655 HTTP/1.1" 200 21695 "http://montenegroput.me/buy.php?detail/22001990688509" "Mozilla/5.0 AppleWebKit/537.36 (KHTML, like Gecko; compatible; GPTBot/1.4; +https://openai.com/gptbot)"
74.7.243.244 - - [17/Jul/2026:12:46:10 +0000] "GET /buy.php?detail/11300212375433 HTTP/1.1" 200 20782 "http://montenegroput.me/buy.php?detail/21500180290340" "Mozilla/5.0 AppleWebKit/537.36 (KHTML, like Gecko; compatible; GPTBot/1.4; +https://openai.com/gptbot)"
74.7.243.244 - - [17/Jul/2026:12:46:16 +0000] "GET /buy.php?detail/19104369012807 HTTP/1.1" 200 20520 "http://montenegroput.me/buy.php?goods/225019341" "Mozilla/5.0 AppleWebKit/537.36 (KHTML, like Gecko; compatible; GPTBot/1.4; +https://openai.com/gptbot)"
74.7.243.244 - - [17/Jul/2026:12:46:18 +0000] "GET /buy.php?detail/04004135421086 HTTP/1.1" 200 20662 "http://montenegroput.me/buy.php?detail/21903823484963" "Mozilla/5.0 AppleWebKit/537.36 (KHTML, like Gecko; compatible; GPTBot/1.4; +https://openai.com/gptbot)"
74.7.243.244 - - [17/Jul/2026:12:46:19 +0000] "GET /buy.php?m30956777543 HTTP/1.1" 200 20543 "http://montenegroput.me/buy.php?detail/23302036801904" "Mozilla/5.0 AppleWebKit/537.36 (KHTML, like Gecko; compatible; GPTBot/1.4; +https://openai.com/gptbot)"
74.7.243.244 - - [17/Jul/2026:12:46:20 +0000] "GET /buy.php?detail/15301728822936 HTTP/1.1" 200 20650 "http://montenegroput.me/buy.php?detail/18400575464295" "Mozilla/5.0 AppleWebKit/537.36 (KHTML, like Gecko; compatible; GPTBot/1.4; +https://openai.com/gptbot)"
74.7.243.244 - - [17/Jul/2026:12:46:21 +0000] "GET /buy.php?detail/27800269057106 HTTP/1.1" 200 36 "http://montenegroput.me/buy.php?goods/278039285" "Mozilla/5.0 AppleWebKit/537.36 (KHTML, like Gecko; compatible; GPTBot/1.4; +https://openai.com/gptbot)"
74.7.243.244 - - [17/Jul/2026:12:46:41 +0000] "GET /buy.php?detail/06701082687084 HTTP/1.1" 200 20332 "http://montenegroput.me/buy.php?detail/08101201154834" "Mozilla/5.0 AppleWebKit/537.36 (KHTML, like Gecko; compatible; GPTBot/1.4; +https://openai.com/gptbot)"
74.7.243.244 - - [17/Jul/2026:12:46:42 +0000] "GET /buy.php?detail/17304494286535 HTTP/1.1" 200 20872 "http://montenegroput.me/buy.php?goods/173044945" "Mozilla/5.0 AppleWebKit/537.36 (KHTML, like Gecko; compatible; GPTBot/1.4; +https://openai.com/gptbot)"
74.7.243.244 - - [17/Jul/2026:12:46:43 +0000] "GET /buy.php?detail/17504262790130 HTTP/1.1" 200 22110 "http://montenegroput.me/buy.php?jp/175042659.html" "Mozilla/5.0 AppleWebKit/537.36 (KHTML, like Gecko; compatible; GPTBot/1.4; +https://openai.com/gptbot)"
74.7.243.244 - - [17/Jul/2026:12:46:44 +0000] "GET /buy.php?detail/19502615249374 HTTP/1.1" 200 21348 "http://montenegroput.me/buy.php?detail/24000249087854" "Mozilla/5.0 AppleWebKit/537.36 (KHTML, like Gecko; compatible; GPTBot/1.4; +https://openai.com/gptbot)"
74.7.243.244 - - [17/Jul/2026:12:46:45 +0000] "GET /buy.php?detail/17702216489734 HTTP/1.1" 200 20360 "http://montenegroput.me/buy.php?detail/09700010401280" "Mozilla/5.0 AppleWebKit/537.36 (KHTML, like Gecko; compatible; GPTBot/1.4; +https://openai.com/gptbot)"
74.7.243.244 - - [17/Jul/2026:12:46:47 +0000] "GET /buy.php?detail/11300095067560 HTTP/1.1" 200 20968 "http://montenegroput.me/buy.php?detail/11300212375433" "Mozilla/5.0 AppleWebKit/537.36 (KHTML, like Gecko; compatible; GPTBot/1.4; +https://openai.com/gptbot)"
74.7.243.244 - - [17/Jul/2026:12:46:47 +0000] "GET /buy.php?detail/11300132949208 HTTP/1.1" 200 20654 "http://montenegroput.me/buy.php?detail/11300212375433" "Mozilla/5.0 AppleWebKit/537.36 (KHTML, like Gecko; compatible; GPTBot/1.4; +https://openai.com/gptbot)"
74.7.243.244 - - [17/Jul/2026:12:46:48 +0000] "GET /buy.php?detail/28203460620227 HTTP/1.1" 200 20779 "http://montenegroput.me/buy.php?detail/04004135421086" "Mozilla/5.0 AppleWebKit/537.36 (KHTML, like Gecko; compatible; GPTBot/1.4; +https://openai.com/gptbot)"
74.7.243.244 - - [17/Jul/2026:12:46:49 +0000] "GET /buy.php?detail/26102975811704 HTTP/1.1" 200 20451 "http://montenegroput.me/buy.php?detail/26100713087277" "Mozilla/5.0 AppleWebKit/537.36 (KHTML, like Gecko; compatible; GPTBot/1.4; +https://openai.com/gptbot)"
66.249.65.38 - - [17/Jul/2026:12:47:01 +0000] "GET /item/023036829 HTTP/1.1" 404 - "-" "Mozilla/5.0 (Linux; Android 6.0.1; Nexus 5X Build/MMB29P) AppleWebKit/537.36 (KHTML, like Gecko) Chrome/150.0.7871.124 Mobile Safari/537.36 (compatible; Googlebot/2.1; +http://www.google.com/bot.html)"
74.7.243.244 - - [17/Jul/2026:12:46:50 +0000] "GET /buy.php?detail/15302026500440 HTTP/1.1" 200 20885 "http://montenegroput.me/buy.php?detail/15301728822936" "Mozilla/5.0 AppleWebKit/537.36 (KHTML, like Gecko; compatible; GPTBot/1.4; +https://openai.com/gptbot)"
74.7.243.244 - - [17/Jul/2026:12:47:03 +0000] "GET /buy.php?detail/23900806924174 HTTP/1.1" 200 20655 "http://montenegroput.me/buy.php?detail/14000222522860" "Mozilla/5.0 AppleWebKit/537.36 (KHTML, like Gecko; compatible; GPTBot/1.4; +https://openai.com/gptbot)"
74.7.243.244 - - [17/Jul/2026:12:47:04 +0000] "GET /buy.php?detail/06701097101619 HTTP/1.1" 200 20225 "http://montenegroput.me/buy.php?detail/06701082687084" "Mozilla/5.0 AppleWebKit/537.36 (KHTML, like Gecko; compatible; GPTBot/1.4; +https://openai.com/gptbot)"
74.7.243.244 - - [17/Jul/2026:12:47:04 +0000] "GET /buy.php?detail/17302851778928 HTTP/1.1" 200 20291 "http://montenegroput.me/buy.php?detail/17304494286535" "Mozilla/5.0 AppleWebKit/537.36 (KHTML, like Gecko; compatible; GPTBot/1.4; +https://openai.com/gptbot)"
74.7.243.244 - - [17/Jul/2026:12:47:18 +0000] "GET /buy.php?detail/18704923488515 HTTP/1.1" 200 20740 "http://montenegroput.me/buy.php?detail/18703171377541" "Mozilla/5.0 AppleWebKit/537.36 (KHTML, like Gecko; compatible; GPTBot/1.4; +https://openai.com/gptbot)"
74.7.243.244 - - [17/Jul/2026:12:47:18 +0000] "GET /buy.php?detail/26601357293104 HTTP/1.1" 200 21204 "http://montenegroput.me/buy.php?detail/26600777960303" "Mozilla/5.0 AppleWebKit/537.36 (KHTML, like Gecko; compatible; GPTBot/1.4; +https://openai.com/gptbot)"
